Jul 05 02:40:38 devstack cinder-volume[86671]: DEBUG cinder.volume.manager [None req-62f9512f-bddd-4959-a5d0-f4ebc1434f29 tempest-VolumesTransfersV355Test-1050556877 None] Flow 'volume_create_manager' (6b87a5db-56a6-41b7-9f27-ad3e764b64d6) transitioned into state 'SUCCESS' from state 'RUNNING' {{(pid=86671) _flow_receiver /opt/stack/data/venv/lib/python3.12/site-packages/taskflow/listeners/logging.py:160}}
Jul 05 02:40:38 devstack cinder-volume[86671]: INFO cinder.volume.manager [None req-62f9512f-bddd-4959-a5d0-f4ebc1434f29 tempest-VolumesTransfersV355Test-1050556877 None] Created volume successfully.
Jul 05 02:40:39 devstack cinder-volume[86671]: INFO cinder.volume.manager [None req-a73724e1-7842-45cc-b021-9e08619bf3b8 tempest-GroupSnapshotsTest-2146552497 None] Update group completed successfully.
Jul 05 02:40:39 devstack cinder-volume[86671]: DEBUG cinder.coordination [None req-cc0ea46d-e5fb-40bc-87f5-5ff8f2d81490 tempest-VolumesTransfersV355Test-1881109553 None] Acquiring lock "cinder-6a40d983-bbc9-46a8-89aa-f286c0bdca8e-delete_volume" by "delete_volume" {{(pid=86671) __acquire /opt/stack/cinder/cinder/coordination.py:138}}
Jul 05 02:40:39 devstack cinder-volume[86671]: DEBUG cinder.coordination [None req-cc0ea46d-e5fb-40bc-87f5-5ff8f2d81490 tempest-VolumesTransfersV355Test-1881109553 None] Lock "cinder-6a40d983-bbc9-46a8-89aa-f286c0bdca8e-delete_volume" acquired by "delete_volume" :: waited 0.017s {{(pid=86671) __acquire /opt/stack/cinder/cinder/coordination.py:141}}
Jul 05 02:40:39 devstack cinder-volume[86671]: DEBUG cinder.coordination [None req-cc0ea46d-e5fb-40bc-87f5-5ff8f2d81490 tempest-VolumesTransfersV355Test-1881109553 None] Acquiring lock "cinder-quobyte-6a40d983-bbc9-46a8-89aa-f286c0bdca8e" by "delete_volume" {{(pid=86671) __acquire /opt/stack/cinder/cinder/coordination.py:138}}
Jul 05 02:40:39 devstack cinder-volume[86671]: DEBUG cinder.coordination [None req-cc0ea46d-e5fb-40bc-87f5-5ff8f2d81490 tempest-VolumesTransfersV355Test-1881109553 None] Lock "cinder-quobyte-6a40d983-bbc9-46a8-89aa-f286c0bdca8e" acquired by "delete_volume" :: waited 0.020s {{(pid=86671) __acquire /opt/stack/cinder/cinder/coordination.py:141}}
Jul 05 02:40:39 devstack cinder-volume[86671]: DEBUG oslo.privsep.daemon [-] privsep: reply[c375b69b-66fc-472d-81b5-2fd570892cc2]: (4, 'qcow2') {{(pid=87648) _call_back /opt/stack/data/venv/lib/python3.12/site-packages/oslo_privsep/daemon.py:580}}
Jul 05 02:40:39 devstack cinder-volume[86671]: DEBUG oslo_concurrency.processutils [None req-cc0ea46d-e5fb-40bc-87f5-5ff8f2d81490 tempest-VolumesTransfersV355Test-1881109553 None] Running cmd (subprocess): /opt/stack/data/venv/bin/python3.12 -m oslo_concurrency.prlimit --as=1073741824 --cpu=60 -- sudo cinder-rootwrap /etc/cinder/rootwrap.conf env LC_ALL=C qemu-img info -f qcow2 --output=json --force-share /opt/stack/data/cinder/mnt/f95ac2086b7e0d127fb5239fbd50029a/volume-6a40d983-bbc9-46a8-89aa-f286c0bdca8e {{(pid=86671) execute /opt/stack/data/venv/lib/python3.12/site-packages/oslo_concurrency/processutils.py:440}}
Jul 05 02:40:39 devstack sudo[91758]: quobyte : PWD=/ ; USER=root ; COMMAND=/opt/stack/data/venv/bin/cinder-rootwrap /etc/cinder/rootwrap.conf env LC_ALL=C qemu-img info -f qcow2 --output=json --force-share /opt/stack/data/cinder/mnt/f95ac2086b7e0d127fb5239fbd50029a/volume-6a40d983-bbc9-46a8-89aa-f286c0bdca8e
Jul 05 02:40:39 devstack sudo[91758]: pam_unix(sudo:session): session opened for user root(uid=0) by (uid=1000)
Jul 05 02:40:40 devstack sudo[91758]: pam_unix(sudo:session): session closed for user root
Jul 05 02:40:40 devstack cinder-volume[86671]: DEBUG oslo_concurrency.processutils [None req-cc0ea46d-e5fb-40bc-87f5-5ff8f2d81490 tempest-VolumesTransfersV355Test-1881109553 None] CMD "/opt/stack/data/venv/bin/python3.12 -m oslo_concurrency.prlimit --as=1073741824 --cpu=60 -- sudo cinder-rootwrap /etc/cinder/rootwrap.conf env LC_ALL=C qemu-img info -f qcow2 --output=json --force-share /opt/stack/data/cinder/mnt/f95ac2086b7e0d127fb5239fbd50029a/volume-6a40d983-bbc9-46a8-89aa-f286c0bdca8e" returned: 0 in 0.903s {{(pid=86671) execute /opt/stack/data/venv/lib/python3.12/site-packages/oslo_concurrency/processutils.py:468}}
Jul 05 02:40:40 devstack cinder-volume[86671]: DEBUG oslo_concurrency.processutils [None req-cc0ea46d-e5fb-40bc-87f5-5ff8f2d81490 tempest-VolumesTransfersV355Test-1881109553 None] Running cmd (subprocess): sudo cinder-rootwrap /etc/cinder/rootwrap.conf rm -f /opt/stack/data/cinder/mnt/f95ac2086b7e0d127fb5239fbd50029a/volume-6a40d983-bbc9-46a8-89aa-f286c0bdca8e {{(pid=86671) execute /opt/stack/data/venv/lib/python3.12/site-packages/oslo_concurrency/processutils.py:440}}
Jul 05 02:40:40 devstack sudo[91763]: quobyte : PWD=/ ; USER=root ; COMMAND=/opt/stack/data/venv/bin/cinder-rootwrap /etc/cinder/rootwrap.conf rm -f /opt/stack/data/cinder/mnt/f95ac2086b7e0d127fb5239fbd50029a/volume-6a40d983-bbc9-46a8-89aa-f286c0bdca8e
Jul 05 02:40:40 devstack sudo[91763]: pam_unix(sudo:session): session opened for user root(uid=0) by (uid=1000)
Jul 05 02:40:40 devstack cinder-volume[86671]: INFO cinder.volume.manager [None req-31ea251e-d0cc-4315-ad15-2384cc50a248 tempest-GroupSnapshotsTest-2146552497 None] Update group completed successfully.
Jul 05 02:40:41 devstack sudo[91763]: pam_unix(sudo:session): session closed for user root
Jul 05 02:40:41 devstack cinder-volume[86671]: DEBUG oslo_concurrency.processutils [None req-cc0ea46d-e5fb-40bc-87f5-5ff8f2d81490 tempest-VolumesTransfersV355Test-1881109553 None] CMD "sudo cinder-rootwrap /etc/cinder/rootwrap.conf rm -f /opt/stack/data/cinder/mnt/f95ac2086b7e0d127fb5239fbd50029a/volume-6a40d983-bbc9-46a8-89aa-f286c0bdca8e" returned: 0 in 0.987s {{(pid=86671) execute /opt/stack/data/venv/lib/python3.12/site-packages/oslo_concurrency/processutils.py:468}}
Jul 05 02:40:41 devstack cinder-volume[86671]: DEBUG cinder.coordination [None req-cc0ea46d-e5fb-40bc-87f5-5ff8f2d81490 tempest-VolumesTransfersV355Test-1881109553 None] Lock "cinder-quobyte-6a40d983-bbc9-46a8-89aa-f286c0bdca8e" released by "delete_volume" :: held 1.984s {{(pid=86671) __release /opt/stack/cinder/cinder/coordination.py:152}}
Jul 05 02:40:41 devstack cinder-volume[86671]: DEBUG cinder.quota [None req-cc0ea46d-e5fb-40bc-87f5-5ff8f2d81490 tempest-VolumesTransfersV355Test-1881109553 None] Created reservations ['bbcb3578-e8ca-4770-b3f1-b6cd2248bf59', '2f3ba9d9-cf78-42ef-8fb0-80ca5b753b80', '0db5d9f4-b411-412a-9d06-44e929330ae0', '212e6ab8-2b96-4c07-bbb4-0c67ed014928'] {{(pid=86671) reserve /opt/stack/cinder/cinder/quota.py:752}}
Jul 05 02:40:41 devstack cinder-volume[86671]: DEBUG oslo_concurrency.lockutils [None req-cc0ea46d-e5fb-40bc-87f5-5ff8f2d81490 tempest-VolumesTransfersV355Test-1881109553 None] Acquiring lock "quobyte_ensure" by "cinder.volume.drivers.quobyte.QuobyteDriver._ensure_shares_mounted" {{(pid=86671) inner /opt/stack/data/venv/lib/python3.12/site-packages/oslo_concurrency/lockutils.py:511}}
Jul 05 02:40:41 devstack cinder-volume[86671]: DEBUG oslo_concurrency.lockutils [None req-cc0ea46d-e5fb-40bc-87f5-5ff8f2d81490 tempest-VolumesTransfersV355Test-1881109553 None] Lock "quobyte_ensure" acquired by "cinder.volume.drivers.quobyte.QuobyteDriver._ensure_shares_mounted" :: waited 0.004s {{(pid=86671) inner /opt/stack/data/venv/lib/python3.12/site-packages/oslo_concurrency/lockutils.py:524}}
Jul 05 02:40:41 devstack cinder-volume[86671]: DEBUG cinder.volume.drivers.quobyte [None req-cc0ea46d-e5fb-40bc-87f5-5ff8f2d81490 tempest-VolumesTransfersV355Test-1881109553 None] Quobyte Volume URL set to: {'osci02.corp.quobyte.com/cinder-vol-16e49147-38c1-4b79-8268-de386b21643e': None} {{(pid=86671) _load_shares_config /opt/stack/cinder/cinder/volume/drivers/quobyte.py:617}}
Jul 05 02:40:41 devstack cinder-volume[86671]: DEBUG cinder.volume.drivers.quobyte [None req-cc0ea46d-e5fb-40bc-87f5-5ff8f2d81490 tempest-VolumesTransfersV355Test-1881109553 None] Available shares ['osci02.corp.quobyte.com/cinder-vol-16e49147-38c1-4b79-8268-de386b21643e'] {{(pid=86671) _ensure_shares_mounted /opt/stack/cinder/cinder/volume/drivers/quobyte.py:647}}
Jul 05 02:40:41 devstack cinder-volume[86671]: DEBUG oslo_concurrency.lockutils [None req-cc0ea46d-e5fb-40bc-87f5-5ff8f2d81490 tempest-VolumesTransfersV355Test-1881109553 None] Lock "quobyte_ensure" "released" by "cinder.volume.drivers.quobyte.QuobyteDriver._ensure_shares_mounted" :: held 0.023s {{(pid=86671) inner /opt/stack/data/venv/lib/python3.12/site-packages/oslo_concurrency/lockutils.py:543}}
Jul 05 02:40:41 devstack cinder-volume[86671]: DEBUG oslo_concurrency.processutils [None req-cc0ea46d-e5fb-40bc-87f5-5ff8f2d81490 tempest-VolumesTransfersV355Test-1881109553 None] Running cmd (subprocess): sudo cinder-rootwrap /etc/cinder/rootwrap.conf df --portability --block-size 1 /opt/stack/data/cinder/mnt/f95ac2086b7e0d127fb5239fbd50029a {{(pid=86671) execute /opt/stack/data/venv/lib/python3.12/site-packages/oslo_concurrency/processutils.py:440}}
Jul 05 02:40:41 devstack sudo[91810]: quobyte : PWD=/ ; USER=root ; COMMAND=/opt/stack/data/venv/bin/cinder-rootwrap /etc/cinder/rootwrap.conf df --portability --block-size 1 /opt/stack/data/cinder/mnt/f95ac2086b7e0d127fb5239fbd50029a
Jul 05 02:40:41 devstack sudo[91810]: pam_unix(sudo:session): session opened for user root(uid=0) by (uid=1000)
Jul 05 02:40:42 devstack cinder-volume[86671]: INFO cinder.volume.manager [None req-a42be0e5-55da-435f-b6fa-c9d1ba46e5b1 tempest-GroupSnapshotsTest-2146552497 None] GroupSnapshot 0f84cb7b-59e2-46f1-a7d1-4f42cd6e4ad9: creating.
Jul 05 02:40:42 devstack cinder-volume[86671]: DEBUG cinder.volume.manager [None req-a42be0e5-55da-435f-b6fa-c9d1ba46e5b1 tempest-GroupSnapshotsTest-2146552497 None] Group snapshot 0f84cb7b-59e2-46f1-a7d1-4f42cd6e4ad9: creating. {{(pid=86671) create_group_snapshot /opt/stack/cinder/cinder/volume/manager.py:4177}}
Jul 05 02:40:42 devstack cinder-volume[86671]: DEBUG oslo_concurrency.lockutils [None req-a42be0e5-55da-435f-b6fa-c9d1ba46e5b1 tempest-GroupSnapshotsTest-2146552497 None] Acquiring lock "quobyte" by "cinder.volume.drivers.quobyte.QuobyteDriver.create_snapshot" {{(pid=86671) inner /opt/stack/data/venv/lib/python3.12/site-packages/oslo_concurrency/lockutils.py:511}}
Jul 05 02:40:42 devstack cinder-volume[86671]: DEBUG oslo_concurrency.lockutils [None req-a42be0e5-55da-435f-b6fa-c9d1ba46e5b1 tempest-GroupSnapshotsTest-2146552497 None] Lock "quobyte" acquired by "cinder.volume.drivers.quobyte.QuobyteDriver.create_snapshot" :: waited 0.002s {{(pid=86671) inner /opt/stack/data/venv/lib/python3.12/site-packages/oslo_concurrency/lockutils.py:524}}
Jul 05 02:40:42 devstack cinder-volume[86671]: DEBUG cinder.volume.drivers.remotefs [None req-a42be0e5-55da-435f-b6fa-c9d1ba46e5b1 tempest-GroupSnapshotsTest-2146552497 None] Creating offline snapshot 23db26c2-af35-4a5c-87b7-9ed3fba4a3e8 of volume 083a1ec0-d74b-4be4-8577-9ec46e258fd1 {{(pid=86671) _create_snapshot /opt/stack/cinder/cinder/volume/drivers/remotefs.py:1816}}
Jul 05 02:40:42 devstack cinder-volume[86671]: DEBUG oslo.privsep.daemon [-] privsep: reply[21c6281b-cec7-4a1e-994f-ecdbcc264999]: (4, 'qcow2') {{(pid=87648) _call_back /opt/stack/data/venv/lib/python3.12/site-packages/oslo_privsep/daemon.py:580}}
Jul 05 02:40:42 devstack cinder-volume[86671]: DEBUG oslo_concurrency.processutils [None req-a42be0e5-55da-435f-b6fa-c9d1ba46e5b1 tempest-GroupSnapshotsTest-2146552497 None] Running cmd (subprocess): /opt/stack/data/venv/bin/python3.12 -m oslo_concurrency.prlimit --as=1073741824 --cpu=60 -- sudo cinder-rootwrap /etc/cinder/rootwrap.conf env LC_ALL=C qemu-img info -f qcow2 --output=json --force-share /opt/stack/data/cinder/mnt/f95ac2086b7e0d127fb5239fbd50029a/volume-083a1ec0-d74b-4be4-8577-9ec46e258fd1 {{(pid=86671) execute /opt/stack/data/venv/lib/python3.12/site-packages/oslo_concurrency/processutils.py:440}}
Jul 05 02:40:43 devstack sudo[91815]: quobyte : PWD=/ ; USER=root ; COMMAND=/opt/stack/data/venv/bin/cinder-rootwrap /etc/cinder/rootwrap.conf env LC_ALL=C qemu-img info -f qcow2 --output=json --force-share /opt/stack/data/cinder/mnt/f95ac2086b7e0d127fb5239fbd50029a/volume-083a1ec0-d74b-4be4-8577-9ec46e258fd1
Jul 05 02:40:43 devstack sudo[91815]: pam_unix(sudo:session): session opened for user root(uid=0) by (uid=1000)
Jul 05 02:40:43 devstack sudo[91810]: pam_unix(sudo:session): session closed for user root
Jul 05 02:40:43 devstack cinder-volume[86671]: DEBUG oslo_concurrency.processutils [None req-cc0ea46d-e5fb-40bc-87f5-5ff8f2d81490 tempest-VolumesTransfersV355Test-1881109553 None] CMD "sudo cinder-rootwrap /etc/cinder/rootwrap.conf df --portability --block-size 1 /opt/stack/data/cinder/mnt/f95ac2086b7e0d127fb5239fbd50029a" returned: 0 in 1.957s {{(pid=86671) execute /opt/stack/data/venv/lib/python3.12/site-packages/oslo_concurrency/processutils.py:468}}
Jul 05 02:40:43 devstack cinder-volume[86671]: DEBUG cinder.manager [None req-cc0ea46d-e5fb-40bc-87f5-5ff8f2d81490 tempest-VolumesTransfersV355Test-1881109553 None] Notifying Schedulers of capabilities ... {{(pid=86671) _publish_service_capabilities /opt/stack/cinder/cinder/manager.py:219}}
Jul 05 02:40:43 devstack cinder-volume[86671]: INFO cinder.volume.manager [None req-cc0ea46d-e5fb-40bc-87f5-5ff8f2d81490 tempest-VolumesTransfersV355Test-1881109553 None] Deleted volume successfully.
Jul 05 02:40:43 devstack cinder-volume[86671]: DEBUG cinder.coordination [None req-cc0ea46d-e5fb-40bc-87f5-5ff8f2d81490 tempest-VolumesTransfersV355Test-1881109553 None] Lock "cinder-6a40d983-bbc9-46a8-89aa-f286c0bdca8e-delete_volume" released by "delete_volume" :: held 4.458s {{(pid=86671) __release /opt/stack/cinder/cinder/coordination.py:152}}
Jul 05 02:40:44 devstack sudo[91815]: pam_unix(sudo:session): session closed for user root
Jul 05 02:40:44 devstack cinder-volume[86671]: DEBUG oslo_concurrency.processutils [None req-a42be0e5-55da-435f-b6fa-c9d1ba46e5b1 tempest-GroupSnapshotsTest-2146552497 None] CMD "/opt/stack/data/venv/bin/python3.12 -m oslo_concurrency.prlimit --as=1073741824 --cpu=60 -- sudo cinder-rootwrap /etc/cinder/rootwrap.conf env LC_ALL=C qemu-img info -f qcow2 --output=json --force-share /opt/stack/data/cinder/mnt/f95ac2086b7e0d127fb5239fbd50029a/volume-083a1ec0-d74b-4be4-8577-9ec46e258fd1" returned: 0 in 1.559s {{(pid=86671) execute /opt/stack/data/venv/lib/python3.12/site-packages/oslo_concurrency/processutils.py:468}}
Jul 05 02:40:44 devstack cinder-volume[86671]: DEBUG oslo_concurrency.processutils [None req-a42be0e5-55da-435f-b6fa-c9d1ba46e5b1 tempest-GroupSnapshotsTest-2146552497 None] Running cmd (subprocess): sudo cinder-rootwrap /etc/cinder/rootwrap.conf qemu-img create -f qcow2 -o backing_file=/opt/stack/data/cinder/mnt/f95ac2086b7e0d127fb5239fbd50029a/volume-083a1ec0-d74b-4be4-8577-9ec46e258fd1,backing_fmt=qcow2 /opt/stack/data/cinder/mnt/f95ac2086b7e0d127fb5239fbd50029a/volume-083a1ec0-d74b-4be4-8577-9ec46e258fd1.23db26c2-af35-4a5c-87b7-9ed3fba4a3e8 1G {{(pid=86671) execute /opt/stack/data/venv/lib/python3.12/site-packages/oslo_concurrency/processutils.py:440}}
Jul 05 02:40:44 devstack sudo[91893]: quobyte : PWD=/ ; USER=root ; COMMAND=/opt/stack/data/venv/bin/cinder-rootwrap /etc/cinder/rootwrap.conf qemu-img create -f qcow2 -o backing_file=/opt/stack/data/cinder/mnt/f95ac2086b7e0d127fb5239fbd50029a/volume-083a1ec0-d74b-4be4-8577-9ec46e258fd1,backing_fmt=qcow2 /opt/stack/data/cinder/mnt/f95ac2086b7e0d127fb5239fbd50029a/volume-083a1ec0-d74b-4be4-8577-9ec46e258fd1.23db26c2-af35-4a5c-87b7-9ed3fba4a3e8 1G
Jul 05 02:40:44 devstack sudo[91893]: pam_unix(sudo:session): session opened for user root(uid=0) by (uid=1000)
Jul 05 02:40:45 devstack sudo[91893]: pam_unix(sudo:session): session closed for user root
Jul 05 02:40:45 devstack cinder-volume[86671]: DEBUG oslo_concurrency.processutils [None req-a42be0e5-55da-435f-b6fa-c9d1ba46e5b1 tempest-GroupSnapshotsTest-2146552497 None] CMD "sudo cinder-rootwrap /etc/cinder/rootwrap.conf qemu-img create -f qcow2 -o backing_file=/opt/stack/data/cinder/mnt/f95ac2086b7e0d127fb5239fbd50029a/volume-083a1ec0-d74b-4be4-8577-9ec46e258fd1,backing_fmt=qcow2 /opt/stack/data/cinder/mnt/f95ac2086b7e0d127fb5239fbd50029a/volume-083a1ec0-d74b-4be4-8577-9ec46e258fd1.23db26c2-af35-4a5c-87b7-9ed3fba4a3e8 1G" returned: 0 in 1.185s {{(pid=86671) execute /opt/stack/data/venv/lib/python3.12/site-packages/oslo_concurrency/processutils.py:468}}
Jul 05 02:40:45 devstack cinder-volume[86671]: DEBUG oslo_concurrency.processutils [None req-a42be0e5-55da-435f-b6fa-c9d1ba46e5b1 tempest-GroupSnapshotsTest-2146552497 None] Running cmd (subprocess): sudo cinder-rootwrap /etc/cinder/rootwrap.conf qemu-img rebase -u -b volume-083a1ec0-d74b-4be4-8577-9ec46e258fd1 -F qcow2 /opt/stack/data/cinder/mnt/f95ac2086b7e0d127fb5239fbd50029a/volume-083a1ec0-d74b-4be4-8577-9ec46e258fd1.23db26c2-af35-4a5c-87b7-9ed3fba4a3e8 {{(pid=86671) execute /opt/stack/data/venv/lib/python3.12/site-packages/oslo_concurrency/processutils.py:440}}
Jul 05 02:40:45 devstack sudo[91902]: quobyte : PWD=/ ; USER=root ; COMMAND=/opt/stack/data/venv/bin/cinder-rootwrap /etc/cinder/rootwrap.conf qemu-img rebase -u -b volume-083a1ec0-d74b-4be4-8577-9ec46e258fd1 -F qcow2 /opt/stack/data/cinder/mnt/f95ac2086b7e0d127fb5239fbd50029a/volume-083a1ec0-d74b-4be4-8577-9ec46e258fd1.23db26c2-af35-4a5c-87b7-9ed3fba4a3e8
Jul 05 02:40:45 devstack sudo[91902]: pam_unix(sudo:session): session opened for user root(uid=0) by (uid=1000)
Jul 05 02:40:46 devstack sudo[91902]: pam_unix(sudo:session): session closed for user root
Jul 05 02:40:46 devstack cinder-volume[86671]: DEBUG oslo_concurrency.processutils [None req-a42be0e5-55da-435f-b6fa-c9d1ba46e5b1 tempest-GroupSnapshotsTest-2146552497 None] CMD "sudo cinder-rootwrap /etc/cinder/rootwrap.conf qemu-img rebase -u -b volume-083a1ec0-d74b-4be4-8577-9ec46e258fd1 -F qcow2 /opt/stack/data/cinder/mnt/f95ac2086b7e0d127fb5239fbd50029a/volume-083a1ec0-d74b-4be4-8577-9ec46e258fd1.23db26c2-af35-4a5c-87b7-9ed3fba4a3e8" returned: 0 in 1.116s {{(pid=86671) execute /opt/stack/data/venv/lib/python3.12/site-packages/oslo_concurrency/processutils.py:468}}
Jul 05 02:40:46 devstack cinder-volume[86671]: WARNING cinder.volume.drivers.remotefs [None req-a42be0e5-55da-435f-b6fa-c9d1ba46e5b1 tempest-GroupSnapshotsTest-2146552497 None] /opt/stack/data/cinder/mnt/f95ac2086b7e0d127fb5239fbd50029a/volume-083a1ec0-d74b-4be4-8577-9ec46e258fd1.23db26c2-af35-4a5c-87b7-9ed3fba4a3e8 is being set with open permissions: ugo+rw: NotImplementedError
Jul 05 02:40:46 devstack cinder-volume[86671]: DEBUG oslo_concurrency.processutils [None req-a42be0e5-55da-435f-b6fa-c9d1ba46e5b1 tempest-GroupSnapshotsTest-2146552497 None] Running cmd (subprocess): sudo cinder-rootwrap /etc/cinder/rootwrap.conf chmod ugo+rw /opt/stack/data/cinder/mnt/f95ac2086b7e0d127fb5239fbd50029a/volume-083a1ec0-d74b-4be4-8577-9ec46e258fd1.23db26c2-af35-4a5c-87b7-9ed3fba4a3e8 {{(pid=86671) execute /opt/stack/data/venv/lib/python3.12/site-packages/oslo_concurrency/processutils.py:440}}
Jul 05 02:40:46 devstack sudo[91908]: quobyte : PWD=/ ; USER=root ; COMMAND=/opt/stack/data/venv/bin/cinder-rootwrap /etc/cinder/rootwrap.conf chmod ugo+rw /opt/stack/data/cinder/mnt/f95ac2086b7e0d127fb5239fbd50029a/volume-083a1ec0-d74b-4be4-8577-9ec46e258fd1.23db26c2-af35-4a5c-87b7-9ed3fba4a3e8
Jul 05 02:40:46 devstack sudo[91908]: pam_unix(sudo:session): session opened for user root(uid=0) by (uid=1000)
Jul 05 02:40:47 devstack sudo[91908]: pam_unix(sudo:session): session closed for user root
Jul 05 02:40:47 devstack cinder-volume[86671]: DEBUG oslo_concurrency.processutils [None req-a42be0e5-55da-435f-b6fa-c9d1ba46e5b1 tempest-GroupSnapshotsTest-2146552497 None] CMD "sudo cinder-rootwrap /etc/cinder/rootwrap.conf chmod ugo+rw /opt/stack/data/cinder/mnt/f95ac2086b7e0d127fb5239fbd50029a/volume-083a1ec0-d74b-4be4-8577-9ec46e258fd1.23db26c2-af35-4a5c-87b7-9ed3fba4a3e8" returned: 0 in 0.850s {{(pid=86671) execute /opt/stack/data/venv/lib/python3.12/site-packages/oslo_concurrency/processutils.py:468}}
Jul 05 02:40:47 devstack cinder-volume[86671]: DEBUG oslo_concurrency.processutils [None req-a42be0e5-55da-435f-b6fa-c9d1ba46e5b1 tempest-GroupSnapshotsTest-2146552497 None] Running cmd (subprocess): sudo cinder-rootwrap /etc/cinder/rootwrap.conf truncate -s0 /opt/stack/data/cinder/mnt/f95ac2086b7e0d127fb5239fbd50029a/volume-083a1ec0-d74b-4be4-8577-9ec46e258fd1.info {{(pid=86671) execute /opt/stack/data/venv/lib/python3.12/site-packages/oslo_concurrency/processutils.py:440}}
Jul 05 02:40:47 devstack sudo[91933]: quobyte : PWD=/ ; USER=root ; COMMAND=/opt/stack/data/venv/bin/cinder-rootwrap /etc/cinder/rootwrap.conf truncate -s0 /opt/stack/data/cinder/mnt/f95ac2086b7e0d127fb5239fbd50029a/volume-083a1ec0-d74b-4be4-8577-9ec46e258fd1.info
Jul 05 02:40:47 devstack sudo[91933]: pam_unix(sudo:session): session opened for user root(uid=0) by (uid=1000)
Jul 05 02:40:48 devstack sudo[91933]: pam_unix(sudo:session): session closed for user root
Jul 05 02:40:48 devstack cinder-volume[86671]: DEBUG oslo_concurrency.processutils [None req-a42be0e5-55da-435f-b6fa-c9d1ba46e5b1 tempest-GroupSnapshotsTest-2146552497 None] CMD "sudo cinder-rootwrap /etc/cinder/rootwrap.conf truncate -s0 /opt/stack/data/cinder/mnt/f95ac2086b7e0d127fb5239fbd50029a/volume-083a1ec0-d74b-4be4-8577-9ec46e258fd1.info" returned: 0 in 1.079s {{(pid=86671) execute /opt/stack/data/venv/lib/python3.12/site-packages/oslo_concurrency/processutils.py:468}}
Jul 05 02:40:48 devstack cinder-volume[86671]: WARNING cinder.volume.drivers.remotefs [None req-a42be0e5-55da-435f-b6fa-c9d1ba46e5b1 tempest-GroupSnapshotsTest-2146552497 None] /opt/stack/data/cinder/mnt/f95ac2086b7e0d127fb5239fbd50029a/volume-083a1ec0-d74b-4be4-8577-9ec46e258fd1.info is being set with open permissions: ugo+rw: NotImplementedError
Jul 05 02:40:48 devstack cinder-volume[86671]: DEBUG oslo_concurrency.processutils [None req-a42be0e5-55da-435f-b6fa-c9d1ba46e5b1 tempest-GroupSnapshotsTest-2146552497 None] Running cmd (subprocess): sudo cinder-rootwrap /etc/cinder/rootwrap.conf chmod ugo+rw /opt/stack/data/cinder/mnt/f95ac2086b7e0d127fb5239fbd50029a/volume-083a1ec0-d74b-4be4-8577-9ec46e258fd1.info {{(pid=86671) execute /opt/stack/data/venv/lib/python3.12/site-packages/oslo_concurrency/processutils.py:440}}
Jul 05 02:40:48 devstack sudo[91953]: quobyte : PWD=/ ; USER=root ; COMMAND=/opt/stack/data/venv/bin/cinder-rootwrap /etc/cinder/rootwrap.conf chmod ugo+rw /opt/stack/data/cinder/mnt/f95ac2086b7e0d127fb5239fbd50029a/volume-083a1ec0-d74b-4be4-8577-9ec46e258fd1.info
Jul 05 02:40:48 devstack sudo[91953]: pam_unix(sudo:session): session opened for user root(uid=0) by (uid=1000)
Jul 05 02:40:49 devstack sudo[91953]: pam_unix(sudo:session): session closed for user root
Jul 05 02:40:49 devstack cinder-volume[86671]: DEBUG oslo_concurrency.processutils [None req-a42be0e5-55da-435f-b6fa-c9d1ba46e5b1 tempest-GroupSnapshotsTest-2146552497 None] CMD "sudo cinder-rootwrap /etc/cinder/rootwrap.conf chmod ugo+rw /opt/stack/data/cinder/mnt/f95ac2086b7e0d127fb5239fbd50029a/volume-083a1ec0-d74b-4be4-8577-9ec46e258fd1.info" returned: 0 in 0.960s {{(pid=86671) execute /opt/stack/data/venv/lib/python3.12/site-packages/oslo_concurrency/processutils.py:468}}
Jul 05 02:40:49 devstack cinder-volume[86671]: DEBUG oslo_concurrency.lockutils [None req-a42be0e5-55da-435f-b6fa-c9d1ba46e5b1 tempest-GroupSnapshotsTest-2146552497 None] Lock "quobyte" "released" by "cinder.volume.drivers.quobyte.QuobyteDriver.create_snapshot" :: held 6.925s {{(pid=86671) inner /opt/stack/data/venv/lib/python3.12/site-packages/oslo_concurrency/lockutils.py:543}}
Jul 05 02:40:49 devstack cinder-volume[86671]: DEBUG oslo_concurrency.lockutils [None req-a42be0e5-55da-435f-b6fa-c9d1ba46e5b1 tempest-GroupSnapshotsTest-2146552497 None] Acquiring lock "quobyte" by "cinder.volume.drivers.quobyte.QuobyteDriver.create_snapshot" {{(pid=86671) inner /opt/stack/data/venv/lib/python3.12/site-packages/oslo_concurrency/lockutils.py:511}}
Jul 05 02:40:49 devstack cinder-volume[86671]: DEBUG oslo_concurrency.lockutils [None req-a42be0e5-55da-435f-b6fa-c9d1ba46e5b1 tempest-GroupSnapshotsTest-2146552497 None] Lock "quobyte" acquired by "cinder.volume.drivers.quobyte.QuobyteDriver.create_snapshot" :: waited 0.000s {{(pid=86671) inner /opt/stack/data/venv/lib/python3.12/site-packages/oslo_concurrency/lockutils.py:524}}
Jul 05 02:40:49 devstack cinder-volume[86671]: DEBUG cinder.volume.drivers.remotefs [None req-a42be0e5-55da-435f-b6fa-c9d1ba46e5b1 tempest-GroupSnapshotsTest-2146552497 None] Creating offline snapshot b083659b-ce8b-4110-92fb-073201f58d64 of volume 1d7523d2-f384-4159-b8f7-95ccc1f76b7b {{(pid=86671) _create_snapshot /opt/stack/cinder/cinder/volume/drivers/remotefs.py:1816}}
Jul 05 02:40:49 devstack cinder-volume[86671]: DEBUG oslo.privsep.daemon [-] privsep: reply[ad85519f-1281-4e95-914e-dd65d56c6994]: (4, 'qcow2') {{(pid=87648) _call_back /opt/stack/data/venv/lib/python3.12/site-packages/oslo_privsep/daemon.py:580}}
Jul 05 02:40:49 devstack cinder-volume[86671]: DEBUG oslo_concurrency.processutils [None req-a42be0e5-55da-435f-b6fa-c9d1ba46e5b1 tempest-GroupSnapshotsTest-2146552497 None] Running cmd (subprocess): /opt/stack/data/venv/bin/python3.12 -m oslo_concurrency.prlimit --as=1073741824 --cpu=60 -- sudo cinder-rootwrap /etc/cinder/rootwrap.conf env LC_ALL=C qemu-img info -f qcow2 --output=json --force-share /opt/stack/data/cinder/mnt/f95ac2086b7e0d127fb5239fbd50029a/volume-1d7523d2-f384-4159-b8f7-95ccc1f76b7b {{(pid=86671) execute /opt/stack/data/venv/lib/python3.12/site-packages/oslo_concurrency/processutils.py:440}}
Jul 05 02:40:49 devstack sudo[91958]: quobyte : PWD=/ ; USER=root ; COMMAND=/opt/stack/data/venv/bin/cinder-rootwrap /etc/cinder/rootwrap.conf env LC_ALL=C qemu-img info -f qcow2 --output=json --force-share /opt/stack/data/cinder/mnt/f95ac2086b7e0d127fb5239fbd50029a/volume-1d7523d2-f384-4159-b8f7-95ccc1f76b7b
Jul 05 02:40:49 devstack sudo[91958]: pam_unix(sudo:session): session opened for user root(uid=0) by (uid=1000)
Jul 05 02:40:51 devstack sudo[91958]: pam_unix(sudo:session): session closed for user root
Jul 05 02:40:51 devstack cinder-volume[86671]: DEBUG oslo_concurrency.processutils [None req-a42be0e5-55da-435f-b6fa-c9d1ba46e5b1 tempest-GroupSnapshotsTest-2146552497 None] CMD "/opt/stack/data/venv/bin/python3.12 -m oslo_concurrency.prlimit --as=1073741824 --cpu=60 -- sudo cinder-rootwrap /etc/cinder/rootwrap.conf env LC_ALL=C qemu-img info -f qcow2 --output=json --force-share /opt/stack/data/cinder/mnt/f95ac2086b7e0d127fb5239fbd50029a/volume-1d7523d2-f384-4159-b8f7-95ccc1f76b7b" returned: 0 in 1.310s {{(pid=86671) execute /opt/stack/data/venv/lib/python3.12/site-packages/oslo_concurrency/processutils.py:468}}
Jul 05 02:40:51 devstack cinder-volume[86671]: DEBUG oslo_concurrency.processutils [None req-a42be0e5-55da-435f-b6fa-c9d1ba46e5b1 tempest-GroupSnapshotsTest-2146552497 None] Running cmd (subprocess): sudo cinder-rootwrap /etc/cinder/rootwrap.conf qemu-img create -f qcow2 -o backing_file=/opt/stack/data/cinder/mnt/f95ac2086b7e0d127fb5239fbd50029a/volume-1d7523d2-f384-4159-b8f7-95ccc1f76b7b,backing_fmt=qcow2 /opt/stack/data/cinder/mnt/f95ac2086b7e0d127fb5239fbd50029a/volume-1d7523d2-f384-4159-b8f7-95ccc1f76b7b.b083659b-ce8b-4110-92fb-073201f58d64 1G {{(pid=86671) execute /opt/stack/data/venv/lib/python3.12/site-packages/oslo_concurrency/processutils.py:440}}
Jul 05 02:40:51 devstack sudo[91977]: quobyte : PWD=/ ; USER=root ; COMMAND=/opt/stack/data/venv/bin/cinder-rootwrap /etc/cinder/rootwrap.conf qemu-img create -f qcow2 -o backing_file=/opt/stack/data/cinder/mnt/f95ac2086b7e0d127fb5239fbd50029a/volume-1d7523d2-f384-4159-b8f7-95ccc1f76b7b,backing_fmt=qcow2 /opt/stack/data/cinder/mnt/f95ac2086b7e0d127fb5239fbd50029a/volume-1d7523d2-f384-4159-b8f7-95ccc1f76b7b.b083659b-ce8b-4110-92fb-073201f58d64 1G
Jul 05 02:40:51 devstack sudo[91977]: pam_unix(sudo:session): session opened for user root(uid=0) by (uid=1000)
Jul 05 02:40:52 devstack sudo[91977]: pam_unix(sudo:session): session closed for user root
Jul 05 02:40:52 devstack cinder-volume[86671]: DEBUG oslo_concurrency.processutils [None req-a42be0e5-55da-435f-b6fa-c9d1ba46e5b1 tempest-GroupSnapshotsTest-2146552497 None] CMD "sudo cinder-rootwrap /etc/cinder/rootwrap.conf qemu-img create -f qcow2 -o backing_file=/opt/stack/data/cinder/mnt/f95ac2086b7e0d127fb5239fbd50029a/volume-1d7523d2-f384-4159-b8f7-95ccc1f76b7b,backing_fmt=qcow2 /opt/stack/data/cinder/mnt/f95ac2086b7e0d127fb5239fbd50029a/volume-1d7523d2-f384-4159-b8f7-95ccc1f76b7b.b083659b-ce8b-4110-92fb-073201f58d64 1G" returned: 0 in 1.276s {{(pid=86671) execute /opt/stack/data/venv/lib/python3.12/site-packages/oslo_concurrency/processutils.py:468}}
Jul 05 02:40:52 devstack cinder-volume[86671]: DEBUG oslo_concurrency.processutils [None req-a42be0e5-55da-435f-b6fa-c9d1ba46e5b1 tempest-GroupSnapshotsTest-2146552497 None] Running cmd (subprocess): sudo cinder-rootwrap /etc/cinder/rootwrap.conf qemu-img rebase -u -b volume-1d7523d2-f384-4159-b8f7-95ccc1f76b7b -F qcow2 /opt/stack/data/cinder/mnt/f95ac2086b7e0d127fb5239fbd50029a/volume-1d7523d2-f384-4159-b8f7-95ccc1f76b7b.b083659b-ce8b-4110-92fb-073201f58d64 {{(pid=86671) execute /opt/stack/data/venv/lib/python3.12/site-packages/oslo_concurrency/processutils.py:440}}
Jul 05 02:40:52 devstack sudo[91992]: quobyte : PWD=/ ; USER=root ; COMMAND=/opt/stack/data/venv/bin/cinder-rootwrap /etc/cinder/rootwrap.conf qemu-img rebase -u -b volume-1d7523d2-f384-4159-b8f7-95ccc1f76b7b -F qcow2 /opt/stack/data/cinder/mnt/f95ac2086b7e0d127fb5239fbd50029a/volume-1d7523d2-f384-4159-b8f7-95ccc1f76b7b.b083659b-ce8b-4110-92fb-073201f58d64
Jul 05 02:40:52 devstack sudo[91992]: pam_unix(sudo:session): session opened for user root(uid=0) by (uid=1000)
Jul 05 02:40:52 devstack cinder-volume[86671]: DEBUG cinder.volume.flows.manager.create_volume [None req-71d2cd18-4da4-428e-b423-96a761de1342 tempest-VolumesCloneTest-1692399990 None] Volume reschedule parameters: True retry: {'num_attempts': 1, 'backends': ['devstack@QuobyteHD#QuobyteHD'], 'hosts': ['devstack@QuobyteHD#QuobyteHD']} {{(pid=86671) get_flow /opt/stack/cinder/cinder/volume/flows/manager/create_volume.py:1395}}
Jul 05 02:40:53 devstack cinder-volume[86671]: DEBUG cinder.volume.manager [None req-71d2cd18-4da4-428e-b423-96a761de1342 tempest-VolumesCloneTest-1692399990 None] Flow 'volume_create_manager' (08d6f19e-0ce6-4c0d-b05f-892be7eae217) transitioned into state 'RUNNING' from state 'PENDING' {{(pid=86671) _flow_receiver /opt/stack/data/venv/lib/python3.12/site-packages/taskflow/listeners/logging.py:160}}
Jul 05 02:40:53 devstack cinder-volume[86671]: DEBUG cinder.volume.manager [None req-71d2cd18-4da4-428e-b423-96a761de1342 tempest-VolumesCloneTest-1692399990 None] Task 'cinder.volume.flows.manager.create_volume.ExtractVolumeRefTask;volume:create' (ef3f71b3-580e-442d-b1ef-024bf0ed0106) transitioned into state 'RUNNING' from state 'PENDING' {{(pid=86671) _task_receiver /opt/stack/data/venv/lib/python3.12/site-packages/taskflow/listeners/logging.py:242}}
Jul 05 02:40:53 devstack cinder-volume[86671]: DEBUG cinder.volume.manager [None req-71d2cd18-4da4-428e-b423-96a761de1342 tempest-VolumesCloneTest-1692399990 None] Task 'cinder.volume.flows.manager.create_volume.ExtractVolumeRefTask;volume:create' (ef3f71b3-580e-442d-b1ef-024bf0ed0106) transitioned into state 'SUCCESS' from state 'RUNNING' with result 'Volume(_name_id=None,admin_metadata=,attach_status='detached',availability_zone='nova',bootable=False,cluster=,cluster_name=None,consistencygroup=,consistencygroup_id=None,created_at=2026-07-05T00:40:52Z,deleted=False,deleted_at=None,display_description=None,display_name='tempest-VolumesCloneTest-Volume-1654229535',ec2_id=None,encryption_key_id=None,glance_metadata=,group=,group_id=None,host='devstack@QuobyteHD#QuobyteHD',id=b3d00975-5bc5-4b07-8080-e9d41ae9261e,launched_at=None,metadata={},migration_status=None,multiattach=False,previous_status=None,project_id='ee339a75970241b595f911db1ccbe49b',provider_auth=None,provider_geometry=None,provider_id=None,provider_location=None,replication_driver_data=None,replication_extended_status=None,replication_status=None,scheduled_at=2026-07-05T00:40:53Z,service_uuid=None,shared_targets=True,size=1,snapshot_id=None,snapshots=,source_volid=None,status='creating',terminated_at=None,updated_at=2026-07-05T00:40:53Z,use_quota=True,user_id='18695d7f33754ad19451be1d957d278d',volume_attachment=VolumeAttachmentList,volume_type=VolumeType(3705d7b6-1894-47a0-8cd4-74b4adf9763c),volume_type_id=3705d7b6-1894-47a0-8cd4-74b4adf9763c)' {{(pid=86671) _task_receiver /opt/stack/data/venv/lib/python3.12/site-packages/taskflow/listeners/logging.py:218}}
Jul 05 02:40:53 devstack cinder-volume[86671]: DEBUG cinder.volume.manager [None req-71d2cd18-4da4-428e-b423-96a761de1342 tempest-VolumesCloneTest-1692399990 None] Task 'cinder.volume.flows.manager.create_volume.OnFailureRescheduleTask;volume:create' (69b0192d-b03f-4934-a1ea-83b15ec4aadc) transitioned into state 'RUNNING' from state 'PENDING' {{(pid=86671) _task_receiver /opt/stack/data/venv/lib/python3.12/site-packages/taskflow/listeners/logging.py:242}}
Jul 05 02:40:53 devstack cinder-volume[86671]: DEBUG cinder.volume.manager [None req-71d2cd18-4da4-428e-b423-96a761de1342 tempest-VolumesCloneTest-1692399990 None] Task 'cinder.volume.flows.manager.create_volume.OnFailureRescheduleTask;volume:create' (69b0192d-b03f-4934-a1ea-83b15ec4aadc) transitioned into state 'SUCCESS' from state 'RUNNING' with result 'None' {{(pid=86671) _task_receiver /opt/stack/data/venv/lib/python3.12/site-packages/taskflow/listeners/logging.py:218}}
Jul 05 02:40:53 devstack cinder-volume[86671]: DEBUG cinder.volume.manager [None req-71d2cd18-4da4-428e-b423-96a761de1342 tempest-VolumesCloneTest-1692399990 None] Task 'cinder.volume.flows.manager.create_volume.ExtractVolumeSpecTask;volume:create' (3b58ef83-0071-4427-8aec-ee0e15d4db97) transitioned into state 'RUNNING' from state 'PENDING' {{(pid=86671) _task_receiver /opt/stack/data/venv/lib/python3.12/site-packages/taskflow/listeners/logging.py:242}}
Jul 05 02:40:53 devstack cinder-volume[86671]: DEBUG cinder.volume.manager [None req-71d2cd18-4da4-428e-b423-96a761de1342 tempest-VolumesCloneTest-1692399990 None] Task 'cinder.volume.flows.manager.create_volume.ExtractVolumeSpecTask;volume:create' (3b58ef83-0071-4427-8aec-ee0e15d4db97) transitioned into state 'SUCCESS' from state 'RUNNING' with result '{'status': 'creating', 'type': 'raw', 'volume_id': 'b3d00975-5bc5-4b07-8080-e9d41ae9261e', 'volume_name': 'volume-b3d00975-5bc5-4b07-8080-e9d41ae9261e', 'volume_size': 1}' {{(pid=86671) _task_receiver /opt/stack/data/venv/lib/python3.12/site-packages/taskflow/listeners/logging.py:218}}
Jul 05 02:40:53 devstack cinder-volume[86671]: DEBUG cinder.volume.manager [None req-71d2cd18-4da4-428e-b423-96a761de1342 tempest-VolumesCloneTest-1692399990 None] Task 'cinder.volume.flows.manager.create_volume.NotifyVolumeActionTask;volume:create, create.start' (06edf073-b7ac-4381-bd9c-5194e052ceb0) transitioned into state 'RUNNING' from state 'PENDING' {{(pid=86671) _task_receiver /opt/stack/data/venv/lib/python3.12/site-packages/taskflow/listeners/logging.py:242}}
Jul 05 02:40:53 devstack cinder-volume[86671]: DEBUG cinder.volume.manager [None req-71d2cd18-4da4-428e-b423-96a761de1342 tempest-VolumesCloneTest-1692399990 None] Task 'cinder.volume.flows.manager.create_volume.NotifyVolumeActionTask;volume:create, create.start' (06edf073-b7ac-4381-bd9c-5194e052ceb0) transitioned into state 'SUCCESS' from state 'RUNNING' with result 'None' {{(pid=86671) _task_receiver /opt/stack/data/venv/lib/python3.12/site-packages/taskflow/listeners/logging.py:218}}
Jul 05 02:40:53 devstack cinder-volume[86671]: DEBUG cinder.volume.manager [None req-71d2cd18-4da4-428e-b423-96a761de1342 tempest-VolumesCloneTest-1692399990 None] Task 'cinder.volume.flows.manager.create_volume.CreateVolumeFromSpecTask;volume:create' (108a5588-2e74-4bf0-bed8-f12926d6f9b7) transitioned into state 'RUNNING' from state 'PENDING' {{(pid=86671) _task_receiver /opt/stack/data/venv/lib/python3.12/site-packages/taskflow/listeners/logging.py:242}}
Jul 05 02:40:53 devstack cinder-volume[86671]: INFO cinder.volume.flows.manager.create_volume [None req-71d2cd18-4da4-428e-b423-96a761de1342 tempest-VolumesCloneTest-1692399990 None] Volume b3d00975-5bc5-4b07-8080-e9d41ae9261e: being created as raw with specification: {'status': 'creating', 'volume_name': 'volume-b3d00975-5bc5-4b07-8080-e9d41ae9261e', 'volume_size': 1}
Jul 05 02:40:53 devstack cinder-volume[86671]: DEBUG oslo_concurrency.lockutils [None req-71d2cd18-4da4-428e-b423-96a761de1342 tempest-VolumesCloneTest-1692399990 None] Acquiring lock "quobyte" by "cinder.volume.drivers.quobyte.QuobyteDriver.create_volume" {{(pid=86671) inner /opt/stack/data/venv/lib/python3.12/site-packages/oslo_concurrency/lockutils.py:511}}
Jul 05 02:40:53 devstack sudo[91992]: pam_unix(sudo:session): session closed for user root
Jul 05 02:40:53 devstack cinder-volume[86671]: DEBUG oslo_concurrency.processutils [None req-a42be0e5-55da-435f-b6fa-c9d1ba46e5b1 tempest-GroupSnapshotsTest-2146552497 None] CMD "sudo cinder-rootwrap /etc/cinder/rootwrap.conf qemu-img rebase -u -b volume-1d7523d2-f384-4159-b8f7-95ccc1f76b7b -F qcow2 /opt/stack/data/cinder/mnt/f95ac2086b7e0d127fb5239fbd50029a/volume-1d7523d2-f384-4159-b8f7-95ccc1f76b7b.b083659b-ce8b-4110-92fb-073201f58d64" returned: 0 in 1.374s {{(pid=86671) execute /opt/stack/data/venv/lib/python3.12/site-packages/oslo_concurrency/processutils.py:468}}
Jul 05 02:40:53 devstack cinder-volume[86671]: WARNING cinder.volume.drivers.remotefs [None req-a42be0e5-55da-435f-b6fa-c9d1ba46e5b1 tempest-GroupSnapshotsTest-2146552497 None] /opt/stack/data/cinder/mnt/f95ac2086b7e0d127fb5239fbd50029a/volume-1d7523d2-f384-4159-b8f7-95ccc1f76b7b.b083659b-ce8b-4110-92fb-073201f58d64 is being set with open permissions: ugo+rw: NotImplementedError
Jul 05 02:40:53 devstack cinder-volume[86671]: DEBUG oslo_concurrency.processutils [None req-a42be0e5-55da-435f-b6fa-c9d1ba46e5b1 tempest-GroupSnapshotsTest-2146552497 None] Running cmd (subprocess): sudo cinder-rootwrap /etc/cinder/rootwrap.conf chmod ugo+rw /opt/stack/data/cinder/mnt/f95ac2086b7e0d127fb5239fbd50029a/volume-1d7523d2-f384-4159-b8f7-95ccc1f76b7b.b083659b-ce8b-4110-92fb-073201f58d64 {{(pid=86671) execute /opt/stack/data/venv/lib/python3.12/site-packages/oslo_concurrency/processutils.py:440}}
Jul 05 02:40:53 devstack sudo[92020]: quobyte : PWD=/ ; USER=root ; COMMAND=/opt/stack/data/venv/bin/cinder-rootwrap /etc/cinder/rootwrap.conf chmod ugo+rw /opt/stack/data/cinder/mnt/f95ac2086b7e0d127fb5239fbd50029a/volume-1d7523d2-f384-4159-b8f7-95ccc1f76b7b.b083659b-ce8b-4110-92fb-073201f58d64
Jul 05 02:40:53 devstack sudo[92020]: pam_unix(sudo:session): session opened for user root(uid=0) by (uid=1000)
Jul 05 02:40:54 devstack sudo[92020]: pam_unix(sudo:session): session closed for user root
Jul 05 02:40:54 devstack cinder-volume[86671]: DEBUG oslo_concurrency.processutils [None req-a42be0e5-55da-435f-b6fa-c9d1ba46e5b1 tempest-GroupSnapshotsTest-2146552497 None] CMD "sudo cinder-rootwrap /etc/cinder/rootwrap.conf chmod ugo+rw /opt/stack/data/cinder/mnt/f95ac2086b7e0d127fb5239fbd50029a/volume-1d7523d2-f384-4159-b8f7-95ccc1f76b7b.b083659b-ce8b-4110-92fb-073201f58d64" returned: 0 in 0.878s {{(pid=86671) execute /opt/stack/data/venv/lib/python3.12/site-packages/oslo_concurrency/processutils.py:468}}
Jul 05 02:40:54 devstack cinder-volume[86671]: DEBUG oslo_concurrency.processutils [None req-a42be0e5-55da-435f-b6fa-c9d1ba46e5b1 tempest-GroupSnapshotsTest-2146552497 None] Running cmd (subprocess): sudo cinder-rootwrap /etc/cinder/rootwrap.conf truncate -s0 /opt/stack/data/cinder/mnt/f95ac2086b7e0d127fb5239fbd50029a/volume-1d7523d2-f384-4159-b8f7-95ccc1f76b7b.info {{(pid=86671) execute /opt/stack/data/venv/lib/python3.12/site-packages/oslo_concurrency/processutils.py:440}}
Jul 05 02:40:54 devstack sudo[92042]: quobyte : PWD=/ ; USER=root ; COMMAND=/opt/stack/data/venv/bin/cinder-rootwrap /etc/cinder/rootwrap.conf truncate -s0 /opt/stack/data/cinder/mnt/f95ac2086b7e0d127fb5239fbd50029a/volume-1d7523d2-f384-4159-b8f7-95ccc1f76b7b.info
Jul 05 02:40:54 devstack sudo[92042]: pam_unix(sudo:session): session opened for user root(uid=0) by (uid=1000)
Jul 05 02:40:55 devstack sudo[92042]: pam_unix(sudo:session): session closed for user root
Jul 05 02:40:55 devstack cinder-volume[86671]: DEBUG oslo_concurrency.processutils [None req-a42be0e5-55da-435f-b6fa-c9d1ba46e5b1 tempest-GroupSnapshotsTest-2146552497 None] CMD "sudo cinder-rootwrap /etc/cinder/rootwrap.conf truncate -s0 /opt/stack/data/cinder/mnt/f95ac2086b7e0d127fb5239fbd50029a/volume-1d7523d2-f384-4159-b8f7-95ccc1f76b7b.info" returned: 0 in 1.023s {{(pid=86671) execute /opt/stack/data/venv/lib/python3.12/site-packages/oslo_concurrency/processutils.py:468}}
Jul 05 02:40:55 devstack cinder-volume[86671]: WARNING cinder.volume.drivers.remotefs [None req-a42be0e5-55da-435f-b6fa-c9d1ba46e5b1 tempest-GroupSnapshotsTest-2146552497 None] /opt/stack/data/cinder/mnt/f95ac2086b7e0d127fb5239fbd50029a/volume-1d7523d2-f384-4159-b8f7-95ccc1f76b7b.info is being set with open permissions: ugo+rw: NotImplementedError
Jul 05 02:40:55 devstack cinder-volume[86671]: DEBUG oslo_concurrency.processutils [None req-a42be0e5-55da-435f-b6fa-c9d1ba46e5b1 tempest-GroupSnapshotsTest-2146552497 None] Running cmd (subprocess): sudo cinder-rootwrap /etc/cinder/rootwrap.conf chmod ugo+rw /opt/stack/data/cinder/mnt/f95ac2086b7e0d127fb5239fbd50029a/volume-1d7523d2-f384-4159-b8f7-95ccc1f76b7b.info {{(pid=86671) execute /opt/stack/data/venv/lib/python3.12/site-packages/oslo_concurrency/processutils.py:440}}
Jul 05 02:40:55 devstack sudo[92056]: quobyte : PWD=/ ; USER=root ; COMMAND=/opt/stack/data/venv/bin/cinder-rootwrap /etc/cinder/rootwrap.conf chmod ugo+rw /opt/stack/data/cinder/mnt/f95ac2086b7e0d127fb5239fbd50029a/volume-1d7523d2-f384-4159-b8f7-95ccc1f76b7b.info
Jul 05 02:40:55 devstack sudo[92056]: pam_unix(sudo:session): session opened for user root(uid=0) by (uid=1000)
Jul 05 02:40:56 devstack sudo[92056]: pam_unix(sudo:session): session closed for user root
Jul 05 02:40:56 devstack cinder-volume[86671]: DEBUG oslo_concurrency.processutils [None req-a42be0e5-55da-435f-b6fa-c9d1ba46e5b1 tempest-GroupSnapshotsTest-2146552497 None] CMD "sudo cinder-rootwrap /etc/cinder/rootwrap.conf chmod ugo+rw /opt/stack/data/cinder/mnt/f95ac2086b7e0d127fb5239fbd50029a/volume-1d7523d2-f384-4159-b8f7-95ccc1f76b7b.info" returned: 0 in 0.801s {{(pid=86671) execute /opt/stack/data/venv/lib/python3.12/site-packages/oslo_concurrency/processutils.py:468}}
Jul 05 02:40:56 devstack cinder-volume[86671]: DEBUG oslo_concurrency.lockutils [None req-a42be0e5-55da-435f-b6fa-c9d1ba46e5b1 tempest-GroupSnapshotsTest-2146552497 None] Lock "quobyte" "released" by "cinder.volume.drivers.quobyte.QuobyteDriver.create_snapshot" :: held 6.791s {{(pid=86671) inner /opt/stack/data/venv/lib/python3.12/site-packages/oslo_concurrency/lockutils.py:543}}
Jul 05 02:40:56 devstack cinder-volume[86671]: DEBUG oslo_concurrency.lockutils [None req-71d2cd18-4da4-428e-b423-96a761de1342 tempest-VolumesCloneTest-1692399990 None] Lock "quobyte" acquired by "cinder.volume.drivers.quobyte.QuobyteDriver.create_volume" :: waited 3.355s {{(pid=86671) inner /opt/stack/data/venv/lib/python3.12/site-packages/oslo_concurrency/lockutils.py:524}}
Jul 05 02:40:56 devstack cinder-volume[86671]: DEBUG cinder.volume.drivers.quobyte [None req-71d2cd18-4da4-428e-b423-96a761de1342 tempest-VolumesCloneTest-1692399990 None] ==> create_volume: call "{'self': , 'volume': Volume(_name_id=None,admin_metadata=,attach_status='detached',availability_zone='nova',bootable=False,cluster=,cluster_name=None,consistencygroup=,consistencygroup_id=None,created_at=2026-07-05T00:40:52Z,deleted=False,deleted_at=None,display_description=None,display_name='tempest-VolumesCloneTest-Volume-1654229535',ec2_id=None,encryption_key_id=None,glance_metadata=,group=,group_id=None,host='devstack@QuobyteHD#QuobyteHD',id=b3d00975-5bc5-4b07-8080-e9d41ae9261e,launched_at=None,metadata={},migration_status=None,multiattach=False,previous_status=None,project_id='ee339a75970241b595f911db1ccbe49b',provider_auth=None,provider_geometry=None,provider_id=None,provider_location=None,replication_driver_data=None,replication_extended_status=None,replication_status=None,scheduled_at=2026-07-05T00:40:53Z,service_uuid=None,shared_targets=True,size=1,snapshot_id=None,snapshots=,source_volid=None,status='creating',terminated_at=None,updated_at=2026-07-05T00:40:53Z,use_quota=True,user_id='18695d7f33754ad19451be1d957d278d',volume_attachment=VolumeAttachmentList,volume_type=VolumeType(3705d7b6-1894-47a0-8cd4-74b4adf9763c),volume_type_id=3705d7b6-1894-47a0-8cd4-74b4adf9763c)}" {{(pid=86671) trace_logging_wrapper /opt/stack/cinder/cinder/volume/volume_utils.py:1497}}
Jul 05 02:40:56 devstack cinder-volume[86671]: DEBUG cinder.volume.drivers.remotefs [None req-71d2cd18-4da4-428e-b423-96a761de1342 tempest-VolumesCloneTest-1692399990 None] Creating volume b3d00975-5bc5-4b07-8080-e9d41ae9261e {{(pid=86671) create_volume /opt/stack/cinder/cinder/volume/drivers/remotefs.py:292}}
Jul 05 02:40:56 devstack cinder-volume[86671]: DEBUG oslo_concurrency.lockutils [None req-71d2cd18-4da4-428e-b423-96a761de1342 tempest-VolumesCloneTest-1692399990 None] Acquiring lock "quobyte_ensure" by "cinder.volume.drivers.quobyte.QuobyteDriver._ensure_shares_mounted" {{(pid=86671) inner /opt/stack/data/venv/lib/python3.12/site-packages/oslo_concurrency/lockutils.py:511}}
Jul 05 02:40:56 devstack cinder-volume[86671]: DEBUG oslo_concurrency.lockutils [None req-71d2cd18-4da4-428e-b423-96a761de1342 tempest-VolumesCloneTest-1692399990 None] Lock "quobyte_ensure" acquired by "cinder.volume.drivers.quobyte.QuobyteDriver._ensure_shares_mounted" :: waited 0.000s {{(pid=86671) inner /opt/stack/data/venv/lib/python3.12/site-packages/oslo_concurrency/lockutils.py:524}}
Jul 05 02:40:56 devstack cinder-volume[86671]: DEBUG cinder.volume.drivers.quobyte [None req-71d2cd18-4da4-428e-b423-96a761de1342 tempest-VolumesCloneTest-1692399990 None] Quobyte Volume URL set to: {'osci02.corp.quobyte.com/cinder-vol-16e49147-38c1-4b79-8268-de386b21643e': None} {{(pid=86671) _load_shares_config /opt/stack/cinder/cinder/volume/drivers/quobyte.py:617}}
Jul 05 02:40:56 devstack cinder-volume[86671]: DEBUG cinder.volume.drivers.quobyte [None req-71d2cd18-4da4-428e-b423-96a761de1342 tempest-VolumesCloneTest-1692399990 None] Available shares ['osci02.corp.quobyte.com/cinder-vol-16e49147-38c1-4b79-8268-de386b21643e'] {{(pid=86671) _ensure_shares_mounted /opt/stack/cinder/cinder/volume/drivers/quobyte.py:647}}
Jul 05 02:40:56 devstack cinder-volume[86671]: DEBUG oslo_concurrency.lockutils [None req-71d2cd18-4da4-428e-b423-96a761de1342 tempest-VolumesCloneTest-1692399990 None] Lock "quobyte_ensure" "released" by "cinder.volume.drivers.quobyte.QuobyteDriver._ensure_shares_mounted" :: held 0.013s {{(pid=86671) inner /opt/stack/data/venv/lib/python3.12/site-packages/oslo_concurrency/lockutils.py:543}}
Jul 05 02:40:56 devstack cinder-volume[86671]: DEBUG cinder.volume.drivers.quobyte [None req-71d2cd18-4da4-428e-b423-96a761de1342 tempest-VolumesCloneTest-1692399990 None] Selected osci02.corp.quobyte.com/cinder-vol-16e49147-38c1-4b79-8268-de386b21643e as target Quobyte volume. {{(pid=86671) _find_share /opt/stack/cinder/cinder/volume/drivers/quobyte.py:668}}
Jul 05 02:40:56 devstack cinder-volume[86671]: INFO cinder.volume.drivers.remotefs [None req-71d2cd18-4da4-428e-b423-96a761de1342 tempest-VolumesCloneTest-1692399990 None] casted to osci02.corp.quobyte.com/cinder-vol-16e49147-38c1-4b79-8268-de386b21643e
Jul 05 02:40:56 devstack cinder-volume[86671]: DEBUG oslo_concurrency.processutils [None req-71d2cd18-4da4-428e-b423-96a761de1342 tempest-VolumesCloneTest-1692399990 None] Running cmd (subprocess): sudo cinder-rootwrap /etc/cinder/rootwrap.conf qemu-img create -f qcow2 -o preallocation=metadata /opt/stack/data/cinder/mnt/f95ac2086b7e0d127fb5239fbd50029a/volume-b3d00975-5bc5-4b07-8080-e9d41ae9261e 1073741824 {{(pid=86671) execute /opt/stack/data/venv/lib/python3.12/site-packages/oslo_concurrency/processutils.py:440}}
Jul 05 02:40:56 devstack sudo[92059]: quobyte : PWD=/ ; USER=root ; COMMAND=/opt/stack/data/venv/bin/cinder-rootwrap /etc/cinder/rootwrap.conf qemu-img create -f qcow2 -o preallocation=metadata /opt/stack/data/cinder/mnt/f95ac2086b7e0d127fb5239fbd50029a/volume-b3d00975-5bc5-4b07-8080-e9d41ae9261e 1073741824
Jul 05 02:40:56 devstack sudo[92059]: pam_unix(sudo:session): session opened for user root(uid=0) by (uid=1000)
Jul 05 02:40:56 devstack cinder-volume[86671]: INFO cinder.volume.manager [None req-a42be0e5-55da-435f-b6fa-c9d1ba46e5b1 tempest-GroupSnapshotsTest-2146552497 None] group_snapshot 0f84cb7b-59e2-46f1-a7d1-4f42cd6e4ad9: created successfully
Jul 05 02:40:57 devstack sudo[92059]: pam_unix(sudo:session): session closed for user root
Jul 05 02:40:57 devstack cinder-volume[86671]: DEBUG oslo_concurrency.processutils [None req-71d2cd18-4da4-428e-b423-96a761de1342 tempest-VolumesCloneTest-1692399990 None] CMD "sudo cinder-rootwrap /etc/cinder/rootwrap.conf qemu-img create -f qcow2 -o preallocation=metadata /opt/stack/data/cinder/mnt/f95ac2086b7e0d127fb5239fbd50029a/volume-b3d00975-5bc5-4b07-8080-e9d41ae9261e 1073741824" returned: 0 in 1.335s {{(pid=86671) execute /opt/stack/data/venv/lib/python3.12/site-packages/oslo_concurrency/processutils.py:468}}
Jul 05 02:40:57 devstack cinder-volume[86671]: INFO cinder.volume.manager [None req-4a4563d0-fb6f-4350-ad91-22d29f36ec7a tempest-GroupSnapshotsTest-2146552497 None] group_snapshot 0f84cb7b-59e2-46f1-a7d1-4f42cd6e4ad9: deleting
