Aug 25 06:53:38 devstack devstack@c-api.service[94181]: DEBUG cinder.volume.api [None req-c1fa68e9-6437-47fb-b87b-253281c000b7 tempest-VolumeQuotasAdminTestJSON-1267038543 tempest-VolumeQuotasAdminTestJSON-1267038543-project-member] Task 'cinder.volume.flows.api.create_volume.ExtractVolumeRequestTask;volume:create' (1f9d663e-7445-4379-a49c-5e948b8802cf) transitioned into state 'RUNNING' from state 'PENDING' {{(pid=94181) _task_receiver /opt/stack/data/venv/lib/python3.12/site-packages/taskflow/listeners/logging.py:242}}
Aug 25 06:53:38 devstack devstack@c-api.service[94181]: DEBUG cinder.volume.flows.api.create_volume [None req-c1fa68e9-6437-47fb-b87b-253281c000b7 tempest-VolumeQuotasAdminTestJSON-1267038543 tempest-VolumeQuotasAdminTestJSON-1267038543-project-member] Validating volume size '1' using validate_int {{(pid=94181) _extract_size /opt/stack/cinder/cinder/volume/flows/api/create_volume.py:226}}
Aug 25 06:53:38 devstack devstack@c-api.service[94182]: DEBUG cinder.coordination [req-c859bdae-43ef-4796-a092-f19a42d48c33 req-212dccb0-7266-463b-8e6b-8a5cba34d7a7 tempest-ServerActionsTestOtherA-421397448 tempest-ServerActionsTestOtherA-421397448-project-member] Acquiring lock "cinder-attachment_update-8ce624aa-611a-430c-8a6d-72003c8184b2-devstack" by "attachment_update" {{(pid=94182) __acquire /opt/stack/cinder/cinder/coordination.py:138}}
Aug 25 06:53:38 devstack devstack@c-api.service[94182]: DEBUG cinder.coordination [req-c859bdae-43ef-4796-a092-f19a42d48c33 req-212dccb0-7266-463b-8e6b-8a5cba34d7a7 tempest-ServerActionsTestOtherA-421397448 tempest-ServerActionsTestOtherA-421397448-project-member] Lock "cinder-attachment_update-8ce624aa-611a-430c-8a6d-72003c8184b2-devstack" acquired by "attachment_update" :: waited 0.026s {{(pid=94182) __acquire /opt/stack/cinder/cinder/coordination.py:141}}
Aug 25 06:53:38 devstack devstack@c-api.service[94182]: /opt/stack/data/venv/lib/python3.12/site-packages/oslo_context/context.py:102: DeprecationWarning: Policy enforcement is depending on the value of is_admin. This key is deprecated. Please update your policy file to use the standard policy values.
Aug 25 06:53:38 devstack devstack@c-api.service[94182]: warnings.warn(
Aug 25 06:53:38 devstack devstack@c-api.service[94181]: DEBUG cinder.volume.api [None req-c1fa68e9-6437-47fb-b87b-253281c000b7 tempest-VolumeQuotasAdminTestJSON-1267038543 tempest-VolumeQuotasAdminTestJSON-1267038543-project-member] Task 'cinder.volume.flows.api.create_volume.ExtractVolumeRequestTask;volume:create' (1f9d663e-7445-4379-a49c-5e948b8802cf) transitioned into state 'SUCCESS' from state 'RUNNING' with result '{'size': 1, 'snapshot_id': None, 'source_volid': None, 'volume_type': VolumeType(created_at=2026-08-25T04:46:20Z,deleted=False,deleted_at=None,description=None,extra_specs={},id=801f396e-7213-4c41-bfb3-49e235af250a,is_public=True,name='QuobyteHD',projects=[],qos_specs=,qos_specs_id=None,updated_at=None), 'volume_type_id': '801f396e-7213-4c41-bfb3-49e235af250a', 'encryption_key_id': None, 'qos_specs': None, 'consistencygroup_id': None, 'cgsnapshot_id': None, 'group_id': None, 'replication_status': 'disabled', 'refresh_az': False, 'backup_id': None, 'multiattach': False, 'availability_zones': ['nova']}' {{(pid=94181) _task_receiver /opt/stack/data/venv/lib/python3.12/site-packages/taskflow/listeners/logging.py:218}}
Aug 25 06:53:38 devstack devstack@c-api.service[94181]: DEBUG cinder.volume.api [None req-c1fa68e9-6437-47fb-b87b-253281c000b7 tempest-VolumeQuotasAdminTestJSON-1267038543 tempest-VolumeQuotasAdminTestJSON-1267038543-project-member] Task 'cinder.volume.flows.api.create_volume.QuotaReserveTask;volume:create' (63e59684-90e2-4020-a5e0-c04022bc4b3e) transitioned into state 'RUNNING' from state 'PENDING' {{(pid=94181) _task_receiver /opt/stack/data/venv/lib/python3.12/site-packages/taskflow/listeners/logging.py:242}}
Aug 25 06:53:38 devstack devstack@c-api.service[94181]: DEBUG cinder.quota [None req-c1fa68e9-6437-47fb-b87b-253281c000b7 tempest-VolumeQuotasAdminTestJSON-1267038543 tempest-VolumeQuotasAdminTestJSON-1267038543-project-member] Created reservations ['f7d6b584-4553-442f-8e32-9f4a43ae333d', '65c0f89f-d50b-4f22-b943-5a57c3be10e4', '50b5471f-5ff4-4b59-966c-936d9f109cf4', '04f3f941-236b-4d08-affc-6226b7d6dfa9'] {{(pid=94181) reserve /opt/stack/cinder/cinder/quota.py:752}}
Aug 25 06:53:38 devstack devstack@c-api.service[94181]: DEBUG cinder.volume.api [None req-c1fa68e9-6437-47fb-b87b-253281c000b7 tempest-VolumeQuotasAdminTestJSON-1267038543 tempest-VolumeQuotasAdminTestJSON-1267038543-project-member] Task 'cinder.volume.flows.api.create_volume.QuotaReserveTask;volume:create' (63e59684-90e2-4020-a5e0-c04022bc4b3e) transitioned into state 'SUCCESS' from state 'RUNNING' with result '{'reservations': ['f7d6b584-4553-442f-8e32-9f4a43ae333d', '65c0f89f-d50b-4f22-b943-5a57c3be10e4', '50b5471f-5ff4-4b59-966c-936d9f109cf4', '04f3f941-236b-4d08-affc-6226b7d6dfa9']}' {{(pid=94181) _task_receiver /opt/stack/data/venv/lib/python3.12/site-packages/taskflow/listeners/logging.py:218}}
Aug 25 06:53:38 devstack devstack@c-api.service[94181]: DEBUG cinder.volume.api [None req-c1fa68e9-6437-47fb-b87b-253281c000b7 tempest-VolumeQuotasAdminTestJSON-1267038543 tempest-VolumeQuotasAdminTestJSON-1267038543-project-member] Task 'cinder.volume.flows.api.create_volume.EntryCreateTask;volume:create' (ccdb410a-4742-4765-8949-d2d31a15c686) transitioned into state 'RUNNING' from state 'PENDING' {{(pid=94181) _task_receiver /opt/stack/data/venv/lib/python3.12/site-packages/taskflow/listeners/logging.py:242}}
Aug 25 06:53:38 devstack devstack@c-api.service[94181]: DEBUG cinder.volume.api [None req-c1fa68e9-6437-47fb-b87b-253281c000b7 tempest-VolumeQuotasAdminTestJSON-1267038543 tempest-VolumeQuotasAdminTestJSON-1267038543-project-member] Task 'cinder.volume.flows.api.create_volume.EntryCreateTask;volume:create' (ccdb410a-4742-4765-8949-d2d31a15c686) transitioned into state 'SUCCESS' from state 'RUNNING' with result '{'volume_id': 'dae1acc6-f152-4c19-bd02-50a592c1a4e2', 'volume_properties': VolumeProperties(attach_status='detached',availability_zone='nova',cgsnapshot_id=None,consistencygroup_id=None,display_description=None,display_name='tempest-VolumeQuotasAdminTestJSON-Volume-546861160',encryption_key_id=None,group_id=None,group_type_id=,metadata={},multiattach=False,project_id='f8a7d16ffa314685a07c5cde3a59d05b',qos_specs=None,replication_status=,reservations=['f7d6b584-4553-442f-8e32-9f4a43ae333d','65c0f89f-d50b-4f22-b943-5a57c3be10e4','50b5471f-5ff4-4b59-966c-936d9f109cf4','04f3f941-236b-4d08-affc-6226b7d6dfa9'],size=1,snapshot_id=None,source_replicaid=,source_volid=None,status='creating',user_id='45eb82970aeb4abca8c677c63d9e4f7d',volume_type_id=801f396e-7213-4c41-bfb3-49e235af250a), 'volume': Volume(_name_id=None,admin_metadata=,attach_status='detached',availability_zone='nova',bootable=False,cluster=,cluster_name=None,consistencygroup=,consistencygroup_id=None,created_at=2026-08-25T04:53:38Z,deleted=False,deleted_at=None,display_description=None,display_name='tempest-VolumeQuotasAdminTestJSON-Volume-546861160',ec2_id=None,encryption_key_id=None,glance_metadata=,group=,group_id=None,host=None,id=dae1acc6-f152-4c19-bd02-50a592c1a4e2,launched_at=None,metadata={},migration_status=None,multiattach=False,previous_status=None,project_id='f8a7d16ffa314685a07c5cde3a59d05b',provider_auth=None,provider_geometry=None,provider_id=None,provider_location=None,replication_driver_data=None,replication_extended_status=None,replication_status=None,scheduled_at=None,service_uuid=None,shared_targets=True,size=1,snapshot_id=None,snapshots=,source_volid=None,status='creating',terminated_at=None,updated_at=None,use_quota=True,user_id='45eb82970aeb4abca8c677c63d9e4f7d',volume_attachment=VolumeAttachmentList,volume_type=VolumeType(801f396e-7213-4c41-bfb3-49e235af250a),volume_type_id=801f396e-7213-4c41-bfb3-49e235af250a)}' {{(pid=94181) _task_receiver /opt/stack/data/venv/lib/python3.12/site-packages/taskflow/listeners/logging.py:218}}
Aug 25 06:53:38 devstack devstack@c-api.service[94181]: DEBUG cinder.volume.api [None req-c1fa68e9-6437-47fb-b87b-253281c000b7 tempest-VolumeQuotasAdminTestJSON-1267038543 tempest-VolumeQuotasAdminTestJSON-1267038543-project-member] Task 'cinder.volume.flows.api.create_volume.QuotaCommitTask;volume:create' (65661beb-716f-4870-8013-95e74e8df3fd) transitioned into state 'RUNNING' from state 'PENDING' {{(pid=94181) _task_receiver /opt/stack/data/venv/lib/python3.12/site-packages/taskflow/listeners/logging.py:242}}
Aug 25 06:53:38 devstack devstack@c-api.service[94182]: DEBUG cinder.coordination [req-c859bdae-43ef-4796-a092-f19a42d48c33 req-212dccb0-7266-463b-8e6b-8a5cba34d7a7 tempest-ServerActionsTestOtherA-421397448 tempest-ServerActionsTestOtherA-421397448-project-member] Lock "cinder-attachment_update-8ce624aa-611a-430c-8a6d-72003c8184b2-devstack" released by "attachment_update" :: held 0.358s {{(pid=94182) __release /opt/stack/cinder/cinder/coordination.py:152}}
Aug 25 06:53:38 devstack devstack@c-api.service[94182]: INFO cinder.api.openstack.wsgi [req-c859bdae-43ef-4796-a092-f19a42d48c33 req-212dccb0-7266-463b-8e6b-8a5cba34d7a7 tempest-ServerActionsTestOtherA-421397448 tempest-ServerActionsTestOtherA-421397448-project-member] http://192.168.122.222/volume/v3/attachments/b1a8f2ec-4e31-4e54-8c0d-81aa0c5e2a8b returned with HTTP 200
Aug 25 06:53:38 devstack devstack@c-api.service[94182]: [pid: 94182|app: 0|req: 194/377] 192.168.122.222 () {66 vars in 1593 bytes} [Tue Aug 25 06:53:38 2026] PUT /volume/v3/attachments/b1a8f2ec-4e31-4e54-8c0d-81aa0c5e2a8b => generated 694 bytes in 441 msecs (HTTP/1.1 200) 7 headers in 286 bytes (1 switches on core 0)
Aug 25 06:53:38 devstack devstack@c-api.service[94182]: DEBUG cinder.api.middleware.request_id [None req-cd5e8130-3ccd-4bb4-99ff-eccc294ec30a None None] RequestId filter calling following filter/app {{(pid=94182) _context_setter /opt/stack/cinder/cinder/api/middleware/request_id.py:62}}
Aug 25 06:53:38 devstack devstack@c-api.service[94182]: INFO cinder.api.openstack.wsgi [None req-cd5e8130-3ccd-4bb4-99ff-eccc294ec30a tempest-GroupSnapshotsTest-1769840491 tempest-GroupSnapshotsTest-1769840491-project-member] GET http://192.168.122.222/volume/v3/volumes/detail
Aug 25 06:53:38 devstack devstack@c-api.service[94182]: DEBUG cinder.api.openstack.wsgi [None req-cd5e8130-3ccd-4bb4-99ff-eccc294ec30a tempest-GroupSnapshotsTest-1769840491 tempest-GroupSnapshotsTest-1769840491-project-member] Empty body provided in request {{(pid=94182) get_body /opt/stack/cinder/cinder/api/openstack/wsgi.py:725}}
Aug 25 06:53:38 devstack devstack@c-api.service[94182]: DEBUG cinder.api.openstack.wsgi [None req-cd5e8130-3ccd-4bb4-99ff-eccc294ec30a tempest-GroupSnapshotsTest-1769840491 tempest-GroupSnapshotsTest-1769840491-project-member] Calling method 'detail' {{(pid=94182) _process_stack /opt/stack/cinder/cinder/api/openstack/wsgi.py:878}}
Aug 25 06:53:38 devstack devstack@c-api.service[94182]: DEBUG cinder.api.api_utils [None req-cd5e8130-3ccd-4bb4-99ff-eccc294ec30a tempest-GroupSnapshotsTest-1769840491 tempest-GroupSnapshotsTest-1769840491-project-member] Removing options '' from query. {{(pid=94182) remove_invalid_filter_options /opt/stack/cinder/cinder/api/api_utils.py:82}}
Aug 25 06:53:38 devstack devstack@c-api.service[94182]: /opt/stack/data/venv/lib/python3.12/site-packages/oslo_context/context.py:102: DeprecationWarning: Policy enforcement is depending on the value of is_admin. This key is deprecated. Please update your policy file to use the standard policy values.
Aug 25 06:53:38 devstack devstack@c-api.service[94182]: warnings.warn(
Aug 25 06:53:38 devstack devstack@c-api.service[94182]: DEBUG cinder.volume.api [None req-cd5e8130-3ccd-4bb4-99ff-eccc294ec30a tempest-GroupSnapshotsTest-1769840491 tempest-GroupSnapshotsTest-1769840491-project-member] Searching by: MultiDict([('no_migration_targets', True)]). {{(pid=94182) get_all /opt/stack/cinder/cinder/volume/api.py:664}}
Aug 25 06:53:38 devstack devstack@c-api.service[94182]: INFO cinder.volume.api [None req-cd5e8130-3ccd-4bb4-99ff-eccc294ec30a tempest-GroupSnapshotsTest-1769840491 tempest-GroupSnapshotsTest-1769840491-project-member] Get all volumes completed successfully.
Aug 25 06:53:38 devstack devstack@c-api.service[94181]: DEBUG cinder.volume.api [None req-c1fa68e9-6437-47fb-b87b-253281c000b7 tempest-VolumeQuotasAdminTestJSON-1267038543 tempest-VolumeQuotasAdminTestJSON-1267038543-project-member] Task 'cinder.volume.flows.api.create_volume.QuotaCommitTask;volume:create' (65661beb-716f-4870-8013-95e74e8df3fd) transitioned into state 'SUCCESS' from state 'RUNNING' with result '{'volume_properties': VolumeProperties(attach_status='detached',availability_zone='nova',cgsnapshot_id=None,consistencygroup_id=None,display_description=None,display_name='tempest-VolumeQuotasAdminTestJSON-Volume-546861160',encryption_key_id=None,group_id=None,group_type_id=,metadata={},multiattach=False,project_id='f8a7d16ffa314685a07c5cde3a59d05b',qos_specs=None,replication_status=,reservations=['f7d6b584-4553-442f-8e32-9f4a43ae333d','65c0f89f-d50b-4f22-b943-5a57c3be10e4','50b5471f-5ff4-4b59-966c-936d9f109cf4','04f3f941-236b-4d08-affc-6226b7d6dfa9'],size=1,snapshot_id=None,source_replicaid=,source_volid=None,status='creating',user_id='45eb82970aeb4abca8c677c63d9e4f7d',volume_type_id=801f396e-7213-4c41-bfb3-49e235af250a)}' {{(pid=94181) _task_receiver /opt/stack/data/venv/lib/python3.12/site-packages/taskflow/listeners/logging.py:218}}
Aug 25 06:53:38 devstack devstack@c-api.service[94182]: WARNING stevedore.named [None req-cd5e8130-3ccd-4bb4-99ff-eccc294ec30a tempest-GroupSnapshotsTest-1769840491 tempest-GroupSnapshotsTest-1769840491-project-member] Could not load cinder.keymgr.conf_key_mgr.ConfKeyManager
Aug 25 06:53:38 devstack devstack@c-api.service[94182]: WARNING castellan.key_manager [None req-cd5e8130-3ccd-4bb4-99ff-eccc294ec30a tempest-GroupSnapshotsTest-1769840491 tempest-GroupSnapshotsTest-1769840491-project-member] Deprecation Warning : cinder.keymgr.conf_key_mgr.ConfKeyManager is not a stevedore based driver, trying to load it as a class: stevedore.exception.NoMatches: No 'castellan.drivers' driver found, looking for 'cinder.keymgr.conf_key_mgr.ConfKeyManager'
Aug 25 06:53:38 devstack devstack@c-api.service[94181]: DEBUG cinder.volume.api [None req-c1fa68e9-6437-47fb-b87b-253281c000b7 tempest-VolumeQuotasAdminTestJSON-1267038543 tempest-VolumeQuotasAdminTestJSON-1267038543-project-member] Task 'cinder.volume.flows.api.create_volume.VolumeCastTask;volume:create' (5e297140-9e19-4225-9bfc-25c69c578172) transitioned into state 'RUNNING' from state 'PENDING' {{(pid=94181) _task_receiver /opt/stack/data/venv/lib/python3.12/site-packages/taskflow/listeners/logging.py:242}}
Aug 25 06:53:38 devstack devstack@c-api.service[94181]: DEBUG cinder.volume.api [None req-c1fa68e9-6437-47fb-b87b-253281c000b7 tempest-VolumeQuotasAdminTestJSON-1267038543 tempest-VolumeQuotasAdminTestJSON-1267038543-project-member] Task 'cinder.volume.flows.api.create_volume.VolumeCastTask;volume:create' (5e297140-9e19-4225-9bfc-25c69c578172) transitioned into state 'SUCCESS' from state 'RUNNING' with result 'None' {{(pid=94181) _task_receiver /opt/stack/data/venv/lib/python3.12/site-packages/taskflow/listeners/logging.py:218}}
Aug 25 06:53:38 devstack devstack@c-api.service[94181]: DEBUG cinder.volume.api [None req-c1fa68e9-6437-47fb-b87b-253281c000b7 tempest-VolumeQuotasAdminTestJSON-1267038543 tempest-VolumeQuotasAdminTestJSON-1267038543-project-member] Flow 'volume_create_api' (0ab88535-2268-4e67-b1a0-5c171b434d40) transitioned into state 'SUCCESS' from state 'RUNNING' {{(pid=94181) _flow_receiver /opt/stack/data/venv/lib/python3.12/site-packages/taskflow/listeners/logging.py:160}}
Aug 25 06:53:38 devstack devstack@c-api.service[94181]: INFO cinder.volume.api [None req-c1fa68e9-6437-47fb-b87b-253281c000b7 tempest-VolumeQuotasAdminTestJSON-1267038543 tempest-VolumeQuotasAdminTestJSON-1267038543-project-member] Create volume request issued successfully.
Aug 25 06:53:38 devstack devstack@c-api.service[94181]: INFO cinder.api.openstack.wsgi [None req-c1fa68e9-6437-47fb-b87b-253281c000b7 tempest-VolumeQuotasAdminTestJSON-1267038543 tempest-VolumeQuotasAdminTestJSON-1267038543-project-member] http://192.168.122.222/volume/v3/volumes returned with HTTP 202
Aug 25 06:53:38 devstack devstack@c-api.service[94181]: [pid: 94181|app: 0|req: 184/378] 192.168.122.222 () {60 vars in 1142 bytes} [Tue Aug 25 06:53:38 2026] POST /volume/v3/volumes => generated 764 bytes in 776 msecs (HTTP/1.1 202) 7 headers in 291 bytes (1 switches on core 0)
Aug 25 06:53:38 devstack devstack@c-api.service[94181]: DEBUG cinder.api.middleware.request_id [req-c859bdae-43ef-4796-a092-f19a42d48c33 req-c9508b8a-cfdc-4208-a173-f30efb415f44 None None] RequestId filter calling following filter/app {{(pid=94181) _context_setter /opt/stack/cinder/cinder/api/middleware/request_id.py:62}}
Aug 25 06:53:38 devstack devstack@c-api.service[94181]: INFO cinder.api.openstack.wsgi [req-c859bdae-43ef-4796-a092-f19a42d48c33 req-c9508b8a-cfdc-4208-a173-f30efb415f44 tempest-ServerActionsTestOtherA-421397448 tempest-ServerActionsTestOtherA-421397448-project-member] GET http://192.168.122.222/volume/v3/attachments/b1a8f2ec-4e31-4e54-8c0d-81aa0c5e2a8b
Aug 25 06:53:38 devstack devstack@c-api.service[94181]: DEBUG cinder.api.openstack.wsgi [req-c859bdae-43ef-4796-a092-f19a42d48c33 req-c9508b8a-cfdc-4208-a173-f30efb415f44 tempest-ServerActionsTestOtherA-421397448 tempest-ServerActionsTestOtherA-421397448-project-member] Empty body provided in request {{(pid=94181) get_body /opt/stack/cinder/cinder/api/openstack/wsgi.py:725}}
Aug 25 06:53:38 devstack devstack@c-api.service[94181]: DEBUG cinder.api.openstack.wsgi [req-c859bdae-43ef-4796-a092-f19a42d48c33 req-c9508b8a-cfdc-4208-a173-f30efb415f44 tempest-ServerActionsTestOtherA-421397448 tempest-ServerActionsTestOtherA-421397448-project-member] Calling method 'version_select' {{(pid=94181) _process_stack /opt/stack/cinder/cinder/api/openstack/wsgi.py:878}}
Aug 25 06:53:38 devstack devstack@c-api.service[94182]: DEBUG oslo_db.sqlalchemy.engines [None req-cd5e8130-3ccd-4bb4-99ff-eccc294ec30a tempest-GroupSnapshotsTest-1769840491 tempest-GroupSnapshotsTest-1769840491-project-member] MySQL server mode set to STRICT_TRANS_TABLES,STRICT_ALL_TABLES,NO_ZERO_IN_DATE,NO_ZERO_DATE,ERROR_FOR_DIVISION_BY_ZERO,TRADITIONAL,NO_ENGINE_SUBSTITUTION {{(pid=94182) _check_effective_sql_mode /opt/stack/data/venv/lib/python3.12/site-packages/oslo_db/sqlalchemy/engines.py:325}}
Aug 25 06:53:38 devstack devstack@c-api.service[94182]: /opt/stack/data/venv/lib/python3.12/site-packages/oslo_context/context.py:102: DeprecationWarning: Policy enforcement is depending on the value of is_admin. This key is deprecated. Please update your policy file to use the standard policy values.
Aug 25 06:53:38 devstack devstack@c-api.service[94182]: warnings.warn(
Aug 25 06:53:38 devstack devstack@c-api.service[94181]: INFO cinder.api.openstack.wsgi [req-c859bdae-43ef-4796-a092-f19a42d48c33 req-c9508b8a-cfdc-4208-a173-f30efb415f44 tempest-ServerActionsTestOtherA-421397448 tempest-ServerActionsTestOtherA-421397448-project-member] http://192.168.122.222/volume/v3/attachments/b1a8f2ec-4e31-4e54-8c0d-81aa0c5e2a8b returned with HTTP 200
Aug 25 06:53:38 devstack devstack@c-api.service[94181]: [pid: 94181|app: 0|req: 185/379] 192.168.122.222 () {62 vars in 1540 bytes} [Tue Aug 25 06:53:38 2026] GET /volume/v3/attachments/b1a8f2ec-4e31-4e54-8c0d-81aa0c5e2a8b => generated 719 bytes in 117 msecs (HTTP/1.1 200) 7 headers in 286 bytes (1 switches on core 0)
Aug 25 06:53:39 devstack devstack@c-api.service[94181]: DEBUG cinder.api.middleware.request_id [None req-34dc8769-b924-46f9-8893-d7f24f3d058e None None] RequestId filter calling following filter/app {{(pid=94181) _context_setter /opt/stack/cinder/cinder/api/middleware/request_id.py:62}}
Aug 25 06:53:39 devstack devstack@c-api.service[94181]: INFO cinder.api.openstack.wsgi [None req-34dc8769-b924-46f9-8893-d7f24f3d058e tempest-VolumeQuotasAdminTestJSON-1267038543 tempest-VolumeQuotasAdminTestJSON-1267038543-project-member] GET http://192.168.122.222/volume/v3/volumes/dae1acc6-f152-4c19-bd02-50a592c1a4e2
Aug 25 06:53:39 devstack devstack@c-api.service[94181]: DEBUG cinder.api.openstack.wsgi [None req-34dc8769-b924-46f9-8893-d7f24f3d058e tempest-VolumeQuotasAdminTestJSON-1267038543 tempest-VolumeQuotasAdminTestJSON-1267038543-project-member] Empty body provided in request {{(pid=94181) get_body /opt/stack/cinder/cinder/api/openstack/wsgi.py:725}}
Aug 25 06:53:39 devstack devstack@c-api.service[94181]: DEBUG cinder.api.openstack.wsgi [None req-34dc8769-b924-46f9-8893-d7f24f3d058e tempest-VolumeQuotasAdminTestJSON-1267038543 tempest-VolumeQuotasAdminTestJSON-1267038543-project-member] Calling method 'show' {{(pid=94181) _process_stack /opt/stack/cinder/cinder/api/openstack/wsgi.py:878}}
Aug 25 06:53:39 devstack devstack@c-api.service[94182]: INFO cinder.api.openstack.wsgi [None req-cd5e8130-3ccd-4bb4-99ff-eccc294ec30a tempest-GroupSnapshotsTest-1769840491 tempest-GroupSnapshotsTest-1769840491-project-member] http://192.168.122.222/volume/v3/volumes/detail returned with HTTP 200
Aug 25 06:53:39 devstack devstack@c-api.service[94182]: [pid: 94182|app: 0|req: 195/380] 192.168.122.222 () {60 vars in 1183 bytes} [Tue Aug 25 06:53:38 2026] GET /volume/v3/volumes/detail => generated 925 bytes in 291 msecs (HTTP/1.1 200) 7 headers in 286 bytes (1 switches on core 0)
Aug 25 06:53:39 devstack devstack@c-api.service[94182]: DEBUG cinder.api.middleware.request_id [None req-a9222873-0247-46cb-ba5b-d6f103c77764 None None] RequestId filter calling following filter/app {{(pid=94182) _context_setter /opt/stack/cinder/cinder/api/middleware/request_id.py:62}}
Aug 25 06:53:39 devstack devstack@c-api.service[94182]: INFO cinder.api.openstack.wsgi [None req-a9222873-0247-46cb-ba5b-d6f103c77764 tempest-GroupSnapshotsTest-1769840491 tempest-GroupSnapshotsTest-1769840491-project-member] GET http://192.168.122.222/volume/v3/snapshots/detail
Aug 25 06:53:39 devstack devstack@c-api.service[94182]: DEBUG cinder.api.openstack.wsgi [None req-a9222873-0247-46cb-ba5b-d6f103c77764 tempest-GroupSnapshotsTest-1769840491 tempest-GroupSnapshotsTest-1769840491-project-member] Empty body provided in request {{(pid=94182) get_body /opt/stack/cinder/cinder/api/openstack/wsgi.py:725}}
Aug 25 06:53:39 devstack devstack@c-api.service[94182]: DEBUG cinder.api.openstack.wsgi [None req-a9222873-0247-46cb-ba5b-d6f103c77764 tempest-GroupSnapshotsTest-1769840491 tempest-GroupSnapshotsTest-1769840491-project-member] Calling method 'detail' {{(pid=94182) _process_stack /opt/stack/cinder/cinder/api/openstack/wsgi.py:878}}
Aug 25 06:53:39 devstack devstack@c-api.service[94182]: DEBUG cinder.api.api_utils [None req-a9222873-0247-46cb-ba5b-d6f103c77764 tempest-GroupSnapshotsTest-1769840491 tempest-GroupSnapshotsTest-1769840491-project-member] Removing options '' from query. {{(pid=94182) remove_invalid_filter_options /opt/stack/cinder/cinder/api/api_utils.py:82}}
Aug 25 06:53:39 devstack devstack@c-api.service[94182]: DEBUG cinder.db.api [None req-a9222873-0247-46cb-ba5b-d6f103c77764 tempest-GroupSnapshotsTest-1769840491 tempest-GroupSnapshotsTest-1769840491-project-member] Building query based on filter {{(pid=94182) _process_snaps_filters /opt/stack/cinder/cinder/db/api.py:3942}}
Aug 25 06:53:39 devstack devstack@c-api.service[94181]: /opt/stack/data/venv/lib/python3.12/site-packages/oslo_context/context.py:102: DeprecationWarning: Policy enforcement is depending on the value of is_admin. This key is deprecated. Please update your policy file to use the standard policy values.
Aug 25 06:53:39 devstack devstack@c-api.service[94181]: warnings.warn(
Aug 25 06:53:39 devstack devstack@c-api.service[94181]: INFO cinder.volume.api [None req-34dc8769-b924-46f9-8893-d7f24f3d058e tempest-VolumeQuotasAdminTestJSON-1267038543 tempest-VolumeQuotasAdminTestJSON-1267038543-project-member] Volume info retrieved successfully.
Aug 25 06:53:39 devstack devstack@c-api.service[94181]: INFO cinder.api.openstack.wsgi [None req-34dc8769-b924-46f9-8893-d7f24f3d058e tempest-VolumeQuotasAdminTestJSON-1267038543 tempest-VolumeQuotasAdminTestJSON-1267038543-project-member] http://192.168.122.222/volume/v3/volumes/dae1acc6-f152-4c19-bd02-50a592c1a4e2 returned with HTTP 200
Aug 25 06:53:39 devstack devstack@c-api.service[94181]: [pid: 94181|app: 0|req: 186/381] 192.168.122.222 () {58 vars in 1232 bytes} [Tue Aug 25 06:53:38 2026] GET /volume/v3/volumes/dae1acc6-f152-4c19-bd02-50a592c1a4e2 => generated 832 bytes in 150 msecs (HTTP/1.1 200) 7 headers in 285 bytes (1 switches on core 0)
Aug 25 06:53:39 devstack devstack@c-api.service[94182]: INFO cinder.volume.api [None req-a9222873-0247-46cb-ba5b-d6f103c77764 tempest-GroupSnapshotsTest-1769840491 tempest-GroupSnapshotsTest-1769840491-project-member] Get all snapshots completed successfully.
Aug 25 06:53:39 devstack devstack@c-api.service[94182]: /opt/stack/data/venv/lib/python3.12/site-packages/oslo_context/context.py:102: DeprecationWarning: Policy enforcement is depending on the value of is_admin. This key is deprecated. Please update your policy file to use the standard policy values.
Aug 25 06:53:39 devstack devstack@c-api.service[94182]: warnings.warn(
Aug 25 06:53:39 devstack devstack@c-api.service[94182]: INFO cinder.api.openstack.wsgi [None req-a9222873-0247-46cb-ba5b-d6f103c77764 tempest-GroupSnapshotsTest-1769840491 tempest-GroupSnapshotsTest-1769840491-project-member] http://192.168.122.222/volume/v3/snapshots/detail returned with HTTP 200
Aug 25 06:53:39 devstack devstack@c-api.service[94182]: [pid: 94182|app: 0|req: 196/382] 192.168.122.222 () {58 vars in 1148 bytes} [Tue Aug 25 06:53:39 2026] GET /volume/v3/snapshots/detail => generated 452 bytes in 100 msecs (HTTP/1.1 200) 7 headers in 285 bytes (1 switches on core 0)
Aug 25 06:53:39 devstack devstack@c-api.service[94181]: DEBUG cinder.api.middleware.request_id [None req-75ed85bb-c1ae-4576-87aa-220d1029e3a9 None None] RequestId filter calling following filter/app {{(pid=94181) _context_setter /opt/stack/cinder/cinder/api/middleware/request_id.py:62}}
Aug 25 06:53:39 devstack devstack@c-api.service[94181]: INFO cinder.api.openstack.wsgi [None req-75ed85bb-c1ae-4576-87aa-220d1029e3a9 tempest-GroupSnapshotsTest-1769840491 tempest-GroupSnapshotsTest-1769840491-project-member] GET http://192.168.122.222/volume/v3/snapshots/ec5f4200-1674-41a3-9d86-821eb89e487f
Aug 25 06:53:39 devstack devstack@c-api.service[94181]: DEBUG cinder.api.openstack.wsgi [None req-75ed85bb-c1ae-4576-87aa-220d1029e3a9 tempest-GroupSnapshotsTest-1769840491 tempest-GroupSnapshotsTest-1769840491-project-member] Empty body provided in request {{(pid=94181) get_body /opt/stack/cinder/cinder/api/openstack/wsgi.py:725}}
Aug 25 06:53:39 devstack devstack@c-api.service[94181]: DEBUG cinder.api.openstack.wsgi [None req-75ed85bb-c1ae-4576-87aa-220d1029e3a9 tempest-GroupSnapshotsTest-1769840491 tempest-GroupSnapshotsTest-1769840491-project-member] Calling method 'show' {{(pid=94181) _process_stack /opt/stack/cinder/cinder/api/openstack/wsgi.py:878}}
Aug 25 06:53:39 devstack devstack@c-api.service[94181]: /opt/stack/data/venv/lib/python3.12/site-packages/oslo_context/context.py:102: DeprecationWarning: Policy enforcement is depending on the value of is_admin. This key is deprecated. Please update your policy file to use the standard policy values.
Aug 25 06:53:39 devstack devstack@c-api.service[94181]: warnings.warn(
Aug 25 06:53:39 devstack devstack@c-api.service[94181]: INFO cinder.volume.api [None req-75ed85bb-c1ae-4576-87aa-220d1029e3a9 tempest-GroupSnapshotsTest-1769840491 tempest-GroupSnapshotsTest-1769840491-project-member] Snapshot retrieved successfully.
Aug 25 06:53:39 devstack devstack@c-api.service[94181]: INFO cinder.api.openstack.wsgi [None req-75ed85bb-c1ae-4576-87aa-220d1029e3a9 tempest-GroupSnapshotsTest-1769840491 tempest-GroupSnapshotsTest-1769840491-project-member] http://192.168.122.222/volume/v3/snapshots/ec5f4200-1674-41a3-9d86-821eb89e487f returned with HTTP 200
Aug 25 06:53:39 devstack devstack@c-api.service[94181]: [pid: 94181|app: 0|req: 187/383] 192.168.122.222 () {58 vars in 1238 bytes} [Tue Aug 25 06:53:39 2026] GET /volume/v3/snapshots/ec5f4200-1674-41a3-9d86-821eb89e487f => generated 449 bytes in 35 msecs (HTTP/1.1 200) 7 headers in 285 bytes (1 switches on core 0)
Aug 25 06:53:40 devstack devstack@c-api.service[94182]: DEBUG cinder.api.middleware.request_id [None req-153c0ac9-ee26-452d-9f68-a3fd24db9330 None None] RequestId filter calling following filter/app {{(pid=94182) _context_setter /opt/stack/cinder/cinder/api/middleware/request_id.py:62}}
Aug 25 06:53:40 devstack devstack@c-api.service[94182]: INFO cinder.api.openstack.wsgi [None req-153c0ac9-ee26-452d-9f68-a3fd24db9330 tempest-VolumeQuotasAdminTestJSON-1267038543 tempest-VolumeQuotasAdminTestJSON-1267038543-project-member] GET http://192.168.122.222/volume/v3/volumes/dae1acc6-f152-4c19-bd02-50a592c1a4e2
Aug 25 06:53:40 devstack devstack@c-api.service[94182]: DEBUG cinder.api.openstack.wsgi [None req-153c0ac9-ee26-452d-9f68-a3fd24db9330 tempest-VolumeQuotasAdminTestJSON-1267038543 tempest-VolumeQuotasAdminTestJSON-1267038543-project-member] Empty body provided in request {{(pid=94182) get_body /opt/stack/cinder/cinder/api/openstack/wsgi.py:725}}
Aug 25 06:53:40 devstack devstack@c-api.service[94182]: DEBUG cinder.api.openstack.wsgi [None req-153c0ac9-ee26-452d-9f68-a3fd24db9330 tempest-VolumeQuotasAdminTestJSON-1267038543 tempest-VolumeQuotasAdminTestJSON-1267038543-project-member] Calling method 'show' {{(pid=94182) _process_stack /opt/stack/cinder/cinder/api/openstack/wsgi.py:878}}
Aug 25 06:53:40 devstack devstack@c-api.service[94182]: /opt/stack/data/venv/lib/python3.12/site-packages/oslo_context/context.py:102: DeprecationWarning: Policy enforcement is depending on the value of is_admin. This key is deprecated. Please update your policy file to use the standard policy values.
Aug 25 06:53:40 devstack devstack@c-api.service[94182]: warnings.warn(
Aug 25 06:53:40 devstack devstack@c-api.service[94181]: DEBUG cinder.api.middleware.request_id [None req-dbb6f3b0-5abf-4ae0-8ac8-b2a97517dfdd None None] RequestId filter calling following filter/app {{(pid=94181) _context_setter /opt/stack/cinder/cinder/api/middleware/request_id.py:62}}
Aug 25 06:53:40 devstack devstack@c-api.service[94181]: INFO cinder.api.openstack.wsgi [None req-dbb6f3b0-5abf-4ae0-8ac8-b2a97517dfdd tempest-GroupSnapshotsTest-1769840491 tempest-GroupSnapshotsTest-1769840491-project-member] GET http://192.168.122.222/volume/v3/snapshots/ec5f4200-1674-41a3-9d86-821eb89e487f
Aug 25 06:53:40 devstack devstack@c-api.service[94181]: DEBUG cinder.api.openstack.wsgi [None req-dbb6f3b0-5abf-4ae0-8ac8-b2a97517dfdd tempest-GroupSnapshotsTest-1769840491 tempest-GroupSnapshotsTest-1769840491-project-member] Empty body provided in request {{(pid=94181) get_body /opt/stack/cinder/cinder/api/openstack/wsgi.py:725}}
Aug 25 06:53:40 devstack devstack@c-api.service[94181]: DEBUG cinder.api.openstack.wsgi [None req-dbb6f3b0-5abf-4ae0-8ac8-b2a97517dfdd tempest-GroupSnapshotsTest-1769840491 tempest-GroupSnapshotsTest-1769840491-project-member] Calling method 'show' {{(pid=94181) _process_stack /opt/stack/cinder/cinder/api/openstack/wsgi.py:878}}
Aug 25 06:53:40 devstack devstack@c-api.service[94182]: INFO cinder.volume.api [None req-153c0ac9-ee26-452d-9f68-a3fd24db9330 tempest-VolumeQuotasAdminTestJSON-1267038543 tempest-VolumeQuotasAdminTestJSON-1267038543-project-member] Volume info retrieved successfully.
Aug 25 06:53:40 devstack devstack@c-api.service[94181]: /opt/stack/data/venv/lib/python3.12/site-packages/oslo_context/context.py:102: DeprecationWarning: Policy enforcement is depending on the value of is_admin. This key is deprecated. Please update your policy file to use the standard policy values.
Aug 25 06:53:40 devstack devstack@c-api.service[94181]: warnings.warn(
Aug 25 06:53:40 devstack devstack@c-api.service[94181]: INFO cinder.volume.api [None req-dbb6f3b0-5abf-4ae0-8ac8-b2a97517dfdd tempest-GroupSnapshotsTest-1769840491 tempest-GroupSnapshotsTest-1769840491-project-member] Snapshot retrieved successfully.
Aug 25 06:53:40 devstack devstack@c-api.service[94181]: INFO cinder.api.openstack.wsgi [None req-dbb6f3b0-5abf-4ae0-8ac8-b2a97517dfdd tempest-GroupSnapshotsTest-1769840491 tempest-GroupSnapshotsTest-1769840491-project-member] http://192.168.122.222/volume/v3/snapshots/ec5f4200-1674-41a3-9d86-821eb89e487f returned with HTTP 200
Aug 25 06:53:40 devstack devstack@c-api.service[94181]: [pid: 94181|app: 0|req: 188/384] 192.168.122.222 () {58 vars in 1238 bytes} [Tue Aug 25 06:53:40 2026] GET /volume/v3/snapshots/ec5f4200-1674-41a3-9d86-821eb89e487f => generated 449 bytes in 51 msecs (HTTP/1.1 200) 7 headers in 285 bytes (1 switches on core 0)
Aug 25 06:53:40 devstack devstack@c-api.service[94182]: INFO cinder.api.openstack.wsgi [None req-153c0ac9-ee26-452d-9f68-a3fd24db9330 tempest-VolumeQuotasAdminTestJSON-1267038543 tempest-VolumeQuotasAdminTestJSON-1267038543-project-member] http://192.168.122.222/volume/v3/volumes/dae1acc6-f152-4c19-bd02-50a592c1a4e2 returned with HTTP 200
Aug 25 06:53:40 devstack devstack@c-api.service[94182]: [pid: 94182|app: 0|req: 197/385] 192.168.122.222 () {58 vars in 1232 bytes} [Tue Aug 25 06:53:40 2026] GET /volume/v3/volumes/dae1acc6-f152-4c19-bd02-50a592c1a4e2 => generated 856 bytes in 117 msecs (HTTP/1.1 200) 7 headers in 285 bytes (1 switches on core 0)
Aug 25 06:53:41 devstack devstack@c-api.service[94181]: DEBUG cinder.api.middleware.request_id [None req-d3e64fc5-f9e2-44f5-919e-db80d2b37ef9 None None] RequestId filter calling following filter/app {{(pid=94181) _context_setter /opt/stack/cinder/cinder/api/middleware/request_id.py:62}}
Aug 25 06:53:41 devstack devstack@c-api.service[94181]: INFO cinder.api.openstack.wsgi [None req-d3e64fc5-f9e2-44f5-919e-db80d2b37ef9 tempest-AttachVolumeTestJSON-271035856 tempest-AttachVolumeTestJSON-271035856-project-member] GET http://192.168.122.222/volume/v3/volumes/39554924-7d5f-4387-8e69-359eb1b991c1
Aug 25 06:53:41 devstack devstack@c-api.service[94181]: DEBUG cinder.api.openstack.wsgi [None req-d3e64fc5-f9e2-44f5-919e-db80d2b37ef9 tempest-AttachVolumeTestJSON-271035856 tempest-AttachVolumeTestJSON-271035856-project-member] Empty body provided in request {{(pid=94181) get_body /opt/stack/cinder/cinder/api/openstack/wsgi.py:725}}
Aug 25 06:53:41 devstack devstack@c-api.service[94181]: DEBUG cinder.api.openstack.wsgi [None req-d3e64fc5-f9e2-44f5-919e-db80d2b37ef9 tempest-AttachVolumeTestJSON-271035856 tempest-AttachVolumeTestJSON-271035856-project-member] Calling method 'show' {{(pid=94181) _process_stack /opt/stack/cinder/cinder/api/openstack/wsgi.py:878}}
Aug 25 06:53:41 devstack devstack@c-api.service[94181]: /opt/stack/data/venv/lib/python3.12/site-packages/oslo_context/context.py:102: DeprecationWarning: Policy enforcement is depending on the value of is_admin. This key is deprecated. Please update your policy file to use the standard policy values.
Aug 25 06:53:41 devstack devstack@c-api.service[94181]: warnings.warn(
Aug 25 06:53:41 devstack devstack@c-api.service[94181]: INFO cinder.volume.api [None req-d3e64fc5-f9e2-44f5-919e-db80d2b37ef9 tempest-AttachVolumeTestJSON-271035856 tempest-AttachVolumeTestJSON-271035856-project-member] Volume info retrieved successfully.
Aug 25 06:53:41 devstack devstack@c-api.service[94181]: INFO cinder.api.openstack.wsgi [None req-d3e64fc5-f9e2-44f5-919e-db80d2b37ef9 tempest-AttachVolumeTestJSON-271035856 tempest-AttachVolumeTestJSON-271035856-project-member] http://192.168.122.222/volume/v3/volumes/39554924-7d5f-4387-8e69-359eb1b991c1 returned with HTTP 200
Aug 25 06:53:41 devstack devstack@c-api.service[94181]: [pid: 94181|app: 0|req: 189/386] 192.168.122.222 () {58 vars in 1232 bytes} [Tue Aug 25 06:53:41 2026] GET /volume/v3/volumes/39554924-7d5f-4387-8e69-359eb1b991c1 => generated 853 bytes in 55 msecs (HTTP/1.1 200) 7 headers in 285 bytes (1 switches on core 0)
Aug 25 06:53:41 devstack devstack@c-api.service[94182]: DEBUG cinder.api.middleware.request_id [None req-8022e8a1-7f74-46f4-8548-1a408dfaef4d None None] RequestId filter calling following filter/app {{(pid=94182) _context_setter /opt/stack/cinder/cinder/api/middleware/request_id.py:62}}
Aug 25 06:53:41 devstack devstack@c-api.service[94182]: INFO cinder.api.openstack.wsgi [None req-8022e8a1-7f74-46f4-8548-1a408dfaef4d tempest-AttachVolumeTestJSON-271035856 tempest-AttachVolumeTestJSON-271035856-project-member] GET http://192.168.122.222/volume/v3/volumes/39554924-7d5f-4387-8e69-359eb1b991c1
Aug 25 06:53:41 devstack devstack@c-api.service[94182]: DEBUG cinder.api.openstack.wsgi [None req-8022e8a1-7f74-46f4-8548-1a408dfaef4d tempest-AttachVolumeTestJSON-271035856 tempest-AttachVolumeTestJSON-271035856-project-member] Empty body provided in request {{(pid=94182) get_body /opt/stack/cinder/cinder/api/openstack/wsgi.py:725}}
Aug 25 06:53:41 devstack devstack@c-api.service[94182]: DEBUG cinder.api.openstack.wsgi [None req-8022e8a1-7f74-46f4-8548-1a408dfaef4d tempest-AttachVolumeTestJSON-271035856 tempest-AttachVolumeTestJSON-271035856-project-member] Calling method 'show' {{(pid=94182) _process_stack /opt/stack/cinder/cinder/api/openstack/wsgi.py:878}}
Aug 25 06:53:41 devstack devstack@c-api.service[94182]: /opt/stack/data/venv/lib/python3.12/site-packages/oslo_context/context.py:102: DeprecationWarning: Policy enforcement is depending on the value of is_admin. This key is deprecated. Please update your policy file to use the standard policy values.
Aug 25 06:53:41 devstack devstack@c-api.service[94182]: warnings.warn(
Aug 25 06:53:41 devstack devstack@c-api.service[94182]: INFO cinder.volume.api [None req-8022e8a1-7f74-46f4-8548-1a408dfaef4d tempest-AttachVolumeTestJSON-271035856 tempest-AttachVolumeTestJSON-271035856-project-member] Volume info retrieved successfully.
Aug 25 06:53:41 devstack devstack@c-api.service[94182]: INFO cinder.api.openstack.wsgi [None req-8022e8a1-7f74-46f4-8548-1a408dfaef4d tempest-AttachVolumeTestJSON-271035856 tempest-AttachVolumeTestJSON-271035856-project-member] http://192.168.122.222/volume/v3/volumes/39554924-7d5f-4387-8e69-359eb1b991c1 returned with HTTP 200
Aug 25 06:53:41 devstack devstack@c-api.service[94182]: [pid: 94182|app: 0|req: 198/387] 192.168.122.222 () {58 vars in 1232 bytes} [Tue Aug 25 06:53:41 2026] GET /volume/v3/volumes/39554924-7d5f-4387-8e69-359eb1b991c1 => generated 853 bytes in 43 msecs (HTTP/1.1 200) 7 headers in 285 bytes (1 switches on core 0)
Aug 25 06:53:41 devstack devstack@c-api.service[94181]: DEBUG cinder.api.middleware.request_id [None req-1d6acb07-8c1a-455b-9e42-94c310ce2c9f None None] RequestId filter calling following filter/app {{(pid=94181) _context_setter /opt/stack/cinder/cinder/api/middleware/request_id.py:62}}
Aug 25 06:53:41 devstack devstack@c-api.service[94181]: INFO cinder.api.openstack.wsgi [None req-1d6acb07-8c1a-455b-9e42-94c310ce2c9f tempest-GroupSnapshotsTest-1769840491 tempest-GroupSnapshotsTest-1769840491-project-member] GET http://192.168.122.222/volume/v3/snapshots/ec5f4200-1674-41a3-9d86-821eb89e487f
Aug 25 06:53:41 devstack devstack@c-api.service[94181]: DEBUG cinder.api.openstack.wsgi [None req-1d6acb07-8c1a-455b-9e42-94c310ce2c9f tempest-GroupSnapshotsTest-1769840491 tempest-GroupSnapshotsTest-1769840491-project-member] Empty body provided in request {{(pid=94181) get_body /opt/stack/cinder/cinder/api/openstack/wsgi.py:725}}
Aug 25 06:53:41 devstack devstack@c-api.service[94181]: DEBUG cinder.api.openstack.wsgi [None req-1d6acb07-8c1a-455b-9e42-94c310ce2c9f tempest-GroupSnapshotsTest-1769840491 tempest-GroupSnapshotsTest-1769840491-project-member] Calling method 'show' {{(pid=94181) _process_stack /opt/stack/cinder/cinder/api/openstack/wsgi.py:878}}
Aug 25 06:53:41 devstack devstack@c-api.service[94181]: INFO cinder.api.openstack.wsgi [None req-1d6acb07-8c1a-455b-9e42-94c310ce2c9f tempest-GroupSnapshotsTest-1769840491 tempest-GroupSnapshotsTest-1769840491-project-member] http://192.168.122.222/volume/v3/snapshots/ec5f4200-1674-41a3-9d86-821eb89e487f returned with HTTP 404
Aug 25 06:53:41 devstack devstack@c-api.service[94181]: [pid: 94181|app: 0|req: 190/388] 192.168.122.222 () {58 vars in 1238 bytes} [Tue Aug 25 06:53:41 2026] GET /volume/v3/snapshots/ec5f4200-1674-41a3-9d86-821eb89e487f => generated 111 bytes in 22 msecs (HTTP/1.1 404) 7 headers in 292 bytes (1 switches on core 0)
Aug 25 06:53:41 devstack devstack@c-api.service[94182]: DEBUG cinder.api.middleware.request_id [None req-b80827a6-e8cc-4d09-9e73-211fc7f5b311 None None] RequestId filter calling following filter/app {{(pid=94182) _context_setter /opt/stack/cinder/cinder/api/middleware/request_id.py:62}}
Aug 25 06:53:41 devstack devstack@c-api.service[94182]: INFO cinder.api.openstack.wsgi [None req-b80827a6-e8cc-4d09-9e73-211fc7f5b311 tempest-VolumeQuotasAdminTestJSON-1267038543 tempest-VolumeQuotasAdminTestJSON-1267038543-project-member] GET http://192.168.122.222/volume/v3/volumes/dae1acc6-f152-4c19-bd02-50a592c1a4e2
Aug 25 06:53:41 devstack devstack@c-api.service[94181]: DEBUG cinder.api.middleware.request_id [None req-b63af328-f021-4278-830e-6526b5489f0b None None] RequestId filter calling following filter/app {{(pid=94181) _context_setter /opt/stack/cinder/cinder/api/middleware/request_id.py:62}}
Aug 25 06:53:41 devstack devstack@c-api.service[94182]: DEBUG cinder.api.openstack.wsgi [None req-b80827a6-e8cc-4d09-9e73-211fc7f5b311 tempest-VolumeQuotasAdminTestJSON-1267038543 tempest-VolumeQuotasAdminTestJSON-1267038543-project-member] Empty body provided in request {{(pid=94182) get_body /opt/stack/cinder/cinder/api/openstack/wsgi.py:725}}
Aug 25 06:53:41 devstack devstack@c-api.service[94182]: DEBUG cinder.api.openstack.wsgi [None req-b80827a6-e8cc-4d09-9e73-211fc7f5b311 tempest-VolumeQuotasAdminTestJSON-1267038543 tempest-VolumeQuotasAdminTestJSON-1267038543-project-member] Calling method 'show' {{(pid=94182) _process_stack /opt/stack/cinder/cinder/api/openstack/wsgi.py:878}}
Aug 25 06:53:41 devstack devstack@c-api.service[94181]: INFO cinder.api.openstack.wsgi [None req-b63af328-f021-4278-830e-6526b5489f0b tempest-GroupSnapshotsTest-1769840491 tempest-GroupSnapshotsTest-1769840491-project-member] GET http://192.168.122.222/volume/v3/group_snapshots/e46dd39d-9224-4934-bc8b-13e488edc361
Aug 25 06:53:41 devstack devstack@c-api.service[94181]: DEBUG cinder.api.openstack.wsgi [None req-b63af328-f021-4278-830e-6526b5489f0b tempest-GroupSnapshotsTest-1769840491 tempest-GroupSnapshotsTest-1769840491-project-member] Empty body provided in request {{(pid=94181) get_body /opt/stack/cinder/cinder/api/openstack/wsgi.py:725}}
Aug 25 06:53:41 devstack devstack@c-api.service[94181]: DEBUG cinder.api.openstack.wsgi [None req-b63af328-f021-4278-830e-6526b5489f0b tempest-GroupSnapshotsTest-1769840491 tempest-GroupSnapshotsTest-1769840491-project-member] Calling method 'version_select' {{(pid=94181) _process_stack /opt/stack/cinder/cinder/api/openstack/wsgi.py:878}}
Aug 25 06:53:41 devstack devstack@c-api.service[94181]: DEBUG cinder.api.v3.group_snapshots [None req-b63af328-f021-4278-830e-6526b5489f0b tempest-GroupSnapshotsTest-1769840491 tempest-GroupSnapshotsTest-1769840491-project-member] show called for member e46dd39d-9224-4934-bc8b-13e488edc361 {{(pid=94181) show /opt/stack/cinder/cinder/api/v3/group_snapshots.py:58}}
Aug 25 06:53:41 devstack devstack@c-api.service[94182]: /opt/stack/data/venv/lib/python3.12/site-packages/oslo_context/context.py:102: DeprecationWarning: Policy enforcement is depending on the value of is_admin. This key is deprecated. Please update your policy file to use the standard policy values.
Aug 25 06:53:41 devstack devstack@c-api.service[94182]: warnings.warn(
Aug 25 06:53:41 devstack devstack@c-api.service[94181]: INFO cinder.api.openstack.wsgi [None req-b63af328-f021-4278-830e-6526b5489f0b tempest-GroupSnapshotsTest-1769840491 tempest-GroupSnapshotsTest-1769840491-project-member] http://192.168.122.222/volume/v3/group_snapshots/e46dd39d-9224-4934-bc8b-13e488edc361 returned with HTTP 404
Aug 25 06:53:41 devstack devstack@c-api.service[94181]: [pid: 94181|app: 0|req: 191/389] 192.168.122.222 () {60 vars in 1297 bytes} [Tue Aug 25 06:53:41 2026] GET /volume/v3/group_snapshots/e46dd39d-9224-4934-bc8b-13e488edc361 => generated 116 bytes in 24 msecs (HTTP/1.1 404) 7 headers in 293 bytes (2 switches on core 0)
Aug 25 06:53:41 devstack devstack@c-api.service[94181]: DEBUG cinder.api.middleware.request_id [None req-8aeb7732-5fbf-4e62-81d3-748fb4bda825 None None] RequestId filter calling following filter/app {{(pid=94181) _context_setter /opt/stack/cinder/cinder/api/middleware/request_id.py:62}}
Aug 25 06:53:41 devstack devstack@c-api.service[94181]: INFO cinder.api.openstack.wsgi [None req-8aeb7732-5fbf-4e62-81d3-748fb4bda825 tempest-GroupSnapshotsTest-1769840491 tempest-GroupSnapshotsTest-1769840491-project-member] GET http://192.168.122.222/volume/v3/volumes/detail
Aug 25 06:53:41 devstack devstack@c-api.service[94181]: DEBUG cinder.api.openstack.wsgi [None req-8aeb7732-5fbf-4e62-81d3-748fb4bda825 tempest-GroupSnapshotsTest-1769840491 tempest-GroupSnapshotsTest-1769840491-project-member] Empty body provided in request {{(pid=94181) get_body /opt/stack/cinder/cinder/api/openstack/wsgi.py:725}}
Aug 25 06:53:41 devstack devstack@c-api.service[94181]: DEBUG cinder.api.openstack.wsgi [None req-8aeb7732-5fbf-4e62-81d3-748fb4bda825 tempest-GroupSnapshotsTest-1769840491 tempest-GroupSnapshotsTest-1769840491-project-member] Calling method 'detail' {{(pid=94181) _process_stack /opt/stack/cinder/cinder/api/openstack/wsgi.py:878}}
Aug 25 06:53:41 devstack devstack@c-api.service[94182]: INFO cinder.volume.api [None req-b80827a6-e8cc-4d09-9e73-211fc7f5b311 tempest-VolumeQuotasAdminTestJSON-1267038543 tempest-VolumeQuotasAdminTestJSON-1267038543-project-member] Volume info retrieved successfully.
Aug 25 06:53:41 devstack devstack@c-api.service[94181]: DEBUG cinder.api.api_utils [None req-8aeb7732-5fbf-4e62-81d3-748fb4bda825 tempest-GroupSnapshotsTest-1769840491 tempest-GroupSnapshotsTest-1769840491-project-member] Removing options '' from query. {{(pid=94181) remove_invalid_filter_options /opt/stack/cinder/cinder/api/api_utils.py:82}}
Aug 25 06:53:41 devstack devstack@c-api.service[94181]: DEBUG cinder.volume.api [None req-8aeb7732-5fbf-4e62-81d3-748fb4bda825 tempest-GroupSnapshotsTest-1769840491 tempest-GroupSnapshotsTest-1769840491-project-member] Searching by: MultiDict([('no_migration_targets', True)]). {{(pid=94181) get_all /opt/stack/cinder/cinder/volume/api.py:664}}
Aug 25 06:53:41 devstack devstack@c-api.service[94181]: INFO cinder.volume.api [None req-8aeb7732-5fbf-4e62-81d3-748fb4bda825 tempest-GroupSnapshotsTest-1769840491 tempest-GroupSnapshotsTest-1769840491-project-member] Get all volumes completed successfully.
Aug 25 06:53:41 devstack devstack@c-api.service[94181]: WARNING stevedore.named [None req-8aeb7732-5fbf-4e62-81d3-748fb4bda825 tempest-GroupSnapshotsTest-1769840491 tempest-GroupSnapshotsTest-1769840491-project-member] Could not load cinder.keymgr.conf_key_mgr.ConfKeyManager
Aug 25 06:53:41 devstack devstack@c-api.service[94181]: WARNING castellan.key_manager [None req-8aeb7732-5fbf-4e62-81d3-748fb4bda825 tempest-GroupSnapshotsTest-1769840491 tempest-GroupSnapshotsTest-1769840491-project-member] Deprecation Warning : cinder.keymgr.conf_key_mgr.ConfKeyManager is not a stevedore based driver, trying to load it as a class: stevedore.exception.NoMatches: No 'castellan.drivers' driver found, looking for 'cinder.keymgr.conf_key_mgr.ConfKeyManager'
Aug 25 06:53:41 devstack devstack@c-api.service[94182]: INFO cinder.api.openstack.wsgi [None req-b80827a6-e8cc-4d09-9e73-211fc7f5b311 tempest-VolumeQuotasAdminTestJSON-1267038543 tempest-VolumeQuotasAdminTestJSON-1267038543-project-member] http://192.168.122.222/volume/v3/volumes/dae1acc6-f152-4c19-bd02-50a592c1a4e2 returned with HTTP 200
Aug 25 06:53:41 devstack devstack@c-api.service[94182]: [pid: 94182|app: 0|req: 199/390] 192.168.122.222 () {58 vars in 1232 bytes} [Tue Aug 25 06:53:41 2026] GET /volume/v3/volumes/dae1acc6-f152-4c19-bd02-50a592c1a4e2 => generated 857 bytes in 64 msecs (HTTP/1.1 200) 7 headers in 285 bytes (1 switches on core 0)
Aug 25 06:53:41 devstack devstack@c-api.service[94182]: DEBUG cinder.api.middleware.request_id [None req-bfc91e6e-b665-4649-9d19-5538c2f2e591 None None] RequestId filter calling following filter/app {{(pid=94182) _context_setter /opt/stack/cinder/cinder/api/middleware/request_id.py:62}}
Aug 25 06:53:41 devstack devstack@c-api.service[94182]: INFO cinder.api.openstack.wsgi [None req-bfc91e6e-b665-4649-9d19-5538c2f2e591 tempest-VolumeQuotasAdminTestJSON-1420971013 tempest-VolumeQuotasAdminTestJSON-1420971013-project-admin] GET http://192.168.122.222/volume/v3/os-quota-sets/f8a7d16ffa314685a07c5cde3a59d05b?usage=True
Aug 25 06:53:41 devstack devstack@c-api.service[94182]: DEBUG cinder.api.openstack.wsgi [None req-bfc91e6e-b665-4649-9d19-5538c2f2e591 tempest-VolumeQuotasAdminTestJSON-1420971013 tempest-VolumeQuotasAdminTestJSON-1420971013-project-admin] Empty body provided in request {{(pid=94182) get_body /opt/stack/cinder/cinder/api/openstack/wsgi.py:725}}
Aug 25 06:53:41 devstack devstack@c-api.service[94182]: DEBUG cinder.api.openstack.wsgi [None req-bfc91e6e-b665-4649-9d19-5538c2f2e591 tempest-VolumeQuotasAdminTestJSON-1420971013 tempest-VolumeQuotasAdminTestJSON-1420971013-project-admin] Calling method 'show' {{(pid=94182) _process_stack /opt/stack/cinder/cinder/api/openstack/wsgi.py:878}}
