Sep 08 19:03:09 devstack sudo[90994]: quobyte : PWD=/ ; USER=root ; COMMAND=/opt/stack/data/venv/bin/cinder-rootwrap /etc/cinder/rootwrap.conf chmod ugo+rw /opt/stack/data/cinder/mnt/c6dea014a4cf3a91b8eeb8ec8ab62bc4/volume-e78e6e6e-42ce-40c5-9978-de54b33eb336.7fb5532c-c3f6-41be-b090-d21a86d6ae76
Sep 08 19:03:09 devstack sudo[90994]: pam_unix(sudo:session): session opened for user root(uid=0) by (uid=1000)
Sep 08 19:03:09 devstack sudo[90994]: pam_unix(sudo:session): session closed for user root
Sep 08 19:03:09 devstack cinder-volume[87538]: DEBUG oslo_concurrency.processutils [None req-c60b4cf7-5889-4577-9479-c0cc4e53a8be tempest-GroupSnapshotsTest-450460635 None] CMD "sudo cinder-rootwrap /etc/cinder/rootwrap.conf chmod ugo+rw /opt/stack/data/cinder/mnt/c6dea014a4cf3a91b8eeb8ec8ab62bc4/volume-e78e6e6e-42ce-40c5-9978-de54b33eb336.7fb5532c-c3f6-41be-b090-d21a86d6ae76" returned: 0 in 0.459s {{(pid=87538) execute /opt/stack/data/venv/lib/python3.12/site-packages/oslo_concurrency/processutils.py:468}}
Sep 08 19:03:09 devstack cinder-volume[87538]: DEBUG oslo_concurrency.processutils [None req-c60b4cf7-5889-4577-9479-c0cc4e53a8be tempest-GroupSnapshotsTest-450460635 None] Running cmd (subprocess): sudo cinder-rootwrap /etc/cinder/rootwrap.conf truncate -s0 /opt/stack/data/cinder/mnt/c6dea014a4cf3a91b8eeb8ec8ab62bc4/volume-e78e6e6e-42ce-40c5-9978-de54b33eb336.info {{(pid=87538) execute /opt/stack/data/venv/lib/python3.12/site-packages/oslo_concurrency/processutils.py:440}}
Sep 08 19:03:09 devstack sudo[90989]: pam_unix(sudo:session): session closed for user root
Sep 08 19:03:09 devstack cinder-volume[87538]: DEBUG oslo_concurrency.processutils [None req-5f2f64a7-9b8a-49eb-879d-64f554ef6f0a tempest-GroupSnapshotsV319Test-1604266300 None] CMD "/opt/stack/data/venv/bin/python3.12 -m oslo_concurrency.prlimit --as=1073741824 --cpu=60 -- sudo cinder-rootwrap /etc/cinder/rootwrap.conf env LC_ALL=C qemu-img info -f qcow2 --output=json --force-share /opt/stack/data/cinder/mnt/c6dea014a4cf3a91b8eeb8ec8ab62bc4/volume-93554328-1adf-4ace-85a6-f90da81b8617" returned: 0 in 0.778s {{(pid=87538) execute /opt/stack/data/venv/lib/python3.12/site-packages/oslo_concurrency/processutils.py:468}}
Sep 08 19:03:09 devstack cinder-volume[87538]: DEBUG oslo_concurrency.processutils [None req-5f2f64a7-9b8a-49eb-879d-64f554ef6f0a tempest-GroupSnapshotsV319Test-1604266300 None] Running cmd (subprocess): sudo cinder-rootwrap /etc/cinder/rootwrap.conf rm -f /opt/stack/data/cinder/mnt/c6dea014a4cf3a91b8eeb8ec8ab62bc4/volume-93554328-1adf-4ace-85a6-f90da81b8617 {{(pid=87538) execute /opt/stack/data/venv/lib/python3.12/site-packages/oslo_concurrency/processutils.py:440}}
Sep 08 19:03:09 devstack sudo[91003]: quobyte : PWD=/ ; USER=root ; COMMAND=/opt/stack/data/venv/bin/cinder-rootwrap /etc/cinder/rootwrap.conf truncate -s0 /opt/stack/data/cinder/mnt/c6dea014a4cf3a91b8eeb8ec8ab62bc4/volume-e78e6e6e-42ce-40c5-9978-de54b33eb336.info
Sep 08 19:03:09 devstack sudo[91003]: pam_unix(sudo:session): session opened for user root(uid=0) by (uid=1000)
Sep 08 19:03:09 devstack sudo[91005]: quobyte : PWD=/ ; USER=root ; COMMAND=/opt/stack/data/venv/bin/cinder-rootwrap /etc/cinder/rootwrap.conf rm -f /opt/stack/data/cinder/mnt/c6dea014a4cf3a91b8eeb8ec8ab62bc4/volume-93554328-1adf-4ace-85a6-f90da81b8617
Sep 08 19:03:09 devstack sudo[91005]: pam_unix(sudo:session): session opened for user root(uid=0) by (uid=1000)
Sep 08 19:03:10 devstack sudo[91003]: pam_unix(sudo:session): session closed for user root
Sep 08 19:03:10 devstack cinder-volume[87538]: DEBUG oslo_concurrency.processutils [None req-c60b4cf7-5889-4577-9479-c0cc4e53a8be tempest-GroupSnapshotsTest-450460635 None] CMD "sudo cinder-rootwrap /etc/cinder/rootwrap.conf truncate -s0 /opt/stack/data/cinder/mnt/c6dea014a4cf3a91b8eeb8ec8ab62bc4/volume-e78e6e6e-42ce-40c5-9978-de54b33eb336.info" returned: 0 in 0.422s {{(pid=87538) execute /opt/stack/data/venv/lib/python3.12/site-packages/oslo_concurrency/processutils.py:468}}
Sep 08 19:03:10 devstack cinder-volume[87538]: WARNING cinder.volume.drivers.remotefs [None req-c60b4cf7-5889-4577-9479-c0cc4e53a8be tempest-GroupSnapshotsTest-450460635 None] /opt/stack/data/cinder/mnt/c6dea014a4cf3a91b8eeb8ec8ab62bc4/volume-e78e6e6e-42ce-40c5-9978-de54b33eb336.info is being set with open permissions: ugo+rw: NotImplementedError
Sep 08 19:03:10 devstack cinder-volume[87538]: DEBUG oslo_concurrency.processutils [None req-c60b4cf7-5889-4577-9479-c0cc4e53a8be tempest-GroupSnapshotsTest-450460635 None] Running cmd (subprocess): sudo cinder-rootwrap /etc/cinder/rootwrap.conf chmod ugo+rw /opt/stack/data/cinder/mnt/c6dea014a4cf3a91b8eeb8ec8ab62bc4/volume-e78e6e6e-42ce-40c5-9978-de54b33eb336.info {{(pid=87538) execute /opt/stack/data/venv/lib/python3.12/site-packages/oslo_concurrency/processutils.py:440}}
Sep 08 19:03:10 devstack sudo[91005]: pam_unix(sudo:session): session closed for user root
Sep 08 19:03:10 devstack cinder-volume[87538]: DEBUG oslo_concurrency.processutils [None req-5f2f64a7-9b8a-49eb-879d-64f554ef6f0a tempest-GroupSnapshotsV319Test-1604266300 None] CMD "sudo cinder-rootwrap /etc/cinder/rootwrap.conf rm -f /opt/stack/data/cinder/mnt/c6dea014a4cf3a91b8eeb8ec8ab62bc4/volume-93554328-1adf-4ace-85a6-f90da81b8617" returned: 0 in 0.423s {{(pid=87538) execute /opt/stack/data/venv/lib/python3.12/site-packages/oslo_concurrency/processutils.py:468}}
Sep 08 19:03:10 devstack sudo[91009]: quobyte : PWD=/ ; USER=root ; COMMAND=/opt/stack/data/venv/bin/cinder-rootwrap /etc/cinder/rootwrap.conf chmod ugo+rw /opt/stack/data/cinder/mnt/c6dea014a4cf3a91b8eeb8ec8ab62bc4/volume-e78e6e6e-42ce-40c5-9978-de54b33eb336.info
Sep 08 19:03:10 devstack sudo[91009]: pam_unix(sudo:session): session opened for user root(uid=0) by (uid=1000)
Sep 08 19:03:10 devstack cinder-volume[87538]: DEBUG cinder.coordination [None req-5f2f64a7-9b8a-49eb-879d-64f554ef6f0a tempest-GroupSnapshotsV319Test-1604266300 None] Lock "cinder-quobyte-93554328-1adf-4ace-85a6-f90da81b8617" released by "delete_volume" :: held 1.318s {{(pid=87538) __release /opt/stack/cinder/cinder/coordination.py:152}}
Sep 08 19:03:10 devstack cinder-volume[87538]: DEBUG cinder.quota [None req-5f2f64a7-9b8a-49eb-879d-64f554ef6f0a tempest-GroupSnapshotsV319Test-1604266300 None] Created reservations ['e31df16c-433a-4c6d-bea8-8bf775a35198'] {{(pid=87538) reserve /opt/stack/cinder/cinder/quota.py:752}}
Sep 08 19:03:10 devstack cinder-volume[87538]: WARNING cinder.quota [None req-5f2f64a7-9b8a-49eb-879d-64f554ef6f0a tempest-GroupSnapshotsV319Test-1604266300 None] Deprecated: Default quota for resource: volumes_tempest-GroupSnapshotsV319Test-volume-type-1384774022 is set by the default quota flag: quota_volumes_tempest-GroupSnapshotsV319Test-volume-type-1384774022, it is now deprecated. Please use the default quota class for default quota.
Sep 08 19:03:10 devstack cinder-volume[87538]: DEBUG cinder.quota [None req-5f2f64a7-9b8a-49eb-879d-64f554ef6f0a tempest-GroupSnapshotsV319Test-1604266300 None] Created reservations ['300f047c-300e-4511-87c0-37753ee5e510', 'e8c7b632-ca23-4848-8414-94f953fd95ec', '54e5e343-ed65-4648-9b18-f0fa9666824a', '66541994-71e2-4916-ab0b-f70e1172e673'] {{(pid=87538) reserve /opt/stack/cinder/cinder/quota.py:752}}
Sep 08 19:03:10 devstack cinder-volume[87538]: DEBUG oslo_concurrency.lockutils [None req-5f2f64a7-9b8a-49eb-879d-64f554ef6f0a tempest-GroupSnapshotsV319Test-1604266300 None] Acquiring lock "quobyte_ensure" by "cinder.volume.drivers.quobyte.QuobyteDriver._ensure_shares_mounted" {{(pid=87538) inner /opt/stack/data/venv/lib/python3.12/site-packages/oslo_concurrency/lockutils.py:512}}
Sep 08 19:03:10 devstack cinder-volume[87538]: DEBUG oslo_concurrency.lockutils [None req-5f2f64a7-9b8a-49eb-879d-64f554ef6f0a tempest-GroupSnapshotsV319Test-1604266300 None] Lock "quobyte_ensure" acquired by "cinder.volume.drivers.quobyte.QuobyteDriver._ensure_shares_mounted" :: waited 0.001s {{(pid=87538) inner /opt/stack/data/venv/lib/python3.12/site-packages/oslo_concurrency/lockutils.py:525}}
Sep 08 19:03:10 devstack cinder-volume[87538]: DEBUG cinder.volume.drivers.quobyte [None req-5f2f64a7-9b8a-49eb-879d-64f554ef6f0a tempest-GroupSnapshotsV319Test-1604266300 None] Quobyte Volume URL set to: {'osci02.corp.quobyte.com/cinder-vol-2e317281-b388-455a-90af-7d59bf22667a': None} {{(pid=87538) _load_shares_config /opt/stack/cinder/cinder/volume/drivers/quobyte.py:662}}
Sep 08 19:03:10 devstack sudo[91009]: pam_unix(sudo:session): session closed for user root
Sep 08 19:03:10 devstack cinder-volume[87538]: DEBUG cinder.volume.drivers.quobyte [None req-5f2f64a7-9b8a-49eb-879d-64f554ef6f0a tempest-GroupSnapshotsV319Test-1604266300 None] Available shares ['osci02.corp.quobyte.com/cinder-vol-2e317281-b388-455a-90af-7d59bf22667a'] {{(pid=87538) _ensure_shares_mounted /opt/stack/cinder/cinder/volume/drivers/quobyte.py:692}}
Sep 08 19:03:10 devstack cinder-volume[87538]: DEBUG oslo_concurrency.lockutils [None req-5f2f64a7-9b8a-49eb-879d-64f554ef6f0a tempest-GroupSnapshotsV319Test-1604266300 None] Lock "quobyte_ensure" "released" by "cinder.volume.drivers.quobyte.QuobyteDriver._ensure_shares_mounted" :: held 0.012s {{(pid=87538) inner /opt/stack/data/venv/lib/python3.12/site-packages/oslo_concurrency/lockutils.py:544}}
Sep 08 19:03:10 devstack cinder-volume[87538]: DEBUG oslo_concurrency.processutils [None req-5f2f64a7-9b8a-49eb-879d-64f554ef6f0a tempest-GroupSnapshotsV319Test-1604266300 None] Running cmd (subprocess): sudo cinder-rootwrap /etc/cinder/rootwrap.conf df --portability --block-size 1 /opt/stack/data/cinder/mnt/c6dea014a4cf3a91b8eeb8ec8ab62bc4 {{(pid=87538) execute /opt/stack/data/venv/lib/python3.12/site-packages/oslo_concurrency/processutils.py:440}}
Sep 08 19:03:10 devstack cinder-volume[87538]: DEBUG oslo_concurrency.processutils [None req-c60b4cf7-5889-4577-9479-c0cc4e53a8be tempest-GroupSnapshotsTest-450460635 None] CMD "sudo cinder-rootwrap /etc/cinder/rootwrap.conf chmod ugo+rw /opt/stack/data/cinder/mnt/c6dea014a4cf3a91b8eeb8ec8ab62bc4/volume-e78e6e6e-42ce-40c5-9978-de54b33eb336.info" returned: 0 in 0.501s {{(pid=87538) execute /opt/stack/data/venv/lib/python3.12/site-packages/oslo_concurrency/processutils.py:468}}
Sep 08 19:03:10 devstack cinder-volume[87538]: DEBUG oslo_concurrency.lockutils [None req-c60b4cf7-5889-4577-9479-c0cc4e53a8be tempest-GroupSnapshotsTest-450460635 None] Lock "quobyte" "released" by "cinder.volume.drivers.quobyte.QuobyteDriver.create_snapshot" :: held 3.362s {{(pid=87538) inner /opt/stack/data/venv/lib/python3.12/site-packages/oslo_concurrency/lockutils.py:544}}
Sep 08 19:03:10 devstack sudo[91012]: quobyte : PWD=/ ; USER=root ; COMMAND=/opt/stack/data/venv/bin/cinder-rootwrap /etc/cinder/rootwrap.conf df --portability --block-size 1 /opt/stack/data/cinder/mnt/c6dea014a4cf3a91b8eeb8ec8ab62bc4
Sep 08 19:03:10 devstack sudo[91012]: pam_unix(sudo:session): session opened for user root(uid=0) by (uid=1000)
Sep 08 19:03:10 devstack cinder-volume[87538]: INFO cinder.volume.manager [None req-c60b4cf7-5889-4577-9479-c0cc4e53a8be tempest-GroupSnapshotsTest-450460635 None] group_snapshot 54f306d0-1f19-4b2b-b00b-0b36e90c94e7: created successfully
Sep 08 19:03:11 devstack sudo[91012]: pam_unix(sudo:session): session closed for user root
Sep 08 19:03:11 devstack cinder-volume[87538]: DEBUG oslo_concurrency.processutils [None req-5f2f64a7-9b8a-49eb-879d-64f554ef6f0a tempest-GroupSnapshotsV319Test-1604266300 None] CMD "sudo cinder-rootwrap /etc/cinder/rootwrap.conf df --portability --block-size 1 /opt/stack/data/cinder/mnt/c6dea014a4cf3a91b8eeb8ec8ab62bc4" returned: 0 in 0.427s {{(pid=87538) execute /opt/stack/data/venv/lib/python3.12/site-packages/oslo_concurrency/processutils.py:468}}
Sep 08 19:03:11 devstack cinder-volume[87538]: DEBUG cinder.manager [None req-5f2f64a7-9b8a-49eb-879d-64f554ef6f0a tempest-GroupSnapshotsV319Test-1604266300 None] Notifying Schedulers of capabilities ... {{(pid=87538) _publish_service_capabilities /opt/stack/cinder/cinder/manager.py:219}}
Sep 08 19:03:11 devstack cinder-volume[87538]: INFO cinder.volume.manager [None req-5f2f64a7-9b8a-49eb-879d-64f554ef6f0a tempest-GroupSnapshotsV319Test-1604266300 None] Delete group completed successfully.
Sep 08 19:03:13 devstack cinder-volume[87538]: DEBUG oslo_concurrency.lockutils [None req-3437d30d-9474-402c-a24b-341efda75283 tempest-GroupSnapshotsTest-450460635 None] Acquiring lock "quobyte" by "cinder.volume.drivers.quobyte.QuobyteDriver.create_volume_from_snapshot" {{(pid=87538) inner /opt/stack/data/venv/lib/python3.12/site-packages/oslo_concurrency/lockutils.py:512}}
Sep 08 19:03:13 devstack cinder-volume[87538]: DEBUG oslo_concurrency.lockutils [None req-3437d30d-9474-402c-a24b-341efda75283 tempest-GroupSnapshotsTest-450460635 None] Lock "quobyte" acquired by "cinder.volume.drivers.quobyte.QuobyteDriver.create_volume_from_snapshot" :: waited 0.001s {{(pid=87538) inner /opt/stack/data/venv/lib/python3.12/site-packages/oslo_concurrency/lockutils.py:525}}
Sep 08 19:03:13 devstack cinder-volume[87538]: DEBUG cinder.coordination [None req-3437d30d-9474-402c-a24b-341efda75283 tempest-GroupSnapshotsTest-450460635 None] Acquiring lock "cinder-quobyte-7fb5532c-c3f6-41be-b090-d21a86d6ae76-daea2de5-01b8-4ee7-b42e-4e0f7217fd2a" by "_create_volume_from_snapshot" {{(pid=87538) __acquire /opt/stack/cinder/cinder/coordination.py:138}}
Sep 08 19:03:13 devstack cinder-volume[87538]: DEBUG cinder.coordination [None req-3437d30d-9474-402c-a24b-341efda75283 tempest-GroupSnapshotsTest-450460635 None] Lock "cinder-quobyte-7fb5532c-c3f6-41be-b090-d21a86d6ae76-daea2de5-01b8-4ee7-b42e-4e0f7217fd2a" acquired by "_create_volume_from_snapshot" :: waited 0.019s {{(pid=87538) __acquire /opt/stack/cinder/cinder/coordination.py:141}}
Sep 08 19:03:13 devstack cinder-volume[87538]: DEBUG cinder.volume.drivers.quobyte [None req-3437d30d-9474-402c-a24b-341efda75283 tempest-GroupSnapshotsTest-450460635 None] Creating volume daea2de5-01b8-4ee7-b42e-4e0f7217fd2a from snapshot 7fb5532c-c3f6-41be-b090-d21a86d6ae76 {{(pid=87538) _create_volume_from_snapshot /opt/stack/cinder/cinder/volume/drivers/quobyte.py:355}}
Sep 08 19:03:13 devstack cinder-volume[87538]: DEBUG oslo_concurrency.lockutils [None req-3437d30d-9474-402c-a24b-341efda75283 tempest-GroupSnapshotsTest-450460635 None] Acquiring lock "quobyte_ensure" by "cinder.volume.drivers.quobyte.QuobyteDriver._ensure_shares_mounted" {{(pid=87538) inner /opt/stack/data/venv/lib/python3.12/site-packages/oslo_concurrency/lockutils.py:512}}
Sep 08 19:03:13 devstack cinder-volume[87538]: DEBUG oslo_concurrency.lockutils [None req-3437d30d-9474-402c-a24b-341efda75283 tempest-GroupSnapshotsTest-450460635 None] Lock "quobyte_ensure" acquired by "cinder.volume.drivers.quobyte.QuobyteDriver._ensure_shares_mounted" :: waited 0.000s {{(pid=87538) inner /opt/stack/data/venv/lib/python3.12/site-packages/oslo_concurrency/lockutils.py:525}}
Sep 08 19:03:13 devstack cinder-volume[87538]: DEBUG cinder.volume.drivers.quobyte [None req-3437d30d-9474-402c-a24b-341efda75283 tempest-GroupSnapshotsTest-450460635 None] Quobyte Volume URL set to: {'osci02.corp.quobyte.com/cinder-vol-2e317281-b388-455a-90af-7d59bf22667a': None} {{(pid=87538) _load_shares_config /opt/stack/cinder/cinder/volume/drivers/quobyte.py:662}}
Sep 08 19:03:13 devstack cinder-volume[87538]: DEBUG cinder.volume.drivers.quobyte [None req-3437d30d-9474-402c-a24b-341efda75283 tempest-GroupSnapshotsTest-450460635 None] Available shares ['osci02.corp.quobyte.com/cinder-vol-2e317281-b388-455a-90af-7d59bf22667a'] {{(pid=87538) _ensure_shares_mounted /opt/stack/cinder/cinder/volume/drivers/quobyte.py:692}}
Sep 08 19:03:13 devstack cinder-volume[87538]: DEBUG oslo_concurrency.lockutils [None req-3437d30d-9474-402c-a24b-341efda75283 tempest-GroupSnapshotsTest-450460635 None] Lock "quobyte_ensure" "released" by "cinder.volume.drivers.quobyte.QuobyteDriver._ensure_shares_mounted" :: held 0.021s {{(pid=87538) inner /opt/stack/data/venv/lib/python3.12/site-packages/oslo_concurrency/lockutils.py:544}}
Sep 08 19:03:13 devstack cinder-volume[87538]: DEBUG cinder.volume.drivers.quobyte [None req-3437d30d-9474-402c-a24b-341efda75283 tempest-GroupSnapshotsTest-450460635 None] Selected osci02.corp.quobyte.com/cinder-vol-2e317281-b388-455a-90af-7d59bf22667a as target Quobyte volume. {{(pid=87538) _find_share /opt/stack/cinder/cinder/volume/drivers/quobyte.py:713}}
Sep 08 19:03:13 devstack cinder-volume[87538]: DEBUG cinder.coordination [None req-3437d30d-9474-402c-a24b-341efda75283 tempest-GroupSnapshotsTest-450460635 None] Acquiring lock "cinder-quobyte-daea2de5-01b8-4ee7-b42e-4e0f7217fd2a" by "_copy_volume_from_snapshot" {{(pid=87538) __acquire /opt/stack/cinder/cinder/coordination.py:138}}
Sep 08 19:03:13 devstack cinder-volume[87538]: DEBUG cinder.coordination [None req-3437d30d-9474-402c-a24b-341efda75283 tempest-GroupSnapshotsTest-450460635 None] Lock "cinder-quobyte-daea2de5-01b8-4ee7-b42e-4e0f7217fd2a" acquired by "_copy_volume_from_snapshot" :: waited 0.024s {{(pid=87538) __acquire /opt/stack/cinder/cinder/coordination.py:141}}
Sep 08 19:03:13 devstack cinder-volume[87538]: DEBUG cinder.volume.drivers.quobyte [None req-3437d30d-9474-402c-a24b-341efda75283 tempest-GroupSnapshotsTest-450460635 None] snapshot: 7fb5532c-c3f6-41be-b090-d21a86d6ae76, volume: daea2de5-01b8-4ee7-b42e-4e0f7217fd2a, {{(pid=87538) _copy_volume_from_snapshot /opt/stack/cinder/cinder/volume/drivers/quobyte.py:402}}
Sep 08 19:03:13 devstack cinder-volume[87538]: DEBUG oslo_concurrency.lockutils [None req-3437d30d-9474-402c-a24b-341efda75283 tempest-GroupSnapshotsTest-450460635 None] Acquiring lock "quobyte_ensure" by "cinder.volume.drivers.quobyte.QuobyteDriver._ensure_shares_mounted" {{(pid=87538) inner /opt/stack/data/venv/lib/python3.12/site-packages/oslo_concurrency/lockutils.py:512}}
Sep 08 19:03:13 devstack cinder-volume[87538]: DEBUG oslo_concurrency.lockutils [None req-3437d30d-9474-402c-a24b-341efda75283 tempest-GroupSnapshotsTest-450460635 None] Lock "quobyte_ensure" acquired by "cinder.volume.drivers.quobyte.QuobyteDriver._ensure_shares_mounted" :: waited 0.001s {{(pid=87538) inner /opt/stack/data/venv/lib/python3.12/site-packages/oslo_concurrency/lockutils.py:525}}
Sep 08 19:03:13 devstack cinder-volume[87538]: DEBUG cinder.volume.drivers.quobyte [None req-3437d30d-9474-402c-a24b-341efda75283 tempest-GroupSnapshotsTest-450460635 None] Quobyte Volume URL set to: {'osci02.corp.quobyte.com/cinder-vol-2e317281-b388-455a-90af-7d59bf22667a': None} {{(pid=87538) _load_shares_config /opt/stack/cinder/cinder/volume/drivers/quobyte.py:662}}
Sep 08 19:03:13 devstack cinder-volume[87538]: DEBUG cinder.volume.drivers.quobyte [None req-3437d30d-9474-402c-a24b-341efda75283 tempest-GroupSnapshotsTest-450460635 None] Available shares ['osci02.corp.quobyte.com/cinder-vol-2e317281-b388-455a-90af-7d59bf22667a'] {{(pid=87538) _ensure_shares_mounted /opt/stack/cinder/cinder/volume/drivers/quobyte.py:692}}
Sep 08 19:03:13 devstack cinder-volume[87538]: DEBUG oslo_concurrency.lockutils [None req-3437d30d-9474-402c-a24b-341efda75283 tempest-GroupSnapshotsTest-450460635 None] Lock "quobyte_ensure" "released" by "cinder.volume.drivers.quobyte.QuobyteDriver._ensure_shares_mounted" :: held 0.017s {{(pid=87538) inner /opt/stack/data/venv/lib/python3.12/site-packages/oslo_concurrency/lockutils.py:544}}
Sep 08 19:03:13 devstack cinder-volume[87538]: DEBUG oslo.privsep.daemon [-] privsep: reply[254ceb67-59da-418c-9779-3f9e432a43fb]: (4, 'qcow2') {{(pid=88787) _call_back /opt/stack/data/venv/lib/python3.12/site-packages/oslo_privsep/daemon.py:580}}
Sep 08 19:03:13 devstack cinder-volume[87538]: DEBUG oslo_concurrency.processutils [None req-3437d30d-9474-402c-a24b-341efda75283 tempest-GroupSnapshotsTest-450460635 None] Running cmd (subprocess): /opt/stack/data/venv/bin/python3.12 -m oslo_concurrency.prlimit --as=1073741824 --cpu=60 -- sudo cinder-rootwrap /etc/cinder/rootwrap.conf env LC_ALL=C qemu-img info -f qcow2 --output=json --force-share /opt/stack/data/cinder/mnt/c6dea014a4cf3a91b8eeb8ec8ab62bc4/volume-e78e6e6e-42ce-40c5-9978-de54b33eb336.7fb5532c-c3f6-41be-b090-d21a86d6ae76 {{(pid=87538) execute /opt/stack/data/venv/lib/python3.12/site-packages/oslo_concurrency/processutils.py:440}}
Sep 08 19:03:13 devstack sudo[91064]: quobyte : PWD=/ ; USER=root ; COMMAND=/opt/stack/data/venv/bin/cinder-rootwrap /etc/cinder/rootwrap.conf env LC_ALL=C qemu-img info -f qcow2 --output=json --force-share /opt/stack/data/cinder/mnt/c6dea014a4cf3a91b8eeb8ec8ab62bc4/volume-e78e6e6e-42ce-40c5-9978-de54b33eb336.7fb5532c-c3f6-41be-b090-d21a86d6ae76
Sep 08 19:03:13 devstack sudo[91064]: pam_unix(sudo:session): session opened for user root(uid=0) by (uid=1000)
Sep 08 19:03:14 devstack sudo[91064]: pam_unix(sudo:session): session closed for user root
Sep 08 19:03:14 devstack cinder-volume[87538]: DEBUG oslo_concurrency.processutils [None req-3437d30d-9474-402c-a24b-341efda75283 tempest-GroupSnapshotsTest-450460635 None] CMD "/opt/stack/data/venv/bin/python3.12 -m oslo_concurrency.prlimit --as=1073741824 --cpu=60 -- sudo cinder-rootwrap /etc/cinder/rootwrap.conf env LC_ALL=C qemu-img info -f qcow2 --output=json --force-share /opt/stack/data/cinder/mnt/c6dea014a4cf3a91b8eeb8ec8ab62bc4/volume-e78e6e6e-42ce-40c5-9978-de54b33eb336.7fb5532c-c3f6-41be-b090-d21a86d6ae76" returned: 0 in 0.959s {{(pid=87538) execute /opt/stack/data/venv/lib/python3.12/site-packages/oslo_concurrency/processutils.py:468}}
Sep 08 19:03:14 devstack cinder-volume[87538]: DEBUG cinder.volume.drivers.remotefs [None req-3437d30d-9474-402c-a24b-341efda75283 tempest-GroupSnapshotsTest-450460635 None] Fetching qemu-img info with special backing_file_template: (/opt/stack/data/cinder/mnt/[0-9a-f]+/)?(volume-e78e6e6e-42ce-40c5-9978-de54b33eb336(.(tmp-snap-)?[0-9a-f-]+)?|volume_from_snapshot_cache/(tmp-snap-)?[0-9a-f-]+(.(child-|parent-)[0-9a-f-]+)?)$ {{(pid=87538) _qemu_img_info_base /opt/stack/cinder/cinder/volume/drivers/remotefs.py:896}}
Sep 08 19:03:14 devstack cinder-volume[87538]: DEBUG oslo.privsep.daemon [-] privsep: reply[d044078b-220d-4cf0-94e5-54acb5dd09db]: (4, 'qcow2') {{(pid=88787) _call_back /opt/stack/data/venv/lib/python3.12/site-packages/oslo_privsep/daemon.py:580}}
Sep 08 19:03:14 devstack cinder-volume[87538]: DEBUG oslo_concurrency.processutils [None req-3437d30d-9474-402c-a24b-341efda75283 tempest-GroupSnapshotsTest-450460635 None] Running cmd (subprocess): /opt/stack/data/venv/bin/python3.12 -m oslo_concurrency.prlimit --as=1073741824 --cpu=60 -- sudo cinder-rootwrap /etc/cinder/rootwrap.conf env LC_ALL=C qemu-img info -f qcow2 --output=json --force-share /opt/stack/data/cinder/mnt/c6dea014a4cf3a91b8eeb8ec8ab62bc4/volume-e78e6e6e-42ce-40c5-9978-de54b33eb336 {{(pid=87538) execute /opt/stack/data/venv/lib/python3.12/site-packages/oslo_concurrency/processutils.py:440}}
Sep 08 19:03:14 devstack sudo[91069]: quobyte : PWD=/ ; USER=root ; COMMAND=/opt/stack/data/venv/bin/cinder-rootwrap /etc/cinder/rootwrap.conf env LC_ALL=C qemu-img info -f qcow2 --output=json --force-share /opt/stack/data/cinder/mnt/c6dea014a4cf3a91b8eeb8ec8ab62bc4/volume-e78e6e6e-42ce-40c5-9978-de54b33eb336
Sep 08 19:03:14 devstack sudo[91069]: pam_unix(sudo:session): session opened for user root(uid=0) by (uid=1000)
Sep 08 19:03:14 devstack sudo[91069]: pam_unix(sudo:session): session closed for user root
Sep 08 19:03:14 devstack cinder-volume[87538]: DEBUG oslo_concurrency.processutils [None req-3437d30d-9474-402c-a24b-341efda75283 tempest-GroupSnapshotsTest-450460635 None] CMD "/opt/stack/data/venv/bin/python3.12 -m oslo_concurrency.prlimit --as=1073741824 --cpu=60 -- sudo cinder-rootwrap /etc/cinder/rootwrap.conf env LC_ALL=C qemu-img info -f qcow2 --output=json --force-share /opt/stack/data/cinder/mnt/c6dea014a4cf3a91b8eeb8ec8ab62bc4/volume-e78e6e6e-42ce-40c5-9978-de54b33eb336" returned: 0 in 0.580s {{(pid=87538) execute /opt/stack/data/venv/lib/python3.12/site-packages/oslo_concurrency/processutils.py:468}}
Sep 08 19:03:14 devstack cinder-volume[87538]: DEBUG cinder.volume.drivers.quobyte [None req-3437d30d-9474-402c-a24b-341efda75283 tempest-GroupSnapshotsTest-450460635 None] will copy from snapshot at /opt/stack/data/cinder/mnt/c6dea014a4cf3a91b8eeb8ec8ab62bc4/volume-e78e6e6e-42ce-40c5-9978-de54b33eb336 {{(pid=87538) _copy_volume_from_snapshot /opt/stack/cinder/cinder/volume/drivers/quobyte.py:423}}
Sep 08 19:03:14 devstack cinder-volume[87538]: DEBUG cinder.volume.drivers.quobyte [None req-3437d30d-9474-402c-a24b-341efda75283 tempest-GroupSnapshotsTest-450460635 None] Creating direct copy from snapshot {{(pid=87538) _copy_volume_from_snapshot /opt/stack/cinder/cinder/volume/drivers/quobyte.py:431}}
Sep 08 19:03:14 devstack cinder-volume[87538]: DEBUG cinder.utils [None req-3437d30d-9474-402c-a24b-341efda75283 tempest-GroupSnapshotsTest-450460635 None] Path /opt/stack/data/cinder/mnt/c6dea014a4cf3a91b8eeb8ec8ab62bc4/volume-daea2de5-01b8-4ee7-b42e-4e0f7217fd2a not found in is_blk_device check {{(pid=87538) is_blk_device /opt/stack/cinder/cinder/utils.py:622}}
Sep 08 19:03:14 devstack cinder-volume[87538]: DEBUG oslo_concurrency.processutils [None req-3437d30d-9474-402c-a24b-341efda75283 tempest-GroupSnapshotsTest-450460635 None] Running cmd (subprocess): sudo cinder-rootwrap /etc/cinder/rootwrap.conf qemu-img convert -O qcow2 /opt/stack/data/cinder/mnt/c6dea014a4cf3a91b8eeb8ec8ab62bc4/volume-e78e6e6e-42ce-40c5-9978-de54b33eb336 /opt/stack/data/cinder/mnt/c6dea014a4cf3a91b8eeb8ec8ab62bc4/volume-daea2de5-01b8-4ee7-b42e-4e0f7217fd2a {{(pid=87538) execute /opt/stack/data/venv/lib/python3.12/site-packages/oslo_concurrency/processutils.py:440}}
Sep 08 19:03:15 devstack sudo[91076]: quobyte : PWD=/ ; USER=root ; COMMAND=/opt/stack/data/venv/bin/cinder-rootwrap /etc/cinder/rootwrap.conf qemu-img convert -O qcow2 /opt/stack/data/cinder/mnt/c6dea014a4cf3a91b8eeb8ec8ab62bc4/volume-e78e6e6e-42ce-40c5-9978-de54b33eb336 /opt/stack/data/cinder/mnt/c6dea014a4cf3a91b8eeb8ec8ab62bc4/volume-daea2de5-01b8-4ee7-b42e-4e0f7217fd2a
Sep 08 19:03:15 devstack sudo[91076]: pam_unix(sudo:session): session opened for user root(uid=0) by (uid=1000)
Sep 08 19:03:23 devstack cinder-volume[87538]: DEBUG dbcounter [-] [87538] Writing DB stats cinder:SELECT=55,cinder:UPDATE=70,cinder:INSERT=14,cinder:DELETE=3 {{(pid=87538) stat_writer /opt/stack/data/venv/lib/python3.12/site-packages/dbcounter.py:115}}
Sep 08 19:03:23 devstack cinder-volume[87538]: DEBUG dbcounter [-] [87538] Writing DB stats cinder:SELECT=64,cinder:INSERT=15,cinder:UPDATE=60,cinder:DELETE=6 {{(pid=87538) stat_writer /opt/stack/data/venv/lib/python3.12/site-packages/dbcounter.py:115}}
Sep 08 19:03:25 devstack cinder-volume[87538]: DEBUG oslo_concurrency.processutils [None req-3437d30d-9474-402c-a24b-341efda75283 tempest-GroupSnapshotsTest-450460635 None] CMD "sudo cinder-rootwrap /etc/cinder/rootwrap.conf qemu-img convert -O qcow2 /opt/stack/data/cinder/mnt/c6dea014a4cf3a91b8eeb8ec8ab62bc4/volume-e78e6e6e-42ce-40c5-9978-de54b33eb336 /opt/stack/data/cinder/mnt/c6dea014a4cf3a91b8eeb8ec8ab62bc4/volume-daea2de5-01b8-4ee7-b42e-4e0f7217fd2a" returned: 0 in 10.039s {{(pid=87538) execute /opt/stack/data/venv/lib/python3.12/site-packages/oslo_concurrency/processutils.py:468}}
Sep 08 19:03:25 devstack cinder-volume[87538]: DEBUG cinder.image.image_utils [None req-3437d30d-9474-402c-a24b-341efda75283 tempest-GroupSnapshotsTest-450460635 None] Image conversion details: src /opt/stack/data/cinder/mnt/c6dea014a4cf3a91b8eeb8ec8ab62bc4/volume-e78e6e6e-42ce-40c5-9978-de54b33eb336, size 1024.00 MB, duration 10.04 sec, destination /opt/stack/data/cinder/mnt/c6dea014a4cf3a91b8eeb8ec8ab62bc4/volume-daea2de5-01b8-4ee7-b42e-4e0f7217fd2a {{(pid=87538) _convert_image /opt/stack/cinder/cinder/image/image_utils.py:536}}
Sep 08 19:03:25 devstack cinder-volume[87538]: INFO cinder.image.image_utils [None req-3437d30d-9474-402c-a24b-341efda75283 tempest-GroupSnapshotsTest-450460635 None] Converted 1024.00 MB image at 101.99 MB/s
Sep 08 19:03:25 devstack cinder-volume[87538]: WARNING cinder.volume.drivers.remotefs [None req-3437d30d-9474-402c-a24b-341efda75283 tempest-GroupSnapshotsTest-450460635 None] /opt/stack/data/cinder/mnt/c6dea014a4cf3a91b8eeb8ec8ab62bc4/volume-daea2de5-01b8-4ee7-b42e-4e0f7217fd2a is being set with open permissions: ugo+rw: NotImplementedError
Sep 08 19:03:25 devstack cinder-volume[87538]: DEBUG oslo_concurrency.processutils [None req-3437d30d-9474-402c-a24b-341efda75283 tempest-GroupSnapshotsTest-450460635 None] Running cmd (subprocess): sudo cinder-rootwrap /etc/cinder/rootwrap.conf chmod ugo+rw /opt/stack/data/cinder/mnt/c6dea014a4cf3a91b8eeb8ec8ab62bc4/volume-daea2de5-01b8-4ee7-b42e-4e0f7217fd2a {{(pid=87538) execute /opt/stack/data/venv/lib/python3.12/site-packages/oslo_concurrency/processutils.py:440}}
Sep 08 19:03:25 devstack sudo[91159]: quobyte : PWD=/ ; USER=root ; COMMAND=/opt/stack/data/venv/bin/cinder-rootwrap /etc/cinder/rootwrap.conf chmod ugo+rw /opt/stack/data/cinder/mnt/c6dea014a4cf3a91b8eeb8ec8ab62bc4/volume-daea2de5-01b8-4ee7-b42e-4e0f7217fd2a
Sep 08 19:03:25 devstack sudo[91159]: pam_unix(sudo:session): session opened for user root(uid=0) by (uid=1000)
Sep 08 19:03:25 devstack sudo[91159]: pam_unix(sudo:session): session closed for user root
Sep 08 19:03:25 devstack cinder-volume[87538]: DEBUG oslo_concurrency.processutils [None req-3437d30d-9474-402c-a24b-341efda75283 tempest-GroupSnapshotsTest-450460635 None] CMD "sudo cinder-rootwrap /etc/cinder/rootwrap.conf chmod ugo+rw /opt/stack/data/cinder/mnt/c6dea014a4cf3a91b8eeb8ec8ab62bc4/volume-daea2de5-01b8-4ee7-b42e-4e0f7217fd2a" returned: 0 in 0.399s {{(pid=87538) execute /opt/stack/data/venv/lib/python3.12/site-packages/oslo_concurrency/processutils.py:468}}
Sep 08 19:03:25 devstack cinder-volume[87538]: DEBUG cinder.coordination [None req-3437d30d-9474-402c-a24b-341efda75283 tempest-GroupSnapshotsTest-450460635 None] Lock "cinder-quobyte-daea2de5-01b8-4ee7-b42e-4e0f7217fd2a" released by "_copy_volume_from_snapshot" :: held 12.151s {{(pid=87538) __release /opt/stack/cinder/cinder/coordination.py:152}}
Sep 08 19:03:25 devstack cinder-volume[87538]: DEBUG cinder.coordination [None req-3437d30d-9474-402c-a24b-341efda75283 tempest-GroupSnapshotsTest-450460635 None] Lock "cinder-quobyte-7fb5532c-c3f6-41be-b090-d21a86d6ae76-daea2de5-01b8-4ee7-b42e-4e0f7217fd2a" released by "_create_volume_from_snapshot" :: held 12.280s {{(pid=87538) __release /opt/stack/cinder/cinder/coordination.py:152}}
Sep 08 19:03:25 devstack cinder-volume[87538]: DEBUG oslo_concurrency.lockutils [None req-3437d30d-9474-402c-a24b-341efda75283 tempest-GroupSnapshotsTest-450460635 None] Lock "quobyte" "released" by "cinder.volume.drivers.quobyte.QuobyteDriver.create_volume_from_snapshot" :: held 12.300s {{(pid=87538) inner /opt/stack/data/venv/lib/python3.12/site-packages/oslo_concurrency/lockutils.py:544}}
Sep 08 19:03:25 devstack cinder-volume[87538]: INFO cinder.volume.manager [None req-3437d30d-9474-402c-a24b-341efda75283 tempest-GroupSnapshotsTest-450460635 None] Create group from source-snapshot-54f306d0-1f19-4b2b-b00b-0b36e90c94e7 completed successfully.
Sep 08 19:03:26 devstack cinder-volume[87538]: DEBUG cinder.coordination [None req-395ba1b5-a7bb-43d2-8e4c-e4209ab9764e tempest-GroupSnapshotsTest-450460635 None] Acquiring lock "cinder-quobyte-daea2de5-01b8-4ee7-b42e-4e0f7217fd2a" by "delete_volume" {{(pid=87538) __acquire /opt/stack/cinder/cinder/coordination.py:138}}
Sep 08 19:03:26 devstack cinder-volume[87538]: DEBUG cinder.coordination [None req-395ba1b5-a7bb-43d2-8e4c-e4209ab9764e tempest-GroupSnapshotsTest-450460635 None] Lock "cinder-quobyte-daea2de5-01b8-4ee7-b42e-4e0f7217fd2a" acquired by "delete_volume" :: waited 0.030s {{(pid=87538) __acquire /opt/stack/cinder/cinder/coordination.py:141}}
Sep 08 19:03:26 devstack cinder-volume[87538]: DEBUG oslo.privsep.daemon [-] privsep: reply[8fa66052-531b-4d71-b8d2-949bbdf052f2]: (4, 'qcow2') {{(pid=88787) _call_back /opt/stack/data/venv/lib/python3.12/site-packages/oslo_privsep/daemon.py:580}}
Sep 08 19:03:26 devstack cinder-volume[87538]: DEBUG oslo_concurrency.processutils [None req-395ba1b5-a7bb-43d2-8e4c-e4209ab9764e tempest-GroupSnapshotsTest-450460635 None] Running cmd (subprocess): /opt/stack/data/venv/bin/python3.12 -m oslo_concurrency.prlimit --as=1073741824 --cpu=60 -- sudo cinder-rootwrap /etc/cinder/rootwrap.conf env LC_ALL=C qemu-img info -f qcow2 --output=json --force-share /opt/stack/data/cinder/mnt/c6dea014a4cf3a91b8eeb8ec8ab62bc4/volume-daea2de5-01b8-4ee7-b42e-4e0f7217fd2a {{(pid=87538) execute /opt/stack/data/venv/lib/python3.12/site-packages/oslo_concurrency/processutils.py:440}}
Sep 08 19:03:26 devstack sudo[91169]: quobyte : PWD=/ ; USER=root ; COMMAND=/opt/stack/data/venv/bin/cinder-rootwrap /etc/cinder/rootwrap.conf env LC_ALL=C qemu-img info -f qcow2 --output=json --force-share /opt/stack/data/cinder/mnt/c6dea014a4cf3a91b8eeb8ec8ab62bc4/volume-daea2de5-01b8-4ee7-b42e-4e0f7217fd2a
Sep 08 19:03:26 devstack sudo[91169]: pam_unix(sudo:session): session opened for user root(uid=0) by (uid=1000)
Sep 08 19:03:27 devstack sudo[91169]: pam_unix(sudo:session): session closed for user root
Sep 08 19:03:27 devstack cinder-volume[87538]: DEBUG oslo_concurrency.processutils [None req-395ba1b5-a7bb-43d2-8e4c-e4209ab9764e tempest-GroupSnapshotsTest-450460635 None] CMD "/opt/stack/data/venv/bin/python3.12 -m oslo_concurrency.prlimit --as=1073741824 --cpu=60 -- sudo cinder-rootwrap /etc/cinder/rootwrap.conf env LC_ALL=C qemu-img info -f qcow2 --output=json --force-share /opt/stack/data/cinder/mnt/c6dea014a4cf3a91b8eeb8ec8ab62bc4/volume-daea2de5-01b8-4ee7-b42e-4e0f7217fd2a" returned: 0 in 0.451s {{(pid=87538) execute /opt/stack/data/venv/lib/python3.12/site-packages/oslo_concurrency/processutils.py:468}}
Sep 08 19:03:27 devstack cinder-volume[87538]: DEBUG oslo_concurrency.processutils [None req-395ba1b5-a7bb-43d2-8e4c-e4209ab9764e tempest-GroupSnapshotsTest-450460635 None] Running cmd (subprocess): sudo cinder-rootwrap /etc/cinder/rootwrap.conf rm -f /opt/stack/data/cinder/mnt/c6dea014a4cf3a91b8eeb8ec8ab62bc4/volume-daea2de5-01b8-4ee7-b42e-4e0f7217fd2a {{(pid=87538) execute /opt/stack/data/venv/lib/python3.12/site-packages/oslo_concurrency/processutils.py:440}}
Sep 08 19:03:27 devstack sudo[91174]: quobyte : PWD=/ ; USER=root ; COMMAND=/opt/stack/data/venv/bin/cinder-rootwrap /etc/cinder/rootwrap.conf rm -f /opt/stack/data/cinder/mnt/c6dea014a4cf3a91b8eeb8ec8ab62bc4/volume-daea2de5-01b8-4ee7-b42e-4e0f7217fd2a
Sep 08 19:03:27 devstack sudo[91174]: pam_unix(sudo:session): session opened for user root(uid=0) by (uid=1000)
Sep 08 19:03:27 devstack sudo[91174]: pam_unix(sudo:session): session closed for user root
Sep 08 19:03:27 devstack cinder-volume[87538]: DEBUG oslo_concurrency.processutils [None req-395ba1b5-a7bb-43d2-8e4c-e4209ab9764e tempest-GroupSnapshotsTest-450460635 None] CMD "sudo cinder-rootwrap /etc/cinder/rootwrap.conf rm -f /opt/stack/data/cinder/mnt/c6dea014a4cf3a91b8eeb8ec8ab62bc4/volume-daea2de5-01b8-4ee7-b42e-4e0f7217fd2a" returned: 0 in 0.254s {{(pid=87538) execute /opt/stack/data/venv/lib/python3.12/site-packages/oslo_concurrency/processutils.py:468}}
Sep 08 19:03:27 devstack cinder-volume[87538]: DEBUG cinder.coordination [None req-395ba1b5-a7bb-43d2-8e4c-e4209ab9764e tempest-GroupSnapshotsTest-450460635 None] Lock "cinder-quobyte-daea2de5-01b8-4ee7-b42e-4e0f7217fd2a" released by "delete_volume" :: held 0.769s {{(pid=87538) __release /opt/stack/cinder/cinder/coordination.py:152}}
Sep 08 19:03:27 devstack cinder-volume[87538]: DEBUG cinder.quota [None req-395ba1b5-a7bb-43d2-8e4c-e4209ab9764e tempest-GroupSnapshotsTest-450460635 None] Created reservations ['1e25980d-ef02-425a-844c-8dafab115ad8'] {{(pid=87538) reserve /opt/stack/cinder/cinder/quota.py:752}}
Sep 08 19:03:27 devstack cinder-volume[87538]: WARNING cinder.quota [None req-395ba1b5-a7bb-43d2-8e4c-e4209ab9764e tempest-GroupSnapshotsTest-450460635 None] Deprecated: Default quota for resource: volumes_tempest-GroupSnapshotsTest-volume-type-749316272 is set by the default quota flag: quota_volumes_tempest-GroupSnapshotsTest-volume-type-749316272, it is now deprecated. Please use the default quota class for default quota.
Sep 08 19:03:27 devstack cinder-volume[87538]: WARNING cinder.quota [None req-395ba1b5-a7bb-43d2-8e4c-e4209ab9764e tempest-GroupSnapshotsTest-450460635 None] Deprecated: Default quota for resource: gigabytes_tempest-GroupSnapshotsTest-volume-type-749316272 is set by the default quota flag: quota_gigabytes_tempest-GroupSnapshotsTest-volume-type-749316272, it is now deprecated. Please use the default quota class for default quota.
Sep 08 19:03:27 devstack cinder-volume[87538]: DEBUG cinder.quota [None req-395ba1b5-a7bb-43d2-8e4c-e4209ab9764e tempest-GroupSnapshotsTest-450460635 None] Created reservations ['b7f730c0-cb66-4e86-be87-7bb14b161701', 'c8ce2ff5-1c9e-42e4-8a9c-3fa999a5ee6c', '8ec323a8-b3ab-4dfc-b4c5-7751f44ec526', 'ad614e12-bdc5-41d2-92c0-f49d458b3b19'] {{(pid=87538) reserve /opt/stack/cinder/cinder/quota.py:752}}
Sep 08 19:03:27 devstack cinder-volume[87538]: DEBUG oslo_concurrency.lockutils [None req-395ba1b5-a7bb-43d2-8e4c-e4209ab9764e tempest-GroupSnapshotsTest-450460635 None] Acquiring lock "quobyte_ensure" by "cinder.volume.drivers.quobyte.QuobyteDriver._ensure_shares_mounted" {{(pid=87538) inner /opt/stack/data/venv/lib/python3.12/site-packages/oslo_concurrency/lockutils.py:512}}
Sep 08 19:03:27 devstack cinder-volume[87538]: DEBUG oslo_concurrency.lockutils [None req-395ba1b5-a7bb-43d2-8e4c-e4209ab9764e tempest-GroupSnapshotsTest-450460635 None] Lock "quobyte_ensure" acquired by "cinder.volume.drivers.quobyte.QuobyteDriver._ensure_shares_mounted" :: waited 0.001s {{(pid=87538) inner /opt/stack/data/venv/lib/python3.12/site-packages/oslo_concurrency/lockutils.py:525}}
Sep 08 19:03:27 devstack cinder-volume[87538]: DEBUG cinder.volume.drivers.quobyte [None req-395ba1b5-a7bb-43d2-8e4c-e4209ab9764e tempest-GroupSnapshotsTest-450460635 None] Quobyte Volume URL set to: {'osci02.corp.quobyte.com/cinder-vol-2e317281-b388-455a-90af-7d59bf22667a': None} {{(pid=87538) _load_shares_config /opt/stack/cinder/cinder/volume/drivers/quobyte.py:662}}
Sep 08 19:03:27 devstack cinder-volume[87538]: DEBUG cinder.volume.drivers.quobyte [None req-395ba1b5-a7bb-43d2-8e4c-e4209ab9764e tempest-GroupSnapshotsTest-450460635 None] Available shares ['osci02.corp.quobyte.com/cinder-vol-2e317281-b388-455a-90af-7d59bf22667a'] {{(pid=87538) _ensure_shares_mounted /opt/stack/cinder/cinder/volume/drivers/quobyte.py:692}}
Sep 08 19:03:27 devstack cinder-volume[87538]: DEBUG oslo_concurrency.lockutils [None req-395ba1b5-a7bb-43d2-8e4c-e4209ab9764e tempest-GroupSnapshotsTest-450460635 None] Lock "quobyte_ensure" "released" by "cinder.volume.drivers.quobyte.QuobyteDriver._ensure_shares_mounted" :: held 0.009s {{(pid=87538) inner /opt/stack/data/venv/lib/python3.12/site-packages/oslo_concurrency/lockutils.py:544}}
Sep 08 19:03:27 devstack cinder-volume[87538]: DEBUG oslo_concurrency.processutils [None req-395ba1b5-a7bb-43d2-8e4c-e4209ab9764e tempest-GroupSnapshotsTest-450460635 None] Running cmd (subprocess): sudo cinder-rootwrap /etc/cinder/rootwrap.conf df --portability --block-size 1 /opt/stack/data/cinder/mnt/c6dea014a4cf3a91b8eeb8ec8ab62bc4 {{(pid=87538) execute /opt/stack/data/venv/lib/python3.12/site-packages/oslo_concurrency/processutils.py:440}}
Sep 08 19:03:27 devstack sudo[91178]: quobyte : PWD=/ ; USER=root ; COMMAND=/opt/stack/data/venv/bin/cinder-rootwrap /etc/cinder/rootwrap.conf df --portability --block-size 1 /opt/stack/data/cinder/mnt/c6dea014a4cf3a91b8eeb8ec8ab62bc4
Sep 08 19:03:27 devstack sudo[91178]: pam_unix(sudo:session): session opened for user root(uid=0) by (uid=1000)
Sep 08 19:03:27 devstack cinder-volume[87538]: INFO cinder.volume.manager [None req-be2011de-f065-4ad1-bdcb-60858723352d tempest-GroupSnapshotsTest-450460635 None] group_snapshot 54f306d0-1f19-4b2b-b00b-0b36e90c94e7: deleting
Sep 08 19:03:27 devstack sudo[91178]: pam_unix(sudo:session): session closed for user root
Sep 08 19:03:27 devstack cinder-volume[87538]: DEBUG oslo_concurrency.processutils [None req-395ba1b5-a7bb-43d2-8e4c-e4209ab9764e tempest-GroupSnapshotsTest-450460635 None] CMD "sudo cinder-rootwrap /etc/cinder/rootwrap.conf df --portability --block-size 1 /opt/stack/data/cinder/mnt/c6dea014a4cf3a91b8eeb8ec8ab62bc4" returned: 0 in 0.336s {{(pid=87538) execute /opt/stack/data/venv/lib/python3.12/site-packages/oslo_concurrency/processutils.py:468}}
Sep 08 19:03:27 devstack cinder-volume[87538]: DEBUG cinder.manager [None req-395ba1b5-a7bb-43d2-8e4c-e4209ab9764e tempest-GroupSnapshotsTest-450460635 None] Notifying Schedulers of capabilities ... {{(pid=87538) _publish_service_capabilities /opt/stack/cinder/cinder/manager.py:219}}
Sep 08 19:03:27 devstack cinder-volume[87538]: INFO cinder.volume.manager [None req-395ba1b5-a7bb-43d2-8e4c-e4209ab9764e tempest-GroupSnapshotsTest-450460635 None] Delete group completed successfully.
Sep 08 19:03:27 devstack cinder-volume[87538]: DEBUG cinder.volume.manager [None req-be2011de-f065-4ad1-bdcb-60858723352d tempest-GroupSnapshotsTest-450460635 None] group_snapshot 54f306d0-1f19-4b2b-b00b-0b36e90c94e7: deleting {{(pid=87538) delete_group_snapshot /opt/stack/cinder/cinder/volume/manager.py:4350}}
Sep 08 19:03:27 devstack cinder-volume[87538]: DEBUG cinder.coordination [None req-be2011de-f065-4ad1-bdcb-60858723352d tempest-GroupSnapshotsTest-450460635 None] Acquiring lock "cinder-quobyte-e78e6e6e-42ce-40c5-9978-de54b33eb336" by "delete_snapshot" {{(pid=87538) __acquire /opt/stack/cinder/cinder/coordination.py:138}}
Sep 08 19:03:27 devstack cinder-volume[87538]: DEBUG cinder.coordination [None req-be2011de-f065-4ad1-bdcb-60858723352d tempest-GroupSnapshotsTest-450460635 None] Lock "cinder-quobyte-e78e6e6e-42ce-40c5-9978-de54b33eb336" acquired by "delete_snapshot" :: waited 0.030s {{(pid=87538) __acquire /opt/stack/cinder/cinder/coordination.py:141}}
Sep 08 19:03:27 devstack cinder-volume[87538]: DEBUG cinder.coordination [None req-be2011de-f065-4ad1-bdcb-60858723352d tempest-GroupSnapshotsTest-450460635 None] Acquiring lock "cinder-quobyte-7fb5532c-c3f6-41be-b090-d21a86d6ae76" by "_delete_snapshot" {{(pid=87538) __acquire /opt/stack/cinder/cinder/coordination.py:138}}
Sep 08 19:03:27 devstack cinder-volume[87538]: DEBUG cinder.coordination [None req-be2011de-f065-4ad1-bdcb-60858723352d tempest-GroupSnapshotsTest-450460635 None] Lock "cinder-quobyte-7fb5532c-c3f6-41be-b090-d21a86d6ae76" acquired by "_delete_snapshot" :: waited 0.028s {{(pid=87538) __acquire /opt/stack/cinder/cinder/coordination.py:141}}
Sep 08 19:03:27 devstack cinder-volume[87538]: DEBUG cinder.volume.drivers.remotefs [None req-be2011de-f065-4ad1-bdcb-60858723352d tempest-GroupSnapshotsTest-450460635 None] Deleting offline snapshot 7fb5532c-c3f6-41be-b090-d21a86d6ae76 of volume e78e6e6e-42ce-40c5-9978-de54b33eb336 {{(pid=87538) _delete_snapshot /opt/stack/cinder/cinder/volume/drivers/remotefs.py:1288}}
Sep 08 19:03:28 devstack cinder-volume[87538]: DEBUG cinder.volume.drivers.remotefs [None req-be2011de-f065-4ad1-bdcb-60858723352d tempest-GroupSnapshotsTest-450460635 None] snapshot_file for this snap is: volume-e78e6e6e-42ce-40c5-9978-de54b33eb336.7fb5532c-c3f6-41be-b090-d21a86d6ae76 {{(pid=87538) _delete_snapshot /opt/stack/cinder/cinder/volume/drivers/remotefs.py:1317}}
Sep 08 19:03:28 devstack cinder-volume[87538]: DEBUG oslo.privsep.daemon [-] privsep: reply[1bd0af9d-428f-4350-bbdb-3d2f06ce6cd2]: (4, 'qcow2') {{(pid=88787) _call_back /opt/stack/data/venv/lib/python3.12/site-packages/oslo_privsep/daemon.py:580}}
Sep 08 19:03:28 devstack cinder-volume[87538]: DEBUG oslo_concurrency.processutils [None req-be2011de-f065-4ad1-bdcb-60858723352d tempest-GroupSnapshotsTest-450460635 None] Running cmd (subprocess): /opt/stack/data/venv/bin/python3.12 -m oslo_concurrency.prlimit --as=1073741824 --cpu=60 -- sudo cinder-rootwrap /etc/cinder/rootwrap.conf env LC_ALL=C qemu-img info -f qcow2 --output=json --force-share /opt/stack/data/cinder/mnt/c6dea014a4cf3a91b8eeb8ec8ab62bc4/volume-e78e6e6e-42ce-40c5-9978-de54b33eb336.7fb5532c-c3f6-41be-b090-d21a86d6ae76 {{(pid=87538) execute /opt/stack/data/venv/lib/python3.12/site-packages/oslo_concurrency/processutils.py:440}}
Sep 08 19:03:28 devstack sudo[91202]: quobyte : PWD=/ ; USER=root ; COMMAND=/opt/stack/data/venv/bin/cinder-rootwrap /etc/cinder/rootwrap.conf env LC_ALL=C qemu-img info -f qcow2 --output=json --force-share /opt/stack/data/cinder/mnt/c6dea014a4cf3a91b8eeb8ec8ab62bc4/volume-e78e6e6e-42ce-40c5-9978-de54b33eb336.7fb5532c-c3f6-41be-b090-d21a86d6ae76
Sep 08 19:03:28 devstack sudo[91202]: pam_unix(sudo:session): session opened for user root(uid=0) by (uid=1000)
Sep 08 19:03:28 devstack sudo[91202]: pam_unix(sudo:session): session closed for user root
Sep 08 19:03:28 devstack cinder-volume[87538]: DEBUG oslo_concurrency.processutils [None req-be2011de-f065-4ad1-bdcb-60858723352d tempest-GroupSnapshotsTest-450460635 None] CMD "/opt/stack/data/venv/bin/python3.12 -m oslo_concurrency.prlimit --as=1073741824 --cpu=60 -- sudo cinder-rootwrap /etc/cinder/rootwrap.conf env LC_ALL=C qemu-img info -f qcow2 --output=json --force-share /opt/stack/data/cinder/mnt/c6dea014a4cf3a91b8eeb8ec8ab62bc4/volume-e78e6e6e-42ce-40c5-9978-de54b33eb336.7fb5532c-c3f6-41be-b090-d21a86d6ae76" returned: 0 in 0.398s {{(pid=87538) execute /opt/stack/data/venv/lib/python3.12/site-packages/oslo_concurrency/processutils.py:468}}
Sep 08 19:03:28 devstack cinder-volume[87538]: DEBUG cinder.volume.drivers.remotefs [None req-be2011de-f065-4ad1-bdcb-60858723352d tempest-GroupSnapshotsTest-450460635 None] Fetching qemu-img info with special backing_file_template: (/opt/stack/data/cinder/mnt/[0-9a-f]+/)?(volume-e78e6e6e-42ce-40c5-9978-de54b33eb336(.(tmp-snap-)?[0-9a-f-]+)?|volume_from_snapshot_cache/(tmp-snap-)?[0-9a-f-]+(.(child-|parent-)[0-9a-f-]+)?)$ {{(pid=87538) _qemu_img_info_base /opt/stack/cinder/cinder/volume/drivers/remotefs.py:896}}
Sep 08 19:03:28 devstack cinder-volume[87538]: DEBUG oslo.privsep.daemon [-] privsep: reply[668c6113-cf64-4d69-825f-e1cc7a6f15c0]: (4, 'qcow2') {{(pid=88787) _call_back /opt/stack/data/venv/lib/python3.12/site-packages/oslo_privsep/daemon.py:580}}
Sep 08 19:03:28 devstack cinder-volume[87538]: DEBUG oslo_concurrency.processutils [None req-be2011de-f065-4ad1-bdcb-60858723352d tempest-GroupSnapshotsTest-450460635 None] Running cmd (subprocess): /opt/stack/data/venv/bin/python3.12 -m oslo_concurrency.prlimit --as=1073741824 --cpu=60 -- sudo cinder-rootwrap /etc/cinder/rootwrap.conf env LC_ALL=C qemu-img info -f qcow2 --output=json --force-share /opt/stack/data/cinder/mnt/c6dea014a4cf3a91b8eeb8ec8ab62bc4/volume-e78e6e6e-42ce-40c5-9978-de54b33eb336 {{(pid=87538) execute /opt/stack/data/venv/lib/python3.12/site-packages/oslo_concurrency/processutils.py:440}}
Sep 08 19:03:28 devstack sudo[91207]: quobyte : PWD=/ ; USER=root ; COMMAND=/opt/stack/data/venv/bin/cinder-rootwrap /etc/cinder/rootwrap.conf env LC_ALL=C qemu-img info -f qcow2 --output=json --force-share /opt/stack/data/cinder/mnt/c6dea014a4cf3a91b8eeb8ec8ab62bc4/volume-e78e6e6e-42ce-40c5-9978-de54b33eb336
Sep 08 19:03:28 devstack sudo[91207]: pam_unix(sudo:session): session opened for user root(uid=0) by (uid=1000)
Sep 08 19:03:28 devstack sudo[91207]: pam_unix(sudo:session): session closed for user root
Sep 08 19:03:28 devstack cinder-volume[87538]: DEBUG oslo_concurrency.processutils [None req-be2011de-f065-4ad1-bdcb-60858723352d tempest-GroupSnapshotsTest-450460635 None] CMD "/opt/stack/data/venv/bin/python3.12 -m oslo_concurrency.prlimit --as=1073741824 --cpu=60 -- sudo cinder-rootwrap /etc/cinder/rootwrap.conf env LC_ALL=C qemu-img info -f qcow2 --output=json --force-share /opt/stack/data/cinder/mnt/c6dea014a4cf3a91b8eeb8ec8ab62bc4/volume-e78e6e6e-42ce-40c5-9978-de54b33eb336" returned: 0 in 0.517s {{(pid=87538) execute /opt/stack/data/venv/lib/python3.12/site-packages/oslo_concurrency/processutils.py:468}}
Sep 08 19:03:28 devstack cinder-volume[87538]: DEBUG oslo_concurrency.processutils [None req-be2011de-f065-4ad1-bdcb-60858723352d tempest-GroupSnapshotsTest-450460635 None] Running cmd (subprocess): sudo cinder-rootwrap /etc/cinder/rootwrap.conf qemu-img commit -d /opt/stack/data/cinder/mnt/c6dea014a4cf3a91b8eeb8ec8ab62bc4/volume-e78e6e6e-42ce-40c5-9978-de54b33eb336.7fb5532c-c3f6-41be-b090-d21a86d6ae76 {{(pid=87538) execute /opt/stack/data/venv/lib/python3.12/site-packages/oslo_concurrency/processutils.py:440}}
Sep 08 19:03:29 devstack sudo[91212]: quobyte : PWD=/ ; USER=root ; COMMAND=/opt/stack/data/venv/bin/cinder-rootwrap /etc/cinder/rootwrap.conf qemu-img commit -d /opt/stack/data/cinder/mnt/c6dea014a4cf3a91b8eeb8ec8ab62bc4/volume-e78e6e6e-42ce-40c5-9978-de54b33eb336.7fb5532c-c3f6-41be-b090-d21a86d6ae76
Sep 08 19:03:29 devstack sudo[91212]: pam_unix(sudo:session): session opened for user root(uid=0) by (uid=1000)
Sep 08 19:03:29 devstack sudo[91212]: pam_unix(sudo:session): session closed for user root
Sep 08 19:03:29 devstack cinder-volume[87538]: DEBUG oslo_concurrency.processutils [None req-be2011de-f065-4ad1-bdcb-60858723352d tempest-GroupSnapshotsTest-450460635 None] CMD "sudo cinder-rootwrap /etc/cinder/rootwrap.conf qemu-img commit -d /opt/stack/data/cinder/mnt/c6dea014a4cf3a91b8eeb8ec8ab62bc4/volume-e78e6e6e-42ce-40c5-9978-de54b33eb336.7fb5532c-c3f6-41be-b090-d21a86d6ae76" returned: 0 in 0.361s {{(pid=87538) execute /opt/stack/data/venv/lib/python3.12/site-packages/oslo_concurrency/processutils.py:468}}
