Jul 09 08:52:51 devstack devstack@g-api.service[76192]: DEBUG glance.common.config [None req-f15fe13a-6974-4a2f-8198-09095636c62b None None] barbican_service_user.keyfile = None {{(pid=76192) log_opt_values /opt/stack/data/venv/lib/python3.12/site-packages/oslo_config/cfg.py:3253}}
Jul 09 08:52:51 devstack devstack@g-api.service[76192]: DEBUG glance.common.config [None req-f15fe13a-6974-4a2f-8198-09095636c62b None None] barbican_service_user.split_loggers = False {{(pid=76192) log_opt_values /opt/stack/data/venv/lib/python3.12/site-packages/oslo_config/cfg.py:3253}}
Jul 09 08:52:51 devstack devstack@g-api.service[76192]: DEBUG glance.common.config [None req-f15fe13a-6974-4a2f-8198-09095636c62b None None] barbican_service_user.timeout = None {{(pid=76192) log_opt_values /opt/stack/data/venv/lib/python3.12/site-packages/oslo_config/cfg.py:3253}}
Jul 09 08:52:51 devstack devstack@g-api.service[76192]: DEBUG glance.common.config [None req-f15fe13a-6974-4a2f-8198-09095636c62b None None] database.asyncio_connection = **** {{(pid=76192) log_opt_values /opt/stack/data/venv/lib/python3.12/site-packages/oslo_config/cfg.py:3253}}
Jul 09 08:52:51 devstack devstack@g-api.service[76192]: DEBUG glance.common.config [None req-f15fe13a-6974-4a2f-8198-09095636c62b None None] database.asyncio_slave_connection = **** {{(pid=76192) log_opt_values /opt/stack/data/venv/lib/python3.12/site-packages/oslo_config/cfg.py:3253}}
Jul 09 08:52:51 devstack devstack@g-api.service[76192]: DEBUG glance.common.config [None req-f15fe13a-6974-4a2f-8198-09095636c62b None None] database.backend = sqlalchemy {{(pid=76192) log_opt_values /opt/stack/data/venv/lib/python3.12/site-packages/oslo_config/cfg.py:3253}}
Jul 09 08:52:51 devstack devstack@g-api.service[76192]: DEBUG glance.common.config [None req-f15fe13a-6974-4a2f-8198-09095636c62b None None] database.connection = **** {{(pid=76192) log_opt_values /opt/stack/data/venv/lib/python3.12/site-packages/oslo_config/cfg.py:3253}}
Jul 09 08:52:51 devstack devstack@g-api.service[76192]: DEBUG glance.common.config [None req-f15fe13a-6974-4a2f-8198-09095636c62b None None] database.connection_debug = 0 {{(pid=76192) log_opt_values /opt/stack/data/venv/lib/python3.12/site-packages/oslo_config/cfg.py:3253}}
Jul 09 08:52:51 devstack devstack@g-api.service[76192]: DEBUG glance.common.config [None req-f15fe13a-6974-4a2f-8198-09095636c62b None None] database.connection_parameters = {{(pid=76192) log_opt_values /opt/stack/data/venv/lib/python3.12/site-packages/oslo_config/cfg.py:3253}}
Jul 09 08:52:51 devstack devstack@g-api.service[76192]: DEBUG glance.common.config [None req-f15fe13a-6974-4a2f-8198-09095636c62b None None] database.connection_recycle_time = 3600 {{(pid=76192) log_opt_values /opt/stack/data/venv/lib/python3.12/site-packages/oslo_config/cfg.py:3253}}
Jul 09 08:52:51 devstack devstack@g-api.service[76192]: DEBUG glance.common.config [None req-f15fe13a-6974-4a2f-8198-09095636c62b None None] database.connection_trace = False {{(pid=76192) log_opt_values /opt/stack/data/venv/lib/python3.12/site-packages/oslo_config/cfg.py:3253}}
Jul 09 08:52:51 devstack devstack@g-api.service[76192]: DEBUG glance.common.config [None req-f15fe13a-6974-4a2f-8198-09095636c62b None None] database.db_inc_retry_interval = True {{(pid=76192) log_opt_values /opt/stack/data/venv/lib/python3.12/site-packages/oslo_config/cfg.py:3253}}
Jul 09 08:52:51 devstack devstack@g-api.service[76192]: DEBUG glance.common.config [None req-f15fe13a-6974-4a2f-8198-09095636c62b None None] database.db_max_retries = 20 {{(pid=76192) log_opt_values /opt/stack/data/venv/lib/python3.12/site-packages/oslo_config/cfg.py:3253}}
Jul 09 08:52:51 devstack devstack@g-api.service[76192]: DEBUG glance.common.config [None req-f15fe13a-6974-4a2f-8198-09095636c62b None None] database.db_max_retry_interval = 10 {{(pid=76192) log_opt_values /opt/stack/data/venv/lib/python3.12/site-packages/oslo_config/cfg.py:3253}}
Jul 09 08:52:51 devstack devstack@g-api.service[76192]: DEBUG glance.common.config [None req-f15fe13a-6974-4a2f-8198-09095636c62b None None] database.db_retry_interval = 1 {{(pid=76192) log_opt_values /opt/stack/data/venv/lib/python3.12/site-packages/oslo_config/cfg.py:3253}}
Jul 09 08:52:51 devstack devstack@g-api.service[76192]: DEBUG glance.common.config [None req-f15fe13a-6974-4a2f-8198-09095636c62b None None] database.max_overflow = 50 {{(pid=76192) log_opt_values /opt/stack/data/venv/lib/python3.12/site-packages/oslo_config/cfg.py:3253}}
Jul 09 08:52:51 devstack devstack@g-api.service[76192]: DEBUG glance.common.config [None req-f15fe13a-6974-4a2f-8198-09095636c62b None None] database.max_pool_size = 5 {{(pid=76192) log_opt_values /opt/stack/data/venv/lib/python3.12/site-packages/oslo_config/cfg.py:3253}}
Jul 09 08:52:51 devstack devstack@g-api.service[76192]: DEBUG glance.common.config [None req-f15fe13a-6974-4a2f-8198-09095636c62b None None] database.max_retries = 10 {{(pid=76192) log_opt_values /opt/stack/data/venv/lib/python3.12/site-packages/oslo_config/cfg.py:3253}}
Jul 09 08:52:51 devstack devstack@g-api.service[76192]: DEBUG glance.common.config [None req-f15fe13a-6974-4a2f-8198-09095636c62b None None] database.mysql_sql_mode = TRADITIONAL {{(pid=76192) log_opt_values /opt/stack/data/venv/lib/python3.12/site-packages/oslo_config/cfg.py:3253}}
Jul 09 08:52:51 devstack devstack@g-api.service[76192]: DEBUG glance.common.config [None req-f15fe13a-6974-4a2f-8198-09095636c62b None None] database.mysql_wsrep_sync_wait = None {{(pid=76192) log_opt_values /opt/stack/data/venv/lib/python3.12/site-packages/oslo_config/cfg.py:3253}}
Jul 09 08:52:51 devstack devstack@g-api.service[76192]: DEBUG glance.common.config [None req-f15fe13a-6974-4a2f-8198-09095636c62b None None] database.pool_timeout = None {{(pid=76192) log_opt_values /opt/stack/data/venv/lib/python3.12/site-packages/oslo_config/cfg.py:3253}}
Jul 09 08:52:51 devstack devstack@g-api.service[76192]: DEBUG glance.common.config [None req-f15fe13a-6974-4a2f-8198-09095636c62b None None] database.retry_interval = 10 {{(pid=76192) log_opt_values /opt/stack/data/venv/lib/python3.12/site-packages/oslo_config/cfg.py:3253}}
Jul 09 08:52:51 devstack devstack@g-api.service[76192]: DEBUG glance.common.config [None req-f15fe13a-6974-4a2f-8198-09095636c62b None None] database.slave_connection = **** {{(pid=76192) log_opt_values /opt/stack/data/venv/lib/python3.12/site-packages/oslo_config/cfg.py:3253}}
Jul 09 08:52:51 devstack devstack@g-api.service[76192]: DEBUG glance.common.config [None req-f15fe13a-6974-4a2f-8198-09095636c62b None None] database.sqlite_synchronous = True {{(pid=76192) log_opt_values /opt/stack/data/venv/lib/python3.12/site-packages/oslo_config/cfg.py:3253}}
Jul 09 08:52:51 devstack devstack@g-api.service[76192]: DEBUG glance.common.config [None req-f15fe13a-6974-4a2f-8198-09095636c62b None None] database.synchronous_reader = True {{(pid=76192) log_opt_values /opt/stack/data/venv/lib/python3.12/site-packages/oslo_config/cfg.py:3253}}
Jul 09 08:52:51 devstack devstack@g-api.service[76192]: DEBUG glance.common.config [None req-f15fe13a-6974-4a2f-8198-09095636c62b None None] database.use_db_reconnect = False {{(pid=76192) log_opt_values /opt/stack/data/venv/lib/python3.12/site-packages/oslo_config/cfg.py:3253}}
Jul 09 08:52:51 devstack devstack@g-api.service[76192]: DEBUG glance.common.config [None req-f15fe13a-6974-4a2f-8198-09095636c62b None None] healthcheck.allowed_source_ranges = [] {{(pid=76192) log_opt_values /opt/stack/data/venv/lib/python3.12/site-packages/oslo_config/cfg.py:3253}}
Jul 09 08:52:51 devstack devstack@g-api.service[76192]: DEBUG glance.common.config [None req-f15fe13a-6974-4a2f-8198-09095636c62b None None] healthcheck.backends = ['disable_by_file'] {{(pid=76192) log_opt_values /opt/stack/data/venv/lib/python3.12/site-packages/oslo_config/cfg.py:3253}}
Jul 09 08:52:51 devstack devstack@g-api.service[76192]: DEBUG glance.common.config [None req-f15fe13a-6974-4a2f-8198-09095636c62b None None] healthcheck.detailed = False {{(pid=76192) log_opt_values /opt/stack/data/venv/lib/python3.12/site-packages/oslo_config/cfg.py:3253}}
Jul 09 08:52:51 devstack devstack@g-api.service[76192]: DEBUG glance.common.config [None req-f15fe13a-6974-4a2f-8198-09095636c62b None None] healthcheck.disable_by_file_path = None {{(pid=76192) log_opt_values /opt/stack/data/venv/lib/python3.12/site-packages/oslo_config/cfg.py:3253}}
Jul 09 08:52:51 devstack devstack@g-api.service[76192]: DEBUG glance.common.config [None req-f15fe13a-6974-4a2f-8198-09095636c62b None None] healthcheck.ignore_proxied_requests = False {{(pid=76192) log_opt_values /opt/stack/data/venv/lib/python3.12/site-packages/oslo_config/cfg.py:3253}}
Jul 09 08:52:51 devstack devstack@g-api.service[76192]: DEBUG glance.common.config [None req-f15fe13a-6974-4a2f-8198-09095636c62b None None] ******************************************************************************** {{(pid=76192) log_opt_values /opt/stack/data/venv/lib/python3.12/site-packages/oslo_config/cfg.py:3260}}
Jul 09 08:52:51 devstack devstack@g-api.service[76192]: WSGI app 0 (mountpoint='') ready in 5 seconds on interpreter 0x7d5813aa4668 pid: 76192 (default app)
Jul 09 08:52:55 devstack devstack@g-api.service[76193]: DEBUG glance.api.middleware.version_negotiation [None req-b6ded743-5dc8-4748-aab0-1fccb825c2ae None None] Determining version of request: GET / Accept: application/json {{(pid=76193) process_request /opt/stack/glance/glance/api/middleware/version_negotiation.py:44}}
Jul 09 08:52:55 devstack devstack@g-api.service[76193]: DEBUG glance.api.middleware.version_negotiation [None req-b6ded743-5dc8-4748-aab0-1fccb825c2ae None None] Using url versioning {{(pid=76193) process_request /opt/stack/glance/glance/api/middleware/version_negotiation.py:57}}
Jul 09 08:52:55 devstack devstack@g-api.service[76193]: DEBUG glance.api.middleware.version_negotiation [None req-b6ded743-5dc8-4748-aab0-1fccb825c2ae None None] Unknown version. Returning version choices. {{(pid=76193) process_request /opt/stack/glance/glance/api/middleware/version_negotiation.py:64}}
Jul 09 08:52:55 devstack devstack@g-api.service[76193]: [pid: 76193|app: 0|req: 2/2] 127.0.0.1 () {34 vars in 516 bytes} [Thu Jul 9 08:52:55 2026] GET / => generated 1557 bytes in 8 msecs (HTTP/1.1 300) 3 headers in 106 bytes (1 switches on core 0)
Jul 09 08:52:55 devstack devstack@g-api.service[76192]: DEBUG glance.api.middleware.version_negotiation [None req-f15fe13a-6974-4a2f-8198-09095636c62b None None] Determining version of request: POST /v2/images Accept: */* {{(pid=76192) process_request /opt/stack/glance/glance/api/middleware/version_negotiation.py:44}}
Jul 09 08:52:55 devstack devstack@g-api.service[76192]: DEBUG glance.api.middleware.version_negotiation [None req-f15fe13a-6974-4a2f-8198-09095636c62b None None] Using url versioning {{(pid=76192) process_request /opt/stack/glance/glance/api/middleware/version_negotiation.py:57}}
Jul 09 08:52:55 devstack devstack@g-api.service[76192]: DEBUG glance.api.middleware.version_negotiation [None req-f15fe13a-6974-4a2f-8198-09095636c62b None None] Matched version: v2 {{(pid=76192) process_request /opt/stack/glance/glance/api/middleware/version_negotiation.py:69}}
Jul 09 08:52:55 devstack devstack@g-api.service[76192]: DEBUG glance.api.middleware.version_negotiation [None req-f15fe13a-6974-4a2f-8198-09095636c62b None None] new path /v2/images {{(pid=76192) process_request /opt/stack/glance/glance/api/middleware/version_negotiation.py:70}}
Jul 09 08:52:57 devstack devstack@g-api.service[76192]: [pid: 76192|app: 0|req: 1/3] 127.0.0.1 () {40 vars in 779 bytes} [Thu Jul 9 08:52:55 2026] POST /v2/images => generated 807 bytes in 1180 msecs (HTTP/1.1 201) 6 headers in 314 bytes (1 switches on core 0)
Jul 09 08:52:57 devstack devstack@g-api.service[76193]: DEBUG glance.api.middleware.version_negotiation [None req-b6ded743-5dc8-4748-aab0-1fccb825c2ae None None] Determining version of request: PUT /v2/images/769ece37-1cae-43d1-b0fa-7053cc01926f/file Accept: {{(pid=76193) process_request /opt/stack/glance/glance/api/middleware/version_negotiation.py:44}}
Jul 09 08:52:57 devstack devstack@g-api.service[76193]: DEBUG glance.api.middleware.version_negotiation [None req-b6ded743-5dc8-4748-aab0-1fccb825c2ae None None] Using url versioning {{(pid=76193) process_request /opt/stack/glance/glance/api/middleware/version_negotiation.py:57}}
Jul 09 08:52:57 devstack devstack@g-api.service[76193]: DEBUG glance.api.middleware.version_negotiation [None req-b6ded743-5dc8-4748-aab0-1fccb825c2ae None None] Matched version: v2 {{(pid=76193) process_request /opt/stack/glance/glance/api/middleware/version_negotiation.py:69}}
Jul 09 08:52:57 devstack devstack@g-api.service[76193]: DEBUG glance.api.middleware.version_negotiation [None req-b6ded743-5dc8-4748-aab0-1fccb825c2ae None None] new path /v2/images/769ece37-1cae-43d1-b0fa-7053cc01926f/file {{(pid=76193) process_request /opt/stack/glance/glance/api/middleware/version_negotiation.py:70}}
Jul 09 08:52:57 devstack devstack@g-api.service[76193]: INFO glance.api.v2.image_data [None req-8e2d2dce-9b40-4615-a89c-3a54f110e855 admin admin] Unable to create trust: no such option collect_timing in group [keystone_authtoken] Use the existing user token.
Jul 09 08:52:58 devstack devstack@g-api.service[76193]: DEBUG glance.location [None req-8e2d2dce-9b40-4615-a89c-3a54f110e855 admin admin] Enabling in-flight format inspection for qcow2 {{(pid=76193) set_data /opt/stack/glance/glance/location.py:596}}
Jul 09 08:52:58 devstack devstack@g-api.service[76193]: DEBUG oslo_utils.imageutils.format_inspector [None req-8e2d2dce-9b40-4615-a89c-3a54f110e855 admin admin] Format inspector for vmdk does not match, excluding from consideration (Signature KDMV not found: b'QFI\xfb') {{(pid=76193) _process_chunk /opt/stack/data/venv/lib/python3.12/site-packages/oslo_utils/imageutils/format_inspector.py:1758}}
Jul 09 08:52:58 devstack devstack@g-api.service[76193]: DEBUG oslo_utils.imageutils.format_inspector [None req-8e2d2dce-9b40-4615-a89c-3a54f110e855 admin admin] Format inspector for vhdx does not match, excluding from consideration (Region signature not found at 30000) {{(pid=76193) _process_chunk /opt/stack/data/venv/lib/python3.12/site-packages/oslo_utils/imageutils/format_inspector.py:1758}}
Jul 09 08:52:58 devstack devstack@g-api.service[76193]: DEBUG glance_store._drivers.filesystem [None req-8e2d2dce-9b40-4615-a89c-3a54f110e855 admin admin] Wrote 21692416 bytes to /opt/stack/data/glance/images/769ece37-1cae-43d1-b0fa-7053cc01926f with checksum 87617e24a5e30cb3b87fda8c0764838f and multihash 9a9bce0083a00939ec17c11febbfc767aa211aaa54f51e75c5a8b271a9b5637c77205a518b7a2007cb391d23cceb01e0e4e8d64832317151bc85b734b92a7be0 {{(pid=76193) add /opt/stack/data/venv/lib/python3.12/site-packages/glance_store/_drivers/filesystem.py:899}}
Jul 09 08:52:58 devstack devstack@g-api.service[76193]: INFO glance.location [None req-8e2d2dce-9b40-4615-a89c-3a54f110e855 admin admin] Image format matched and virtual size computed: 117440512
Jul 09 08:52:58 devstack devstack@g-api.service[76193]: DEBUG glance_store.backend [None req-8e2d2dce-9b40-4615-a89c-3a54f110e855 admin admin] Skipping store.set_acls... not implemented. {{(pid=76193) set_acls /opt/stack/data/venv/lib/python3.12/site-packages/glance_store/backend.py:507}}
Jul 09 08:52:58 devstack devstack@g-api.service[76193]: [pid: 76193|app: 0|req: 3/4] 127.0.0.1 () {40 vars in 872 bytes} [Thu Jul 9 08:52:57 2026] PUT /v2/images/769ece37-1cae-43d1-b0fa-7053cc01926f/file => generated 0 bytes in 1838 msecs (HTTP/1.1 204) 4 headers in 171 bytes (1 switches on core 0)
Jul 09 08:52:58 devstack devstack@g-api.service[76192]: DEBUG glance.api.middleware.version_negotiation [None req-d8259994-282e-47ac-b70a-e427d79ced0f admin admin] Determining version of request: GET /v2/images/769ece37-1cae-43d1-b0fa-7053cc01926f Accept: */* {{(pid=76192) process_request /opt/stack/glance/glance/api/middleware/version_negotiation.py:44}}
Jul 09 08:52:58 devstack devstack@g-api.service[76192]: DEBUG glance.api.middleware.version_negotiation [None req-d8259994-282e-47ac-b70a-e427d79ced0f admin admin] Using url versioning {{(pid=76192) process_request /opt/stack/glance/glance/api/middleware/version_negotiation.py:57}}
Jul 09 08:52:58 devstack devstack@g-api.service[76192]: DEBUG glance.api.middleware.version_negotiation [None req-d8259994-282e-47ac-b70a-e427d79ced0f admin admin] Matched version: v2 {{(pid=76192) process_request /opt/stack/glance/glance/api/middleware/version_negotiation.py:69}}
Jul 09 08:52:58 devstack devstack@g-api.service[76192]: DEBUG glance.api.middleware.version_negotiation [None req-d8259994-282e-47ac-b70a-e427d79ced0f admin admin] new path /v2/images/769ece37-1cae-43d1-b0fa-7053cc01926f {{(pid=76192) process_request /opt/stack/glance/glance/api/middleware/version_negotiation.py:70}}
Jul 09 08:52:58 devstack devstack@g-api.service[76192]: [pid: 76192|app: 0|req: 2/5] 127.0.0.1 () {36 vars in 799 bytes} [Thu Jul 9 08:52:58 2026] GET /v2/images/769ece37-1cae-43d1-b0fa-7053cc01926f => generated 976 bytes in 24 msecs (HTTP/1.1 200) 4 headers in 157 bytes (1 switches on core 0)
Jul 09 08:53:08 devstack devstack@g-api.service[76193]: DEBUG dbcounter [-] [76193] Writing DB stats glance:INSERT=5,glance:SELECT=16,glance:UPDATE=2 {{(pid=76193) stat_writer /opt/stack/data/venv/lib/python3.12/site-packages/dbcounter.py:115}}
Jul 09 08:53:08 devstack devstack@g-api.service[76192]: DEBUG dbcounter [-] [76192] Writing DB stats glance:INSERT=9,glance:SELECT=6 {{(pid=76192) stat_writer /opt/stack/data/venv/lib/python3.12/site-packages/dbcounter.py:115}}
Jul 09 08:53:46 devstack devstack@g-api.service[76193]: DEBUG glance.api.middleware.version_negotiation [None req-8e2d2dce-9b40-4615-a89c-3a54f110e855 admin admin] Determining version of request: GET / Accept: application/json {{(pid=76193) process_request /opt/stack/glance/glance/api/middleware/version_negotiation.py:44}}
Jul 09 08:53:46 devstack devstack@g-api.service[76193]: DEBUG glance.api.middleware.version_negotiation [None req-8e2d2dce-9b40-4615-a89c-3a54f110e855 admin admin] Using url versioning {{(pid=76193) process_request /opt/stack/glance/glance/api/middleware/version_negotiation.py:57}}
Jul 09 08:53:46 devstack devstack@g-api.service[76193]: DEBUG glance.api.middleware.version_negotiation [None req-8e2d2dce-9b40-4615-a89c-3a54f110e855 admin admin] Unknown version. Returning version choices. {{(pid=76193) process_request /opt/stack/glance/glance/api/middleware/version_negotiation.py:64}}
Jul 09 08:53:46 devstack devstack@g-api.service[76193]: [pid: 76193|app: 0|req: 4/6] 127.0.0.1 () {34 vars in 516 bytes} [Thu Jul 9 08:53:46 2026] GET / => generated 1557 bytes in 4 msecs (HTTP/1.1 300) 3 headers in 106 bytes (1 switches on core 0)
Jul 09 08:53:46 devstack devstack@g-api.service[76192]: DEBUG glance.api.middleware.version_negotiation [None req-203b9d7a-04eb-48e0-a70b-5880f2c378ec admin admin] Determining version of request: GET /v2/images Accept: application/json {{(pid=76192) process_request /opt/stack/glance/glance/api/middleware/version_negotiation.py:44}}
Jul 09 08:53:46 devstack devstack@g-api.service[76192]: DEBUG glance.api.middleware.version_negotiation [None req-203b9d7a-04eb-48e0-a70b-5880f2c378ec admin admin] Using url versioning {{(pid=76192) process_request /opt/stack/glance/glance/api/middleware/version_negotiation.py:57}}
Jul 09 08:53:46 devstack devstack@g-api.service[76192]: DEBUG glance.api.middleware.version_negotiation [None req-203b9d7a-04eb-48e0-a70b-5880f2c378ec admin admin] Matched version: v2 {{(pid=76192) process_request /opt/stack/glance/glance/api/middleware/version_negotiation.py:69}}
Jul 09 08:53:46 devstack devstack@g-api.service[76192]: DEBUG glance.api.middleware.version_negotiation [None req-203b9d7a-04eb-48e0-a70b-5880f2c378ec admin admin] new path /v2/images {{(pid=76192) process_request /opt/stack/glance/glance/api/middleware/version_negotiation.py:70}}
Jul 09 08:53:46 devstack devstack@g-api.service[76192]: [pid: 76192|app: 0|req: 3/7] 127.0.0.1 () {36 vars in 738 bytes} [Thu Jul 9 08:53:46 2026] GET /v2/images => generated 1045 bytes in 97 msecs (HTTP/1.1 200) 4 headers in 158 bytes (1 switches on core 0)
Jul 09 08:53:56 devstack devstack@g-api.service[76192]: DEBUG dbcounter [-] [76192] Writing DB stats glance:SELECT=1 {{(pid=76192) stat_writer /opt/stack/data/venv/lib/python3.12/site-packages/dbcounter.py:115}}
Jul 09 08:53:56 devstack devstack@g-api.service[76193]: DEBUG glance.api.middleware.version_negotiation [None req-8e2d2dce-9b40-4615-a89c-3a54f110e855 admin admin] Determining version of request: GET / Accept: application/json {{(pid=76193) process_request /opt/stack/glance/glance/api/middleware/version_negotiation.py:44}}
Jul 09 08:53:56 devstack devstack@g-api.service[76193]: DEBUG glance.api.middleware.version_negotiation [None req-8e2d2dce-9b40-4615-a89c-3a54f110e855 admin admin] Using url versioning {{(pid=76193) process_request /opt/stack/glance/glance/api/middleware/version_negotiation.py:57}}
Jul 09 08:53:56 devstack devstack@g-api.service[76193]: DEBUG glance.api.middleware.version_negotiation [None req-8e2d2dce-9b40-4615-a89c-3a54f110e855 admin admin] Unknown version. Returning version choices. {{(pid=76193) process_request /opt/stack/glance/glance/api/middleware/version_negotiation.py:64}}
Jul 09 08:53:56 devstack devstack@g-api.service[76193]: [pid: 76193|app: 0|req: 5/8] 127.0.0.1 () {34 vars in 516 bytes} [Thu Jul 9 08:53:56 2026] GET / => generated 1557 bytes in 6 msecs (HTTP/1.1 300) 3 headers in 106 bytes (1 switches on core 0)
Jul 09 08:53:56 devstack devstack@g-api.service[76192]: DEBUG glance.api.middleware.version_negotiation [None req-0ac874af-89b8-4dad-a0f7-33abd3956d56 admin admin] Determining version of request: GET /v2/images/769ece37-1cae-43d1-b0fa-7053cc01926f Accept: */* {{(pid=76192) process_request /opt/stack/glance/glance/api/middleware/version_negotiation.py:44}}
Jul 09 08:53:56 devstack devstack@g-api.service[76192]: DEBUG glance.api.middleware.version_negotiation [None req-0ac874af-89b8-4dad-a0f7-33abd3956d56 admin admin] Using url versioning {{(pid=76192) process_request /opt/stack/glance/glance/api/middleware/version_negotiation.py:57}}
Jul 09 08:53:56 devstack devstack@g-api.service[76192]: DEBUG glance.api.middleware.version_negotiation [None req-0ac874af-89b8-4dad-a0f7-33abd3956d56 admin admin] Matched version: v2 {{(pid=76192) process_request /opt/stack/glance/glance/api/middleware/version_negotiation.py:69}}
Jul 09 08:53:56 devstack devstack@g-api.service[76192]: DEBUG glance.api.middleware.version_negotiation [None req-0ac874af-89b8-4dad-a0f7-33abd3956d56 admin admin] new path /v2/images/769ece37-1cae-43d1-b0fa-7053cc01926f {{(pid=76192) process_request /opt/stack/glance/glance/api/middleware/version_negotiation.py:70}}
Jul 09 08:53:56 devstack devstack@g-api.service[76192]: [pid: 76192|app: 0|req: 4/9] 127.0.0.1 () {36 vars in 799 bytes} [Thu Jul 9 08:53:56 2026] GET /v2/images/769ece37-1cae-43d1-b0fa-7053cc01926f => generated 976 bytes in 79 msecs (HTTP/1.1 200) 4 headers in 157 bytes (1 switches on core 0)
Jul 09 08:54:03 devstack devstack@g-api.service[76193]: DEBUG glance.api.middleware.version_negotiation [None req-8e2d2dce-9b40-4615-a89c-3a54f110e855 admin admin] Determining version of request: GET / Accept: application/json {{(pid=76193) process_request /opt/stack/glance/glance/api/middleware/version_negotiation.py:44}}
Jul 09 08:54:03 devstack devstack@g-api.service[76193]: DEBUG glance.api.middleware.version_negotiation [None req-8e2d2dce-9b40-4615-a89c-3a54f110e855 admin admin] Using url versioning {{(pid=76193) process_request /opt/stack/glance/glance/api/middleware/version_negotiation.py:57}}
Jul 09 08:54:03 devstack devstack@g-api.service[76193]: DEBUG glance.api.middleware.version_negotiation [None req-8e2d2dce-9b40-4615-a89c-3a54f110e855 admin admin] Unknown version. Returning version choices. {{(pid=76193) process_request /opt/stack/glance/glance/api/middleware/version_negotiation.py:64}}
Jul 09 08:54:03 devstack devstack@g-api.service[76193]: [pid: 76193|app: 0|req: 6/10] 127.0.0.1 () {34 vars in 516 bytes} [Thu Jul 9 08:54:03 2026] GET / => generated 1557 bytes in 2 msecs (HTTP/1.1 300) 3 headers in 106 bytes (1 switches on core 0)
Jul 09 08:54:03 devstack devstack@g-api.service[76192]: DEBUG glance.api.middleware.version_negotiation [None req-11e39d49-54fd-4e09-861e-90663a695b10 admin admin] Determining version of request: GET /v2/images/769ece37-1cae-43d1-b0fa-7053cc01926f Accept: */* {{(pid=76192) process_request /opt/stack/glance/glance/api/middleware/version_negotiation.py:44}}
Jul 09 08:54:03 devstack devstack@g-api.service[76192]: DEBUG glance.api.middleware.version_negotiation [None req-11e39d49-54fd-4e09-861e-90663a695b10 admin admin] Using url versioning {{(pid=76192) process_request /opt/stack/glance/glance/api/middleware/version_negotiation.py:57}}
Jul 09 08:54:03 devstack devstack@g-api.service[76192]: DEBUG glance.api.middleware.version_negotiation [None req-11e39d49-54fd-4e09-861e-90663a695b10 admin admin] Matched version: v2 {{(pid=76192) process_request /opt/stack/glance/glance/api/middleware/version_negotiation.py:69}}
Jul 09 08:54:03 devstack devstack@g-api.service[76192]: DEBUG glance.api.middleware.version_negotiation [None req-11e39d49-54fd-4e09-861e-90663a695b10 admin admin] new path /v2/images/769ece37-1cae-43d1-b0fa-7053cc01926f {{(pid=76192) process_request /opt/stack/glance/glance/api/middleware/version_negotiation.py:70}}
Jul 09 08:54:03 devstack devstack@g-api.service[76192]: [pid: 76192|app: 0|req: 5/11] 127.0.0.1 () {36 vars in 799 bytes} [Thu Jul 9 08:54:03 2026] GET /v2/images/769ece37-1cae-43d1-b0fa-7053cc01926f => generated 976 bytes in 72 msecs (HTTP/1.1 200) 4 headers in 157 bytes (1 switches on core 0)
Jul 09 08:54:13 devstack devstack@g-api.service[76192]: DEBUG dbcounter [-] [76192] Writing DB stats glance:SELECT=4 {{(pid=76192) stat_writer /opt/stack/data/venv/lib/python3.12/site-packages/dbcounter.py:115}}
Jul 09 08:55:19 devstack devstack@g-api.service[76193]: DEBUG glance.api.middleware.version_negotiation [None req-8e2d2dce-9b40-4615-a89c-3a54f110e855 admin admin] Determining version of request: GET / Accept: application/json {{(pid=76193) process_request /opt/stack/glance/glance/api/middleware/version_negotiation.py:44}}
Jul 09 08:55:19 devstack devstack@g-api.service[76193]: DEBUG glance.api.middleware.version_negotiation [None req-8e2d2dce-9b40-4615-a89c-3a54f110e855 admin admin] Using url versioning {{(pid=76193) process_request /opt/stack/glance/glance/api/middleware/version_negotiation.py:57}}
Jul 09 08:55:19 devstack devstack@g-api.service[76193]: DEBUG glance.api.middleware.version_negotiation [None req-8e2d2dce-9b40-4615-a89c-3a54f110e855 admin admin] Unknown version. Returning version choices. {{(pid=76193) process_request /opt/stack/glance/glance/api/middleware/version_negotiation.py:64}}
Jul 09 08:55:19 devstack devstack@g-api.service[76193]: [pid: 76193|app: 0|req: 7/12] 127.0.0.1 () {36 vars in 485 bytes} [Thu Jul 9 08:55:19 2026] GET / => generated 1557 bytes in 2 msecs (HTTP/1.1 300) 3 headers in 106 bytes (1 switches on core 0)
Jul 09 08:58:11 devstack devstack@g-api.service[76192]: DEBUG glance.api.middleware.version_negotiation [None req-0a207e9d-2849-47c1-8a5b-3170fada73b7 admin admin] Determining version of request: GET / Accept: application/json {{(pid=76192) process_request /opt/stack/glance/glance/api/middleware/version_negotiation.py:44}}
Jul 09 08:58:11 devstack devstack@g-api.service[76192]: DEBUG glance.api.middleware.version_negotiation [None req-0a207e9d-2849-47c1-8a5b-3170fada73b7 admin admin] Using url versioning {{(pid=76192) process_request /opt/stack/glance/glance/api/middleware/version_negotiation.py:57}}
Jul 09 08:58:11 devstack devstack@g-api.service[76192]: DEBUG glance.api.middleware.version_negotiation [None req-0a207e9d-2849-47c1-8a5b-3170fada73b7 admin admin] Unknown version. Returning version choices. {{(pid=76192) process_request /opt/stack/glance/glance/api/middleware/version_negotiation.py:64}}
Jul 09 08:58:11 devstack devstack@g-api.service[76192]: [pid: 76192|app: 0|req: 6/13] 127.0.0.1 () {34 vars in 502 bytes} [Thu Jul 9 08:58:11 2026] GET / => generated 1557 bytes in 5 msecs (HTTP/1.1 300) 3 headers in 106 bytes (1 switches on core 0)
Jul 09 08:58:11 devstack devstack@g-api.service[76193]: DEBUG glance.api.middleware.version_negotiation [None req-8e2d2dce-9b40-4615-a89c-3a54f110e855 admin admin] Determining version of request: GET /v2/images/769ece37-1cae-43d1-b0fa-7053cc01926f Accept: */* {{(pid=76193) process_request /opt/stack/glance/glance/api/middleware/version_negotiation.py:44}}
Jul 09 08:58:11 devstack devstack@g-api.service[76193]: DEBUG glance.api.middleware.version_negotiation [None req-8e2d2dce-9b40-4615-a89c-3a54f110e855 admin admin] Using url versioning {{(pid=76193) process_request /opt/stack/glance/glance/api/middleware/version_negotiation.py:57}}
Jul 09 08:58:11 devstack devstack@g-api.service[76193]: DEBUG glance.api.middleware.version_negotiation [None req-8e2d2dce-9b40-4615-a89c-3a54f110e855 admin admin] Matched version: v2 {{(pid=76193) process_request /opt/stack/glance/glance/api/middleware/version_negotiation.py:69}}
Jul 09 08:58:11 devstack devstack@g-api.service[76193]: DEBUG glance.api.middleware.version_negotiation [None req-8e2d2dce-9b40-4615-a89c-3a54f110e855 admin admin] new path /v2/images/769ece37-1cae-43d1-b0fa-7053cc01926f {{(pid=76193) process_request /opt/stack/glance/glance/api/middleware/version_negotiation.py:70}}
Jul 09 08:58:11 devstack devstack@g-api.service[76193]: [pid: 76193|app: 0|req: 8/14] 127.0.0.1 () {42 vars in 1058 bytes} [Thu Jul 9 08:58:11 2026] GET /v2/images/769ece37-1cae-43d1-b0fa-7053cc01926f => generated 976 bytes in 45 msecs (HTTP/1.1 200) 4 headers in 157 bytes (1 switches on core 0)
Jul 09 08:58:11 devstack devstack@g-api.service[76192]: DEBUG glance.api.middleware.version_negotiation [None req-0a207e9d-2849-47c1-8a5b-3170fada73b7 admin admin] Determining version of request: GET /v2/schemas/image Accept: */* {{(pid=76192) process_request /opt/stack/glance/glance/api/middleware/version_negotiation.py:44}}
Jul 09 08:58:11 devstack devstack@g-api.service[76192]: DEBUG glance.api.middleware.version_negotiation [None req-0a207e9d-2849-47c1-8a5b-3170fada73b7 admin admin] Using url versioning {{(pid=76192) process_request /opt/stack/glance/glance/api/middleware/version_negotiation.py:57}}
Jul 09 08:58:11 devstack devstack@g-api.service[76192]: DEBUG glance.api.middleware.version_negotiation [None req-0a207e9d-2849-47c1-8a5b-3170fada73b7 admin admin] Matched version: v2 {{(pid=76192) process_request /opt/stack/glance/glance/api/middleware/version_negotiation.py:69}}
Jul 09 08:58:11 devstack devstack@g-api.service[76192]: DEBUG glance.api.middleware.version_negotiation [None req-0a207e9d-2849-47c1-8a5b-3170fada73b7 admin admin] new path /v2/schemas/image {{(pid=76192) process_request /opt/stack/glance/glance/api/middleware/version_negotiation.py:70}}
Jul 09 08:58:11 devstack devstack@g-api.service[76192]: [pid: 76192|app: 0|req: 7/15] 127.0.0.1 () {42 vars in 998 bytes} [Thu Jul 9 08:58:11 2026] GET /v2/schemas/image => generated 6083 bytes in 9 msecs (HTTP/1.1 200) 4 headers in 158 bytes (1 switches on core 0)
Jul 09 08:58:14 devstack devstack@g-api.service[76193]: DEBUG glance.api.middleware.version_negotiation [None req-2f0b2739-f4f7-4f0e-bb2c-3ea3809cc543 tempest-DeleteServersTestJSON-1331404752 tempest-DeleteServersTestJSON-1331404752-project-member] Determining version of request: GET / Accept: application/json {{(pid=76193) process_request /opt/stack/glance/glance/api/middleware/version_negotiation.py:44}}
Jul 09 08:58:14 devstack devstack@g-api.service[76193]: DEBUG glance.api.middleware.version_negotiation [None req-2f0b2739-f4f7-4f0e-bb2c-3ea3809cc543 tempest-DeleteServersTestJSON-1331404752 tempest-DeleteServersTestJSON-1331404752-project-member] Using url versioning {{(pid=76193) process_request /opt/stack/glance/glance/api/middleware/version_negotiation.py:57}}
Jul 09 08:58:14 devstack devstack@g-api.service[76193]: DEBUG glance.api.middleware.version_negotiation [None req-2f0b2739-f4f7-4f0e-bb2c-3ea3809cc543 tempest-DeleteServersTestJSON-1331404752 tempest-DeleteServersTestJSON-1331404752-project-member] Unknown version. Returning version choices. {{(pid=76193) process_request /opt/stack/glance/glance/api/middleware/version_negotiation.py:64}}
Jul 09 08:58:14 devstack devstack@g-api.service[76193]: [pid: 76193|app: 0|req: 9/16] 127.0.0.1 () {34 vars in 502 bytes} [Thu Jul 9 08:58:14 2026] GET / => generated 1557 bytes in 4 msecs (HTTP/1.1 300) 3 headers in 106 bytes (1 switches on core 0)
Jul 09 08:58:14 devstack devstack@g-api.service[76192]: DEBUG glance.api.middleware.version_negotiation [None req-2f0b2739-f4f7-4f0e-bb2c-3ea3809cc543 tempest-DeleteServersTestJSON-1331404752 tempest-DeleteServersTestJSON-1331404752-project-member] Determining version of request: GET /v2/images/769ece37-1cae-43d1-b0fa-7053cc01926f Accept: */* {{(pid=76192) process_request /opt/stack/glance/glance/api/middleware/version_negotiation.py:44}}
Jul 09 08:58:14 devstack devstack@g-api.service[76192]: DEBUG glance.api.middleware.version_negotiation [None req-2f0b2739-f4f7-4f0e-bb2c-3ea3809cc543 tempest-DeleteServersTestJSON-1331404752 tempest-DeleteServersTestJSON-1331404752-project-member] Using url versioning {{(pid=76192) process_request /opt/stack/glance/glance/api/middleware/version_negotiation.py:57}}
Jul 09 08:58:14 devstack devstack@g-api.service[76192]: DEBUG glance.api.middleware.version_negotiation [None req-2f0b2739-f4f7-4f0e-bb2c-3ea3809cc543 tempest-DeleteServersTestJSON-1331404752 tempest-DeleteServersTestJSON-1331404752-project-member] Matched version: v2 {{(pid=76192) process_request /opt/stack/glance/glance/api/middleware/version_negotiation.py:69}}
Jul 09 08:58:14 devstack devstack@g-api.service[76192]: DEBUG glance.api.middleware.version_negotiation [None req-2f0b2739-f4f7-4f0e-bb2c-3ea3809cc543 tempest-DeleteServersTestJSON-1331404752 tempest-DeleteServersTestJSON-1331404752-project-member] new path /v2/images/769ece37-1cae-43d1-b0fa-7053cc01926f {{(pid=76192) process_request /opt/stack/glance/glance/api/middleware/version_negotiation.py:70}}
Jul 09 08:58:14 devstack devstack@g-api.service[76192]: [pid: 76192|app: 0|req: 8/17] 127.0.0.1 () {42 vars in 1058 bytes} [Thu Jul 9 08:58:14 2026] GET /v2/images/769ece37-1cae-43d1-b0fa-7053cc01926f => generated 976 bytes in 54 msecs (HTTP/1.1 200) 4 headers in 157 bytes (1 switches on core 0)
Jul 09 08:58:14 devstack devstack@g-api.service[76193]: DEBUG glance.api.middleware.version_negotiation [None req-2f0b2739-f4f7-4f0e-bb2c-3ea3809cc543 tempest-DeleteServersTestJSON-1331404752 tempest-DeleteServersTestJSON-1331404752-project-member] Determining version of request: GET /v2/schemas/image Accept: */* {{(pid=76193) process_request /opt/stack/glance/glance/api/middleware/version_negotiation.py:44}}
Jul 09 08:58:14 devstack devstack@g-api.service[76193]: DEBUG glance.api.middleware.version_negotiation [None req-2f0b2739-f4f7-4f0e-bb2c-3ea3809cc543 tempest-DeleteServersTestJSON-1331404752 tempest-DeleteServersTestJSON-1331404752-project-member] Using url versioning {{(pid=76193) process_request /opt/stack/glance/glance/api/middleware/version_negotiation.py:57}}
Jul 09 08:58:14 devstack devstack@g-api.service[76193]: DEBUG glance.api.middleware.version_negotiation [None req-2f0b2739-f4f7-4f0e-bb2c-3ea3809cc543 tempest-DeleteServersTestJSON-1331404752 tempest-DeleteServersTestJSON-1331404752-project-member] Matched version: v2 {{(pid=76193) process_request /opt/stack/glance/glance/api/middleware/version_negotiation.py:69}}
Jul 09 08:58:14 devstack devstack@g-api.service[76193]: DEBUG glance.api.middleware.version_negotiation [None req-2f0b2739-f4f7-4f0e-bb2c-3ea3809cc543 tempest-DeleteServersTestJSON-1331404752 tempest-DeleteServersTestJSON-1331404752-project-member] new path /v2/schemas/image {{(pid=76193) process_request /opt/stack/glance/glance/api/middleware/version_negotiation.py:70}}
Jul 09 08:58:14 devstack devstack@g-api.service[76193]: [pid: 76193|app: 0|req: 10/18] 127.0.0.1 () {42 vars in 998 bytes} [Thu Jul 9 08:58:14 2026] GET /v2/schemas/image => generated 6083 bytes in 13 msecs (HTTP/1.1 200) 4 headers in 158 bytes (1 switches on core 0)
Jul 09 08:58:21 devstack devstack@g-api.service[76193]: DEBUG dbcounter [-] [76193] Writing DB stats glance:SELECT=2 {{(pid=76193) stat_writer /opt/stack/data/venv/lib/python3.12/site-packages/dbcounter.py:115}}
Jul 09 08:58:22 devstack devstack@g-api.service[76192]: DEBUG glance.api.middleware.version_negotiation [None req-c4f81e0a-0cc8-4bf0-b044-7ec5151271c1 tempest-ServersNegativeTestJSON-200532840 tempest-ServersNegativeTestJSON-200532840-project-member] Determining version of request: GET /v2/images/769ece37-1cae-43d1-b0fa-7053cc01926f Accept: */* {{(pid=76192) process_request /opt/stack/glance/glance/api/middleware/version_negotiation.py:44}}
Jul 09 08:58:22 devstack devstack@g-api.service[76192]: DEBUG glance.api.middleware.version_negotiation [None req-c4f81e0a-0cc8-4bf0-b044-7ec5151271c1 tempest-ServersNegativeTestJSON-200532840 tempest-ServersNegativeTestJSON-200532840-project-member] Using url versioning {{(pid=76192) process_request /opt/stack/glance/glance/api/middleware/version_negotiation.py:57}}
Jul 09 08:58:22 devstack devstack@g-api.service[76192]: DEBUG glance.api.middleware.version_negotiation [None req-c4f81e0a-0cc8-4bf0-b044-7ec5151271c1 tempest-ServersNegativeTestJSON-200532840 tempest-ServersNegativeTestJSON-200532840-project-member] Matched version: v2 {{(pid=76192) process_request /opt/stack/glance/glance/api/middleware/version_negotiation.py:69}}
Jul 09 08:58:22 devstack devstack@g-api.service[76192]: DEBUG glance.api.middleware.version_negotiation [None req-c4f81e0a-0cc8-4bf0-b044-7ec5151271c1 tempest-ServersNegativeTestJSON-200532840 tempest-ServersNegativeTestJSON-200532840-project-member] new path /v2/images/769ece37-1cae-43d1-b0fa-7053cc01926f {{(pid=76192) process_request /opt/stack/glance/glance/api/middleware/version_negotiation.py:70}}
Jul 09 08:58:22 devstack devstack@g-api.service[76192]: [pid: 76192|app: 0|req: 9/19] 127.0.0.1 () {42 vars in 1058 bytes} [Thu Jul 9 08:58:22 2026] GET /v2/images/769ece37-1cae-43d1-b0fa-7053cc01926f => generated 976 bytes in 30 msecs (HTTP/1.1 200) 4 headers in 157 bytes (1 switches on core 0)
Jul 09 08:58:22 devstack devstack@g-api.service[76193]: DEBUG glance.api.middleware.version_negotiation [None req-c4f81e0a-0cc8-4bf0-b044-7ec5151271c1 tempest-ServersNegativeTestJSON-200532840 tempest-ServersNegativeTestJSON-200532840-project-member] Determining version of request: GET /v2/images/769ece37-1cae-43d1-b0fa-7053cc01926f/file Accept: */* {{(pid=76193) process_request /opt/stack/glance/glance/api/middleware/version_negotiation.py:44}}
Jul 09 08:58:22 devstack devstack@g-api.service[76193]: DEBUG glance.api.middleware.version_negotiation [None req-c4f81e0a-0cc8-4bf0-b044-7ec5151271c1 tempest-ServersNegativeTestJSON-200532840 tempest-ServersNegativeTestJSON-200532840-project-member] Using url versioning {{(pid=76193) process_request /opt/stack/glance/glance/api/middleware/version_negotiation.py:57}}
Jul 09 08:58:22 devstack devstack@g-api.service[76193]: DEBUG glance.api.middleware.version_negotiation [None req-c4f81e0a-0cc8-4bf0-b044-7ec5151271c1 tempest-ServersNegativeTestJSON-200532840 tempest-ServersNegativeTestJSON-200532840-project-member] Matched version: v2 {{(pid=76193) process_request /opt/stack/glance/glance/api/middleware/version_negotiation.py:69}}
Jul 09 08:58:22 devstack devstack@g-api.service[76193]: DEBUG glance.api.middleware.version_negotiation [None req-c4f81e0a-0cc8-4bf0-b044-7ec5151271c1 tempest-ServersNegativeTestJSON-200532840 tempest-ServersNegativeTestJSON-200532840-project-member] new path /v2/images/769ece37-1cae-43d1-b0fa-7053cc01926f/file {{(pid=76193) process_request /opt/stack/glance/glance/api/middleware/version_negotiation.py:70}}
Jul 09 08:58:22 devstack devstack@g-api.service[76193]: DEBUG glance_store._drivers.filesystem [None req-2f0b2739-f4f7-4f0e-bb2c-3ea3809cc543 tempest-DeleteServersTestJSON-1331404752 tempest-DeleteServersTestJSON-1331404752-project-member] Found image at /opt/stack/data/glance/images/769ece37-1cae-43d1-b0fa-7053cc01926f. Returning in ChunkedFile. {{(pid=76193) get /opt/stack/data/venv/lib/python3.12/site-packages/glance_store/_drivers/filesystem.py:724}}
Jul 09 08:58:22 devstack devstack@g-api.service[76193]: DEBUG glance.image_cache [None req-2f0b2739-f4f7-4f0e-bb2c-3ea3809cc543 tempest-DeleteServersTestJSON-1331404752 tempest-DeleteServersTestJSON-1331404752-project-member] Tee'ing image '769ece37-1cae-43d1-b0fa-7053cc01926f' into cache {{(pid=76193) get_caching_iter /opt/stack/glance/glance/image_cache/__init__.py:356}}
Jul 09 08:58:22 devstack devstack@g-api.service[76193]: DEBUG glance.image_cache.drivers.centralized_db [None req-2f0b2739-f4f7-4f0e-bb2c-3ea3809cc543 tempest-DeleteServersTestJSON-1331404752 tempest-DeleteServersTestJSON-1331404752-project-member] Fetch finished, moving '/opt/stack/data/glance/cache/incomplete/769ece37-1cae-43d1-b0fa-7053cc01926f' to '/opt/stack/data/glance/cache/769ece37-1cae-43d1-b0fa-7053cc01926f' {{(pid=76193) commit /opt/stack/glance/glance/image_cache/drivers/centralized_db.py:243}}
Jul 09 08:58:22 devstack devstack@g-api.service[76193]: DEBUG glance.image_cache.drivers.centralized_db [None req-2f0b2739-f4f7-4f0e-bb2c-3ea3809cc543 tempest-DeleteServersTestJSON-1331404752 tempest-DeleteServersTestJSON-1331404752-project-member] Image cached successfully. {{(pid=76193) commit /opt/stack/glance/glance/image_cache/drivers/centralized_db.py:258}}
Jul 09 08:58:22 devstack devstack@g-api.service[76193]: [pid: 76193|app: 0|req: 11/20] 127.0.0.1 () {42 vars in 1068 bytes} [Thu Jul 9 08:58:22 2026] GET /v2/images/769ece37-1cae-43d1-b0fa-7053cc01926f/file => generated 21692416 bytes in 406 msecs (HTTP/1.1 200) 4 headers in 191 bytes (335 switches on core 0)
Jul 09 08:58:23 devstack devstack@g-api.service[76192]: DEBUG glance.api.middleware.version_negotiation [None req-2f0b2739-f4f7-4f0e-bb2c-3ea3809cc543 tempest-DeleteServersTestJSON-1331404752 tempest-DeleteServersTestJSON-1331404752-project-member] Determining version of request: GET /v2/images/769ece37-1cae-43d1-b0fa-7053cc01926f Accept: */* {{(pid=76192) process_request /opt/stack/glance/glance/api/middleware/version_negotiation.py:44}}
Jul 09 08:58:23 devstack devstack@g-api.service[76192]: DEBUG glance.api.middleware.version_negotiation [None req-2f0b2739-f4f7-4f0e-bb2c-3ea3809cc543 tempest-DeleteServersTestJSON-1331404752 tempest-DeleteServersTestJSON-1331404752-project-member] Using url versioning {{(pid=76192) process_request /opt/stack/glance/glance/api/middleware/version_negotiation.py:57}}
Jul 09 08:58:23 devstack devstack@g-api.service[76192]: DEBUG glance.api.middleware.version_negotiation [None req-2f0b2739-f4f7-4f0e-bb2c-3ea3809cc543 tempest-DeleteServersTestJSON-1331404752 tempest-DeleteServersTestJSON-1331404752-project-member] Matched version: v2 {{(pid=76192) process_request /opt/stack/glance/glance/api/middleware/version_negotiation.py:69}}
Jul 09 08:58:23 devstack devstack@g-api.service[76192]: DEBUG glance.api.middleware.version_negotiation [None req-2f0b2739-f4f7-4f0e-bb2c-3ea3809cc543 tempest-DeleteServersTestJSON-1331404752 tempest-DeleteServersTestJSON-1331404752-project-member] new path /v2/images/769ece37-1cae-43d1-b0fa-7053cc01926f {{(pid=76192) process_request /opt/stack/glance/glance/api/middleware/version_negotiation.py:70}}
Jul 09 08:58:23 devstack devstack@g-api.service[76192]: [pid: 76192|app: 0|req: 10/21] 127.0.0.1 () {42 vars in 1058 bytes} [Thu Jul 9 08:58:23 2026] GET /v2/images/769ece37-1cae-43d1-b0fa-7053cc01926f => generated 976 bytes in 35 msecs (HTTP/1.1 200) 4 headers in 157 bytes (1 switches on core 0)
Jul 09 08:58:23 devstack devstack@g-api.service[76193]: DEBUG glance.api.middleware.version_negotiation [None req-2f0b2739-f4f7-4f0e-bb2c-3ea3809cc543 tempest-DeleteServersTestJSON-1331404752 tempest-DeleteServersTestJSON-1331404752-project-member] Determining version of request: GET /v2/schemas/image Accept: */* {{(pid=76193) process_request /opt/stack/glance/glance/api/middleware/version_negotiation.py:44}}
Jul 09 08:58:23 devstack devstack@g-api.service[76193]: DEBUG glance.api.middleware.version_negotiation [None req-2f0b2739-f4f7-4f0e-bb2c-3ea3809cc543 tempest-DeleteServersTestJSON-1331404752 tempest-DeleteServersTestJSON-1331404752-project-member] Using url versioning {{(pid=76193) process_request /opt/stack/glance/glance/api/middleware/version_negotiation.py:57}}
Jul 09 08:58:23 devstack devstack@g-api.service[76193]: DEBUG glance.api.middleware.version_negotiation [None req-2f0b2739-f4f7-4f0e-bb2c-3ea3809cc543 tempest-DeleteServersTestJSON-1331404752 tempest-DeleteServersTestJSON-1331404752-project-member] Matched version: v2 {{(pid=76193) process_request /opt/stack/glance/glance/api/middleware/version_negotiation.py:69}}
Jul 09 08:58:23 devstack devstack@g-api.service[76193]: DEBUG glance.api.middleware.version_negotiation [None req-2f0b2739-f4f7-4f0e-bb2c-3ea3809cc543 tempest-DeleteServersTestJSON-1331404752 tempest-DeleteServersTestJSON-1331404752-project-member] new path /v2/schemas/image {{(pid=76193) process_request /opt/stack/glance/glance/api/middleware/version_negotiation.py:70}}
Jul 09 08:58:23 devstack devstack@g-api.service[76193]: [pid: 76193|app: 0|req: 12/22] 127.0.0.1 () {42 vars in 998 bytes} [Thu Jul 9 08:58:23 2026] GET /v2/schemas/image => generated 6083 bytes in 11 msecs (HTTP/1.1 200) 4 headers in 158 bytes (1 switches on core 0)
Jul 09 08:58:32 devstack devstack@g-api.service[76193]: DEBUG dbcounter [-] [76193] Writing DB stats glance:SELECT=5,glance:INSERT=1 {{(pid=76193) stat_writer /opt/stack/data/venv/lib/python3.12/site-packages/dbcounter.py:115}}
Jul 09 08:58:33 devstack devstack@g-api.service[76192]: DEBUG dbcounter [-] [76192] Writing DB stats glance:SELECT=6 {{(pid=76192) stat_writer /opt/stack/data/venv/lib/python3.12/site-packages/dbcounter.py:115}}
Jul 09 08:58:37 devstack devstack@g-api.service[76192]: DEBUG glance.api.middleware.version_negotiation [None req-2f0b2739-f4f7-4f0e-bb2c-3ea3809cc543 tempest-DeleteServersTestJSON-1331404752 tempest-DeleteServersTestJSON-1331404752-project-member] Determining version of request: GET /v2/images/769ece37-1cae-43d1-b0fa-7053cc01926f Accept: */* {{(pid=76192) process_request /opt/stack/glance/glance/api/middleware/version_negotiation.py:44}}
Jul 09 08:58:37 devstack devstack@g-api.service[76192]: DEBUG glance.api.middleware.version_negotiation [None req-2f0b2739-f4f7-4f0e-bb2c-3ea3809cc543 tempest-DeleteServersTestJSON-1331404752 tempest-DeleteServersTestJSON-1331404752-project-member] Using url versioning {{(pid=76192) process_request /opt/stack/glance/glance/api/middleware/version_negotiation.py:57}}
Jul 09 08:58:37 devstack devstack@g-api.service[76192]: DEBUG glance.api.middleware.version_negotiation [None req-2f0b2739-f4f7-4f0e-bb2c-3ea3809cc543 tempest-DeleteServersTestJSON-1331404752 tempest-DeleteServersTestJSON-1331404752-project-member] Matched version: v2 {{(pid=76192) process_request /opt/stack/glance/glance/api/middleware/version_negotiation.py:69}}
Jul 09 08:58:37 devstack devstack@g-api.service[76192]: DEBUG glance.api.middleware.version_negotiation [None req-2f0b2739-f4f7-4f0e-bb2c-3ea3809cc543 tempest-DeleteServersTestJSON-1331404752 tempest-DeleteServersTestJSON-1331404752-project-member] new path /v2/images/769ece37-1cae-43d1-b0fa-7053cc01926f {{(pid=76192) process_request /opt/stack/glance/glance/api/middleware/version_negotiation.py:70}}
Jul 09 08:58:37 devstack devstack@g-api.service[76192]: [pid: 76192|app: 0|req: 11/23] 127.0.0.1 () {42 vars in 1058 bytes} [Thu Jul 9 08:58:37 2026] GET /v2/images/769ece37-1cae-43d1-b0fa-7053cc01926f => generated 976 bytes in 94 msecs (HTTP/1.1 200) 4 headers in 157 bytes (1 switches on core 0)
Jul 09 08:58:37 devstack devstack@g-api.service[76193]: DEBUG glance.api.middleware.version_negotiation [None req-2f0b2739-f4f7-4f0e-bb2c-3ea3809cc543 tempest-DeleteServersTestJSON-1331404752 tempest-DeleteServersTestJSON-1331404752-project-member] Determining version of request: GET /v2/schemas/image Accept: */* {{(pid=76193) process_request /opt/stack/glance/glance/api/middleware/version_negotiation.py:44}}
Jul 09 08:58:37 devstack devstack@g-api.service[76193]: DEBUG glance.api.middleware.version_negotiation [None req-2f0b2739-f4f7-4f0e-bb2c-3ea3809cc543 tempest-DeleteServersTestJSON-1331404752 tempest-DeleteServersTestJSON-1331404752-project-member] Using url versioning {{(pid=76193) process_request /opt/stack/glance/glance/api/middleware/version_negotiation.py:57}}
Jul 09 08:58:37 devstack devstack@g-api.service[76193]: DEBUG glance.api.middleware.version_negotiation [None req-2f0b2739-f4f7-4f0e-bb2c-3ea3809cc543 tempest-DeleteServersTestJSON-1331404752 tempest-DeleteServersTestJSON-1331404752-project-member] Matched version: v2 {{(pid=76193) process_request /opt/stack/glance/glance/api/middleware/version_negotiation.py:69}}
Jul 09 08:58:37 devstack devstack@g-api.service[76193]: DEBUG glance.api.middleware.version_negotiation [None req-2f0b2739-f4f7-4f0e-bb2c-3ea3809cc543 tempest-DeleteServersTestJSON-1331404752 tempest-DeleteServersTestJSON-1331404752-project-member] new path /v2/schemas/image {{(pid=76193) process_request /opt/stack/glance/glance/api/middleware/version_negotiation.py:70}}
Jul 09 08:58:37 devstack devstack@g-api.service[76193]: [pid: 76193|app: 0|req: 13/24] 127.0.0.1 () {42 vars in 998 bytes} [Thu Jul 9 08:58:37 2026] GET /v2/schemas/image => generated 6083 bytes in 23 msecs (HTTP/1.1 200) 4 headers in 158 bytes (1 switches on core 0)
