Jul 09 14:33:54 devstack sudo[90708]: pam_unix(sudo:session): session opened for user root(uid=0) by (uid=1000)
Jul 09 14:33:54 devstack sudo[90708]: pam_unix(sudo:session): session closed for user root
Jul 09 14:33:54 devstack cinder-volume[87230]: DEBUG oslo_concurrency.processutils [None req-88baaeb7-cffc-4083-b813-9f1c950e307b tempest-GroupsV314Test-1691964999 None] CMD "sudo cinder-rootwrap /etc/cinder/rootwrap.conf chmod ugo+rw /opt/stack/data/cinder/mnt/c28b2cc80067aef318bd8e897c99b6fd/volume-95feef6b-e251-4ab5-a15e-8348e7f2ec28.info" returned: 0 in 0.773s {{(pid=87230) execute /opt/stack/data/venv/lib/python3.12/site-packages/oslo_concurrency/processutils.py:468}}
Jul 09 14:33:54 devstack cinder-volume[87230]: DEBUG cinder.coordination [None req-88baaeb7-cffc-4083-b813-9f1c950e307b tempest-GroupsV314Test-1691964999 None] Acquiring lock "cinder-quobyte-3c6740bf-547a-4d03-8fb6-658ff29d5377" by "_copy_volume_from_snapshot" {{(pid=87230) __acquire /opt/stack/cinder/cinder/coordination.py:138}}
Jul 09 14:33:55 devstack cinder-volume[87230]: DEBUG cinder.coordination [None req-88baaeb7-cffc-4083-b813-9f1c950e307b tempest-GroupsV314Test-1691964999 None] Lock "cinder-quobyte-3c6740bf-547a-4d03-8fb6-658ff29d5377" acquired by "_copy_volume_from_snapshot" :: waited 0.030s {{(pid=87230) __acquire /opt/stack/cinder/cinder/coordination.py:141}}
Jul 09 14:33:55 devstack cinder-volume[87230]: DEBUG cinder.volume.drivers.quobyte [None req-88baaeb7-cffc-4083-b813-9f1c950e307b tempest-GroupsV314Test-1691964999 None] snapshot: d86a78e2-061d-48f0-8e88-1e1fbf400a75, volume: 3c6740bf-547a-4d03-8fb6-658ff29d5377, {{(pid=87230) _copy_volume_from_snapshot /opt/stack/cinder/cinder/volume/drivers/quobyte.py:401}}
Jul 09 14:33:55 devstack cinder-volume[87230]: DEBUG oslo_concurrency.lockutils [None req-88baaeb7-cffc-4083-b813-9f1c950e307b tempest-GroupsV314Test-1691964999 None] Acquiring lock "quobyte_ensure" by "cinder.volume.drivers.quobyte.QuobyteDriver._ensure_shares_mounted" {{(pid=87230) inner /opt/stack/data/venv/lib/python3.12/site-packages/oslo_concurrency/lockutils.py:511}}
Jul 09 14:33:55 devstack cinder-volume[87230]: DEBUG oslo_concurrency.lockutils [None req-88baaeb7-cffc-4083-b813-9f1c950e307b tempest-GroupsV314Test-1691964999 None] Lock "quobyte_ensure" acquired by "cinder.volume.drivers.quobyte.QuobyteDriver._ensure_shares_mounted" :: waited 0.001s {{(pid=87230) inner /opt/stack/data/venv/lib/python3.12/site-packages/oslo_concurrency/lockutils.py:524}}
Jul 09 14:33:55 devstack cinder-volume[87230]: DEBUG cinder.volume.drivers.quobyte [None req-88baaeb7-cffc-4083-b813-9f1c950e307b tempest-GroupsV314Test-1691964999 None] Quobyte Volume URL set to: {'osci02.corp.quobyte.com/cinder-vol-6862a67e-7e12-4a83-8fba-9a2727fa9653': None} {{(pid=87230) _load_shares_config /opt/stack/cinder/cinder/volume/drivers/quobyte.py:617}}
Jul 09 14:33:55 devstack cinder-volume[87230]: DEBUG cinder.volume.drivers.quobyte [None req-88baaeb7-cffc-4083-b813-9f1c950e307b tempest-GroupsV314Test-1691964999 None] Available shares ['osci02.corp.quobyte.com/cinder-vol-6862a67e-7e12-4a83-8fba-9a2727fa9653'] {{(pid=87230) _ensure_shares_mounted /opt/stack/cinder/cinder/volume/drivers/quobyte.py:647}}
Jul 09 14:33:55 devstack cinder-volume[87230]: DEBUG oslo_concurrency.lockutils [None req-88baaeb7-cffc-4083-b813-9f1c950e307b tempest-GroupsV314Test-1691964999 None] Lock "quobyte_ensure" "released" by "cinder.volume.drivers.quobyte.QuobyteDriver._ensure_shares_mounted" :: held 0.019s {{(pid=87230) inner /opt/stack/data/venv/lib/python3.12/site-packages/oslo_concurrency/lockutils.py:543}}
Jul 09 14:33:55 devstack cinder-volume[87230]: DEBUG oslo.privsep.daemon [-] privsep: reply[142007e5-aec1-430c-96d1-343ca0fef040]: (4, 'qcow2') {{(pid=88541) _call_back /opt/stack/data/venv/lib/python3.12/site-packages/oslo_privsep/daemon.py:580}}
Jul 09 14:33:55 devstack cinder-volume[87230]: DEBUG oslo_concurrency.processutils [None req-88baaeb7-cffc-4083-b813-9f1c950e307b tempest-GroupsV314Test-1691964999 None] Running cmd (subprocess): /opt/stack/data/venv/bin/python3.12 -m oslo_concurrency.prlimit --as=1073741824 --cpu=60 -- sudo cinder-rootwrap /etc/cinder/rootwrap.conf env LC_ALL=C qemu-img info -f qcow2 --output=json --force-share /opt/stack/data/cinder/mnt/c28b2cc80067aef318bd8e897c99b6fd/volume-95feef6b-e251-4ab5-a15e-8348e7f2ec28.d86a78e2-061d-48f0-8e88-1e1fbf400a75 {{(pid=87230) execute /opt/stack/data/venv/lib/python3.12/site-packages/oslo_concurrency/processutils.py:440}}
Jul 09 14:33:55 devstack sudo[90735]: quobyte : PWD=/ ; USER=root ; COMMAND=/opt/stack/data/venv/bin/cinder-rootwrap /etc/cinder/rootwrap.conf env LC_ALL=C qemu-img info -f qcow2 --output=json --force-share /opt/stack/data/cinder/mnt/c28b2cc80067aef318bd8e897c99b6fd/volume-95feef6b-e251-4ab5-a15e-8348e7f2ec28.d86a78e2-061d-48f0-8e88-1e1fbf400a75
Jul 09 14:33:55 devstack sudo[90735]: pam_unix(sudo:session): session opened for user root(uid=0) by (uid=1000)
Jul 09 14:33:56 devstack sudo[90735]: pam_unix(sudo:session): session closed for user root
Jul 09 14:33:56 devstack cinder-volume[87230]: DEBUG oslo_concurrency.processutils [None req-88baaeb7-cffc-4083-b813-9f1c950e307b tempest-GroupsV314Test-1691964999 None] CMD "/opt/stack/data/venv/bin/python3.12 -m oslo_concurrency.prlimit --as=1073741824 --cpu=60 -- sudo cinder-rootwrap /etc/cinder/rootwrap.conf env LC_ALL=C qemu-img info -f qcow2 --output=json --force-share /opt/stack/data/cinder/mnt/c28b2cc80067aef318bd8e897c99b6fd/volume-95feef6b-e251-4ab5-a15e-8348e7f2ec28.d86a78e2-061d-48f0-8e88-1e1fbf400a75" returned: 0 in 0.994s {{(pid=87230) execute /opt/stack/data/venv/lib/python3.12/site-packages/oslo_concurrency/processutils.py:468}}
Jul 09 14:33:56 devstack cinder-volume[87230]: DEBUG cinder.volume.drivers.remotefs [None req-88baaeb7-cffc-4083-b813-9f1c950e307b tempest-GroupsV314Test-1691964999 None] Fetching qemu-img info with special backing_file_template: (/opt/stack/data/cinder/mnt/[0-9a-f]+/)?(volume-95feef6b-e251-4ab5-a15e-8348e7f2ec28(.(tmp-snap-)?[0-9a-f-]+)?|volume_from_snapshot_cache/(tmp-snap-)?[0-9a-f-]+(.(child-|parent-)[0-9a-f-]+)?)$ {{(pid=87230) _qemu_img_info_base /opt/stack/cinder/cinder/volume/drivers/remotefs.py:896}}
Jul 09 14:33:56 devstack cinder-volume[87230]: DEBUG cinder.volume.drivers.quobyte [None req-88baaeb7-cffc-4083-b813-9f1c950e307b tempest-GroupsV314Test-1691964999 None] will copy from snapshot at /opt/stack/data/cinder/mnt/c28b2cc80067aef318bd8e897c99b6fd/volume-95feef6b-e251-4ab5-a15e-8348e7f2ec28 {{(pid=87230) _copy_volume_from_snapshot /opt/stack/cinder/cinder/volume/drivers/quobyte.py:420}}
Jul 09 14:33:56 devstack cinder-volume[87230]: DEBUG cinder.volume.drivers.quobyte [None req-88baaeb7-cffc-4083-b813-9f1c950e307b tempest-GroupsV314Test-1691964999 None] Creating direct copy from snapshot {{(pid=87230) _copy_volume_from_snapshot /opt/stack/cinder/cinder/volume/drivers/quobyte.py:428}}
Jul 09 14:33:56 devstack cinder-volume[87230]: DEBUG oslo.privsep.daemon [-] privsep: reply[28a8afea-42ec-4475-a29a-a4fbcb427b0a]: (4, 'qcow2') {{(pid=88541) _call_back /opt/stack/data/venv/lib/python3.12/site-packages/oslo_privsep/daemon.py:580}}
Jul 09 14:33:56 devstack cinder-volume[87230]: DEBUG oslo_concurrency.processutils [None req-88baaeb7-cffc-4083-b813-9f1c950e307b tempest-GroupsV314Test-1691964999 None] Running cmd (subprocess): /opt/stack/data/venv/bin/python3.12 -m oslo_concurrency.prlimit --as=1073741824 --cpu=60 -- sudo cinder-rootwrap /etc/cinder/rootwrap.conf env LC_ALL=C qemu-img info -f qcow2 --output=json /opt/stack/data/cinder/mnt/c28b2cc80067aef318bd8e897c99b6fd/volume-95feef6b-e251-4ab5-a15e-8348e7f2ec28 {{(pid=87230) execute /opt/stack/data/venv/lib/python3.12/site-packages/oslo_concurrency/processutils.py:440}}
Jul 09 14:33:56 devstack sudo[90759]: quobyte : PWD=/ ; USER=root ; COMMAND=/opt/stack/data/venv/bin/cinder-rootwrap /etc/cinder/rootwrap.conf env LC_ALL=C qemu-img info -f qcow2 --output=json /opt/stack/data/cinder/mnt/c28b2cc80067aef318bd8e897c99b6fd/volume-95feef6b-e251-4ab5-a15e-8348e7f2ec28
Jul 09 14:33:56 devstack sudo[90759]: pam_unix(sudo:session): session opened for user root(uid=0) by (uid=1000)
Jul 09 14:33:57 devstack sudo[90759]: pam_unix(sudo:session): session closed for user root
Jul 09 14:33:57 devstack cinder-volume[87230]: DEBUG oslo_concurrency.processutils [None req-88baaeb7-cffc-4083-b813-9f1c950e307b tempest-GroupsV314Test-1691964999 None] CMD "/opt/stack/data/venv/bin/python3.12 -m oslo_concurrency.prlimit --as=1073741824 --cpu=60 -- sudo cinder-rootwrap /etc/cinder/rootwrap.conf env LC_ALL=C qemu-img info -f qcow2 --output=json /opt/stack/data/cinder/mnt/c28b2cc80067aef318bd8e897c99b6fd/volume-95feef6b-e251-4ab5-a15e-8348e7f2ec28" returned: 0 in 1.225s {{(pid=87230) execute /opt/stack/data/venv/lib/python3.12/site-packages/oslo_concurrency/processutils.py:468}}
Jul 09 14:33:57 devstack cinder-volume[87230]: DEBUG cinder.utils [None req-88baaeb7-cffc-4083-b813-9f1c950e307b tempest-GroupsV314Test-1691964999 None] Path /opt/stack/data/cinder/mnt/c28b2cc80067aef318bd8e897c99b6fd/volume-3c6740bf-547a-4d03-8fb6-658ff29d5377 not found in is_blk_device check {{(pid=87230) is_blk_device /opt/stack/cinder/cinder/utils.py:615}}
Jul 09 14:33:57 devstack cinder-volume[87230]: DEBUG oslo_concurrency.processutils [None req-88baaeb7-cffc-4083-b813-9f1c950e307b tempest-GroupsV314Test-1691964999 None] Running cmd (subprocess): sudo cinder-rootwrap /etc/cinder/rootwrap.conf qemu-img convert -O qcow2 /opt/stack/data/cinder/mnt/c28b2cc80067aef318bd8e897c99b6fd/volume-95feef6b-e251-4ab5-a15e-8348e7f2ec28 /opt/stack/data/cinder/mnt/c28b2cc80067aef318bd8e897c99b6fd/volume-3c6740bf-547a-4d03-8fb6-658ff29d5377 {{(pid=87230) execute /opt/stack/data/venv/lib/python3.12/site-packages/oslo_concurrency/processutils.py:440}}
Jul 09 14:33:57 devstack sudo[90777]: quobyte : PWD=/ ; USER=root ; COMMAND=/opt/stack/data/venv/bin/cinder-rootwrap /etc/cinder/rootwrap.conf qemu-img convert -O qcow2 /opt/stack/data/cinder/mnt/c28b2cc80067aef318bd8e897c99b6fd/volume-95feef6b-e251-4ab5-a15e-8348e7f2ec28 /opt/stack/data/cinder/mnt/c28b2cc80067aef318bd8e897c99b6fd/volume-3c6740bf-547a-4d03-8fb6-658ff29d5377
Jul 09 14:33:57 devstack sudo[90777]: pam_unix(sudo:session): session opened for user root(uid=0) by (uid=1000)
Jul 09 14:34:02 devstack cinder-volume[87230]: DEBUG dbcounter [-] [87230] Writing DB stats cinder:UPDATE=74,cinder:SELECT=79,cinder:INSERT=18,cinder:DELETE=4 {{(pid=87230) stat_writer /opt/stack/data/venv/lib/python3.12/site-packages/dbcounter.py:115}}
Jul 09 14:34:02 devstack cinder-volume[87230]: DEBUG dbcounter [-] [87230] Writing DB stats cinder:UPDATE=80,cinder:SELECT=70,cinder:INSERT=20,cinder:DELETE=2 {{(pid=87230) stat_writer /opt/stack/data/venv/lib/python3.12/site-packages/dbcounter.py:115}}
Jul 09 14:34:05 devstack sudo[90777]: pam_unix(sudo:session): session closed for user root
Jul 09 14:34:05 devstack cinder-volume[87230]: DEBUG oslo_concurrency.processutils [None req-88baaeb7-cffc-4083-b813-9f1c950e307b tempest-GroupsV314Test-1691964999 None] CMD "sudo cinder-rootwrap /etc/cinder/rootwrap.conf qemu-img convert -O qcow2 /opt/stack/data/cinder/mnt/c28b2cc80067aef318bd8e897c99b6fd/volume-95feef6b-e251-4ab5-a15e-8348e7f2ec28 /opt/stack/data/cinder/mnt/c28b2cc80067aef318bd8e897c99b6fd/volume-3c6740bf-547a-4d03-8fb6-658ff29d5377" returned: 0 in 8.164s {{(pid=87230) execute /opt/stack/data/venv/lib/python3.12/site-packages/oslo_concurrency/processutils.py:468}}
Jul 09 14:34:05 devstack cinder-volume[87230]: DEBUG oslo.privsep.daemon [-] privsep: reply[32941d3d-8df0-4489-8583-c1cdb36e8cd8]: (4, 'qcow2') {{(pid=88541) _call_back /opt/stack/data/venv/lib/python3.12/site-packages/oslo_privsep/daemon.py:580}}
Jul 09 14:34:05 devstack cinder-volume[87230]: DEBUG oslo_concurrency.processutils [None req-88baaeb7-cffc-4083-b813-9f1c950e307b tempest-GroupsV314Test-1691964999 None] Running cmd (subprocess): /opt/stack/data/venv/bin/python3.12 -m oslo_concurrency.prlimit --as=1073741824 --cpu=60 -- sudo cinder-rootwrap /etc/cinder/rootwrap.conf env LC_ALL=C qemu-img info -f qcow2 --output=json /opt/stack/data/cinder/mnt/c28b2cc80067aef318bd8e897c99b6fd/volume-95feef6b-e251-4ab5-a15e-8348e7f2ec28 {{(pid=87230) execute /opt/stack/data/venv/lib/python3.12/site-packages/oslo_concurrency/processutils.py:440}}
Jul 09 14:34:05 devstack sudo[90809]: quobyte : PWD=/ ; USER=root ; COMMAND=/opt/stack/data/venv/bin/cinder-rootwrap /etc/cinder/rootwrap.conf env LC_ALL=C qemu-img info -f qcow2 --output=json /opt/stack/data/cinder/mnt/c28b2cc80067aef318bd8e897c99b6fd/volume-95feef6b-e251-4ab5-a15e-8348e7f2ec28
Jul 09 14:34:05 devstack sudo[90809]: pam_unix(sudo:session): session opened for user root(uid=0) by (uid=1000)
Jul 09 14:34:06 devstack sudo[90809]: pam_unix(sudo:session): session closed for user root
Jul 09 14:34:06 devstack cinder-volume[87230]: DEBUG oslo_concurrency.processutils [None req-88baaeb7-cffc-4083-b813-9f1c950e307b tempest-GroupsV314Test-1691964999 None] CMD "/opt/stack/data/venv/bin/python3.12 -m oslo_concurrency.prlimit --as=1073741824 --cpu=60 -- sudo cinder-rootwrap /etc/cinder/rootwrap.conf env LC_ALL=C qemu-img info -f qcow2 --output=json /opt/stack/data/cinder/mnt/c28b2cc80067aef318bd8e897c99b6fd/volume-95feef6b-e251-4ab5-a15e-8348e7f2ec28" returned: 0 in 1.347s {{(pid=87230) execute /opt/stack/data/venv/lib/python3.12/site-packages/oslo_concurrency/processutils.py:468}}
Jul 09 14:34:06 devstack cinder-volume[87230]: DEBUG cinder.image.image_utils [None req-88baaeb7-cffc-4083-b813-9f1c950e307b tempest-GroupsV314Test-1691964999 None] Image conversion details: src /opt/stack/data/cinder/mnt/c28b2cc80067aef318bd8e897c99b6fd/volume-95feef6b-e251-4ab5-a15e-8348e7f2ec28, size 1024.00 MB, duration 8.16 sec, destination /opt/stack/data/cinder/mnt/c28b2cc80067aef318bd8e897c99b6fd/volume-3c6740bf-547a-4d03-8fb6-658ff29d5377 {{(pid=87230) _convert_image /opt/stack/cinder/cinder/image/image_utils.py:536}}
Jul 09 14:34:06 devstack cinder-volume[87230]: INFO cinder.image.image_utils [None req-88baaeb7-cffc-4083-b813-9f1c950e307b tempest-GroupsV314Test-1691964999 None] Converted 1024.00 MB image at 125.42 MB/s
Jul 09 14:34:06 devstack cinder-volume[87230]: WARNING cinder.volume.drivers.remotefs [None req-88baaeb7-cffc-4083-b813-9f1c950e307b tempest-GroupsV314Test-1691964999 None] /opt/stack/data/cinder/mnt/c28b2cc80067aef318bd8e897c99b6fd/volume-3c6740bf-547a-4d03-8fb6-658ff29d5377 is being set with open permissions: ugo+rw: NotImplementedError
Jul 09 14:34:06 devstack cinder-volume[87230]: DEBUG oslo_concurrency.processutils [None req-88baaeb7-cffc-4083-b813-9f1c950e307b tempest-GroupsV314Test-1691964999 None] Running cmd (subprocess): sudo cinder-rootwrap /etc/cinder/rootwrap.conf chmod ugo+rw /opt/stack/data/cinder/mnt/c28b2cc80067aef318bd8e897c99b6fd/volume-3c6740bf-547a-4d03-8fb6-658ff29d5377 {{(pid=87230) execute /opt/stack/data/venv/lib/python3.12/site-packages/oslo_concurrency/processutils.py:440}}
Jul 09 14:34:06 devstack sudo[90814]: quobyte : PWD=/ ; USER=root ; COMMAND=/opt/stack/data/venv/bin/cinder-rootwrap /etc/cinder/rootwrap.conf chmod ugo+rw /opt/stack/data/cinder/mnt/c28b2cc80067aef318bd8e897c99b6fd/volume-3c6740bf-547a-4d03-8fb6-658ff29d5377
Jul 09 14:34:06 devstack sudo[90814]: pam_unix(sudo:session): session opened for user root(uid=0) by (uid=1000)
Jul 09 14:34:07 devstack sudo[90814]: pam_unix(sudo:session): session closed for user root
Jul 09 14:34:07 devstack cinder-volume[87230]: DEBUG oslo_concurrency.processutils [None req-88baaeb7-cffc-4083-b813-9f1c950e307b tempest-GroupsV314Test-1691964999 None] CMD "sudo cinder-rootwrap /etc/cinder/rootwrap.conf chmod ugo+rw /opt/stack/data/cinder/mnt/c28b2cc80067aef318bd8e897c99b6fd/volume-3c6740bf-547a-4d03-8fb6-658ff29d5377" returned: 0 in 0.931s {{(pid=87230) execute /opt/stack/data/venv/lib/python3.12/site-packages/oslo_concurrency/processutils.py:468}}
Jul 09 14:34:07 devstack cinder-volume[87230]: DEBUG cinder.coordination [None req-88baaeb7-cffc-4083-b813-9f1c950e307b tempest-GroupsV314Test-1691964999 None] Lock "cinder-quobyte-3c6740bf-547a-4d03-8fb6-658ff29d5377" released by "_copy_volume_from_snapshot" :: held 12.849s {{(pid=87230) __release /opt/stack/cinder/cinder/coordination.py:152}}
Jul 09 14:34:07 devstack cinder-volume[87230]: DEBUG cinder.coordination [None req-88baaeb7-cffc-4083-b813-9f1c950e307b tempest-GroupsV314Test-1691964999 None] Acquiring lock "cinder-quobyte-d86a78e2-061d-48f0-8e88-1e1fbf400a75" by "_delete_snapshot" {{(pid=87230) __acquire /opt/stack/cinder/cinder/coordination.py:138}}
Jul 09 14:34:07 devstack cinder-volume[87230]: DEBUG cinder.coordination [None req-88baaeb7-cffc-4083-b813-9f1c950e307b tempest-GroupsV314Test-1691964999 None] Lock "cinder-quobyte-d86a78e2-061d-48f0-8e88-1e1fbf400a75" acquired by "_delete_snapshot" :: waited 0.049s {{(pid=87230) __acquire /opt/stack/cinder/cinder/coordination.py:141}}
Jul 09 14:34:07 devstack cinder-volume[87230]: DEBUG cinder.volume.drivers.remotefs [None req-88baaeb7-cffc-4083-b813-9f1c950e307b tempest-GroupsV314Test-1691964999 None] Deleting offline snapshot d86a78e2-061d-48f0-8e88-1e1fbf400a75 of volume 95feef6b-e251-4ab5-a15e-8348e7f2ec28 {{(pid=87230) _delete_snapshot /opt/stack/cinder/cinder/volume/drivers/remotefs.py:1288}}
Jul 09 14:34:07 devstack cinder-volume[87230]: DEBUG cinder.volume.drivers.remotefs [None req-88baaeb7-cffc-4083-b813-9f1c950e307b tempest-GroupsV314Test-1691964999 None] snapshot_file for this snap is: volume-95feef6b-e251-4ab5-a15e-8348e7f2ec28.d86a78e2-061d-48f0-8e88-1e1fbf400a75 {{(pid=87230) _delete_snapshot /opt/stack/cinder/cinder/volume/drivers/remotefs.py:1317}}
Jul 09 14:34:07 devstack cinder-volume[87230]: DEBUG oslo.privsep.daemon [-] privsep: reply[2b211c1f-55d7-4613-a944-23672fa61737]: (4, 'qcow2') {{(pid=88541) _call_back /opt/stack/data/venv/lib/python3.12/site-packages/oslo_privsep/daemon.py:580}}
Jul 09 14:34:07 devstack cinder-volume[87230]: DEBUG oslo_concurrency.processutils [None req-88baaeb7-cffc-4083-b813-9f1c950e307b tempest-GroupsV314Test-1691964999 None] Running cmd (subprocess): /opt/stack/data/venv/bin/python3.12 -m oslo_concurrency.prlimit --as=1073741824 --cpu=60 -- sudo cinder-rootwrap /etc/cinder/rootwrap.conf env LC_ALL=C qemu-img info -f qcow2 --output=json --force-share /opt/stack/data/cinder/mnt/c28b2cc80067aef318bd8e897c99b6fd/volume-95feef6b-e251-4ab5-a15e-8348e7f2ec28.d86a78e2-061d-48f0-8e88-1e1fbf400a75 {{(pid=87230) execute /opt/stack/data/venv/lib/python3.12/site-packages/oslo_concurrency/processutils.py:440}}
Jul 09 14:34:08 devstack sudo[90820]: quobyte : PWD=/ ; USER=root ; COMMAND=/opt/stack/data/venv/bin/cinder-rootwrap /etc/cinder/rootwrap.conf env LC_ALL=C qemu-img info -f qcow2 --output=json --force-share /opt/stack/data/cinder/mnt/c28b2cc80067aef318bd8e897c99b6fd/volume-95feef6b-e251-4ab5-a15e-8348e7f2ec28.d86a78e2-061d-48f0-8e88-1e1fbf400a75
Jul 09 14:34:08 devstack sudo[90820]: pam_unix(sudo:session): session opened for user root(uid=0) by (uid=1000)
Jul 09 14:34:10 devstack sudo[90820]: pam_unix(sudo:session): session closed for user root
Jul 09 14:34:10 devstack cinder-volume[87230]: DEBUG oslo_concurrency.processutils [None req-88baaeb7-cffc-4083-b813-9f1c950e307b tempest-GroupsV314Test-1691964999 None] CMD "/opt/stack/data/venv/bin/python3.12 -m oslo_concurrency.prlimit --as=1073741824 --cpu=60 -- sudo cinder-rootwrap /etc/cinder/rootwrap.conf env LC_ALL=C qemu-img info -f qcow2 --output=json --force-share /opt/stack/data/cinder/mnt/c28b2cc80067aef318bd8e897c99b6fd/volume-95feef6b-e251-4ab5-a15e-8348e7f2ec28.d86a78e2-061d-48f0-8e88-1e1fbf400a75" returned: 0 in 2.013s {{(pid=87230) execute /opt/stack/data/venv/lib/python3.12/site-packages/oslo_concurrency/processutils.py:468}}
Jul 09 14:34:10 devstack cinder-volume[87230]: DEBUG cinder.volume.drivers.remotefs [None req-88baaeb7-cffc-4083-b813-9f1c950e307b tempest-GroupsV314Test-1691964999 None] Fetching qemu-img info with special backing_file_template: (/opt/stack/data/cinder/mnt/[0-9a-f]+/)?(volume-95feef6b-e251-4ab5-a15e-8348e7f2ec28(.(tmp-snap-)?[0-9a-f-]+)?|volume_from_snapshot_cache/(tmp-snap-)?[0-9a-f-]+(.(child-|parent-)[0-9a-f-]+)?)$ {{(pid=87230) _qemu_img_info_base /opt/stack/cinder/cinder/volume/drivers/remotefs.py:896}}
Jul 09 14:34:10 devstack cinder-volume[87230]: DEBUG oslo.privsep.daemon [-] privsep: reply[2495910b-f290-47f6-aab2-ca6763cbc84f]: (4, 'qcow2') {{(pid=88541) _call_back /opt/stack/data/venv/lib/python3.12/site-packages/oslo_privsep/daemon.py:580}}
Jul 09 14:34:10 devstack cinder-volume[87230]: DEBUG oslo_concurrency.processutils [None req-88baaeb7-cffc-4083-b813-9f1c950e307b tempest-GroupsV314Test-1691964999 None] Running cmd (subprocess): /opt/stack/data/venv/bin/python3.12 -m oslo_concurrency.prlimit --as=1073741824 --cpu=60 -- sudo cinder-rootwrap /etc/cinder/rootwrap.conf env LC_ALL=C qemu-img info -f qcow2 --output=json --force-share /opt/stack/data/cinder/mnt/c28b2cc80067aef318bd8e897c99b6fd/volume-95feef6b-e251-4ab5-a15e-8348e7f2ec28 {{(pid=87230) execute /opt/stack/data/venv/lib/python3.12/site-packages/oslo_concurrency/processutils.py:440}}
Jul 09 14:34:10 devstack cinder-volume[87230]: DEBUG cinder.volume.flows.manager.create_volume [None req-d5750822-7fb2-402b-a00e-b3863fe2c935 tempest-TaggedAttachmentsTest-1717979664 None] Volume reschedule parameters: True retry: {'num_attempts': 1, 'backends': ['devstack@QuobyteHD#QuobyteHD'], 'hosts': ['devstack@QuobyteHD#QuobyteHD']} {{(pid=87230) get_flow /opt/stack/cinder/cinder/volume/flows/manager/create_volume.py:1397}}
Jul 09 14:34:10 devstack sudo[90828]: quobyte : PWD=/ ; USER=root ; COMMAND=/opt/stack/data/venv/bin/cinder-rootwrap /etc/cinder/rootwrap.conf env LC_ALL=C qemu-img info -f qcow2 --output=json --force-share /opt/stack/data/cinder/mnt/c28b2cc80067aef318bd8e897c99b6fd/volume-95feef6b-e251-4ab5-a15e-8348e7f2ec28
Jul 09 14:34:10 devstack sudo[90828]: pam_unix(sudo:session): session opened for user root(uid=0) by (uid=1000)
Jul 09 14:34:10 devstack cinder-volume[87230]: DEBUG cinder.volume.manager [None req-d5750822-7fb2-402b-a00e-b3863fe2c935 tempest-TaggedAttachmentsTest-1717979664 None] Flow 'volume_create_manager' (0ebc1011-7c7b-4499-8652-b5921e647fe2) transitioned into state 'RUNNING' from state 'PENDING' {{(pid=87230) _flow_receiver /opt/stack/data/venv/lib/python3.12/site-packages/taskflow/listeners/logging.py:160}}
Jul 09 14:34:10 devstack cinder-volume[87230]: DEBUG cinder.volume.manager [None req-d5750822-7fb2-402b-a00e-b3863fe2c935 tempest-TaggedAttachmentsTest-1717979664 None] Task 'cinder.volume.flows.manager.create_volume.ExtractVolumeRefTask;volume:create' (33eb549f-3ae3-4883-a8da-b28adccb5a81) transitioned into state 'RUNNING' from state 'PENDING' {{(pid=87230) _task_receiver /opt/stack/data/venv/lib/python3.12/site-packages/taskflow/listeners/logging.py:242}}
Jul 09 14:34:10 devstack cinder-volume[87230]: DEBUG cinder.volume.manager [None req-d5750822-7fb2-402b-a00e-b3863fe2c935 tempest-TaggedAttachmentsTest-1717979664 None] Task 'cinder.volume.flows.manager.create_volume.ExtractVolumeRefTask;volume:create' (33eb549f-3ae3-4883-a8da-b28adccb5a81) transitioned into state 'SUCCESS' from state 'RUNNING' with result 'Volume(_name_id=None,admin_metadata=,attach_status='detached',availability_zone='nova',bootable=False,cluster=,cluster_name=None,consistencygroup=,consistencygroup_id=None,created_at=2026-07-09T12:34:09Z,deleted=False,deleted_at=None,display_description=None,display_name='tempest-TaggedAttachmentsTest-volume-1569498703',ec2_id=None,encryption_key_id=None,glance_metadata=,group=,group_id=None,host='devstack@QuobyteHD#QuobyteHD',id=8a2a10ef-5848-4758-b3c5-f2283f2da7ec,launched_at=None,metadata={},migration_status=None,multiattach=False,previous_status=None,project_id='80d4a984504c4ed492c6fd12aa7e5008',provider_auth=None,provider_geometry=None,provider_id=None,provider_location=None,replication_driver_data=None,replication_extended_status=None,replication_status=None,scheduled_at=2026-07-09T12:34:10Z,service_uuid=None,shared_targets=True,size=1,snapshot_id=None,snapshots=,source_volid=None,status='creating',terminated_at=None,updated_at=2026-07-09T12:34:10Z,use_quota=True,user_id='9bfb38c5165f40faac3c466122271212',volume_attachment=VolumeAttachmentList,volume_type=VolumeType(685d5e0a-cf54-4297-93e8-0e2bacbf66f6),volume_type_id=685d5e0a-cf54-4297-93e8-0e2bacbf66f6)' {{(pid=87230) _task_receiver /opt/stack/data/venv/lib/python3.12/site-packages/taskflow/listeners/logging.py:218}}
Jul 09 14:34:10 devstack cinder-volume[87230]: DEBUG cinder.volume.manager [None req-d5750822-7fb2-402b-a00e-b3863fe2c935 tempest-TaggedAttachmentsTest-1717979664 None] Task 'cinder.volume.flows.manager.create_volume.OnFailureRescheduleTask;volume:create' (3aaf3ca1-648e-4429-a184-8fc6640da0b8) transitioned into state 'RUNNING' from state 'PENDING' {{(pid=87230) _task_receiver /opt/stack/data/venv/lib/python3.12/site-packages/taskflow/listeners/logging.py:242}}
Jul 09 14:34:10 devstack cinder-volume[87230]: DEBUG cinder.volume.manager [None req-d5750822-7fb2-402b-a00e-b3863fe2c935 tempest-TaggedAttachmentsTest-1717979664 None] Task 'cinder.volume.flows.manager.create_volume.OnFailureRescheduleTask;volume:create' (3aaf3ca1-648e-4429-a184-8fc6640da0b8) transitioned into state 'SUCCESS' from state 'RUNNING' with result 'None' {{(pid=87230) _task_receiver /opt/stack/data/venv/lib/python3.12/site-packages/taskflow/listeners/logging.py:218}}
Jul 09 14:34:10 devstack cinder-volume[87230]: DEBUG cinder.volume.manager [None req-d5750822-7fb2-402b-a00e-b3863fe2c935 tempest-TaggedAttachmentsTest-1717979664 None] Task 'cinder.volume.flows.manager.create_volume.ExtractVolumeSpecTask;volume:create' (bffc7478-d6d2-437e-9b48-ec6991f501c0) transitioned into state 'RUNNING' from state 'PENDING' {{(pid=87230) _task_receiver /opt/stack/data/venv/lib/python3.12/site-packages/taskflow/listeners/logging.py:242}}
Jul 09 14:34:10 devstack cinder-volume[87230]: DEBUG cinder.volume.manager [None req-d5750822-7fb2-402b-a00e-b3863fe2c935 tempest-TaggedAttachmentsTest-1717979664 None] Task 'cinder.volume.flows.manager.create_volume.ExtractVolumeSpecTask;volume:create' (bffc7478-d6d2-437e-9b48-ec6991f501c0) transitioned into state 'SUCCESS' from state 'RUNNING' with result '{'status': 'creating', 'type': 'raw', 'volume_id': '8a2a10ef-5848-4758-b3c5-f2283f2da7ec', 'volume_name': 'volume-8a2a10ef-5848-4758-b3c5-f2283f2da7ec', 'volume_size': 1}' {{(pid=87230) _task_receiver /opt/stack/data/venv/lib/python3.12/site-packages/taskflow/listeners/logging.py:218}}
Jul 09 14:34:10 devstack cinder-volume[87230]: DEBUG cinder.volume.manager [None req-d5750822-7fb2-402b-a00e-b3863fe2c935 tempest-TaggedAttachmentsTest-1717979664 None] Task 'cinder.volume.flows.manager.create_volume.NotifyVolumeActionTask;volume:create, create.start' (571c78d8-f523-44e2-a2c5-9586c9acdcae) transitioned into state 'RUNNING' from state 'PENDING' {{(pid=87230) _task_receiver /opt/stack/data/venv/lib/python3.12/site-packages/taskflow/listeners/logging.py:242}}
Jul 09 14:34:10 devstack cinder-volume[87230]: DEBUG cinder.volume.manager [None req-d5750822-7fb2-402b-a00e-b3863fe2c935 tempest-TaggedAttachmentsTest-1717979664 None] Task 'cinder.volume.flows.manager.create_volume.NotifyVolumeActionTask;volume:create, create.start' (571c78d8-f523-44e2-a2c5-9586c9acdcae) transitioned into state 'SUCCESS' from state 'RUNNING' with result 'None' {{(pid=87230) _task_receiver /opt/stack/data/venv/lib/python3.12/site-packages/taskflow/listeners/logging.py:218}}
Jul 09 14:34:10 devstack cinder-volume[87230]: DEBUG cinder.volume.manager [None req-d5750822-7fb2-402b-a00e-b3863fe2c935 tempest-TaggedAttachmentsTest-1717979664 None] Task 'cinder.volume.flows.manager.create_volume.CreateVolumeFromSpecTask;volume:create' (5f453ec6-6816-4836-a260-1a01cca31939) transitioned into state 'RUNNING' from state 'PENDING' {{(pid=87230) _task_receiver /opt/stack/data/venv/lib/python3.12/site-packages/taskflow/listeners/logging.py:242}}
Jul 09 14:34:10 devstack cinder-volume[87230]: INFO cinder.volume.flows.manager.create_volume [None req-d5750822-7fb2-402b-a00e-b3863fe2c935 tempest-TaggedAttachmentsTest-1717979664 None] Volume 8a2a10ef-5848-4758-b3c5-f2283f2da7ec: being created as raw with specification: {'status': 'creating', 'volume_name': 'volume-8a2a10ef-5848-4758-b3c5-f2283f2da7ec', 'volume_size': 1}
Jul 09 14:34:10 devstack cinder-volume[87230]: DEBUG oslo_concurrency.lockutils [None req-d5750822-7fb2-402b-a00e-b3863fe2c935 tempest-TaggedAttachmentsTest-1717979664 None] Acquiring lock "quobyte" by "cinder.volume.drivers.quobyte.QuobyteDriver.create_volume" {{(pid=87230) inner /opt/stack/data/venv/lib/python3.12/site-packages/oslo_concurrency/lockutils.py:511}}
Jul 09 14:34:11 devstack sudo[90828]: pam_unix(sudo:session): session closed for user root
Jul 09 14:34:11 devstack cinder-volume[87230]: DEBUG oslo_concurrency.processutils [None req-88baaeb7-cffc-4083-b813-9f1c950e307b tempest-GroupsV314Test-1691964999 None] CMD "/opt/stack/data/venv/bin/python3.12 -m oslo_concurrency.prlimit --as=1073741824 --cpu=60 -- sudo cinder-rootwrap /etc/cinder/rootwrap.conf env LC_ALL=C qemu-img info -f qcow2 --output=json --force-share /opt/stack/data/cinder/mnt/c28b2cc80067aef318bd8e897c99b6fd/volume-95feef6b-e251-4ab5-a15e-8348e7f2ec28" returned: 0 in 0.968s {{(pid=87230) execute /opt/stack/data/venv/lib/python3.12/site-packages/oslo_concurrency/processutils.py:468}}
Jul 09 14:34:11 devstack cinder-volume[87230]: DEBUG oslo_concurrency.processutils [None req-88baaeb7-cffc-4083-b813-9f1c950e307b tempest-GroupsV314Test-1691964999 None] Running cmd (subprocess): sudo cinder-rootwrap /etc/cinder/rootwrap.conf qemu-img commit -d /opt/stack/data/cinder/mnt/c28b2cc80067aef318bd8e897c99b6fd/volume-95feef6b-e251-4ab5-a15e-8348e7f2ec28.d86a78e2-061d-48f0-8e88-1e1fbf400a75 {{(pid=87230) execute /opt/stack/data/venv/lib/python3.12/site-packages/oslo_concurrency/processutils.py:440}}
Jul 09 14:34:11 devstack sudo[90855]: quobyte : PWD=/ ; USER=root ; COMMAND=/opt/stack/data/venv/bin/cinder-rootwrap /etc/cinder/rootwrap.conf qemu-img commit -d /opt/stack/data/cinder/mnt/c28b2cc80067aef318bd8e897c99b6fd/volume-95feef6b-e251-4ab5-a15e-8348e7f2ec28.d86a78e2-061d-48f0-8e88-1e1fbf400a75
Jul 09 14:34:11 devstack sudo[90855]: pam_unix(sudo:session): session opened for user root(uid=0) by (uid=1000)
Jul 09 14:34:11 devstack sudo[90855]: pam_unix(sudo:session): session closed for user root
Jul 09 14:34:11 devstack cinder-volume[87230]: DEBUG oslo_concurrency.processutils [None req-88baaeb7-cffc-4083-b813-9f1c950e307b tempest-GroupsV314Test-1691964999 None] CMD "sudo cinder-rootwrap /etc/cinder/rootwrap.conf qemu-img commit -d /opt/stack/data/cinder/mnt/c28b2cc80067aef318bd8e897c99b6fd/volume-95feef6b-e251-4ab5-a15e-8348e7f2ec28.d86a78e2-061d-48f0-8e88-1e1fbf400a75" returned: 0 in 0.787s {{(pid=87230) execute /opt/stack/data/venv/lib/python3.12/site-packages/oslo_concurrency/processutils.py:468}}
Jul 09 14:34:11 devstack cinder-volume[87230]: DEBUG oslo_concurrency.processutils [None req-88baaeb7-cffc-4083-b813-9f1c950e307b tempest-GroupsV314Test-1691964999 None] Running cmd (subprocess): sudo cinder-rootwrap /etc/cinder/rootwrap.conf rm -f /opt/stack/data/cinder/mnt/c28b2cc80067aef318bd8e897c99b6fd/volume-95feef6b-e251-4ab5-a15e-8348e7f2ec28.d86a78e2-061d-48f0-8e88-1e1fbf400a75 {{(pid=87230) execute /opt/stack/data/venv/lib/python3.12/site-packages/oslo_concurrency/processutils.py:440}}
Jul 09 14:34:11 devstack sudo[90887]: quobyte : PWD=/ ; USER=root ; COMMAND=/opt/stack/data/venv/bin/cinder-rootwrap /etc/cinder/rootwrap.conf rm -f /opt/stack/data/cinder/mnt/c28b2cc80067aef318bd8e897c99b6fd/volume-95feef6b-e251-4ab5-a15e-8348e7f2ec28.d86a78e2-061d-48f0-8e88-1e1fbf400a75
Jul 09 14:34:11 devstack sudo[90887]: pam_unix(sudo:session): session opened for user root(uid=0) by (uid=1000)
Jul 09 14:34:12 devstack sudo[90887]: pam_unix(sudo:session): session closed for user root
Jul 09 14:34:12 devstack cinder-volume[87230]: DEBUG oslo_concurrency.processutils [None req-88baaeb7-cffc-4083-b813-9f1c950e307b tempest-GroupsV314Test-1691964999 None] CMD "sudo cinder-rootwrap /etc/cinder/rootwrap.conf rm -f /opt/stack/data/cinder/mnt/c28b2cc80067aef318bd8e897c99b6fd/volume-95feef6b-e251-4ab5-a15e-8348e7f2ec28.d86a78e2-061d-48f0-8e88-1e1fbf400a75" returned: 0 in 0.626s {{(pid=87230) execute /opt/stack/data/venv/lib/python3.12/site-packages/oslo_concurrency/processutils.py:468}}
Jul 09 14:34:12 devstack cinder-volume[87230]: DEBUG cinder.coordination [None req-88baaeb7-cffc-4083-b813-9f1c950e307b tempest-GroupsV314Test-1691964999 None] Lock "cinder-quobyte-d86a78e2-061d-48f0-8e88-1e1fbf400a75" released by "_delete_snapshot" :: held 4.548s {{(pid=87230) __release /opt/stack/cinder/cinder/coordination.py:152}}
Jul 09 14:34:12 devstack cinder-volume[87230]: DEBUG oslo_concurrency.lockutils [None req-88baaeb7-cffc-4083-b813-9f1c950e307b tempest-GroupsV314Test-1691964999 None] Lock "quobyte" "released" by "cinder.volume.drivers.quobyte.QuobyteDriver.create_cloned_volume" :: held 24.196s {{(pid=87230) inner /opt/stack/data/venv/lib/python3.12/site-packages/oslo_concurrency/lockutils.py:543}}
Jul 09 14:34:12 devstack cinder-volume[87230]: DEBUG oslo_concurrency.lockutils [None req-d5750822-7fb2-402b-a00e-b3863fe2c935 tempest-TaggedAttachmentsTest-1717979664 None] Lock "quobyte" acquired by "cinder.volume.drivers.quobyte.QuobyteDriver.create_volume" :: waited 2.198s {{(pid=87230) inner /opt/stack/data/venv/lib/python3.12/site-packages/oslo_concurrency/lockutils.py:524}}
Jul 09 14:34:12 devstack cinder-volume[87230]: DEBUG cinder.volume.drivers.quobyte [None req-d5750822-7fb2-402b-a00e-b3863fe2c935 tempest-TaggedAttachmentsTest-1717979664 None] ==> create_volume: call "{'self': , 'volume': Volume(_name_id=None,admin_metadata=,attach_status='detached',availability_zone='nova',bootable=False,cluster=,cluster_name=None,consistencygroup=,consistencygroup_id=None,created_at=2026-07-09T12:34:09Z,deleted=False,deleted_at=None,display_description=None,display_name='tempest-TaggedAttachmentsTest-volume-1569498703',ec2_id=None,encryption_key_id=None,glance_metadata=,group=,group_id=None,host='devstack@QuobyteHD#QuobyteHD',id=8a2a10ef-5848-4758-b3c5-f2283f2da7ec,launched_at=None,metadata={},migration_status=None,multiattach=False,previous_status=None,project_id='80d4a984504c4ed492c6fd12aa7e5008',provider_auth=None,provider_geometry=None,provider_id=None,provider_location=None,replication_driver_data=None,replication_extended_status=None,replication_status=None,scheduled_at=2026-07-09T12:34:10Z,service_uuid=None,shared_targets=True,size=1,snapshot_id=None,snapshots=,source_volid=None,status='creating',terminated_at=None,updated_at=2026-07-09T12:34:10Z,use_quota=True,user_id='9bfb38c5165f40faac3c466122271212',volume_attachment=VolumeAttachmentList,volume_type=VolumeType(685d5e0a-cf54-4297-93e8-0e2bacbf66f6),volume_type_id=685d5e0a-cf54-4297-93e8-0e2bacbf66f6)}" {{(pid=87230) trace_logging_wrapper /opt/stack/cinder/cinder/volume/volume_utils.py:1497}}
Jul 09 14:34:12 devstack cinder-volume[87230]: DEBUG cinder.volume.drivers.remotefs [None req-d5750822-7fb2-402b-a00e-b3863fe2c935 tempest-TaggedAttachmentsTest-1717979664 None] Creating volume 8a2a10ef-5848-4758-b3c5-f2283f2da7ec {{(pid=87230) create_volume /opt/stack/cinder/cinder/volume/drivers/remotefs.py:292}}
Jul 09 14:34:12 devstack cinder-volume[87230]: DEBUG oslo_concurrency.lockutils [None req-d5750822-7fb2-402b-a00e-b3863fe2c935 tempest-TaggedAttachmentsTest-1717979664 None] Acquiring lock "quobyte_ensure" by "cinder.volume.drivers.quobyte.QuobyteDriver._ensure_shares_mounted" {{(pid=87230) inner /opt/stack/data/venv/lib/python3.12/site-packages/oslo_concurrency/lockutils.py:511}}
Jul 09 14:34:12 devstack cinder-volume[87230]: DEBUG oslo_concurrency.lockutils [None req-d5750822-7fb2-402b-a00e-b3863fe2c935 tempest-TaggedAttachmentsTest-1717979664 None] Lock "quobyte_ensure" acquired by "cinder.volume.drivers.quobyte.QuobyteDriver._ensure_shares_mounted" :: waited 0.001s {{(pid=87230) inner /opt/stack/data/venv/lib/python3.12/site-packages/oslo_concurrency/lockutils.py:524}}
Jul 09 14:34:12 devstack cinder-volume[87230]: DEBUG cinder.volume.drivers.quobyte [None req-d5750822-7fb2-402b-a00e-b3863fe2c935 tempest-TaggedAttachmentsTest-1717979664 None] Quobyte Volume URL set to: {'osci02.corp.quobyte.com/cinder-vol-6862a67e-7e12-4a83-8fba-9a2727fa9653': None} {{(pid=87230) _load_shares_config /opt/stack/cinder/cinder/volume/drivers/quobyte.py:617}}
Jul 09 14:34:12 devstack cinder-volume[87230]: DEBUG cinder.volume.drivers.quobyte [None req-d5750822-7fb2-402b-a00e-b3863fe2c935 tempest-TaggedAttachmentsTest-1717979664 None] Available shares ['osci02.corp.quobyte.com/cinder-vol-6862a67e-7e12-4a83-8fba-9a2727fa9653'] {{(pid=87230) _ensure_shares_mounted /opt/stack/cinder/cinder/volume/drivers/quobyte.py:647}}
Jul 09 14:34:12 devstack cinder-volume[87230]: DEBUG oslo_concurrency.lockutils [None req-d5750822-7fb2-402b-a00e-b3863fe2c935 tempest-TaggedAttachmentsTest-1717979664 None] Lock "quobyte_ensure" "released" by "cinder.volume.drivers.quobyte.QuobyteDriver._ensure_shares_mounted" :: held 0.009s {{(pid=87230) inner /opt/stack/data/venv/lib/python3.12/site-packages/oslo_concurrency/lockutils.py:543}}
Jul 09 14:34:12 devstack cinder-volume[87230]: DEBUG cinder.volume.drivers.quobyte [None req-d5750822-7fb2-402b-a00e-b3863fe2c935 tempest-TaggedAttachmentsTest-1717979664 None] Selected osci02.corp.quobyte.com/cinder-vol-6862a67e-7e12-4a83-8fba-9a2727fa9653 as target Quobyte volume. {{(pid=87230) _find_share /opt/stack/cinder/cinder/volume/drivers/quobyte.py:668}}
Jul 09 14:34:12 devstack cinder-volume[87230]: INFO cinder.volume.drivers.remotefs [None req-d5750822-7fb2-402b-a00e-b3863fe2c935 tempest-TaggedAttachmentsTest-1717979664 None] casted to osci02.corp.quobyte.com/cinder-vol-6862a67e-7e12-4a83-8fba-9a2727fa9653
Jul 09 14:34:12 devstack cinder-volume[87230]: DEBUG oslo_concurrency.processutils [None req-d5750822-7fb2-402b-a00e-b3863fe2c935 tempest-TaggedAttachmentsTest-1717979664 None] Running cmd (subprocess): sudo cinder-rootwrap /etc/cinder/rootwrap.conf qemu-img create -f qcow2 -o preallocation=metadata /opt/stack/data/cinder/mnt/c28b2cc80067aef318bd8e897c99b6fd/volume-8a2a10ef-5848-4758-b3c5-f2283f2da7ec 1073741824 {{(pid=87230) execute /opt/stack/data/venv/lib/python3.12/site-packages/oslo_concurrency/processutils.py:440}}
Jul 09 14:34:12 devstack sudo[90892]: quobyte : PWD=/ ; USER=root ; COMMAND=/opt/stack/data/venv/bin/cinder-rootwrap /etc/cinder/rootwrap.conf qemu-img create -f qcow2 -o preallocation=metadata /opt/stack/data/cinder/mnt/c28b2cc80067aef318bd8e897c99b6fd/volume-8a2a10ef-5848-4758-b3c5-f2283f2da7ec 1073741824
Jul 09 14:34:12 devstack sudo[90892]: pam_unix(sudo:session): session opened for user root(uid=0) by (uid=1000)
Jul 09 14:34:12 devstack cinder-volume[87230]: INFO cinder.volume.manager [None req-88baaeb7-cffc-4083-b813-9f1c950e307b tempest-GroupsV314Test-1691964999 None] Create group from source-group-b88e9520-ccaa-474a-8a36-b7c3223476fa completed successfully.
Jul 09 14:34:13 devstack sudo[90892]: pam_unix(sudo:session): session closed for user root
Jul 09 14:34:13 devstack cinder-volume[87230]: DEBUG oslo_concurrency.processutils [None req-d5750822-7fb2-402b-a00e-b3863fe2c935 tempest-TaggedAttachmentsTest-1717979664 None] CMD "sudo cinder-rootwrap /etc/cinder/rootwrap.conf qemu-img create -f qcow2 -o preallocation=metadata /opt/stack/data/cinder/mnt/c28b2cc80067aef318bd8e897c99b6fd/volume-8a2a10ef-5848-4758-b3c5-f2283f2da7ec 1073741824" returned: 0 in 0.968s {{(pid=87230) execute /opt/stack/data/venv/lib/python3.12/site-packages/oslo_concurrency/processutils.py:468}}
Jul 09 14:34:13 devstack cinder-volume[87230]: DEBUG oslo_concurrency.processutils [None req-d5750822-7fb2-402b-a00e-b3863fe2c935 tempest-TaggedAttachmentsTest-1717979664 None] Running cmd (subprocess): sudo cinder-rootwrap /etc/cinder/rootwrap.conf chmod ugo+rw /opt/stack/data/cinder/mnt/c28b2cc80067aef318bd8e897c99b6fd/volume-8a2a10ef-5848-4758-b3c5-f2283f2da7ec {{(pid=87230) execute /opt/stack/data/venv/lib/python3.12/site-packages/oslo_concurrency/processutils.py:440}}
Jul 09 14:34:13 devstack sudo[90898]: quobyte : PWD=/ ; USER=root ; COMMAND=/opt/stack/data/venv/bin/cinder-rootwrap /etc/cinder/rootwrap.conf chmod ugo+rw /opt/stack/data/cinder/mnt/c28b2cc80067aef318bd8e897c99b6fd/volume-8a2a10ef-5848-4758-b3c5-f2283f2da7ec
Jul 09 14:34:13 devstack sudo[90898]: pam_unix(sudo:session): session opened for user root(uid=0) by (uid=1000)
Jul 09 14:34:13 devstack cinder-volume[87230]: DEBUG cinder.coordination [None req-d4ca0a46-0a61-4cba-a8f9-11d7444c6190 tempest-GroupsV314Test-1691964999 None] Acquiring lock "cinder-quobyte-3c6740bf-547a-4d03-8fb6-658ff29d5377" by "delete_volume" {{(pid=87230) __acquire /opt/stack/cinder/cinder/coordination.py:138}}
Jul 09 14:34:13 devstack cinder-volume[87230]: DEBUG cinder.coordination [None req-d4ca0a46-0a61-4cba-a8f9-11d7444c6190 tempest-GroupsV314Test-1691964999 None] Lock "cinder-quobyte-3c6740bf-547a-4d03-8fb6-658ff29d5377" acquired by "delete_volume" :: waited 0.019s {{(pid=87230) __acquire /opt/stack/cinder/cinder/coordination.py:141}}
Jul 09 14:34:13 devstack cinder-volume[87230]: DEBUG oslo.privsep.daemon [-] privsep: reply[91076d31-38bd-4da8-bfc9-5473654d3112]: (4, 'qcow2') {{(pid=88541) _call_back /opt/stack/data/venv/lib/python3.12/site-packages/oslo_privsep/daemon.py:580}}
Jul 09 14:34:13 devstack cinder-volume[87230]: DEBUG oslo_concurrency.processutils [None req-d4ca0a46-0a61-4cba-a8f9-11d7444c6190 tempest-GroupsV314Test-1691964999 None] Running cmd (subprocess): /opt/stack/data/venv/bin/python3.12 -m oslo_concurrency.prlimit --as=1073741824 --cpu=60 -- sudo cinder-rootwrap /etc/cinder/rootwrap.conf env LC_ALL=C qemu-img info -f qcow2 --output=json --force-share /opt/stack/data/cinder/mnt/c28b2cc80067aef318bd8e897c99b6fd/volume-3c6740bf-547a-4d03-8fb6-658ff29d5377 {{(pid=87230) execute /opt/stack/data/venv/lib/python3.12/site-packages/oslo_concurrency/processutils.py:440}}
Jul 09 14:34:13 devstack sudo[90900]: quobyte : PWD=/ ; USER=root ; COMMAND=/opt/stack/data/venv/bin/cinder-rootwrap /etc/cinder/rootwrap.conf env LC_ALL=C qemu-img info -f qcow2 --output=json --force-share /opt/stack/data/cinder/mnt/c28b2cc80067aef318bd8e897c99b6fd/volume-3c6740bf-547a-4d03-8fb6-658ff29d5377
Jul 09 14:34:13 devstack sudo[90900]: pam_unix(sudo:session): session opened for user root(uid=0) by (uid=1000)
Jul 09 14:34:14 devstack sudo[90898]: pam_unix(sudo:session): session closed for user root
Jul 09 14:34:14 devstack cinder-volume[87230]: DEBUG oslo_concurrency.processutils [None req-d5750822-7fb2-402b-a00e-b3863fe2c935 tempest-TaggedAttachmentsTest-1717979664 None] CMD "sudo cinder-rootwrap /etc/cinder/rootwrap.conf chmod ugo+rw /opt/stack/data/cinder/mnt/c28b2cc80067aef318bd8e897c99b6fd/volume-8a2a10ef-5848-4758-b3c5-f2283f2da7ec" returned: 0 in 0.690s {{(pid=87230) execute /opt/stack/data/venv/lib/python3.12/site-packages/oslo_concurrency/processutils.py:468}}
Jul 09 14:34:14 devstack cinder-volume[87230]: DEBUG cinder.volume.drivers.quobyte [None req-d5750822-7fb2-402b-a00e-b3863fe2c935 tempest-TaggedAttachmentsTest-1717979664 None] <== create_volume: return (1702ms) {'provider_location': 'osci02.corp.quobyte.com/cinder-vol-6862a67e-7e12-4a83-8fba-9a2727fa9653'} {{(pid=87230) trace_logging_wrapper /opt/stack/cinder/cinder/volume/volume_utils.py:1522}}
Jul 09 14:34:14 devstack cinder-volume[87230]: DEBUG oslo_concurrency.lockutils [None req-d5750822-7fb2-402b-a00e-b3863fe2c935 tempest-TaggedAttachmentsTest-1717979664 None] Lock "quobyte" "released" by "cinder.volume.drivers.quobyte.QuobyteDriver.create_volume" :: held 1.705s {{(pid=87230) inner /opt/stack/data/venv/lib/python3.12/site-packages/oslo_concurrency/lockutils.py:543}}
Jul 09 14:34:14 devstack cinder-volume[87230]: DEBUG cinder.volume.manager [None req-d5750822-7fb2-402b-a00e-b3863fe2c935 tempest-TaggedAttachmentsTest-1717979664 None] Task 'cinder.volume.flows.manager.create_volume.CreateVolumeFromSpecTask;volume:create' (5f453ec6-6816-4836-a260-1a01cca31939) transitioned into state 'SUCCESS' from state 'RUNNING' with result '{'status': 'creating', 'volume_name': 'volume-8a2a10ef-5848-4758-b3c5-f2283f2da7ec', 'volume_size': 1}' {{(pid=87230) _task_receiver /opt/stack/data/venv/lib/python3.12/site-packages/taskflow/listeners/logging.py:218}}
Jul 09 14:34:14 devstack cinder-volume[87230]: DEBUG cinder.volume.manager [None req-d5750822-7fb2-402b-a00e-b3863fe2c935 tempest-TaggedAttachmentsTest-1717979664 None] Task 'cinder.volume.flows.manager.create_volume.CreateVolumeOnFinishTask;volume:create, create.end' (248e4f20-98bc-4f58-9930-9547878b9a98) transitioned into state 'RUNNING' from state 'PENDING' {{(pid=87230) _task_receiver /opt/stack/data/venv/lib/python3.12/site-packages/taskflow/listeners/logging.py:242}}
Jul 09 14:34:14 devstack cinder-volume[87230]: INFO cinder.volume.flows.manager.create_volume [None req-d5750822-7fb2-402b-a00e-b3863fe2c935 tempest-TaggedAttachmentsTest-1717979664 None] Volume volume-8a2a10ef-5848-4758-b3c5-f2283f2da7ec (8a2a10ef-5848-4758-b3c5-f2283f2da7ec): created successfully
Jul 09 14:34:14 devstack cinder-volume[87230]: DEBUG cinder.volume.manager [None req-d5750822-7fb2-402b-a00e-b3863fe2c935 tempest-TaggedAttachmentsTest-1717979664 None] Task 'cinder.volume.flows.manager.create_volume.CreateVolumeOnFinishTask;volume:create, create.end' (248e4f20-98bc-4f58-9930-9547878b9a98) transitioned into state 'SUCCESS' from state 'RUNNING' with result 'None' {{(pid=87230) _task_receiver /opt/stack/data/venv/lib/python3.12/site-packages/taskflow/listeners/logging.py:218}}
Jul 09 14:34:14 devstack cinder-volume[87230]: DEBUG cinder.volume.manager [None req-d5750822-7fb2-402b-a00e-b3863fe2c935 tempest-TaggedAttachmentsTest-1717979664 None] Flow 'volume_create_manager' (0ebc1011-7c7b-4499-8652-b5921e647fe2) transitioned into state 'SUCCESS' from state 'RUNNING' {{(pid=87230) _flow_receiver /opt/stack/data/venv/lib/python3.12/site-packages/taskflow/listeners/logging.py:160}}
Jul 09 14:34:14 devstack cinder-volume[87230]: INFO cinder.volume.manager [None req-d5750822-7fb2-402b-a00e-b3863fe2c935 tempest-TaggedAttachmentsTest-1717979664 None] Created volume successfully.
Jul 09 14:34:14 devstack sudo[90900]: pam_unix(sudo:session): session closed for user root
Jul 09 14:34:14 devstack cinder-volume[87230]: DEBUG oslo_concurrency.processutils [None req-d4ca0a46-0a61-4cba-a8f9-11d7444c6190 tempest-GroupsV314Test-1691964999 None] CMD "/opt/stack/data/venv/bin/python3.12 -m oslo_concurrency.prlimit --as=1073741824 --cpu=60 -- sudo cinder-rootwrap /etc/cinder/rootwrap.conf env LC_ALL=C qemu-img info -f qcow2 --output=json --force-share /opt/stack/data/cinder/mnt/c28b2cc80067aef318bd8e897c99b6fd/volume-3c6740bf-547a-4d03-8fb6-658ff29d5377" returned: 0 in 0.785s {{(pid=87230) execute /opt/stack/data/venv/lib/python3.12/site-packages/oslo_concurrency/processutils.py:468}}
Jul 09 14:34:14 devstack cinder-volume[87230]: DEBUG oslo_concurrency.processutils [None req-d4ca0a46-0a61-4cba-a8f9-11d7444c6190 tempest-GroupsV314Test-1691964999 None] Running cmd (subprocess): sudo cinder-rootwrap /etc/cinder/rootwrap.conf rm -f /opt/stack/data/cinder/mnt/c28b2cc80067aef318bd8e897c99b6fd/volume-3c6740bf-547a-4d03-8fb6-658ff29d5377 {{(pid=87230) execute /opt/stack/data/venv/lib/python3.12/site-packages/oslo_concurrency/processutils.py:440}}
Jul 09 14:34:14 devstack sudo[90906]: quobyte : PWD=/ ; USER=root ; COMMAND=/opt/stack/data/venv/bin/cinder-rootwrap /etc/cinder/rootwrap.conf rm -f /opt/stack/data/cinder/mnt/c28b2cc80067aef318bd8e897c99b6fd/volume-3c6740bf-547a-4d03-8fb6-658ff29d5377
Jul 09 14:34:14 devstack sudo[90906]: pam_unix(sudo:session): session opened for user root(uid=0) by (uid=1000)
Jul 09 14:34:15 devstack sudo[90906]: pam_unix(sudo:session): session closed for user root
Jul 09 14:34:15 devstack cinder-volume[87230]: DEBUG oslo_concurrency.processutils [None req-d4ca0a46-0a61-4cba-a8f9-11d7444c6190 tempest-GroupsV314Test-1691964999 None] CMD "sudo cinder-rootwrap /etc/cinder/rootwrap.conf rm -f /opt/stack/data/cinder/mnt/c28b2cc80067aef318bd8e897c99b6fd/volume-3c6740bf-547a-4d03-8fb6-658ff29d5377" returned: 0 in 0.950s {{(pid=87230) execute /opt/stack/data/venv/lib/python3.12/site-packages/oslo_concurrency/processutils.py:468}}
Jul 09 14:34:15 devstack cinder-volume[87230]: DEBUG cinder.coordination [None req-d4ca0a46-0a61-4cba-a8f9-11d7444c6190 tempest-GroupsV314Test-1691964999 None] Lock "cinder-quobyte-3c6740bf-547a-4d03-8fb6-658ff29d5377" released by "delete_volume" :: held 1.782s {{(pid=87230) __release /opt/stack/cinder/cinder/coordination.py:152}}
Jul 09 14:34:15 devstack cinder-volume[87230]: DEBUG cinder.quota [None req-d4ca0a46-0a61-4cba-a8f9-11d7444c6190 tempest-GroupsV314Test-1691964999 None] Created reservations ['4cc5d01e-ed90-4f30-81a2-edfc7c2aa3ae'] {{(pid=87230) reserve /opt/stack/cinder/cinder/quota.py:752}}
Jul 09 14:34:15 devstack cinder-volume[87230]: WARNING cinder.quota [None req-d4ca0a46-0a61-4cba-a8f9-11d7444c6190 tempest-GroupsV314Test-1691964999 None] Deprecated: Default quota for resource: volumes_tempest-GroupsV314Test-volume-type-511735299 is set by the default quota flag: quota_volumes_tempest-GroupsV314Test-volume-type-511735299, it is now deprecated. Please use the default quota class for default quota.
Jul 09 14:34:15 devstack cinder-volume[87230]: WARNING cinder.quota [None req-d4ca0a46-0a61-4cba-a8f9-11d7444c6190 tempest-GroupsV314Test-1691964999 None] Deprecated: Default quota for resource: gigabytes_tempest-GroupsV314Test-volume-type-511735299 is set by the default quota flag: quota_gigabytes_tempest-GroupsV314Test-volume-type-511735299, it is now deprecated. Please use the default quota class for default quota.
