Jan 21 20:03:01 devstack devstack@g-api.service[75986]: DEBUG glance.common.config [None req-80165a29-f513-4465-ae69-3d4e8f40caa1 None None] barbican_service_user.cafile = None {{(pid=75986) log_opt_values /opt/stack/data/venv/lib/python3.10/site-packages/oslo_config/cfg.py:2824}}
Jan 21 20:03:01 devstack devstack@g-api.service[75986]: DEBUG glance.common.config [None req-80165a29-f513-4465-ae69-3d4e8f40caa1 None None] barbican_service_user.certfile = None {{(pid=75986) log_opt_values /opt/stack/data/venv/lib/python3.10/site-packages/oslo_config/cfg.py:2824}}
Jan 21 20:03:01 devstack devstack@g-api.service[75986]: DEBUG glance.common.config [None req-80165a29-f513-4465-ae69-3d4e8f40caa1 None None] barbican_service_user.collect_timing = False {{(pid=75986) log_opt_values /opt/stack/data/venv/lib/python3.10/site-packages/oslo_config/cfg.py:2824}}
Jan 21 20:03:01 devstack devstack@g-api.service[75986]: DEBUG glance.common.config [None req-80165a29-f513-4465-ae69-3d4e8f40caa1 None None] barbican_service_user.insecure = False {{(pid=75986) log_opt_values /opt/stack/data/venv/lib/python3.10/site-packages/oslo_config/cfg.py:2824}}
Jan 21 20:03:01 devstack devstack@g-api.service[75986]: DEBUG glance.common.config [None req-80165a29-f513-4465-ae69-3d4e8f40caa1 None None] barbican_service_user.keyfile = None {{(pid=75986) log_opt_values /opt/stack/data/venv/lib/python3.10/site-packages/oslo_config/cfg.py:2824}}
Jan 21 20:03:01 devstack devstack@g-api.service[75986]: DEBUG glance.common.config [None req-80165a29-f513-4465-ae69-3d4e8f40caa1 None None] barbican_service_user.split_loggers = False {{(pid=75986) log_opt_values /opt/stack/data/venv/lib/python3.10/site-packages/oslo_config/cfg.py:2824}}
Jan 21 20:03:01 devstack devstack@g-api.service[75986]: DEBUG glance.common.config [None req-80165a29-f513-4465-ae69-3d4e8f40caa1 None None] barbican_service_user.timeout = None {{(pid=75986) log_opt_values /opt/stack/data/venv/lib/python3.10/site-packages/oslo_config/cfg.py:2824}}
Jan 21 20:03:01 devstack devstack@g-api.service[75986]: DEBUG glance.common.config [None req-80165a29-f513-4465-ae69-3d4e8f40caa1 None None] database.asyncio_connection = **** {{(pid=75986) log_opt_values /opt/stack/data/venv/lib/python3.10/site-packages/oslo_config/cfg.py:2824}}
Jan 21 20:03:01 devstack devstack@g-api.service[75986]: DEBUG glance.common.config [None req-80165a29-f513-4465-ae69-3d4e8f40caa1 None None] database.asyncio_slave_connection = **** {{(pid=75986) log_opt_values /opt/stack/data/venv/lib/python3.10/site-packages/oslo_config/cfg.py:2824}}
Jan 21 20:03:01 devstack devstack@g-api.service[75986]: DEBUG glance.common.config [None req-80165a29-f513-4465-ae69-3d4e8f40caa1 None None] database.backend = sqlalchemy {{(pid=75986) log_opt_values /opt/stack/data/venv/lib/python3.10/site-packages/oslo_config/cfg.py:2824}}
Jan 21 20:03:01 devstack devstack@g-api.service[75986]: DEBUG glance.common.config [None req-80165a29-f513-4465-ae69-3d4e8f40caa1 None None] database.connection = **** {{(pid=75986) log_opt_values /opt/stack/data/venv/lib/python3.10/site-packages/oslo_config/cfg.py:2824}}
Jan 21 20:03:01 devstack devstack@g-api.service[75986]: DEBUG glance.common.config [None req-80165a29-f513-4465-ae69-3d4e8f40caa1 None None] database.connection_debug = 0 {{(pid=75986) log_opt_values /opt/stack/data/venv/lib/python3.10/site-packages/oslo_config/cfg.py:2824}}
Jan 21 20:03:01 devstack devstack@g-api.service[75986]: DEBUG glance.common.config [None req-80165a29-f513-4465-ae69-3d4e8f40caa1 None None] database.connection_parameters = {{(pid=75986) log_opt_values /opt/stack/data/venv/lib/python3.10/site-packages/oslo_config/cfg.py:2824}}
Jan 21 20:03:01 devstack devstack@g-api.service[75986]: DEBUG glance.common.config [None req-80165a29-f513-4465-ae69-3d4e8f40caa1 None None] database.connection_recycle_time = 3600 {{(pid=75986) log_opt_values /opt/stack/data/venv/lib/python3.10/site-packages/oslo_config/cfg.py:2824}}
Jan 21 20:03:01 devstack devstack@g-api.service[75986]: DEBUG glance.common.config [None req-80165a29-f513-4465-ae69-3d4e8f40caa1 None None] database.connection_trace = False {{(pid=75986) log_opt_values /opt/stack/data/venv/lib/python3.10/site-packages/oslo_config/cfg.py:2824}}
Jan 21 20:03:01 devstack devstack@g-api.service[75986]: DEBUG glance.common.config [None req-80165a29-f513-4465-ae69-3d4e8f40caa1 None None] database.db_inc_retry_interval = True {{(pid=75986) log_opt_values /opt/stack/data/venv/lib/python3.10/site-packages/oslo_config/cfg.py:2824}}
Jan 21 20:03:01 devstack devstack@g-api.service[75986]: DEBUG glance.common.config [None req-80165a29-f513-4465-ae69-3d4e8f40caa1 None None] database.db_max_retries = 20 {{(pid=75986) log_opt_values /opt/stack/data/venv/lib/python3.10/site-packages/oslo_config/cfg.py:2824}}
Jan 21 20:03:01 devstack devstack@g-api.service[75986]: DEBUG glance.common.config [None req-80165a29-f513-4465-ae69-3d4e8f40caa1 None None] database.db_max_retry_interval = 10 {{(pid=75986) log_opt_values /opt/stack/data/venv/lib/python3.10/site-packages/oslo_config/cfg.py:2824}}
Jan 21 20:03:01 devstack devstack@g-api.service[75986]: DEBUG glance.common.config [None req-80165a29-f513-4465-ae69-3d4e8f40caa1 None None] database.db_retry_interval = 1 {{(pid=75986) log_opt_values /opt/stack/data/venv/lib/python3.10/site-packages/oslo_config/cfg.py:2824}}
Jan 21 20:03:01 devstack devstack@g-api.service[75986]: DEBUG glance.common.config [None req-80165a29-f513-4465-ae69-3d4e8f40caa1 None None] database.max_overflow = 50 {{(pid=75986) log_opt_values /opt/stack/data/venv/lib/python3.10/site-packages/oslo_config/cfg.py:2824}}
Jan 21 20:03:01 devstack devstack@g-api.service[75986]: DEBUG glance.common.config [None req-80165a29-f513-4465-ae69-3d4e8f40caa1 None None] database.max_pool_size = 5 {{(pid=75986) log_opt_values /opt/stack/data/venv/lib/python3.10/site-packages/oslo_config/cfg.py:2824}}
Jan 21 20:03:01 devstack devstack@g-api.service[75986]: DEBUG glance.common.config [None req-80165a29-f513-4465-ae69-3d4e8f40caa1 None None] database.max_retries = 10 {{(pid=75986) log_opt_values /opt/stack/data/venv/lib/python3.10/site-packages/oslo_config/cfg.py:2824}}
Jan 21 20:03:01 devstack devstack@g-api.service[75986]: DEBUG glance.common.config [None req-80165a29-f513-4465-ae69-3d4e8f40caa1 None None] database.mysql_sql_mode = TRADITIONAL {{(pid=75986) log_opt_values /opt/stack/data/venv/lib/python3.10/site-packages/oslo_config/cfg.py:2824}}
Jan 21 20:03:01 devstack devstack@g-api.service[75986]: DEBUG glance.common.config [None req-80165a29-f513-4465-ae69-3d4e8f40caa1 None None] database.mysql_wsrep_sync_wait = None {{(pid=75986) log_opt_values /opt/stack/data/venv/lib/python3.10/site-packages/oslo_config/cfg.py:2824}}
Jan 21 20:03:01 devstack devstack@g-api.service[75986]: DEBUG glance.common.config [None req-80165a29-f513-4465-ae69-3d4e8f40caa1 None None] database.pool_timeout = None {{(pid=75986) log_opt_values /opt/stack/data/venv/lib/python3.10/site-packages/oslo_config/cfg.py:2824}}
Jan 21 20:03:01 devstack devstack@g-api.service[75986]: DEBUG glance.common.config [None req-80165a29-f513-4465-ae69-3d4e8f40caa1 None None] database.retry_interval = 10 {{(pid=75986) log_opt_values /opt/stack/data/venv/lib/python3.10/site-packages/oslo_config/cfg.py:2824}}
Jan 21 20:03:01 devstack devstack@g-api.service[75986]: DEBUG glance.common.config [None req-80165a29-f513-4465-ae69-3d4e8f40caa1 None None] database.slave_connection = **** {{(pid=75986) log_opt_values /opt/stack/data/venv/lib/python3.10/site-packages/oslo_config/cfg.py:2824}}
Jan 21 20:03:01 devstack devstack@g-api.service[75986]: DEBUG glance.common.config [None req-80165a29-f513-4465-ae69-3d4e8f40caa1 None None] database.sqlite_synchronous = True {{(pid=75986) log_opt_values /opt/stack/data/venv/lib/python3.10/site-packages/oslo_config/cfg.py:2824}}
Jan 21 20:03:01 devstack devstack@g-api.service[75986]: DEBUG glance.common.config [None req-80165a29-f513-4465-ae69-3d4e8f40caa1 None None] database.synchronous_reader = True {{(pid=75986) log_opt_values /opt/stack/data/venv/lib/python3.10/site-packages/oslo_config/cfg.py:2824}}
Jan 21 20:03:01 devstack devstack@g-api.service[75986]: DEBUG glance.common.config [None req-80165a29-f513-4465-ae69-3d4e8f40caa1 None None] database.use_db_reconnect = False {{(pid=75986) log_opt_values /opt/stack/data/venv/lib/python3.10/site-packages/oslo_config/cfg.py:2824}}
Jan 21 20:03:01 devstack devstack@g-api.service[75986]: DEBUG glance.common.config [None req-80165a29-f513-4465-ae69-3d4e8f40caa1 None None] healthcheck.allowed_source_ranges = [] {{(pid=75986) log_opt_values /opt/stack/data/venv/lib/python3.10/site-packages/oslo_config/cfg.py:2824}}
Jan 21 20:03:01 devstack devstack@g-api.service[75986]: DEBUG glance.common.config [None req-80165a29-f513-4465-ae69-3d4e8f40caa1 None None] healthcheck.backends = ['disable_by_file'] {{(pid=75986) log_opt_values /opt/stack/data/venv/lib/python3.10/site-packages/oslo_config/cfg.py:2824}}
Jan 21 20:03:01 devstack devstack@g-api.service[75986]: DEBUG glance.common.config [None req-80165a29-f513-4465-ae69-3d4e8f40caa1 None None] healthcheck.detailed = False {{(pid=75986) log_opt_values /opt/stack/data/venv/lib/python3.10/site-packages/oslo_config/cfg.py:2824}}
Jan 21 20:03:01 devstack devstack@g-api.service[75986]: DEBUG glance.common.config [None req-80165a29-f513-4465-ae69-3d4e8f40caa1 None None] healthcheck.disable_by_file_path = None {{(pid=75986) log_opt_values /opt/stack/data/venv/lib/python3.10/site-packages/oslo_config/cfg.py:2824}}
Jan 21 20:03:01 devstack devstack@g-api.service[75986]: DEBUG glance.common.config [None req-80165a29-f513-4465-ae69-3d4e8f40caa1 None None] healthcheck.ignore_proxied_requests = False {{(pid=75986) log_opt_values /opt/stack/data/venv/lib/python3.10/site-packages/oslo_config/cfg.py:2824}}
Jan 21 20:03:01 devstack devstack@g-api.service[75986]: DEBUG glance.common.config [None req-80165a29-f513-4465-ae69-3d4e8f40caa1 None None] ******************************************************************************** {{(pid=75986) log_opt_values /opt/stack/data/venv/lib/python3.10/site-packages/oslo_config/cfg.py:2828}}
Jan 21 20:03:01 devstack devstack@g-api.service[75986]: WSGI app 0 (mountpoint='') ready in 4 seconds on interpreter 0x558ec3db06a0 pid: 75986 (default app)
Jan 21 20:03:03 devstack devstack@g-api.service[75985]: DEBUG glance.api.middleware.version_negotiation [None req-53cb7eb8-5cae-40ba-bbdc-f1713fe7289d None None] Determining version of request: GET / Accept: application/json {{(pid=75985) process_request /opt/stack/glance/glance/api/middleware/version_negotiation.py:44}}
Jan 21 20:03:03 devstack devstack@g-api.service[75985]: DEBUG glance.api.middleware.version_negotiation [None req-53cb7eb8-5cae-40ba-bbdc-f1713fe7289d None None] Using url versioning {{(pid=75985) process_request /opt/stack/glance/glance/api/middleware/version_negotiation.py:57}}
Jan 21 20:03:03 devstack devstack@g-api.service[75985]: DEBUG glance.api.middleware.version_negotiation [None req-53cb7eb8-5cae-40ba-bbdc-f1713fe7289d None None] Unknown version. Returning version choices. {{(pid=75985) process_request /opt/stack/glance/glance/api/middleware/version_negotiation.py:64}}
Jan 21 20:03:03 devstack devstack@g-api.service[75985]: [pid: 75985|app: 0|req: 2/2] 127.0.0.1 () {34 vars in 519 bytes} [Wed Jan 21 20:03:03 2026] GET / => generated 1459 bytes in 2 msecs (HTTP/1.1 300) 3 headers in 106 bytes (1 switches on core 0)
Jan 21 20:03:03 devstack devstack@g-api.service[75986]: DEBUG glance.api.middleware.version_negotiation [None req-80165a29-f513-4465-ae69-3d4e8f40caa1 None None] Determining version of request: POST /v2/images Accept: */* {{(pid=75986) process_request /opt/stack/glance/glance/api/middleware/version_negotiation.py:44}}
Jan 21 20:03:03 devstack devstack@g-api.service[75986]: DEBUG glance.api.middleware.version_negotiation [None req-80165a29-f513-4465-ae69-3d4e8f40caa1 None None] Using url versioning {{(pid=75986) process_request /opt/stack/glance/glance/api/middleware/version_negotiation.py:57}}
Jan 21 20:03:03 devstack devstack@g-api.service[75986]: DEBUG glance.api.middleware.version_negotiation [None req-80165a29-f513-4465-ae69-3d4e8f40caa1 None None] Matched version: v2 {{(pid=75986) process_request /opt/stack/glance/glance/api/middleware/version_negotiation.py:69}}
Jan 21 20:03:03 devstack devstack@g-api.service[75986]: DEBUG glance.api.middleware.version_negotiation [None req-80165a29-f513-4465-ae69-3d4e8f40caa1 None None] new path /v2/images {{(pid=75986) process_request /opt/stack/glance/glance/api/middleware/version_negotiation.py:70}}
Jan 21 20:03:04 devstack devstack@g-api.service[75986]: [pid: 75986|app: 0|req: 1/3] 127.0.0.1 () {40 vars in 782 bytes} [Wed Jan 21 20:03:03 2026] POST /v2/images => generated 807 bytes in 924 msecs (HTTP/1.1 201) 6 headers in 314 bytes (1 switches on core 0)
Jan 21 20:03:04 devstack devstack@g-api.service[75985]: DEBUG glance.api.middleware.version_negotiation [None req-53cb7eb8-5cae-40ba-bbdc-f1713fe7289d None None] Determining version of request: PUT /v2/images/0ebbe5c2-60ac-4cd7-9dd2-1867aa14c5f6/file Accept: {{(pid=75985) process_request /opt/stack/glance/glance/api/middleware/version_negotiation.py:44}}
Jan 21 20:03:04 devstack devstack@g-api.service[75985]: DEBUG glance.api.middleware.version_negotiation [None req-53cb7eb8-5cae-40ba-bbdc-f1713fe7289d None None] Using url versioning {{(pid=75985) process_request /opt/stack/glance/glance/api/middleware/version_negotiation.py:57}}
Jan 21 20:03:04 devstack devstack@g-api.service[75985]: DEBUG glance.api.middleware.version_negotiation [None req-53cb7eb8-5cae-40ba-bbdc-f1713fe7289d None None] Matched version: v2 {{(pid=75985) process_request /opt/stack/glance/glance/api/middleware/version_negotiation.py:69}}
Jan 21 20:03:04 devstack devstack@g-api.service[75985]: DEBUG glance.api.middleware.version_negotiation [None req-53cb7eb8-5cae-40ba-bbdc-f1713fe7289d None None] new path /v2/images/0ebbe5c2-60ac-4cd7-9dd2-1867aa14c5f6/file {{(pid=75985) process_request /opt/stack/glance/glance/api/middleware/version_negotiation.py:70}}
Jan 21 20:03:05 devstack devstack@g-api.service[75985]: INFO glance.api.v2.image_data [None req-e17aa4d4-576b-4eba-9a0b-044c7def2d72 admin admin] Unable to create trust: no such option collect_timing in group [keystone_authtoken] Use the existing user token.
Jan 21 20:03:05 devstack devstack@g-api.service[75985]: DEBUG glance.location [None req-e17aa4d4-576b-4eba-9a0b-044c7def2d72 admin admin] Enabling in-flight format inspection for qcow2 {{(pid=75985) set_data /opt/stack/glance/glance/location.py:616}}
Jan 21 20:03:05 devstack devstack@g-api.service[75985]: DEBUG oslo_utils.imageutils.format_inspector [None req-e17aa4d4-576b-4eba-9a0b-044c7def2d72 admin admin] Format inspector for vmdk does not match, excluding from consideration (Signature KDMV not found: b'QFI\xfb') {{(pid=75985) _process_chunk /opt/stack/data/venv/lib/python3.10/site-packages/oslo_utils/imageutils/format_inspector.py:1537}}
Jan 21 20:03:05 devstack devstack@g-api.service[75985]: DEBUG oslo_utils.imageutils.format_inspector [None req-e17aa4d4-576b-4eba-9a0b-044c7def2d72 admin admin] Format inspector for vhdx does not match, excluding from consideration (Region signature not found at 30000) {{(pid=75985) _process_chunk /opt/stack/data/venv/lib/python3.10/site-packages/oslo_utils/imageutils/format_inspector.py:1537}}
Jan 21 20:03:05 devstack devstack@g-api.service[75985]: DEBUG glance_store._drivers.filesystem [None req-e17aa4d4-576b-4eba-9a0b-044c7def2d72 admin admin] Wrote 21692416 bytes to /opt/stack/data/glance/images/0ebbe5c2-60ac-4cd7-9dd2-1867aa14c5f6 with checksum 87617e24a5e30cb3b87fda8c0764838f and multihash 9a9bce0083a00939ec17c11febbfc767aa211aaa54f51e75c5a8b271a9b5637c77205a518b7a2007cb391d23cceb01e0e4e8d64832317151bc85b734b92a7be0 {{(pid=75985) add /opt/stack/data/venv/lib/python3.10/site-packages/glance_store/_drivers/filesystem.py:794}}
Jan 21 20:03:05 devstack devstack@g-api.service[75985]: INFO glance.location [None req-e17aa4d4-576b-4eba-9a0b-044c7def2d72 admin admin] Image format matched and virtual size computed: 117440512
Jan 21 20:03:05 devstack devstack@g-api.service[75985]: DEBUG glance_store.backend [None req-e17aa4d4-576b-4eba-9a0b-044c7def2d72 admin admin] Skipping store.set_acls... not implemented. {{(pid=75985) set_acls /opt/stack/data/venv/lib/python3.10/site-packages/glance_store/backend.py:507}}
Jan 21 20:03:05 devstack devstack@g-api.service[75985]: [pid: 75985|app: 0|req: 3/4] 127.0.0.1 () {40 vars in 875 bytes} [Wed Jan 21 20:03:04 2026] PUT /v2/images/0ebbe5c2-60ac-4cd7-9dd2-1867aa14c5f6/file => generated 0 bytes in 1201 msecs (HTTP/1.1 204) 4 headers in 171 bytes (1 switches on core 0)
Jan 21 20:03:05 devstack devstack@g-api.service[75986]: DEBUG glance.api.middleware.version_negotiation [None req-283863bd-dc52-409f-aee9-a9ae9b931e69 admin admin] Determining version of request: GET /v2/images/0ebbe5c2-60ac-4cd7-9dd2-1867aa14c5f6 Accept: */* {{(pid=75986) process_request /opt/stack/glance/glance/api/middleware/version_negotiation.py:44}}
Jan 21 20:03:05 devstack devstack@g-api.service[75986]: DEBUG glance.api.middleware.version_negotiation [None req-283863bd-dc52-409f-aee9-a9ae9b931e69 admin admin] Using url versioning {{(pid=75986) process_request /opt/stack/glance/glance/api/middleware/version_negotiation.py:57}}
Jan 21 20:03:05 devstack devstack@g-api.service[75986]: DEBUG glance.api.middleware.version_negotiation [None req-283863bd-dc52-409f-aee9-a9ae9b931e69 admin admin] Matched version: v2 {{(pid=75986) process_request /opt/stack/glance/glance/api/middleware/version_negotiation.py:69}}
Jan 21 20:03:05 devstack devstack@g-api.service[75986]: DEBUG glance.api.middleware.version_negotiation [None req-283863bd-dc52-409f-aee9-a9ae9b931e69 admin admin] new path /v2/images/0ebbe5c2-60ac-4cd7-9dd2-1867aa14c5f6 {{(pid=75986) process_request /opt/stack/glance/glance/api/middleware/version_negotiation.py:70}}
Jan 21 20:03:05 devstack devstack@g-api.service[75986]: [pid: 75986|app: 0|req: 2/5] 127.0.0.1 () {36 vars in 802 bytes} [Wed Jan 21 20:03:05 2026] GET /v2/images/0ebbe5c2-60ac-4cd7-9dd2-1867aa14c5f6 => generated 976 bytes in 13 msecs (HTTP/1.1 200) 4 headers in 157 bytes (1 switches on core 0)
Jan 21 20:03:15 devstack devstack@g-api.service[75985]: DEBUG dbcounter [-] [75985] Writing DB stats glance:INSERT=5,glance:SELECT=16,glance:UPDATE=2 {{(pid=75985) stat_writer /opt/stack/data/venv/lib/python3.10/site-packages/dbcounter.py:115}}
Jan 21 20:03:15 devstack devstack@g-api.service[75986]: DEBUG dbcounter [-] [75986] Writing DB stats glance:INSERT=9,glance:SELECT=6 {{(pid=75986) stat_writer /opt/stack/data/venv/lib/python3.10/site-packages/dbcounter.py:115}}
Jan 21 20:03:42 devstack devstack@g-api.service[75985]: DEBUG glance.api.middleware.version_negotiation [None req-e17aa4d4-576b-4eba-9a0b-044c7def2d72 admin admin] Determining version of request: GET / Accept: application/json {{(pid=75985) process_request /opt/stack/glance/glance/api/middleware/version_negotiation.py:44}}
Jan 21 20:03:42 devstack devstack@g-api.service[75985]: DEBUG glance.api.middleware.version_negotiation [None req-e17aa4d4-576b-4eba-9a0b-044c7def2d72 admin admin] Using url versioning {{(pid=75985) process_request /opt/stack/glance/glance/api/middleware/version_negotiation.py:57}}
Jan 21 20:03:42 devstack devstack@g-api.service[75985]: DEBUG glance.api.middleware.version_negotiation [None req-e17aa4d4-576b-4eba-9a0b-044c7def2d72 admin admin] Unknown version. Returning version choices. {{(pid=75985) process_request /opt/stack/glance/glance/api/middleware/version_negotiation.py:64}}
Jan 21 20:03:42 devstack devstack@g-api.service[75985]: [pid: 75985|app: 0|req: 4/6] 127.0.0.1 () {34 vars in 515 bytes} [Wed Jan 21 20:03:42 2026] GET / => generated 1459 bytes in 2 msecs (HTTP/1.1 300) 3 headers in 106 bytes (1 switches on core 0)
Jan 21 20:03:42 devstack devstack@g-api.service[75986]: DEBUG glance.api.middleware.version_negotiation [None req-40cbf5c4-efab-48bc-94da-f07f97ed3203 admin admin] Determining version of request: GET /v2/images Accept: application/json {{(pid=75986) process_request /opt/stack/glance/glance/api/middleware/version_negotiation.py:44}}
Jan 21 20:03:42 devstack devstack@g-api.service[75986]: DEBUG glance.api.middleware.version_negotiation [None req-40cbf5c4-efab-48bc-94da-f07f97ed3203 admin admin] Using url versioning {{(pid=75986) process_request /opt/stack/glance/glance/api/middleware/version_negotiation.py:57}}
Jan 21 20:03:42 devstack devstack@g-api.service[75986]: DEBUG glance.api.middleware.version_negotiation [None req-40cbf5c4-efab-48bc-94da-f07f97ed3203 admin admin] Matched version: v2 {{(pid=75986) process_request /opt/stack/glance/glance/api/middleware/version_negotiation.py:69}}
Jan 21 20:03:42 devstack devstack@g-api.service[75986]: DEBUG glance.api.middleware.version_negotiation [None req-40cbf5c4-efab-48bc-94da-f07f97ed3203 admin admin] new path /v2/images {{(pid=75986) process_request /opt/stack/glance/glance/api/middleware/version_negotiation.py:70}}
Jan 21 20:03:42 devstack devstack@g-api.service[75986]: [pid: 75986|app: 0|req: 3/7] 127.0.0.1 () {36 vars in 737 bytes} [Wed Jan 21 20:03:42 2026] GET /v2/images => generated 1045 bytes in 62 msecs (HTTP/1.1 200) 4 headers in 158 bytes (1 switches on core 0)
Jan 21 20:03:48 devstack devstack@g-api.service[75985]: DEBUG glance.api.middleware.version_negotiation [None req-e17aa4d4-576b-4eba-9a0b-044c7def2d72 admin admin] Determining version of request: GET / Accept: application/json {{(pid=75985) process_request /opt/stack/glance/glance/api/middleware/version_negotiation.py:44}}
Jan 21 20:03:48 devstack devstack@g-api.service[75985]: DEBUG glance.api.middleware.version_negotiation [None req-e17aa4d4-576b-4eba-9a0b-044c7def2d72 admin admin] Using url versioning {{(pid=75985) process_request /opt/stack/glance/glance/api/middleware/version_negotiation.py:57}}
Jan 21 20:03:48 devstack devstack@g-api.service[75985]: DEBUG glance.api.middleware.version_negotiation [None req-e17aa4d4-576b-4eba-9a0b-044c7def2d72 admin admin] Unknown version. Returning version choices. {{(pid=75985) process_request /opt/stack/glance/glance/api/middleware/version_negotiation.py:64}}
Jan 21 20:03:48 devstack devstack@g-api.service[75985]: [pid: 75985|app: 0|req: 5/8] 127.0.0.1 () {34 vars in 515 bytes} [Wed Jan 21 20:03:48 2026] GET / => generated 1459 bytes in 2 msecs (HTTP/1.1 300) 3 headers in 106 bytes (1 switches on core 0)
Jan 21 20:03:48 devstack devstack@g-api.service[75986]: DEBUG glance.api.middleware.version_negotiation [None req-21405375-bcb8-4fc1-9b61-15f346e9e248 admin admin] Determining version of request: GET /v2/images/0ebbe5c2-60ac-4cd7-9dd2-1867aa14c5f6 Accept: */* {{(pid=75986) process_request /opt/stack/glance/glance/api/middleware/version_negotiation.py:44}}
Jan 21 20:03:48 devstack devstack@g-api.service[75986]: DEBUG glance.api.middleware.version_negotiation [None req-21405375-bcb8-4fc1-9b61-15f346e9e248 admin admin] Using url versioning {{(pid=75986) process_request /opt/stack/glance/glance/api/middleware/version_negotiation.py:57}}
Jan 21 20:03:48 devstack devstack@g-api.service[75986]: DEBUG glance.api.middleware.version_negotiation [None req-21405375-bcb8-4fc1-9b61-15f346e9e248 admin admin] Matched version: v2 {{(pid=75986) process_request /opt/stack/glance/glance/api/middleware/version_negotiation.py:69}}
Jan 21 20:03:48 devstack devstack@g-api.service[75986]: DEBUG glance.api.middleware.version_negotiation [None req-21405375-bcb8-4fc1-9b61-15f346e9e248 admin admin] new path /v2/images/0ebbe5c2-60ac-4cd7-9dd2-1867aa14c5f6 {{(pid=75986) process_request /opt/stack/glance/glance/api/middleware/version_negotiation.py:70}}
Jan 21 20:03:48 devstack devstack@g-api.service[75986]: [pid: 75986|app: 0|req: 4/9] 127.0.0.1 () {36 vars in 798 bytes} [Wed Jan 21 20:03:48 2026] GET /v2/images/0ebbe5c2-60ac-4cd7-9dd2-1867aa14c5f6 => generated 976 bytes in 43 msecs (HTTP/1.1 200) 4 headers in 157 bytes (1 switches on core 0)
Jan 21 20:03:52 devstack devstack@g-api.service[75985]: DEBUG glance.api.middleware.version_negotiation [None req-e17aa4d4-576b-4eba-9a0b-044c7def2d72 admin admin] Determining version of request: GET / Accept: application/json {{(pid=75985) process_request /opt/stack/glance/glance/api/middleware/version_negotiation.py:44}}
Jan 21 20:03:52 devstack devstack@g-api.service[75985]: DEBUG glance.api.middleware.version_negotiation [None req-e17aa4d4-576b-4eba-9a0b-044c7def2d72 admin admin] Using url versioning {{(pid=75985) process_request /opt/stack/glance/glance/api/middleware/version_negotiation.py:57}}
Jan 21 20:03:52 devstack devstack@g-api.service[75985]: DEBUG glance.api.middleware.version_negotiation [None req-e17aa4d4-576b-4eba-9a0b-044c7def2d72 admin admin] Unknown version. Returning version choices. {{(pid=75985) process_request /opt/stack/glance/glance/api/middleware/version_negotiation.py:64}}
Jan 21 20:03:52 devstack devstack@g-api.service[75985]: [pid: 75985|app: 0|req: 6/10] 127.0.0.1 () {34 vars in 515 bytes} [Wed Jan 21 20:03:52 2026] GET / => generated 1459 bytes in 2 msecs (HTTP/1.1 300) 3 headers in 106 bytes (1 switches on core 0)
Jan 21 20:03:52 devstack devstack@g-api.service[75986]: DEBUG glance.api.middleware.version_negotiation [None req-b40ecca3-ccf4-4777-aab3-7c06a8fae3db admin admin] Determining version of request: GET /v2/images/0ebbe5c2-60ac-4cd7-9dd2-1867aa14c5f6 Accept: */* {{(pid=75986) process_request /opt/stack/glance/glance/api/middleware/version_negotiation.py:44}}
Jan 21 20:03:52 devstack devstack@g-api.service[75986]: DEBUG glance.api.middleware.version_negotiation [None req-b40ecca3-ccf4-4777-aab3-7c06a8fae3db admin admin] Using url versioning {{(pid=75986) process_request /opt/stack/glance/glance/api/middleware/version_negotiation.py:57}}
Jan 21 20:03:52 devstack devstack@g-api.service[75986]: DEBUG glance.api.middleware.version_negotiation [None req-b40ecca3-ccf4-4777-aab3-7c06a8fae3db admin admin] Matched version: v2 {{(pid=75986) process_request /opt/stack/glance/glance/api/middleware/version_negotiation.py:69}}
Jan 21 20:03:52 devstack devstack@g-api.service[75986]: DEBUG glance.api.middleware.version_negotiation [None req-b40ecca3-ccf4-4777-aab3-7c06a8fae3db admin admin] new path /v2/images/0ebbe5c2-60ac-4cd7-9dd2-1867aa14c5f6 {{(pid=75986) process_request /opt/stack/glance/glance/api/middleware/version_negotiation.py:70}}
Jan 21 20:03:52 devstack devstack@g-api.service[75986]: [pid: 75986|app: 0|req: 5/11] 127.0.0.1 () {36 vars in 798 bytes} [Wed Jan 21 20:03:52 2026] GET /v2/images/0ebbe5c2-60ac-4cd7-9dd2-1867aa14c5f6 => generated 976 bytes in 45 msecs (HTTP/1.1 200) 4 headers in 157 bytes (1 switches on core 0)
Jan 21 20:04:02 devstack devstack@g-api.service[75986]: DEBUG dbcounter [-] [75986] Writing DB stats glance:SELECT=5 {{(pid=75986) stat_writer /opt/stack/data/venv/lib/python3.10/site-packages/dbcounter.py:115}}
Jan 21 20:05:11 devstack devstack@g-api.service[75985]: DEBUG glance.api.middleware.version_negotiation [None req-e17aa4d4-576b-4eba-9a0b-044c7def2d72 admin admin] Determining version of request: GET / Accept: application/json {{(pid=75985) process_request /opt/stack/glance/glance/api/middleware/version_negotiation.py:44}}
Jan 21 20:05:11 devstack devstack@g-api.service[75985]: DEBUG glance.api.middleware.version_negotiation [None req-e17aa4d4-576b-4eba-9a0b-044c7def2d72 admin admin] Using url versioning {{(pid=75985) process_request /opt/stack/glance/glance/api/middleware/version_negotiation.py:57}}
Jan 21 20:05:11 devstack devstack@g-api.service[75985]: DEBUG glance.api.middleware.version_negotiation [None req-e17aa4d4-576b-4eba-9a0b-044c7def2d72 admin admin] Unknown version. Returning version choices. {{(pid=75985) process_request /opt/stack/glance/glance/api/middleware/version_negotiation.py:64}}
Jan 21 20:05:11 devstack devstack@g-api.service[75985]: [pid: 75985|app: 0|req: 7/12] 127.0.0.1 () {36 vars in 486 bytes} [Wed Jan 21 20:05:11 2026] GET / => generated 1459 bytes in 3 msecs (HTTP/1.1 300) 3 headers in 106 bytes (1 switches on core 0)
Jan 21 20:06:26 devstack devstack@g-api.service[75986]: DEBUG glance.api.middleware.version_negotiation [None req-c08db0d0-24ef-4303-96fa-04691cd79e1f admin admin] Determining version of request: GET / Accept: application/json {{(pid=75986) process_request /opt/stack/glance/glance/api/middleware/version_negotiation.py:44}}
Jan 21 20:06:26 devstack devstack@g-api.service[75986]: DEBUG glance.api.middleware.version_negotiation [None req-c08db0d0-24ef-4303-96fa-04691cd79e1f admin admin] Using url versioning {{(pid=75986) process_request /opt/stack/glance/glance/api/middleware/version_negotiation.py:57}}
Jan 21 20:06:26 devstack devstack@g-api.service[75986]: DEBUG glance.api.middleware.version_negotiation [None req-c08db0d0-24ef-4303-96fa-04691cd79e1f admin admin] Unknown version. Returning version choices. {{(pid=75986) process_request /opt/stack/glance/glance/api/middleware/version_negotiation.py:64}}
Jan 21 20:06:26 devstack devstack@g-api.service[75986]: [pid: 75986|app: 0|req: 6/13] 127.0.0.1 () {34 vars in 502 bytes} [Wed Jan 21 20:06:26 2026] GET / => generated 1459 bytes in 2 msecs (HTTP/1.1 300) 3 headers in 106 bytes (1 switches on core 0)
Jan 21 20:06:26 devstack devstack@g-api.service[75985]: DEBUG glance.api.middleware.version_negotiation [None req-e17aa4d4-576b-4eba-9a0b-044c7def2d72 admin admin] Determining version of request: GET /v2/images/0ebbe5c2-60ac-4cd7-9dd2-1867aa14c5f6 Accept: */* {{(pid=75985) process_request /opt/stack/glance/glance/api/middleware/version_negotiation.py:44}}
Jan 21 20:06:26 devstack devstack@g-api.service[75985]: DEBUG glance.api.middleware.version_negotiation [None req-e17aa4d4-576b-4eba-9a0b-044c7def2d72 admin admin] Using url versioning {{(pid=75985) process_request /opt/stack/glance/glance/api/middleware/version_negotiation.py:57}}
Jan 21 20:06:26 devstack devstack@g-api.service[75985]: DEBUG glance.api.middleware.version_negotiation [None req-e17aa4d4-576b-4eba-9a0b-044c7def2d72 admin admin] Matched version: v2 {{(pid=75985) process_request /opt/stack/glance/glance/api/middleware/version_negotiation.py:69}}
Jan 21 20:06:26 devstack devstack@g-api.service[75985]: DEBUG glance.api.middleware.version_negotiation [None req-e17aa4d4-576b-4eba-9a0b-044c7def2d72 admin admin] new path /v2/images/0ebbe5c2-60ac-4cd7-9dd2-1867aa14c5f6 {{(pid=75985) process_request /opt/stack/glance/glance/api/middleware/version_negotiation.py:70}}
Jan 21 20:06:26 devstack devstack@g-api.service[75985]: WARNING keystonemiddleware.auth_token [None req-e17aa4d4-576b-4eba-9a0b-044c7def2d72 admin admin] A valid token was submitted as a service token, but it was not a valid service token. This is incorrect but backwards compatible behaviour. This will be removed in future releases.
Jan 21 20:06:26 devstack devstack@g-api.service[75985]: [pid: 75985|app: 0|req: 8/14] 127.0.0.1 () {42 vars in 1057 bytes} [Wed Jan 21 20:06:26 2026] GET /v2/images/0ebbe5c2-60ac-4cd7-9dd2-1867aa14c5f6 => generated 976 bytes in 294 msecs (HTTP/1.1 200) 4 headers in 157 bytes (1 switches on core 0)
Jan 21 20:06:26 devstack devstack@g-api.service[75986]: DEBUG glance.api.middleware.version_negotiation [None req-c08db0d0-24ef-4303-96fa-04691cd79e1f admin admin] Determining version of request: GET /v2/schemas/image Accept: */* {{(pid=75986) process_request /opt/stack/glance/glance/api/middleware/version_negotiation.py:44}}
Jan 21 20:06:26 devstack devstack@g-api.service[75986]: DEBUG glance.api.middleware.version_negotiation [None req-c08db0d0-24ef-4303-96fa-04691cd79e1f admin admin] Using url versioning {{(pid=75986) process_request /opt/stack/glance/glance/api/middleware/version_negotiation.py:57}}
Jan 21 20:06:26 devstack devstack@g-api.service[75986]: DEBUG glance.api.middleware.version_negotiation [None req-c08db0d0-24ef-4303-96fa-04691cd79e1f admin admin] Matched version: v2 {{(pid=75986) process_request /opt/stack/glance/glance/api/middleware/version_negotiation.py:69}}
Jan 21 20:06:26 devstack devstack@g-api.service[75986]: DEBUG glance.api.middleware.version_negotiation [None req-c08db0d0-24ef-4303-96fa-04691cd79e1f admin admin] new path /v2/schemas/image {{(pid=75986) process_request /opt/stack/glance/glance/api/middleware/version_negotiation.py:70}}
Jan 21 20:06:26 devstack devstack@g-api.service[75986]: WARNING keystonemiddleware.auth_token [None req-c08db0d0-24ef-4303-96fa-04691cd79e1f admin admin] A valid token was submitted as a service token, but it was not a valid service token. This is incorrect but backwards compatible behaviour. This will be removed in future releases.
Jan 21 20:06:26 devstack devstack@g-api.service[75986]: [pid: 75986|app: 0|req: 7/15] 127.0.0.1 () {42 vars in 997 bytes} [Wed Jan 21 20:06:26 2026] GET /v2/schemas/image => generated 6083 bytes in 6 msecs (HTTP/1.1 200) 4 headers in 158 bytes (1 switches on core 0)
Jan 21 20:06:36 devstack devstack@g-api.service[75985]: DEBUG dbcounter [-] [75985] Writing DB stats glance:SELECT=2 {{(pid=75985) stat_writer /opt/stack/data/venv/lib/python3.10/site-packages/dbcounter.py:115}}
Jan 21 20:06:37 devstack devstack@g-api.service[75985]: DEBUG glance.api.middleware.version_negotiation [None req-0eaefa15-7631-44e9-9aa9-a80d14a8164d tempest-VolumesAdminNegativeTest-1562679806 tempest-VolumesAdminNegativeTest-1562679806-project-member] Determining version of request: GET /v2/images/0ebbe5c2-60ac-4cd7-9dd2-1867aa14c5f6 Accept: */* {{(pid=75985) process_request /opt/stack/glance/glance/api/middleware/version_negotiation.py:44}}
Jan 21 20:06:37 devstack devstack@g-api.service[75985]: DEBUG glance.api.middleware.version_negotiation [None req-0eaefa15-7631-44e9-9aa9-a80d14a8164d tempest-VolumesAdminNegativeTest-1562679806 tempest-VolumesAdminNegativeTest-1562679806-project-member] Using url versioning {{(pid=75985) process_request /opt/stack/glance/glance/api/middleware/version_negotiation.py:57}}
Jan 21 20:06:37 devstack devstack@g-api.service[75985]: DEBUG glance.api.middleware.version_negotiation [None req-0eaefa15-7631-44e9-9aa9-a80d14a8164d tempest-VolumesAdminNegativeTest-1562679806 tempest-VolumesAdminNegativeTest-1562679806-project-member] Matched version: v2 {{(pid=75985) process_request /opt/stack/glance/glance/api/middleware/version_negotiation.py:69}}
Jan 21 20:06:37 devstack devstack@g-api.service[75985]: DEBUG glance.api.middleware.version_negotiation [None req-0eaefa15-7631-44e9-9aa9-a80d14a8164d tempest-VolumesAdminNegativeTest-1562679806 tempest-VolumesAdminNegativeTest-1562679806-project-member] new path /v2/images/0ebbe5c2-60ac-4cd7-9dd2-1867aa14c5f6 {{(pid=75985) process_request /opt/stack/glance/glance/api/middleware/version_negotiation.py:70}}
Jan 21 20:06:37 devstack devstack@g-api.service[75985]: [pid: 75985|app: 0|req: 9/16] 127.0.0.1 () {42 vars in 1057 bytes} [Wed Jan 21 20:06:37 2026] GET /v2/images/0ebbe5c2-60ac-4cd7-9dd2-1867aa14c5f6 => generated 976 bytes in 15 msecs (HTTP/1.1 200) 4 headers in 157 bytes (1 switches on core 0)
Jan 21 20:06:37 devstack devstack@g-api.service[75986]: DEBUG glance.api.middleware.version_negotiation [None req-0eaefa15-7631-44e9-9aa9-a80d14a8164d tempest-VolumesAdminNegativeTest-1562679806 tempest-VolumesAdminNegativeTest-1562679806-project-member] Determining version of request: GET /v2/images/0ebbe5c2-60ac-4cd7-9dd2-1867aa14c5f6/file Accept: */* {{(pid=75986) process_request /opt/stack/glance/glance/api/middleware/version_negotiation.py:44}}
Jan 21 20:06:37 devstack devstack@g-api.service[75986]: DEBUG glance.api.middleware.version_negotiation [None req-0eaefa15-7631-44e9-9aa9-a80d14a8164d tempest-VolumesAdminNegativeTest-1562679806 tempest-VolumesAdminNegativeTest-1562679806-project-member] Using url versioning {{(pid=75986) process_request /opt/stack/glance/glance/api/middleware/version_negotiation.py:57}}
Jan 21 20:06:37 devstack devstack@g-api.service[75986]: DEBUG glance.api.middleware.version_negotiation [None req-0eaefa15-7631-44e9-9aa9-a80d14a8164d tempest-VolumesAdminNegativeTest-1562679806 tempest-VolumesAdminNegativeTest-1562679806-project-member] Matched version: v2 {{(pid=75986) process_request /opt/stack/glance/glance/api/middleware/version_negotiation.py:69}}
Jan 21 20:06:37 devstack devstack@g-api.service[75986]: DEBUG glance.api.middleware.version_negotiation [None req-0eaefa15-7631-44e9-9aa9-a80d14a8164d tempest-VolumesAdminNegativeTest-1562679806 tempest-VolumesAdminNegativeTest-1562679806-project-member] new path /v2/images/0ebbe5c2-60ac-4cd7-9dd2-1867aa14c5f6/file {{(pid=75986) process_request /opt/stack/glance/glance/api/middleware/version_negotiation.py:70}}
Jan 21 20:06:37 devstack devstack@g-api.service[75986]: DEBUG glance_store._drivers.filesystem [None req-0eaefa15-7631-44e9-9aa9-a80d14a8164d tempest-VolumesAdminNegativeTest-1562679806 tempest-VolumesAdminNegativeTest-1562679806-project-member] Found image at /opt/stack/data/glance/images/0ebbe5c2-60ac-4cd7-9dd2-1867aa14c5f6. Returning in ChunkedFile. {{(pid=75986) get /opt/stack/data/venv/lib/python3.10/site-packages/glance_store/_drivers/filesystem.py:618}}
Jan 21 20:06:37 devstack devstack@g-api.service[75986]: DEBUG glance.image_cache [None req-0eaefa15-7631-44e9-9aa9-a80d14a8164d tempest-VolumesAdminNegativeTest-1562679806 tempest-VolumesAdminNegativeTest-1562679806-project-member] Tee'ing image '0ebbe5c2-60ac-4cd7-9dd2-1867aa14c5f6' into cache {{(pid=75986) get_caching_iter /opt/stack/glance/glance/image_cache/__init__.py:350}}
Jan 21 20:06:37 devstack devstack@g-api.service[75986]: DEBUG glance.image_cache.drivers.centralized_db [None req-0eaefa15-7631-44e9-9aa9-a80d14a8164d tempest-VolumesAdminNegativeTest-1562679806 tempest-VolumesAdminNegativeTest-1562679806-project-member] Fetch finished, moving '/opt/stack/data/glance/cache/incomplete/0ebbe5c2-60ac-4cd7-9dd2-1867aa14c5f6' to '/opt/stack/data/glance/cache/0ebbe5c2-60ac-4cd7-9dd2-1867aa14c5f6' {{(pid=75986) commit /opt/stack/glance/glance/image_cache/drivers/centralized_db.py:235}}
Jan 21 20:06:37 devstack devstack@g-api.service[75986]: DEBUG glance.image_cache.drivers.centralized_db [None req-0eaefa15-7631-44e9-9aa9-a80d14a8164d tempest-VolumesAdminNegativeTest-1562679806 tempest-VolumesAdminNegativeTest-1562679806-project-member] Image cached successfully. {{(pid=75986) commit /opt/stack/glance/glance/image_cache/drivers/centralized_db.py:250}}
Jan 21 20:06:37 devstack devstack@g-api.service[75986]: [pid: 75986|app: 0|req: 8/17] 127.0.0.1 () {42 vars in 1067 bytes} [Wed Jan 21 20:06:37 2026] GET /v2/images/0ebbe5c2-60ac-4cd7-9dd2-1867aa14c5f6/file => generated 21692416 bytes in 348 msecs (HTTP/1.1 200) 4 headers in 191 bytes (331 switches on core 0)
Jan 21 20:06:37 devstack devstack@g-api.service[75985]: DEBUG glance.api.middleware.version_negotiation [None req-0eaefa15-7631-44e9-9aa9-a80d14a8164d tempest-VolumesAdminNegativeTest-1562679806 tempest-VolumesAdminNegativeTest-1562679806-project-member] Determining version of request: GET /v2/images/0ebbe5c2-60ac-4cd7-9dd2-1867aa14c5f6 Accept: */* {{(pid=75985) process_request /opt/stack/glance/glance/api/middleware/version_negotiation.py:44}}
Jan 21 20:06:37 devstack devstack@g-api.service[75985]: DEBUG glance.api.middleware.version_negotiation [None req-0eaefa15-7631-44e9-9aa9-a80d14a8164d tempest-VolumesAdminNegativeTest-1562679806 tempest-VolumesAdminNegativeTest-1562679806-project-member] Using url versioning {{(pid=75985) process_request /opt/stack/glance/glance/api/middleware/version_negotiation.py:57}}
Jan 21 20:06:37 devstack devstack@g-api.service[75985]: DEBUG glance.api.middleware.version_negotiation [None req-0eaefa15-7631-44e9-9aa9-a80d14a8164d tempest-VolumesAdminNegativeTest-1562679806 tempest-VolumesAdminNegativeTest-1562679806-project-member] Matched version: v2 {{(pid=75985) process_request /opt/stack/glance/glance/api/middleware/version_negotiation.py:69}}
Jan 21 20:06:37 devstack devstack@g-api.service[75985]: DEBUG glance.api.middleware.version_negotiation [None req-0eaefa15-7631-44e9-9aa9-a80d14a8164d tempest-VolumesAdminNegativeTest-1562679806 tempest-VolumesAdminNegativeTest-1562679806-project-member] new path /v2/images/0ebbe5c2-60ac-4cd7-9dd2-1867aa14c5f6 {{(pid=75985) process_request /opt/stack/glance/glance/api/middleware/version_negotiation.py:70}}
Jan 21 20:06:37 devstack devstack@g-api.service[75985]: [pid: 75985|app: 0|req: 10/18] 127.0.0.1 () {42 vars in 1057 bytes} [Wed Jan 21 20:06:37 2026] GET /v2/images/0ebbe5c2-60ac-4cd7-9dd2-1867aa14c5f6 => generated 976 bytes in 20 msecs (HTTP/1.1 200) 4 headers in 157 bytes (1 switches on core 0)
Jan 21 20:06:37 devstack devstack@g-api.service[75986]: DEBUG glance.api.middleware.version_negotiation [None req-0eaefa15-7631-44e9-9aa9-a80d14a8164d tempest-VolumesAdminNegativeTest-1562679806 tempest-VolumesAdminNegativeTest-1562679806-project-member] Determining version of request: GET /v2/schemas/image Accept: */* {{(pid=75986) process_request /opt/stack/glance/glance/api/middleware/version_negotiation.py:44}}
Jan 21 20:06:37 devstack devstack@g-api.service[75986]: DEBUG glance.api.middleware.version_negotiation [None req-0eaefa15-7631-44e9-9aa9-a80d14a8164d tempest-VolumesAdminNegativeTest-1562679806 tempest-VolumesAdminNegativeTest-1562679806-project-member] Using url versioning {{(pid=75986) process_request /opt/stack/glance/glance/api/middleware/version_negotiation.py:57}}
Jan 21 20:06:37 devstack devstack@g-api.service[75986]: DEBUG glance.api.middleware.version_negotiation [None req-0eaefa15-7631-44e9-9aa9-a80d14a8164d tempest-VolumesAdminNegativeTest-1562679806 tempest-VolumesAdminNegativeTest-1562679806-project-member] Matched version: v2 {{(pid=75986) process_request /opt/stack/glance/glance/api/middleware/version_negotiation.py:69}}
Jan 21 20:06:37 devstack devstack@g-api.service[75986]: DEBUG glance.api.middleware.version_negotiation [None req-0eaefa15-7631-44e9-9aa9-a80d14a8164d tempest-VolumesAdminNegativeTest-1562679806 tempest-VolumesAdminNegativeTest-1562679806-project-member] new path /v2/schemas/image {{(pid=75986) process_request /opt/stack/glance/glance/api/middleware/version_negotiation.py:70}}
Jan 21 20:06:37 devstack devstack@g-api.service[75986]: [pid: 75986|app: 0|req: 9/19] 127.0.0.1 () {42 vars in 997 bytes} [Wed Jan 21 20:06:37 2026] GET /v2/schemas/image => generated 6083 bytes in 5 msecs (HTTP/1.1 200) 4 headers in 158 bytes (1 switches on core 0)
Jan 21 20:06:43 devstack devstack@g-api.service[75985]: DEBUG glance.api.middleware.version_negotiation [None req-0eaefa15-7631-44e9-9aa9-a80d14a8164d tempest-VolumesAdminNegativeTest-1562679806 tempest-VolumesAdminNegativeTest-1562679806-project-member] Determining version of request: GET /v2/images/0ebbe5c2-60ac-4cd7-9dd2-1867aa14c5f6 Accept: */* {{(pid=75985) process_request /opt/stack/glance/glance/api/middleware/version_negotiation.py:44}}
Jan 21 20:06:43 devstack devstack@g-api.service[75985]: DEBUG glance.api.middleware.version_negotiation [None req-0eaefa15-7631-44e9-9aa9-a80d14a8164d tempest-VolumesAdminNegativeTest-1562679806 tempest-VolumesAdminNegativeTest-1562679806-project-member] Using url versioning {{(pid=75985) process_request /opt/stack/glance/glance/api/middleware/version_negotiation.py:57}}
Jan 21 20:06:43 devstack devstack@g-api.service[75985]: DEBUG glance.api.middleware.version_negotiation [None req-0eaefa15-7631-44e9-9aa9-a80d14a8164d tempest-VolumesAdminNegativeTest-1562679806 tempest-VolumesAdminNegativeTest-1562679806-project-member] Matched version: v2 {{(pid=75985) process_request /opt/stack/glance/glance/api/middleware/version_negotiation.py:69}}
Jan 21 20:06:43 devstack devstack@g-api.service[75985]: DEBUG glance.api.middleware.version_negotiation [None req-0eaefa15-7631-44e9-9aa9-a80d14a8164d tempest-VolumesAdminNegativeTest-1562679806 tempest-VolumesAdminNegativeTest-1562679806-project-member] new path /v2/images/0ebbe5c2-60ac-4cd7-9dd2-1867aa14c5f6 {{(pid=75985) process_request /opt/stack/glance/glance/api/middleware/version_negotiation.py:70}}
Jan 21 20:06:44 devstack devstack@g-api.service[75985]: [pid: 75985|app: 0|req: 11/20] 127.0.0.1 () {42 vars in 1057 bytes} [Wed Jan 21 20:06:43 2026] GET /v2/images/0ebbe5c2-60ac-4cd7-9dd2-1867aa14c5f6 => generated 976 bytes in 25 msecs (HTTP/1.1 200) 4 headers in 157 bytes (1 switches on core 0)
Jan 21 20:06:44 devstack devstack@g-api.service[75986]: DEBUG glance.api.middleware.version_negotiation [None req-0eaefa15-7631-44e9-9aa9-a80d14a8164d tempest-VolumesAdminNegativeTest-1562679806 tempest-VolumesAdminNegativeTest-1562679806-project-member] Determining version of request: GET /v2/schemas/image Accept: */* {{(pid=75986) process_request /opt/stack/glance/glance/api/middleware/version_negotiation.py:44}}
Jan 21 20:06:44 devstack devstack@g-api.service[75986]: DEBUG glance.api.middleware.version_negotiation [None req-0eaefa15-7631-44e9-9aa9-a80d14a8164d tempest-VolumesAdminNegativeTest-1562679806 tempest-VolumesAdminNegativeTest-1562679806-project-member] Using url versioning {{(pid=75986) process_request /opt/stack/glance/glance/api/middleware/version_negotiation.py:57}}
Jan 21 20:06:44 devstack devstack@g-api.service[75986]: DEBUG glance.api.middleware.version_negotiation [None req-0eaefa15-7631-44e9-9aa9-a80d14a8164d tempest-VolumesAdminNegativeTest-1562679806 tempest-VolumesAdminNegativeTest-1562679806-project-member] Matched version: v2 {{(pid=75986) process_request /opt/stack/glance/glance/api/middleware/version_negotiation.py:69}}
Jan 21 20:06:44 devstack devstack@g-api.service[75986]: DEBUG glance.api.middleware.version_negotiation [None req-0eaefa15-7631-44e9-9aa9-a80d14a8164d tempest-VolumesAdminNegativeTest-1562679806 tempest-VolumesAdminNegativeTest-1562679806-project-member] new path /v2/schemas/image {{(pid=75986) process_request /opt/stack/glance/glance/api/middleware/version_negotiation.py:70}}
Jan 21 20:06:44 devstack devstack@g-api.service[75986]: [pid: 75986|app: 0|req: 10/21] 127.0.0.1 () {42 vars in 997 bytes} [Wed Jan 21 20:06:44 2026] GET /v2/schemas/image => generated 6083 bytes in 6 msecs (HTTP/1.1 200) 4 headers in 158 bytes (1 switches on core 0)
Jan 21 20:06:44 devstack devstack@g-api.service[75985]: DEBUG glance.api.middleware.version_negotiation [None req-3100fe77-a55b-41ad-94e8-396a5244a729 tempest-TaggedAttachmentsTest-1999826928 tempest-TaggedAttachmentsTest-1999826928-project-member] Determining version of request: GET / Accept: application/json {{(pid=75985) process_request /opt/stack/glance/glance/api/middleware/version_negotiation.py:44}}
Jan 21 20:06:44 devstack devstack@g-api.service[75985]: DEBUG glance.api.middleware.version_negotiation [None req-3100fe77-a55b-41ad-94e8-396a5244a729 tempest-TaggedAttachmentsTest-1999826928 tempest-TaggedAttachmentsTest-1999826928-project-member] Using url versioning {{(pid=75985) process_request /opt/stack/glance/glance/api/middleware/version_negotiation.py:57}}
Jan 21 20:06:44 devstack devstack@g-api.service[75985]: DEBUG glance.api.middleware.version_negotiation [None req-3100fe77-a55b-41ad-94e8-396a5244a729 tempest-TaggedAttachmentsTest-1999826928 tempest-TaggedAttachmentsTest-1999826928-project-member] Unknown version. Returning version choices. {{(pid=75985) process_request /opt/stack/glance/glance/api/middleware/version_negotiation.py:64}}
Jan 21 20:06:44 devstack devstack@g-api.service[75985]: [pid: 75985|app: 0|req: 12/22] 127.0.0.1 () {34 vars in 502 bytes} [Wed Jan 21 20:06:44 2026] GET / => generated 1459 bytes in 2 msecs (HTTP/1.1 300) 3 headers in 106 bytes (1 switches on core 0)
Jan 21 20:06:44 devstack devstack@g-api.service[75986]: DEBUG glance.api.middleware.version_negotiation [None req-3100fe77-a55b-41ad-94e8-396a5244a729 tempest-TaggedAttachmentsTest-1999826928 tempest-TaggedAttachmentsTest-1999826928-project-member] Determining version of request: GET /v2/images/0ebbe5c2-60ac-4cd7-9dd2-1867aa14c5f6 Accept: */* {{(pid=75986) process_request /opt/stack/glance/glance/api/middleware/version_negotiation.py:44}}
Jan 21 20:06:44 devstack devstack@g-api.service[75986]: DEBUG glance.api.middleware.version_negotiation [None req-3100fe77-a55b-41ad-94e8-396a5244a729 tempest-TaggedAttachmentsTest-1999826928 tempest-TaggedAttachmentsTest-1999826928-project-member] Using url versioning {{(pid=75986) process_request /opt/stack/glance/glance/api/middleware/version_negotiation.py:57}}
Jan 21 20:06:44 devstack devstack@g-api.service[75986]: DEBUG glance.api.middleware.version_negotiation [None req-3100fe77-a55b-41ad-94e8-396a5244a729 tempest-TaggedAttachmentsTest-1999826928 tempest-TaggedAttachmentsTest-1999826928-project-member] Matched version: v2 {{(pid=75986) process_request /opt/stack/glance/glance/api/middleware/version_negotiation.py:69}}
Jan 21 20:06:44 devstack devstack@g-api.service[75986]: DEBUG glance.api.middleware.version_negotiation [None req-3100fe77-a55b-41ad-94e8-396a5244a729 tempest-TaggedAttachmentsTest-1999826928 tempest-TaggedAttachmentsTest-1999826928-project-member] new path /v2/images/0ebbe5c2-60ac-4cd7-9dd2-1867aa14c5f6 {{(pid=75986) process_request /opt/stack/glance/glance/api/middleware/version_negotiation.py:70}}
Jan 21 20:06:44 devstack devstack@g-api.service[75985]: DEBUG glance.api.middleware.version_negotiation [None req-3100fe77-a55b-41ad-94e8-396a5244a729 tempest-TaggedAttachmentsTest-1999826928 tempest-TaggedAttachmentsTest-1999826928-project-member] Determining version of request: GET /v2/schemas/image Accept: */* {{(pid=75985) process_request /opt/stack/glance/glance/api/middleware/version_negotiation.py:44}}
