Jul 23 03:20:49 devstack cinder-volume[88044]: DEBUG cinder.volume.manager [req-c2ff15f6-f3df-49af-a181-36c3bf622fee req-f9c5a6ab-36c3-4fac-be85-92ebc7235cc4 tempest-VolumesSnapshotsTestJSON-1840566028 None] Task 'cinder.volume.flows.manager.create_volume.ExtractVolumeSpecTask;volume:create' (1e070c15-5d90-4672-b4fe-015f7fc76aae) transitioned into state 'SUCCESS' from state 'RUNNING' with result '{'status': 'creating', 'type': 'raw', 'volume_id': '4d8d9fd0-880a-4493-b071-48c0a8d6cb36', 'volume_name': 'volume-4d8d9fd0-880a-4493-b071-48c0a8d6cb36', 'volume_size': 1}' {{(pid=88044) _task_receiver /opt/stack/data/venv/lib/python3.12/site-packages/taskflow/listeners/logging.py:218}}
Jul 23 03:20:49 devstack cinder-volume[88044]: DEBUG cinder.volume.manager [req-c2ff15f6-f3df-49af-a181-36c3bf622fee req-f9c5a6ab-36c3-4fac-be85-92ebc7235cc4 tempest-VolumesSnapshotsTestJSON-1840566028 None] Task 'cinder.volume.flows.manager.create_volume.NotifyVolumeActionTask;volume:create, create.start' (74ff330a-7e1b-45a6-96bd-c1c16cae7882) transitioned into state 'RUNNING' from state 'PENDING' {{(pid=88044) _task_receiver /opt/stack/data/venv/lib/python3.12/site-packages/taskflow/listeners/logging.py:242}}
Jul 23 03:20:49 devstack cinder-volume[88044]: DEBUG cinder.volume.manager [req-c2ff15f6-f3df-49af-a181-36c3bf622fee req-f9c5a6ab-36c3-4fac-be85-92ebc7235cc4 tempest-VolumesSnapshotsTestJSON-1840566028 None] Task 'cinder.volume.flows.manager.create_volume.NotifyVolumeActionTask;volume:create, create.start' (74ff330a-7e1b-45a6-96bd-c1c16cae7882) transitioned into state 'SUCCESS' from state 'RUNNING' with result 'None' {{(pid=88044) _task_receiver /opt/stack/data/venv/lib/python3.12/site-packages/taskflow/listeners/logging.py:218}}
Jul 23 03:20:49 devstack cinder-volume[88044]: DEBUG cinder.volume.manager [req-c2ff15f6-f3df-49af-a181-36c3bf622fee req-f9c5a6ab-36c3-4fac-be85-92ebc7235cc4 tempest-VolumesSnapshotsTestJSON-1840566028 None] Task 'cinder.volume.flows.manager.create_volume.CreateVolumeFromSpecTask;volume:create' (d6718fc1-270d-45fe-8465-c2f7eaef9e27) transitioned into state 'RUNNING' from state 'PENDING' {{(pid=88044) _task_receiver /opt/stack/data/venv/lib/python3.12/site-packages/taskflow/listeners/logging.py:242}}
Jul 23 03:20:49 devstack cinder-volume[88044]: INFO cinder.volume.flows.manager.create_volume [req-c2ff15f6-f3df-49af-a181-36c3bf622fee req-f9c5a6ab-36c3-4fac-be85-92ebc7235cc4 tempest-VolumesSnapshotsTestJSON-1840566028 None] Volume 4d8d9fd0-880a-4493-b071-48c0a8d6cb36: being created as raw with specification: {'status': 'creating', 'volume_name': 'volume-4d8d9fd0-880a-4493-b071-48c0a8d6cb36', 'volume_size': 1}
Jul 23 03:20:49 devstack cinder-volume[88044]: DEBUG oslo_concurrency.lockutils [req-c2ff15f6-f3df-49af-a181-36c3bf622fee req-f9c5a6ab-36c3-4fac-be85-92ebc7235cc4 tempest-VolumesSnapshotsTestJSON-1840566028 None] Acquiring lock "quobyte" by "cinder.volume.drivers.quobyte.QuobyteDriver.create_volume" {{(pid=88044) inner /opt/stack/data/venv/lib/python3.12/site-packages/oslo_concurrency/lockutils.py:512}}
Jul 23 03:20:49 devstack cinder-volume[88044]: DEBUG oslo_concurrency.lockutils [req-c2ff15f6-f3df-49af-a181-36c3bf622fee req-f9c5a6ab-36c3-4fac-be85-92ebc7235cc4 tempest-VolumesSnapshotsTestJSON-1840566028 None] Lock "quobyte" acquired by "cinder.volume.drivers.quobyte.QuobyteDriver.create_volume" :: waited 0.000s {{(pid=88044) inner /opt/stack/data/venv/lib/python3.12/site-packages/oslo_concurrency/lockutils.py:525}}
Jul 23 03:20:49 devstack cinder-volume[88044]: DEBUG cinder.volume.drivers.quobyte [req-c2ff15f6-f3df-49af-a181-36c3bf622fee req-f9c5a6ab-36c3-4fac-be85-92ebc7235cc4 tempest-VolumesSnapshotsTestJSON-1840566028 None] ==> create_volume: call "{'self': , 'volume': Volume(_name_id=None,admin_metadata=,attach_status='detached',availability_zone='nova',bootable=False,cluster=,cluster_name=None,consistencygroup=,consistencygroup_id=None,created_at=2026-07-23T01:20:49Z,deleted=False,deleted_at=None,display_description=None,display_name='tempest-VolumesSnapshotsTestJSON-volume-1717054381',ec2_id=None,encryption_key_id=None,glance_metadata=,group=,group_id=None,host='devstack@QuobyteHD#QuobyteHD',id=4d8d9fd0-880a-4493-b071-48c0a8d6cb36,launched_at=None,metadata={},migration_status=None,multiattach=False,previous_status=None,project_id='a72c9ea83b9f4f09b01438b158cc1f33',provider_auth=None,provider_geometry=None,provider_id=None,provider_location=None,replication_driver_data=None,replication_extended_status=None,replication_status=None,scheduled_at=2026-07-23T01:20:49Z,service_uuid=None,shared_targets=True,size=1,snapshot_id=None,snapshots=,source_volid=None,status='creating',terminated_at=None,updated_at=2026-07-23T01:20:49Z,use_quota=True,user_id='60553b5e437940a594304313167d5c58',volume_attachment=VolumeAttachmentList,volume_type=VolumeType(b6d1f4a5-2a3b-4efa-9bae-08afd3ffb3f0),volume_type_id=b6d1f4a5-2a3b-4efa-9bae-08afd3ffb3f0)}" {{(pid=88044) trace_logging_wrapper /opt/stack/cinder/cinder/volume/volume_utils.py:1497}}
Jul 23 03:20:49 devstack cinder-volume[88044]: DEBUG cinder.volume.drivers.remotefs [req-c2ff15f6-f3df-49af-a181-36c3bf622fee req-f9c5a6ab-36c3-4fac-be85-92ebc7235cc4 tempest-VolumesSnapshotsTestJSON-1840566028 None] Creating volume 4d8d9fd0-880a-4493-b071-48c0a8d6cb36 {{(pid=88044) create_volume /opt/stack/cinder/cinder/volume/drivers/remotefs.py:292}}
Jul 23 03:20:49 devstack cinder-volume[88044]: DEBUG oslo_concurrency.lockutils [req-c2ff15f6-f3df-49af-a181-36c3bf622fee req-f9c5a6ab-36c3-4fac-be85-92ebc7235cc4 tempest-VolumesSnapshotsTestJSON-1840566028 None] Acquiring lock "quobyte_ensure" by "cinder.volume.drivers.quobyte.QuobyteDriver._ensure_shares_mounted" {{(pid=88044) inner /opt/stack/data/venv/lib/python3.12/site-packages/oslo_concurrency/lockutils.py:512}}
Jul 23 03:20:49 devstack cinder-volume[88044]: DEBUG oslo_concurrency.lockutils [req-c2ff15f6-f3df-49af-a181-36c3bf622fee req-f9c5a6ab-36c3-4fac-be85-92ebc7235cc4 tempest-VolumesSnapshotsTestJSON-1840566028 None] Lock "quobyte_ensure" acquired by "cinder.volume.drivers.quobyte.QuobyteDriver._ensure_shares_mounted" :: waited 0.001s {{(pid=88044) inner /opt/stack/data/venv/lib/python3.12/site-packages/oslo_concurrency/lockutils.py:525}}
Jul 23 03:20:49 devstack cinder-volume[88044]: DEBUG cinder.volume.drivers.quobyte [req-c2ff15f6-f3df-49af-a181-36c3bf622fee req-f9c5a6ab-36c3-4fac-be85-92ebc7235cc4 tempest-VolumesSnapshotsTestJSON-1840566028 None] Quobyte Volume URL set to: {'osci02.corp.quobyte.com/cinder-vol-67a9b074-7c73-46ff-900b-7f75834be65a': None} {{(pid=88044) _load_shares_config /opt/stack/cinder/cinder/volume/drivers/quobyte.py:651}}
Jul 23 03:20:49 devstack cinder-volume[88044]: DEBUG cinder.volume.drivers.quobyte [req-c2ff15f6-f3df-49af-a181-36c3bf622fee req-f9c5a6ab-36c3-4fac-be85-92ebc7235cc4 tempest-VolumesSnapshotsTestJSON-1840566028 None] Available shares ['osci02.corp.quobyte.com/cinder-vol-67a9b074-7c73-46ff-900b-7f75834be65a'] {{(pid=88044) _ensure_shares_mounted /opt/stack/cinder/cinder/volume/drivers/quobyte.py:681}}
Jul 23 03:20:49 devstack cinder-volume[88044]: DEBUG oslo_concurrency.lockutils [req-c2ff15f6-f3df-49af-a181-36c3bf622fee req-f9c5a6ab-36c3-4fac-be85-92ebc7235cc4 tempest-VolumesSnapshotsTestJSON-1840566028 None] Lock "quobyte_ensure" "released" by "cinder.volume.drivers.quobyte.QuobyteDriver._ensure_shares_mounted" :: held 0.009s {{(pid=88044) inner /opt/stack/data/venv/lib/python3.12/site-packages/oslo_concurrency/lockutils.py:544}}
Jul 23 03:20:49 devstack cinder-volume[88044]: DEBUG cinder.volume.drivers.quobyte [req-c2ff15f6-f3df-49af-a181-36c3bf622fee req-f9c5a6ab-36c3-4fac-be85-92ebc7235cc4 tempest-VolumesSnapshotsTestJSON-1840566028 None] Selected osci02.corp.quobyte.com/cinder-vol-67a9b074-7c73-46ff-900b-7f75834be65a as target Quobyte volume. {{(pid=88044) _find_share /opt/stack/cinder/cinder/volume/drivers/quobyte.py:702}}
Jul 23 03:20:49 devstack cinder-volume[88044]: INFO cinder.volume.drivers.remotefs [req-c2ff15f6-f3df-49af-a181-36c3bf622fee req-f9c5a6ab-36c3-4fac-be85-92ebc7235cc4 tempest-VolumesSnapshotsTestJSON-1840566028 None] casted to osci02.corp.quobyte.com/cinder-vol-67a9b074-7c73-46ff-900b-7f75834be65a
Jul 23 03:20:49 devstack cinder-volume[88044]: DEBUG oslo_concurrency.processutils [req-c2ff15f6-f3df-49af-a181-36c3bf622fee req-f9c5a6ab-36c3-4fac-be85-92ebc7235cc4 tempest-VolumesSnapshotsTestJSON-1840566028 None] Running cmd (subprocess): sudo cinder-rootwrap /etc/cinder/rootwrap.conf qemu-img create -f qcow2 -o preallocation=metadata /opt/stack/data/cinder/mnt/4d0a02fe55ee29f185e20f0fb963be48/volume-4d8d9fd0-880a-4493-b071-48c0a8d6cb36 1073741824 {{(pid=88044) execute /opt/stack/data/venv/lib/python3.12/site-packages/oslo_concurrency/processutils.py:440}}
Jul 23 03:20:49 devstack sudo[91001]: quobyte : PWD=/ ; USER=root ; COMMAND=/opt/stack/data/venv/bin/cinder-rootwrap /etc/cinder/rootwrap.conf qemu-img create -f qcow2 -o preallocation=metadata /opt/stack/data/cinder/mnt/4d0a02fe55ee29f185e20f0fb963be48/volume-4d8d9fd0-880a-4493-b071-48c0a8d6cb36 1073741824
Jul 23 03:20:49 devstack sudo[91001]: pam_unix(sudo:session): session opened for user root(uid=0) by (uid=1000)
Jul 23 03:20:50 devstack sudo[91001]: pam_unix(sudo:session): session closed for user root
Jul 23 03:20:50 devstack cinder-volume[88044]: DEBUG oslo_concurrency.processutils [req-c2ff15f6-f3df-49af-a181-36c3bf622fee req-f9c5a6ab-36c3-4fac-be85-92ebc7235cc4 tempest-VolumesSnapshotsTestJSON-1840566028 None] CMD "sudo cinder-rootwrap /etc/cinder/rootwrap.conf qemu-img create -f qcow2 -o preallocation=metadata /opt/stack/data/cinder/mnt/4d0a02fe55ee29f185e20f0fb963be48/volume-4d8d9fd0-880a-4493-b071-48c0a8d6cb36 1073741824" returned: 0 in 0.718s {{(pid=88044) execute /opt/stack/data/venv/lib/python3.12/site-packages/oslo_concurrency/processutils.py:468}}
Jul 23 03:20:50 devstack cinder-volume[88044]: DEBUG oslo_concurrency.processutils [req-c2ff15f6-f3df-49af-a181-36c3bf622fee req-f9c5a6ab-36c3-4fac-be85-92ebc7235cc4 tempest-VolumesSnapshotsTestJSON-1840566028 None] Running cmd (subprocess): sudo cinder-rootwrap /etc/cinder/rootwrap.conf chmod ugo+rw /opt/stack/data/cinder/mnt/4d0a02fe55ee29f185e20f0fb963be48/volume-4d8d9fd0-880a-4493-b071-48c0a8d6cb36 {{(pid=88044) execute /opt/stack/data/venv/lib/python3.12/site-packages/oslo_concurrency/processutils.py:440}}
Jul 23 03:20:50 devstack sudo[91008]: quobyte : PWD=/ ; USER=root ; COMMAND=/opt/stack/data/venv/bin/cinder-rootwrap /etc/cinder/rootwrap.conf chmod ugo+rw /opt/stack/data/cinder/mnt/4d0a02fe55ee29f185e20f0fb963be48/volume-4d8d9fd0-880a-4493-b071-48c0a8d6cb36
Jul 23 03:20:50 devstack sudo[91008]: pam_unix(sudo:session): session opened for user root(uid=0) by (uid=1000)
Jul 23 03:20:50 devstack sudo[91008]: pam_unix(sudo:session): session closed for user root
Jul 23 03:20:50 devstack cinder-volume[88044]: DEBUG oslo_concurrency.processutils [req-c2ff15f6-f3df-49af-a181-36c3bf622fee req-f9c5a6ab-36c3-4fac-be85-92ebc7235cc4 tempest-VolumesSnapshotsTestJSON-1840566028 None] CMD "sudo cinder-rootwrap /etc/cinder/rootwrap.conf chmod ugo+rw /opt/stack/data/cinder/mnt/4d0a02fe55ee29f185e20f0fb963be48/volume-4d8d9fd0-880a-4493-b071-48c0a8d6cb36" returned: 0 in 0.352s {{(pid=88044) execute /opt/stack/data/venv/lib/python3.12/site-packages/oslo_concurrency/processutils.py:468}}
Jul 23 03:20:50 devstack cinder-volume[88044]: DEBUG cinder.volume.drivers.quobyte [req-c2ff15f6-f3df-49af-a181-36c3bf622fee req-f9c5a6ab-36c3-4fac-be85-92ebc7235cc4 tempest-VolumesSnapshotsTestJSON-1840566028 None] <== create_volume: return (1172ms) {'provider_location': 'osci02.corp.quobyte.com/cinder-vol-67a9b074-7c73-46ff-900b-7f75834be65a'} {{(pid=88044) trace_logging_wrapper /opt/stack/cinder/cinder/volume/volume_utils.py:1522}}
Jul 23 03:20:50 devstack cinder-volume[88044]: DEBUG oslo_concurrency.lockutils [req-c2ff15f6-f3df-49af-a181-36c3bf622fee req-f9c5a6ab-36c3-4fac-be85-92ebc7235cc4 tempest-VolumesSnapshotsTestJSON-1840566028 None] Lock "quobyte" "released" by "cinder.volume.drivers.quobyte.QuobyteDriver.create_volume" :: held 1.174s {{(pid=88044) inner /opt/stack/data/venv/lib/python3.12/site-packages/oslo_concurrency/lockutils.py:544}}
Jul 23 03:20:50 devstack cinder-volume[88044]: DEBUG cinder.volume.manager [req-c2ff15f6-f3df-49af-a181-36c3bf622fee req-f9c5a6ab-36c3-4fac-be85-92ebc7235cc4 tempest-VolumesSnapshotsTestJSON-1840566028 None] Task 'cinder.volume.flows.manager.create_volume.CreateVolumeFromSpecTask;volume:create' (d6718fc1-270d-45fe-8465-c2f7eaef9e27) transitioned into state 'SUCCESS' from state 'RUNNING' with result '{'status': 'creating', 'volume_name': 'volume-4d8d9fd0-880a-4493-b071-48c0a8d6cb36', 'volume_size': 1}' {{(pid=88044) _task_receiver /opt/stack/data/venv/lib/python3.12/site-packages/taskflow/listeners/logging.py:218}}
Jul 23 03:20:50 devstack cinder-volume[88044]: DEBUG cinder.volume.manager [req-c2ff15f6-f3df-49af-a181-36c3bf622fee req-f9c5a6ab-36c3-4fac-be85-92ebc7235cc4 tempest-VolumesSnapshotsTestJSON-1840566028 None] Task 'cinder.volume.flows.manager.create_volume.CreateVolumeOnFinishTask;volume:create, create.end' (5e4170b6-5ee0-44ed-b4b2-abb38619e3eb) transitioned into state 'RUNNING' from state 'PENDING' {{(pid=88044) _task_receiver /opt/stack/data/venv/lib/python3.12/site-packages/taskflow/listeners/logging.py:242}}
Jul 23 03:20:50 devstack cinder-volume[88044]: INFO cinder.volume.flows.manager.create_volume [req-c2ff15f6-f3df-49af-a181-36c3bf622fee req-f9c5a6ab-36c3-4fac-be85-92ebc7235cc4 tempest-VolumesSnapshotsTestJSON-1840566028 None] Volume volume-4d8d9fd0-880a-4493-b071-48c0a8d6cb36 (4d8d9fd0-880a-4493-b071-48c0a8d6cb36): created successfully
Jul 23 03:20:50 devstack cinder-volume[88044]: DEBUG cinder.volume.manager [req-c2ff15f6-f3df-49af-a181-36c3bf622fee req-f9c5a6ab-36c3-4fac-be85-92ebc7235cc4 tempest-VolumesSnapshotsTestJSON-1840566028 None] Task 'cinder.volume.flows.manager.create_volume.CreateVolumeOnFinishTask;volume:create, create.end' (5e4170b6-5ee0-44ed-b4b2-abb38619e3eb) transitioned into state 'SUCCESS' from state 'RUNNING' with result 'None' {{(pid=88044) _task_receiver /opt/stack/data/venv/lib/python3.12/site-packages/taskflow/listeners/logging.py:218}}
Jul 23 03:20:50 devstack cinder-volume[88044]: DEBUG cinder.volume.manager [req-c2ff15f6-f3df-49af-a181-36c3bf622fee req-f9c5a6ab-36c3-4fac-be85-92ebc7235cc4 tempest-VolumesSnapshotsTestJSON-1840566028 None] Flow 'volume_create_manager' (a62194bd-91f3-496a-8921-32e415acb99d) transitioned into state 'SUCCESS' from state 'RUNNING' {{(pid=88044) _flow_receiver /opt/stack/data/venv/lib/python3.12/site-packages/taskflow/listeners/logging.py:160}}
Jul 23 03:20:50 devstack cinder-volume[88044]: INFO cinder.volume.manager [req-c2ff15f6-f3df-49af-a181-36c3bf622fee req-f9c5a6ab-36c3-4fac-be85-92ebc7235cc4 tempest-VolumesSnapshotsTestJSON-1840566028 None] Created volume successfully.
Jul 23 03:20:52 devstack cinder-volume[88044]: DEBUG oslo_concurrency.lockutils [req-fbb7790c-1f4d-4fa3-bbbe-5e9577a6c011 req-edcb0e82-95a6-44f4-ba2f-600011ccbec0 tempest-VolumesSnapshotsTestJSON-1840566028 None] Acquiring lock "quobyte" by "cinder.volume.drivers.quobyte.QuobyteDriver.create_snapshot" {{(pid=88044) inner /opt/stack/data/venv/lib/python3.12/site-packages/oslo_concurrency/lockutils.py:512}}
Jul 23 03:20:52 devstack cinder-volume[88044]: DEBUG oslo_concurrency.lockutils [req-fbb7790c-1f4d-4fa3-bbbe-5e9577a6c011 req-edcb0e82-95a6-44f4-ba2f-600011ccbec0 tempest-VolumesSnapshotsTestJSON-1840566028 None] Lock "quobyte" acquired by "cinder.volume.drivers.quobyte.QuobyteDriver.create_snapshot" :: waited 0.001s {{(pid=88044) inner /opt/stack/data/venv/lib/python3.12/site-packages/oslo_concurrency/lockutils.py:525}}
Jul 23 03:20:52 devstack cinder-volume[88044]: DEBUG cinder.volume.drivers.remotefs [req-fbb7790c-1f4d-4fa3-bbbe-5e9577a6c011 req-edcb0e82-95a6-44f4-ba2f-600011ccbec0 tempest-VolumesSnapshotsTestJSON-1840566028 None] Creating offline snapshot 5f1bcdbe-504b-4c8c-80f6-88224bbd90cc of volume 4d8d9fd0-880a-4493-b071-48c0a8d6cb36 {{(pid=88044) _create_snapshot /opt/stack/cinder/cinder/volume/drivers/remotefs.py:2066}}
Jul 23 03:20:52 devstack cinder-volume[88044]: DEBUG oslo.privsep.daemon [-] privsep: reply[0ca03735-af79-4518-806b-6e9afc6e040f]: (4, 'qcow2') {{(pid=89714) _call_back /opt/stack/data/venv/lib/python3.12/site-packages/oslo_privsep/daemon.py:580}}
Jul 23 03:20:52 devstack cinder-volume[88044]: DEBUG oslo_concurrency.processutils [req-fbb7790c-1f4d-4fa3-bbbe-5e9577a6c011 req-edcb0e82-95a6-44f4-ba2f-600011ccbec0 tempest-VolumesSnapshotsTestJSON-1840566028 None] Running cmd (subprocess): /opt/stack/data/venv/bin/python3.12 -m oslo_concurrency.prlimit --as=1073741824 --cpu=60 -- sudo cinder-rootwrap /etc/cinder/rootwrap.conf env LC_ALL=C qemu-img info -f qcow2 --output=json --force-share /opt/stack/data/cinder/mnt/4d0a02fe55ee29f185e20f0fb963be48/volume-4d8d9fd0-880a-4493-b071-48c0a8d6cb36 {{(pid=88044) execute /opt/stack/data/venv/lib/python3.12/site-packages/oslo_concurrency/processutils.py:440}}
Jul 23 03:20:52 devstack sudo[91014]: quobyte : PWD=/ ; USER=root ; COMMAND=/opt/stack/data/venv/bin/cinder-rootwrap /etc/cinder/rootwrap.conf env LC_ALL=C qemu-img info -f qcow2 --output=json --force-share /opt/stack/data/cinder/mnt/4d0a02fe55ee29f185e20f0fb963be48/volume-4d8d9fd0-880a-4493-b071-48c0a8d6cb36
Jul 23 03:20:52 devstack sudo[91014]: pam_unix(sudo:session): session opened for user root(uid=0) by (uid=1000)
Jul 23 03:20:52 devstack sudo[91014]: pam_unix(sudo:session): session closed for user root
Jul 23 03:20:52 devstack cinder-volume[88044]: DEBUG oslo_concurrency.processutils [req-fbb7790c-1f4d-4fa3-bbbe-5e9577a6c011 req-edcb0e82-95a6-44f4-ba2f-600011ccbec0 tempest-VolumesSnapshotsTestJSON-1840566028 None] CMD "/opt/stack/data/venv/bin/python3.12 -m oslo_concurrency.prlimit --as=1073741824 --cpu=60 -- sudo cinder-rootwrap /etc/cinder/rootwrap.conf env LC_ALL=C qemu-img info -f qcow2 --output=json --force-share /opt/stack/data/cinder/mnt/4d0a02fe55ee29f185e20f0fb963be48/volume-4d8d9fd0-880a-4493-b071-48c0a8d6cb36" returned: 0 in 0.565s {{(pid=88044) execute /opt/stack/data/venv/lib/python3.12/site-packages/oslo_concurrency/processutils.py:468}}
Jul 23 03:20:52 devstack cinder-volume[88044]: DEBUG oslo_concurrency.processutils [req-fbb7790c-1f4d-4fa3-bbbe-5e9577a6c011 req-edcb0e82-95a6-44f4-ba2f-600011ccbec0 tempest-VolumesSnapshotsTestJSON-1840566028 None] Running cmd (subprocess): sudo cinder-rootwrap /etc/cinder/rootwrap.conf qemu-img create -f qcow2 -o backing_file=/opt/stack/data/cinder/mnt/4d0a02fe55ee29f185e20f0fb963be48/volume-4d8d9fd0-880a-4493-b071-48c0a8d6cb36,backing_fmt=qcow2 /opt/stack/data/cinder/mnt/4d0a02fe55ee29f185e20f0fb963be48/volume-4d8d9fd0-880a-4493-b071-48c0a8d6cb36.5f1bcdbe-504b-4c8c-80f6-88224bbd90cc 1G {{(pid=88044) execute /opt/stack/data/venv/lib/python3.12/site-packages/oslo_concurrency/processutils.py:440}}
Jul 23 03:20:52 devstack sudo[91020]: quobyte : PWD=/ ; USER=root ; COMMAND=/opt/stack/data/venv/bin/cinder-rootwrap /etc/cinder/rootwrap.conf qemu-img create -f qcow2 -o backing_file=/opt/stack/data/cinder/mnt/4d0a02fe55ee29f185e20f0fb963be48/volume-4d8d9fd0-880a-4493-b071-48c0a8d6cb36,backing_fmt=qcow2 /opt/stack/data/cinder/mnt/4d0a02fe55ee29f185e20f0fb963be48/volume-4d8d9fd0-880a-4493-b071-48c0a8d6cb36.5f1bcdbe-504b-4c8c-80f6-88224bbd90cc 1G
Jul 23 03:20:52 devstack sudo[91020]: pam_unix(sudo:session): session opened for user root(uid=0) by (uid=1000)
Jul 23 03:20:53 devstack sudo[91020]: pam_unix(sudo:session): session closed for user root
Jul 23 03:20:53 devstack cinder-volume[88044]: DEBUG oslo_concurrency.processutils [req-fbb7790c-1f4d-4fa3-bbbe-5e9577a6c011 req-edcb0e82-95a6-44f4-ba2f-600011ccbec0 tempest-VolumesSnapshotsTestJSON-1840566028 None] CMD "sudo cinder-rootwrap /etc/cinder/rootwrap.conf qemu-img create -f qcow2 -o backing_file=/opt/stack/data/cinder/mnt/4d0a02fe55ee29f185e20f0fb963be48/volume-4d8d9fd0-880a-4493-b071-48c0a8d6cb36,backing_fmt=qcow2 /opt/stack/data/cinder/mnt/4d0a02fe55ee29f185e20f0fb963be48/volume-4d8d9fd0-880a-4493-b071-48c0a8d6cb36.5f1bcdbe-504b-4c8c-80f6-88224bbd90cc 1G" returned: 0 in 0.513s {{(pid=88044) execute /opt/stack/data/venv/lib/python3.12/site-packages/oslo_concurrency/processutils.py:468}}
Jul 23 03:20:53 devstack cinder-volume[88044]: DEBUG oslo_concurrency.processutils [req-fbb7790c-1f4d-4fa3-bbbe-5e9577a6c011 req-edcb0e82-95a6-44f4-ba2f-600011ccbec0 tempest-VolumesSnapshotsTestJSON-1840566028 None] Running cmd (subprocess): sudo cinder-rootwrap /etc/cinder/rootwrap.conf qemu-img rebase -u -b volume-4d8d9fd0-880a-4493-b071-48c0a8d6cb36 -F qcow2 /opt/stack/data/cinder/mnt/4d0a02fe55ee29f185e20f0fb963be48/volume-4d8d9fd0-880a-4493-b071-48c0a8d6cb36.5f1bcdbe-504b-4c8c-80f6-88224bbd90cc {{(pid=88044) execute /opt/stack/data/venv/lib/python3.12/site-packages/oslo_concurrency/processutils.py:440}}
Jul 23 03:20:53 devstack sudo[91028]: quobyte : PWD=/ ; USER=root ; COMMAND=/opt/stack/data/venv/bin/cinder-rootwrap /etc/cinder/rootwrap.conf qemu-img rebase -u -b volume-4d8d9fd0-880a-4493-b071-48c0a8d6cb36 -F qcow2 /opt/stack/data/cinder/mnt/4d0a02fe55ee29f185e20f0fb963be48/volume-4d8d9fd0-880a-4493-b071-48c0a8d6cb36.5f1bcdbe-504b-4c8c-80f6-88224bbd90cc
Jul 23 03:20:53 devstack sudo[91028]: pam_unix(sudo:session): session opened for user root(uid=0) by (uid=1000)
Jul 23 03:20:53 devstack sudo[91028]: pam_unix(sudo:session): session closed for user root
Jul 23 03:20:53 devstack cinder-volume[88044]: DEBUG oslo_concurrency.processutils [req-fbb7790c-1f4d-4fa3-bbbe-5e9577a6c011 req-edcb0e82-95a6-44f4-ba2f-600011ccbec0 tempest-VolumesSnapshotsTestJSON-1840566028 None] CMD "sudo cinder-rootwrap /etc/cinder/rootwrap.conf qemu-img rebase -u -b volume-4d8d9fd0-880a-4493-b071-48c0a8d6cb36 -F qcow2 /opt/stack/data/cinder/mnt/4d0a02fe55ee29f185e20f0fb963be48/volume-4d8d9fd0-880a-4493-b071-48c0a8d6cb36.5f1bcdbe-504b-4c8c-80f6-88224bbd90cc" returned: 0 in 0.341s {{(pid=88044) execute /opt/stack/data/venv/lib/python3.12/site-packages/oslo_concurrency/processutils.py:468}}
Jul 23 03:20:53 devstack cinder-volume[88044]: WARNING cinder.volume.drivers.remotefs [req-fbb7790c-1f4d-4fa3-bbbe-5e9577a6c011 req-edcb0e82-95a6-44f4-ba2f-600011ccbec0 tempest-VolumesSnapshotsTestJSON-1840566028 None] /opt/stack/data/cinder/mnt/4d0a02fe55ee29f185e20f0fb963be48/volume-4d8d9fd0-880a-4493-b071-48c0a8d6cb36.5f1bcdbe-504b-4c8c-80f6-88224bbd90cc is being set with open permissions: ugo+rw
Jul 23 03:20:53 devstack cinder-volume[88044]: DEBUG oslo_concurrency.processutils [req-fbb7790c-1f4d-4fa3-bbbe-5e9577a6c011 req-edcb0e82-95a6-44f4-ba2f-600011ccbec0 tempest-VolumesSnapshotsTestJSON-1840566028 None] Running cmd (subprocess): sudo cinder-rootwrap /etc/cinder/rootwrap.conf chmod ugo+rw /opt/stack/data/cinder/mnt/4d0a02fe55ee29f185e20f0fb963be48/volume-4d8d9fd0-880a-4493-b071-48c0a8d6cb36.5f1bcdbe-504b-4c8c-80f6-88224bbd90cc {{(pid=88044) execute /opt/stack/data/venv/lib/python3.12/site-packages/oslo_concurrency/processutils.py:440}}
Jul 23 03:20:53 devstack sudo[91038]: quobyte : PWD=/ ; USER=root ; COMMAND=/opt/stack/data/venv/bin/cinder-rootwrap /etc/cinder/rootwrap.conf chmod ugo+rw /opt/stack/data/cinder/mnt/4d0a02fe55ee29f185e20f0fb963be48/volume-4d8d9fd0-880a-4493-b071-48c0a8d6cb36.5f1bcdbe-504b-4c8c-80f6-88224bbd90cc
Jul 23 03:20:53 devstack sudo[91038]: pam_unix(sudo:session): session opened for user root(uid=0) by (uid=1000)
Jul 23 03:20:53 devstack cinder-volume[88044]: DEBUG cinder.coordination [None req-d78c511a-7c6d-4c01-b732-e4d0ea20c0d7 tempest-AttachVolumeShelveTestJSON-157404675 None] Acquiring lock "cinder-05e95701-b6c9-47f7-bd3e-daf4a554a275-delete_volume" by "delete_volume" {{(pid=88044) __acquire /opt/stack/cinder/cinder/coordination.py:138}}
Jul 23 03:20:53 devstack sudo[91038]: pam_unix(sudo:session): session closed for user root
Jul 23 03:20:53 devstack cinder-volume[88044]: DEBUG oslo_concurrency.processutils [req-fbb7790c-1f4d-4fa3-bbbe-5e9577a6c011 req-edcb0e82-95a6-44f4-ba2f-600011ccbec0 tempest-VolumesSnapshotsTestJSON-1840566028 None] CMD "sudo cinder-rootwrap /etc/cinder/rootwrap.conf chmod ugo+rw /opt/stack/data/cinder/mnt/4d0a02fe55ee29f185e20f0fb963be48/volume-4d8d9fd0-880a-4493-b071-48c0a8d6cb36.5f1bcdbe-504b-4c8c-80f6-88224bbd90cc" returned: 0 in 0.312s {{(pid=88044) execute /opt/stack/data/venv/lib/python3.12/site-packages/oslo_concurrency/processutils.py:468}}
Jul 23 03:20:53 devstack cinder-volume[88044]: DEBUG cinder.coordination [None req-d78c511a-7c6d-4c01-b732-e4d0ea20c0d7 tempest-AttachVolumeShelveTestJSON-157404675 None] Lock "cinder-05e95701-b6c9-47f7-bd3e-daf4a554a275-delete_volume" acquired by "delete_volume" :: waited 0.027s {{(pid=88044) __acquire /opt/stack/cinder/cinder/coordination.py:141}}
Jul 23 03:20:53 devstack cinder-volume[88044]: DEBUG cinder.coordination [None req-d78c511a-7c6d-4c01-b732-e4d0ea20c0d7 tempest-AttachVolumeShelveTestJSON-157404675 None] Acquiring lock "cinder-quobyte-05e95701-b6c9-47f7-bd3e-daf4a554a275" by "delete_volume" {{(pid=88044) __acquire /opt/stack/cinder/cinder/coordination.py:138}}
Jul 23 03:20:53 devstack cinder-volume[88044]: DEBUG oslo_concurrency.processutils [req-fbb7790c-1f4d-4fa3-bbbe-5e9577a6c011 req-edcb0e82-95a6-44f4-ba2f-600011ccbec0 tempest-VolumesSnapshotsTestJSON-1840566028 None] Running cmd (subprocess): sudo cinder-rootwrap /etc/cinder/rootwrap.conf truncate -s0 /opt/stack/data/cinder/mnt/4d0a02fe55ee29f185e20f0fb963be48/volume-4d8d9fd0-880a-4493-b071-48c0a8d6cb36.info {{(pid=88044) execute /opt/stack/data/venv/lib/python3.12/site-packages/oslo_concurrency/processutils.py:440}}
Jul 23 03:20:53 devstack cinder-volume[88044]: DEBUG cinder.coordination [None req-d78c511a-7c6d-4c01-b732-e4d0ea20c0d7 tempest-AttachVolumeShelveTestJSON-157404675 None] Lock "cinder-quobyte-05e95701-b6c9-47f7-bd3e-daf4a554a275" acquired by "delete_volume" :: waited 0.045s {{(pid=88044) __acquire /opt/stack/cinder/cinder/coordination.py:141}}
Jul 23 03:20:54 devstack sudo[91041]: quobyte : PWD=/ ; USER=root ; COMMAND=/opt/stack/data/venv/bin/cinder-rootwrap /etc/cinder/rootwrap.conf truncate -s0 /opt/stack/data/cinder/mnt/4d0a02fe55ee29f185e20f0fb963be48/volume-4d8d9fd0-880a-4493-b071-48c0a8d6cb36.info
Jul 23 03:20:54 devstack sudo[91041]: pam_unix(sudo:session): session opened for user root(uid=0) by (uid=1000)
Jul 23 03:20:54 devstack cinder-volume[88044]: DEBUG oslo.privsep.daemon [-] privsep: reply[98ef7eec-89d8-4302-b537-b93eea15e748]: (4, 'qcow2') {{(pid=89714) _call_back /opt/stack/data/venv/lib/python3.12/site-packages/oslo_privsep/daemon.py:580}}
Jul 23 03:20:54 devstack cinder-volume[88044]: DEBUG oslo_concurrency.processutils [None req-d78c511a-7c6d-4c01-b732-e4d0ea20c0d7 tempest-AttachVolumeShelveTestJSON-157404675 None] Running cmd (subprocess): /opt/stack/data/venv/bin/python3.12 -m oslo_concurrency.prlimit --as=1073741824 --cpu=60 -- sudo cinder-rootwrap /etc/cinder/rootwrap.conf env LC_ALL=C qemu-img info -f qcow2 --output=json --force-share /opt/stack/data/cinder/mnt/4d0a02fe55ee29f185e20f0fb963be48/volume-05e95701-b6c9-47f7-bd3e-daf4a554a275 {{(pid=88044) execute /opt/stack/data/venv/lib/python3.12/site-packages/oslo_concurrency/processutils.py:440}}
Jul 23 03:20:54 devstack sudo[91043]: quobyte : PWD=/ ; USER=root ; COMMAND=/opt/stack/data/venv/bin/cinder-rootwrap /etc/cinder/rootwrap.conf env LC_ALL=C qemu-img info -f qcow2 --output=json --force-share /opt/stack/data/cinder/mnt/4d0a02fe55ee29f185e20f0fb963be48/volume-05e95701-b6c9-47f7-bd3e-daf4a554a275
Jul 23 03:20:54 devstack sudo[91043]: pam_unix(sudo:session): session opened for user root(uid=0) by (uid=1000)
Jul 23 03:20:54 devstack sudo[91041]: pam_unix(sudo:session): session closed for user root
Jul 23 03:20:54 devstack cinder-volume[88044]: DEBUG oslo_concurrency.processutils [req-fbb7790c-1f4d-4fa3-bbbe-5e9577a6c011 req-edcb0e82-95a6-44f4-ba2f-600011ccbec0 tempest-VolumesSnapshotsTestJSON-1840566028 None] CMD "sudo cinder-rootwrap /etc/cinder/rootwrap.conf truncate -s0 /opt/stack/data/cinder/mnt/4d0a02fe55ee29f185e20f0fb963be48/volume-4d8d9fd0-880a-4493-b071-48c0a8d6cb36.info" returned: 0 in 0.321s {{(pid=88044) execute /opt/stack/data/venv/lib/python3.12/site-packages/oslo_concurrency/processutils.py:468}}
Jul 23 03:20:54 devstack cinder-volume[88044]: WARNING cinder.volume.drivers.remotefs [req-fbb7790c-1f4d-4fa3-bbbe-5e9577a6c011 req-edcb0e82-95a6-44f4-ba2f-600011ccbec0 tempest-VolumesSnapshotsTestJSON-1840566028 None] /opt/stack/data/cinder/mnt/4d0a02fe55ee29f185e20f0fb963be48/volume-4d8d9fd0-880a-4493-b071-48c0a8d6cb36.info is being set with open permissions: ugo+rw
Jul 23 03:20:54 devstack cinder-volume[88044]: DEBUG oslo_concurrency.processutils [req-fbb7790c-1f4d-4fa3-bbbe-5e9577a6c011 req-edcb0e82-95a6-44f4-ba2f-600011ccbec0 tempest-VolumesSnapshotsTestJSON-1840566028 None] Running cmd (subprocess): sudo cinder-rootwrap /etc/cinder/rootwrap.conf chmod ugo+rw /opt/stack/data/cinder/mnt/4d0a02fe55ee29f185e20f0fb963be48/volume-4d8d9fd0-880a-4493-b071-48c0a8d6cb36.info {{(pid=88044) execute /opt/stack/data/venv/lib/python3.12/site-packages/oslo_concurrency/processutils.py:440}}
Jul 23 03:20:54 devstack sudo[91046]: quobyte : PWD=/ ; USER=root ; COMMAND=/opt/stack/data/venv/bin/cinder-rootwrap /etc/cinder/rootwrap.conf chmod ugo+rw /opt/stack/data/cinder/mnt/4d0a02fe55ee29f185e20f0fb963be48/volume-4d8d9fd0-880a-4493-b071-48c0a8d6cb36.info
Jul 23 03:20:54 devstack sudo[91046]: pam_unix(sudo:session): session opened for user root(uid=0) by (uid=1000)
Jul 23 03:20:54 devstack sudo[91043]: pam_unix(sudo:session): session closed for user root
Jul 23 03:20:54 devstack cinder-volume[88044]: DEBUG oslo_concurrency.processutils [None req-d78c511a-7c6d-4c01-b732-e4d0ea20c0d7 tempest-AttachVolumeShelveTestJSON-157404675 None] CMD "/opt/stack/data/venv/bin/python3.12 -m oslo_concurrency.prlimit --as=1073741824 --cpu=60 -- sudo cinder-rootwrap /etc/cinder/rootwrap.conf env LC_ALL=C qemu-img info -f qcow2 --output=json --force-share /opt/stack/data/cinder/mnt/4d0a02fe55ee29f185e20f0fb963be48/volume-05e95701-b6c9-47f7-bd3e-daf4a554a275" returned: 0 in 0.622s {{(pid=88044) execute /opt/stack/data/venv/lib/python3.12/site-packages/oslo_concurrency/processutils.py:468}}
Jul 23 03:20:54 devstack cinder-volume[88044]: DEBUG oslo_concurrency.processutils [None req-d78c511a-7c6d-4c01-b732-e4d0ea20c0d7 tempest-AttachVolumeShelveTestJSON-157404675 None] Running cmd (subprocess): sudo cinder-rootwrap /etc/cinder/rootwrap.conf rm -f /opt/stack/data/cinder/mnt/4d0a02fe55ee29f185e20f0fb963be48/volume-05e95701-b6c9-47f7-bd3e-daf4a554a275 {{(pid=88044) execute /opt/stack/data/venv/lib/python3.12/site-packages/oslo_concurrency/processutils.py:440}}
Jul 23 03:20:54 devstack sudo[91066]: quobyte : PWD=/ ; USER=root ; COMMAND=/opt/stack/data/venv/bin/cinder-rootwrap /etc/cinder/rootwrap.conf rm -f /opt/stack/data/cinder/mnt/4d0a02fe55ee29f185e20f0fb963be48/volume-05e95701-b6c9-47f7-bd3e-daf4a554a275
Jul 23 03:20:54 devstack sudo[91066]: pam_unix(sudo:session): session opened for user root(uid=0) by (uid=1000)
Jul 23 03:20:54 devstack sudo[91046]: pam_unix(sudo:session): session closed for user root
Jul 23 03:20:54 devstack cinder-volume[88044]: DEBUG oslo_concurrency.processutils [req-fbb7790c-1f4d-4fa3-bbbe-5e9577a6c011 req-edcb0e82-95a6-44f4-ba2f-600011ccbec0 tempest-VolumesSnapshotsTestJSON-1840566028 None] CMD "sudo cinder-rootwrap /etc/cinder/rootwrap.conf chmod ugo+rw /opt/stack/data/cinder/mnt/4d0a02fe55ee29f185e20f0fb963be48/volume-4d8d9fd0-880a-4493-b071-48c0a8d6cb36.info" returned: 0 in 0.627s {{(pid=88044) execute /opt/stack/data/venv/lib/python3.12/site-packages/oslo_concurrency/processutils.py:468}}
Jul 23 03:20:54 devstack cinder-volume[88044]: DEBUG oslo_concurrency.lockutils [req-fbb7790c-1f4d-4fa3-bbbe-5e9577a6c011 req-edcb0e82-95a6-44f4-ba2f-600011ccbec0 tempest-VolumesSnapshotsTestJSON-1840566028 None] Lock "quobyte" "released" by "cinder.volume.drivers.quobyte.QuobyteDriver.create_snapshot" :: held 2.887s {{(pid=88044) inner /opt/stack/data/venv/lib/python3.12/site-packages/oslo_concurrency/lockutils.py:544}}
Jul 23 03:20:55 devstack cinder-volume[88044]: INFO cinder.volume.manager [req-fbb7790c-1f4d-4fa3-bbbe-5e9577a6c011 req-edcb0e82-95a6-44f4-ba2f-600011ccbec0 tempest-VolumesSnapshotsTestJSON-1840566028 None] Create snapshot completed successfully
Jul 23 03:20:55 devstack sudo[91066]: pam_unix(sudo:session): session closed for user root
Jul 23 03:20:55 devstack cinder-volume[88044]: DEBUG oslo_concurrency.processutils [None req-d78c511a-7c6d-4c01-b732-e4d0ea20c0d7 tempest-AttachVolumeShelveTestJSON-157404675 None] CMD "sudo cinder-rootwrap /etc/cinder/rootwrap.conf rm -f /opt/stack/data/cinder/mnt/4d0a02fe55ee29f185e20f0fb963be48/volume-05e95701-b6c9-47f7-bd3e-daf4a554a275" returned: 0 in 0.574s {{(pid=88044) execute /opt/stack/data/venv/lib/python3.12/site-packages/oslo_concurrency/processutils.py:468}}
Jul 23 03:20:55 devstack cinder-volume[88044]: DEBUG cinder.coordination [None req-d78c511a-7c6d-4c01-b732-e4d0ea20c0d7 tempest-AttachVolumeShelveTestJSON-157404675 None] Lock "cinder-quobyte-05e95701-b6c9-47f7-bd3e-daf4a554a275" released by "delete_volume" :: held 1.296s {{(pid=88044) __release /opt/stack/cinder/cinder/coordination.py:152}}
Jul 23 03:20:55 devstack cinder-volume[88044]: DEBUG cinder.quota [None req-d78c511a-7c6d-4c01-b732-e4d0ea20c0d7 tempest-AttachVolumeShelveTestJSON-157404675 None] Created reservations ['e9d4db8b-1718-40f2-a22a-74d551215c2c', 'c7e44217-2733-4741-a3df-52234b9c7404', 'cb4b0ba3-b0fc-4a49-bd46-978bff23a701', 'fb79b1fc-fbb8-44c5-b661-0cf50db7744a'] {{(pid=88044) reserve /opt/stack/cinder/cinder/quota.py:752}}
Jul 23 03:20:55 devstack cinder-volume[88044]: DEBUG oslo_concurrency.lockutils [None req-d78c511a-7c6d-4c01-b732-e4d0ea20c0d7 tempest-AttachVolumeShelveTestJSON-157404675 None] Acquiring lock "quobyte_ensure" by "cinder.volume.drivers.quobyte.QuobyteDriver._ensure_shares_mounted" {{(pid=88044) inner /opt/stack/data/venv/lib/python3.12/site-packages/oslo_concurrency/lockutils.py:512}}
Jul 23 03:20:55 devstack cinder-volume[88044]: DEBUG oslo_concurrency.lockutils [None req-d78c511a-7c6d-4c01-b732-e4d0ea20c0d7 tempest-AttachVolumeShelveTestJSON-157404675 None] Lock "quobyte_ensure" acquired by "cinder.volume.drivers.quobyte.QuobyteDriver._ensure_shares_mounted" :: waited 0.001s {{(pid=88044) inner /opt/stack/data/venv/lib/python3.12/site-packages/oslo_concurrency/lockutils.py:525}}
Jul 23 03:20:55 devstack cinder-volume[88044]: DEBUG cinder.volume.drivers.quobyte [None req-d78c511a-7c6d-4c01-b732-e4d0ea20c0d7 tempest-AttachVolumeShelveTestJSON-157404675 None] Quobyte Volume URL set to: {'osci02.corp.quobyte.com/cinder-vol-67a9b074-7c73-46ff-900b-7f75834be65a': None} {{(pid=88044) _load_shares_config /opt/stack/cinder/cinder/volume/drivers/quobyte.py:651}}
Jul 23 03:20:55 devstack cinder-volume[88044]: DEBUG cinder.volume.drivers.quobyte [None req-d78c511a-7c6d-4c01-b732-e4d0ea20c0d7 tempest-AttachVolumeShelveTestJSON-157404675 None] Available shares ['osci02.corp.quobyte.com/cinder-vol-67a9b074-7c73-46ff-900b-7f75834be65a'] {{(pid=88044) _ensure_shares_mounted /opt/stack/cinder/cinder/volume/drivers/quobyte.py:681}}
Jul 23 03:20:55 devstack cinder-volume[88044]: DEBUG oslo_concurrency.lockutils [None req-d78c511a-7c6d-4c01-b732-e4d0ea20c0d7 tempest-AttachVolumeShelveTestJSON-157404675 None] Lock "quobyte_ensure" "released" by "cinder.volume.drivers.quobyte.QuobyteDriver._ensure_shares_mounted" :: held 0.010s {{(pid=88044) inner /opt/stack/data/venv/lib/python3.12/site-packages/oslo_concurrency/lockutils.py:544}}
Jul 23 03:20:55 devstack cinder-volume[88044]: DEBUG oslo_concurrency.processutils [None req-d78c511a-7c6d-4c01-b732-e4d0ea20c0d7 tempest-AttachVolumeShelveTestJSON-157404675 None] Running cmd (subprocess): sudo cinder-rootwrap /etc/cinder/rootwrap.conf df --portability --block-size 1 /opt/stack/data/cinder/mnt/4d0a02fe55ee29f185e20f0fb963be48 {{(pid=88044) execute /opt/stack/data/venv/lib/python3.12/site-packages/oslo_concurrency/processutils.py:440}}
Jul 23 03:20:55 devstack sudo[91091]: quobyte : PWD=/ ; USER=root ; COMMAND=/opt/stack/data/venv/bin/cinder-rootwrap /etc/cinder/rootwrap.conf df --portability --block-size 1 /opt/stack/data/cinder/mnt/4d0a02fe55ee29f185e20f0fb963be48
Jul 23 03:20:55 devstack sudo[91091]: pam_unix(sudo:session): session opened for user root(uid=0) by (uid=1000)
Jul 23 03:20:55 devstack sudo[91091]: pam_unix(sudo:session): session closed for user root
Jul 23 03:20:55 devstack cinder-volume[88044]: DEBUG oslo_concurrency.processutils [None req-d78c511a-7c6d-4c01-b732-e4d0ea20c0d7 tempest-AttachVolumeShelveTestJSON-157404675 None] CMD "sudo cinder-rootwrap /etc/cinder/rootwrap.conf df --portability --block-size 1 /opt/stack/data/cinder/mnt/4d0a02fe55ee29f185e20f0fb963be48" returned: 0 in 0.404s {{(pid=88044) execute /opt/stack/data/venv/lib/python3.12/site-packages/oslo_concurrency/processutils.py:468}}
Jul 23 03:20:55 devstack cinder-volume[88044]: DEBUG cinder.manager [None req-d78c511a-7c6d-4c01-b732-e4d0ea20c0d7 tempest-AttachVolumeShelveTestJSON-157404675 None] Notifying Schedulers of capabilities ... {{(pid=88044) _publish_service_capabilities /opt/stack/cinder/cinder/manager.py:219}}
Jul 23 03:20:55 devstack cinder-volume[88044]: INFO cinder.volume.manager [None req-d78c511a-7c6d-4c01-b732-e4d0ea20c0d7 tempest-AttachVolumeShelveTestJSON-157404675 None] Deleted volume successfully.
Jul 23 03:20:56 devstack cinder-volume[88044]: DEBUG cinder.coordination [None req-d78c511a-7c6d-4c01-b732-e4d0ea20c0d7 tempest-AttachVolumeShelveTestJSON-157404675 None] Lock "cinder-05e95701-b6c9-47f7-bd3e-daf4a554a275-delete_volume" released by "delete_volume" :: held 2.157s {{(pid=88044) __release /opt/stack/cinder/cinder/coordination.py:152}}
Jul 23 03:20:56 devstack cinder-volume[88044]: DEBUG cinder.coordination [req-b19f616d-ac43-4cc5-b943-625b63d947ab req-d114bd00-be21-4586-a93b-171170feeab4 tempest-VolumesSnapshotsTestJSON-1840566028 None] Acquiring lock "cinder-5f1bcdbe-504b-4c8c-80f6-88224bbd90cc-delete_snapshot" by "delete_snapshot" {{(pid=88044) __acquire /opt/stack/cinder/cinder/coordination.py:138}}
Jul 23 03:20:56 devstack cinder-volume[88044]: DEBUG cinder.coordination [req-b19f616d-ac43-4cc5-b943-625b63d947ab req-d114bd00-be21-4586-a93b-171170feeab4 tempest-VolumesSnapshotsTestJSON-1840566028 None] Lock "cinder-5f1bcdbe-504b-4c8c-80f6-88224bbd90cc-delete_snapshot" acquired by "delete_snapshot" :: waited 0.027s {{(pid=88044) __acquire /opt/stack/cinder/cinder/coordination.py:141}}
Jul 23 03:20:56 devstack cinder-volume[88044]: DEBUG cinder.coordination [req-b19f616d-ac43-4cc5-b943-625b63d947ab req-d114bd00-be21-4586-a93b-171170feeab4 tempest-VolumesSnapshotsTestJSON-1840566028 None] Acquiring lock "cinder-quobyte-4d8d9fd0-880a-4493-b071-48c0a8d6cb36" by "delete_snapshot" {{(pid=88044) __acquire /opt/stack/cinder/cinder/coordination.py:138}}
Jul 23 03:20:56 devstack cinder-volume[88044]: DEBUG cinder.coordination [req-b19f616d-ac43-4cc5-b943-625b63d947ab req-d114bd00-be21-4586-a93b-171170feeab4 tempest-VolumesSnapshotsTestJSON-1840566028 None] Lock "cinder-quobyte-4d8d9fd0-880a-4493-b071-48c0a8d6cb36" acquired by "delete_snapshot" :: waited 0.045s {{(pid=88044) __acquire /opt/stack/cinder/cinder/coordination.py:141}}
Jul 23 03:20:56 devstack cinder-volume[88044]: DEBUG cinder.coordination [req-b19f616d-ac43-4cc5-b943-625b63d947ab req-d114bd00-be21-4586-a93b-171170feeab4 tempest-VolumesSnapshotsTestJSON-1840566028 None] Acquiring lock "cinder-quobyte-5f1bcdbe-504b-4c8c-80f6-88224bbd90cc" by "_delete_snapshot" {{(pid=88044) __acquire /opt/stack/cinder/cinder/coordination.py:138}}
Jul 23 03:20:56 devstack cinder-volume[88044]: DEBUG cinder.coordination [req-b19f616d-ac43-4cc5-b943-625b63d947ab req-d114bd00-be21-4586-a93b-171170feeab4 tempest-VolumesSnapshotsTestJSON-1840566028 None] Lock "cinder-quobyte-5f1bcdbe-504b-4c8c-80f6-88224bbd90cc" acquired by "_delete_snapshot" :: waited 0.033s {{(pid=88044) __acquire /opt/stack/cinder/cinder/coordination.py:141}}
Jul 23 03:20:56 devstack cinder-volume[88044]: DEBUG cinder.volume.drivers.remotefs [req-b19f616d-ac43-4cc5-b943-625b63d947ab req-d114bd00-be21-4586-a93b-171170feeab4 tempest-VolumesSnapshotsTestJSON-1840566028 None] Deleting offline snapshot 5f1bcdbe-504b-4c8c-80f6-88224bbd90cc of volume 4d8d9fd0-880a-4493-b071-48c0a8d6cb36 {{(pid=88044) _delete_snapshot /opt/stack/cinder/cinder/volume/drivers/remotefs.py:1288}}
Jul 23 03:20:56 devstack cinder-volume[88044]: DEBUG cinder.volume.drivers.remotefs [req-b19f616d-ac43-4cc5-b943-625b63d947ab req-d114bd00-be21-4586-a93b-171170feeab4 tempest-VolumesSnapshotsTestJSON-1840566028 None] snapshot_file for this snap is: volume-4d8d9fd0-880a-4493-b071-48c0a8d6cb36.5f1bcdbe-504b-4c8c-80f6-88224bbd90cc {{(pid=88044) _delete_snapshot /opt/stack/cinder/cinder/volume/drivers/remotefs.py:1322}}
Jul 23 03:20:56 devstack cinder-volume[88044]: DEBUG oslo.privsep.daemon [-] privsep: reply[6b7e785f-3770-4c9e-b43e-d504f8f98b54]: (4, 'qcow2') {{(pid=89714) _call_back /opt/stack/data/venv/lib/python3.12/site-packages/oslo_privsep/daemon.py:580}}
Jul 23 03:20:56 devstack cinder-volume[88044]: DEBUG oslo_concurrency.processutils [req-b19f616d-ac43-4cc5-b943-625b63d947ab req-d114bd00-be21-4586-a93b-171170feeab4 tempest-VolumesSnapshotsTestJSON-1840566028 None] Running cmd (subprocess): /opt/stack/data/venv/bin/python3.12 -m oslo_concurrency.prlimit --as=1073741824 --cpu=60 -- sudo cinder-rootwrap /etc/cinder/rootwrap.conf env LC_ALL=C qemu-img info -f qcow2 --output=json --force-share /opt/stack/data/cinder/mnt/4d0a02fe55ee29f185e20f0fb963be48/volume-4d8d9fd0-880a-4493-b071-48c0a8d6cb36.5f1bcdbe-504b-4c8c-80f6-88224bbd90cc {{(pid=88044) execute /opt/stack/data/venv/lib/python3.12/site-packages/oslo_concurrency/processutils.py:440}}
Jul 23 03:20:56 devstack sudo[91116]: quobyte : PWD=/ ; USER=root ; COMMAND=/opt/stack/data/venv/bin/cinder-rootwrap /etc/cinder/rootwrap.conf env LC_ALL=C qemu-img info -f qcow2 --output=json --force-share /opt/stack/data/cinder/mnt/4d0a02fe55ee29f185e20f0fb963be48/volume-4d8d9fd0-880a-4493-b071-48c0a8d6cb36.5f1bcdbe-504b-4c8c-80f6-88224bbd90cc
Jul 23 03:20:56 devstack sudo[91116]: pam_unix(sudo:session): session opened for user root(uid=0) by (uid=1000)
Jul 23 03:20:57 devstack sudo[91116]: pam_unix(sudo:session): session closed for user root
Jul 23 03:20:57 devstack cinder-volume[88044]: DEBUG oslo_concurrency.processutils [req-b19f616d-ac43-4cc5-b943-625b63d947ab req-d114bd00-be21-4586-a93b-171170feeab4 tempest-VolumesSnapshotsTestJSON-1840566028 None] CMD "/opt/stack/data/venv/bin/python3.12 -m oslo_concurrency.prlimit --as=1073741824 --cpu=60 -- sudo cinder-rootwrap /etc/cinder/rootwrap.conf env LC_ALL=C qemu-img info -f qcow2 --output=json --force-share /opt/stack/data/cinder/mnt/4d0a02fe55ee29f185e20f0fb963be48/volume-4d8d9fd0-880a-4493-b071-48c0a8d6cb36.5f1bcdbe-504b-4c8c-80f6-88224bbd90cc" returned: 0 in 0.767s {{(pid=88044) execute /opt/stack/data/venv/lib/python3.12/site-packages/oslo_concurrency/processutils.py:468}}
Jul 23 03:20:57 devstack cinder-volume[88044]: DEBUG cinder.volume.drivers.remotefs [req-b19f616d-ac43-4cc5-b943-625b63d947ab req-d114bd00-be21-4586-a93b-171170feeab4 tempest-VolumesSnapshotsTestJSON-1840566028 None] Fetching qemu-img info with special backing_file_template: (/opt/stack/data/cinder/mnt/[0-9a-f]+/)?(volume-4d8d9fd0-880a-4493-b071-48c0a8d6cb36(.(tmp-snap-)?[0-9a-f-]+)?|volume_from_snapshot_cache/(tmp-snap-)?[0-9a-f-]+(.(child-|parent-)[0-9a-f-]+)?)$ {{(pid=88044) _qemu_img_info_base /opt/stack/cinder/cinder/volume/drivers/remotefs.py:896}}
Jul 23 03:20:57 devstack cinder-volume[88044]: DEBUG oslo.privsep.daemon [-] privsep: reply[068598a0-c722-4fbd-8e98-8a0454e266b2]: (4, 'qcow2') {{(pid=89714) _call_back /opt/stack/data/venv/lib/python3.12/site-packages/oslo_privsep/daemon.py:580}}
Jul 23 03:20:57 devstack cinder-volume[88044]: DEBUG oslo_concurrency.processutils [req-b19f616d-ac43-4cc5-b943-625b63d947ab req-d114bd00-be21-4586-a93b-171170feeab4 tempest-VolumesSnapshotsTestJSON-1840566028 None] Running cmd (subprocess): /opt/stack/data/venv/bin/python3.12 -m oslo_concurrency.prlimit --as=1073741824 --cpu=60 -- sudo cinder-rootwrap /etc/cinder/rootwrap.conf env LC_ALL=C qemu-img info -f qcow2 --output=json --force-share /opt/stack/data/cinder/mnt/4d0a02fe55ee29f185e20f0fb963be48/volume-4d8d9fd0-880a-4493-b071-48c0a8d6cb36 {{(pid=88044) execute /opt/stack/data/venv/lib/python3.12/site-packages/oslo_concurrency/processutils.py:440}}
Jul 23 03:20:57 devstack sudo[91126]: quobyte : PWD=/ ; USER=root ; COMMAND=/opt/stack/data/venv/bin/cinder-rootwrap /etc/cinder/rootwrap.conf env LC_ALL=C qemu-img info -f qcow2 --output=json --force-share /opt/stack/data/cinder/mnt/4d0a02fe55ee29f185e20f0fb963be48/volume-4d8d9fd0-880a-4493-b071-48c0a8d6cb36
Jul 23 03:20:57 devstack sudo[91126]: pam_unix(sudo:session): session opened for user root(uid=0) by (uid=1000)
Jul 23 03:20:57 devstack sudo[91126]: pam_unix(sudo:session): session closed for user root
Jul 23 03:20:57 devstack cinder-volume[88044]: DEBUG oslo_concurrency.processutils [req-b19f616d-ac43-4cc5-b943-625b63d947ab req-d114bd00-be21-4586-a93b-171170feeab4 tempest-VolumesSnapshotsTestJSON-1840566028 None] CMD "/opt/stack/data/venv/bin/python3.12 -m oslo_concurrency.prlimit --as=1073741824 --cpu=60 -- sudo cinder-rootwrap /etc/cinder/rootwrap.conf env LC_ALL=C qemu-img info -f qcow2 --output=json --force-share /opt/stack/data/cinder/mnt/4d0a02fe55ee29f185e20f0fb963be48/volume-4d8d9fd0-880a-4493-b071-48c0a8d6cb36" returned: 0 in 0.594s {{(pid=88044) execute /opt/stack/data/venv/lib/python3.12/site-packages/oslo_concurrency/processutils.py:468}}
Jul 23 03:20:57 devstack cinder-volume[88044]: DEBUG oslo_concurrency.processutils [req-b19f616d-ac43-4cc5-b943-625b63d947ab req-d114bd00-be21-4586-a93b-171170feeab4 tempest-VolumesSnapshotsTestJSON-1840566028 None] Running cmd (subprocess): sudo cinder-rootwrap /etc/cinder/rootwrap.conf qemu-img commit -d /opt/stack/data/cinder/mnt/4d0a02fe55ee29f185e20f0fb963be48/volume-4d8d9fd0-880a-4493-b071-48c0a8d6cb36.5f1bcdbe-504b-4c8c-80f6-88224bbd90cc {{(pid=88044) execute /opt/stack/data/venv/lib/python3.12/site-packages/oslo_concurrency/processutils.py:440}}
Jul 23 03:20:57 devstack sudo[91134]: quobyte : PWD=/ ; USER=root ; COMMAND=/opt/stack/data/venv/bin/cinder-rootwrap /etc/cinder/rootwrap.conf qemu-img commit -d /opt/stack/data/cinder/mnt/4d0a02fe55ee29f185e20f0fb963be48/volume-4d8d9fd0-880a-4493-b071-48c0a8d6cb36.5f1bcdbe-504b-4c8c-80f6-88224bbd90cc
Jul 23 03:20:57 devstack sudo[91134]: pam_unix(sudo:session): session opened for user root(uid=0) by (uid=1000)
Jul 23 03:20:58 devstack sudo[91134]: pam_unix(sudo:session): session closed for user root
Jul 23 03:20:58 devstack cinder-volume[88044]: DEBUG oslo_concurrency.processutils [req-b19f616d-ac43-4cc5-b943-625b63d947ab req-d114bd00-be21-4586-a93b-171170feeab4 tempest-VolumesSnapshotsTestJSON-1840566028 None] CMD "sudo cinder-rootwrap /etc/cinder/rootwrap.conf qemu-img commit -d /opt/stack/data/cinder/mnt/4d0a02fe55ee29f185e20f0fb963be48/volume-4d8d9fd0-880a-4493-b071-48c0a8d6cb36.5f1bcdbe-504b-4c8c-80f6-88224bbd90cc" returned: 0 in 0.885s {{(pid=88044) execute /opt/stack/data/venv/lib/python3.12/site-packages/oslo_concurrency/processutils.py:468}}
Jul 23 03:20:58 devstack cinder-volume[88044]: DEBUG oslo_concurrency.processutils [req-b19f616d-ac43-4cc5-b943-625b63d947ab req-d114bd00-be21-4586-a93b-171170feeab4 tempest-VolumesSnapshotsTestJSON-1840566028 None] Running cmd (subprocess): sudo cinder-rootwrap /etc/cinder/rootwrap.conf rm -f /opt/stack/data/cinder/mnt/4d0a02fe55ee29f185e20f0fb963be48/volume-4d8d9fd0-880a-4493-b071-48c0a8d6cb36.5f1bcdbe-504b-4c8c-80f6-88224bbd90cc {{(pid=88044) execute /opt/stack/data/venv/lib/python3.12/site-packages/oslo_concurrency/processutils.py:440}}
Jul 23 03:20:58 devstack sudo[91142]: quobyte : PWD=/ ; USER=root ; COMMAND=/opt/stack/data/venv/bin/cinder-rootwrap /etc/cinder/rootwrap.conf rm -f /opt/stack/data/cinder/mnt/4d0a02fe55ee29f185e20f0fb963be48/volume-4d8d9fd0-880a-4493-b071-48c0a8d6cb36.5f1bcdbe-504b-4c8c-80f6-88224bbd90cc
Jul 23 03:20:58 devstack sudo[91142]: pam_unix(sudo:session): session opened for user root(uid=0) by (uid=1000)
Jul 23 03:20:59 devstack sudo[91142]: pam_unix(sudo:session): session closed for user root
Jul 23 03:20:59 devstack cinder-volume[88044]: DEBUG oslo_concurrency.processutils [req-b19f616d-ac43-4cc5-b943-625b63d947ab req-d114bd00-be21-4586-a93b-171170feeab4 tempest-VolumesSnapshotsTestJSON-1840566028 None] CMD "sudo cinder-rootwrap /etc/cinder/rootwrap.conf rm -f /opt/stack/data/cinder/mnt/4d0a02fe55ee29f185e20f0fb963be48/volume-4d8d9fd0-880a-4493-b071-48c0a8d6cb36.5f1bcdbe-504b-4c8c-80f6-88224bbd90cc" returned: 0 in 0.354s {{(pid=88044) execute /opt/stack/data/venv/lib/python3.12/site-packages/oslo_concurrency/processutils.py:468}}
Jul 23 03:20:59 devstack cinder-volume[88044]: DEBUG cinder.coordination [req-b19f616d-ac43-4cc5-b943-625b63d947ab req-d114bd00-be21-4586-a93b-171170feeab4 tempest-VolumesSnapshotsTestJSON-1840566028 None] Lock "cinder-quobyte-5f1bcdbe-504b-4c8c-80f6-88224bbd90cc" released by "_delete_snapshot" :: held 2.795s {{(pid=88044) __release /opt/stack/cinder/cinder/coordination.py:152}}
Jul 23 03:20:59 devstack cinder-volume[88044]: DEBUG cinder.coordination [req-b19f616d-ac43-4cc5-b943-625b63d947ab req-d114bd00-be21-4586-a93b-171170feeab4 tempest-VolumesSnapshotsTestJSON-1840566028 None] Lock "cinder-quobyte-4d8d9fd0-880a-4493-b071-48c0a8d6cb36" released by "delete_snapshot" :: held 2.859s {{(pid=88044) __release /opt/stack/cinder/cinder/coordination.py:152}}
