Aug 26 16:06:01 devstack devstack@g-api.service[84202]: [uWSGI] getting INI configuration from /etc/glance/glance-uwsgi.ini
Aug 26 16:06:01 devstack devstack@g-api.service[84202]: *** Starting uWSGI 2.0.24-debian (64bit) on [Wed Aug 26 16:06:01 2026] ***
Aug 26 16:06:01 devstack devstack@g-api.service[84202]: compiled with version: 13.2.0 on 17 April 2024 16:23:48
Aug 26 16:06:01 devstack devstack@g-api.service[84202]: os: Linux-6.8.0-124-generic #124-Ubuntu SMP PREEMPT_DYNAMIC Tue May 26 13:00:45 UTC 2026
Aug 26 16:06:01 devstack devstack@g-api.service[84202]: nodename: devstack
Aug 26 16:06:01 devstack devstack@g-api.service[84202]: machine: x86_64
Aug 26 16:06:01 devstack devstack@g-api.service[84202]: clock source: unix
Aug 26 16:06:01 devstack devstack@g-api.service[84202]: pcre jit disabled
Aug 26 16:06:01 devstack devstack@g-api.service[84202]: detected number of CPU cores: 4
Aug 26 16:06:01 devstack devstack@g-api.service[84202]: current working directory: /
Aug 26 16:06:01 devstack devstack@g-api.service[84202]: detected binary path: /usr/bin/uwsgi-core
Aug 26 16:06:01 devstack devstack@g-api.service[84202]: your processes number limit is 47518
Aug 26 16:06:01 devstack devstack@g-api.service[84202]: your memory page size is 4096 bytes
Aug 26 16:06:01 devstack devstack@g-api.service[84202]: detected max file descriptor number: 2048
Aug 26 16:06:01 devstack devstack@g-api.service[84202]: lock engine: pthread robust mutexes
Aug 26 16:06:01 devstack devstack@g-api.service[84202]: thunder lock: enabled
Aug 26 16:06:01 devstack devstack@g-api.service[84202]: uwsgi socket 0 bound to TCP address 127.0.0.1:60999 fd 4
Aug 26 16:06:01 devstack devstack@g-api.service[84202]: Python version: 3.12.3 (main, Jul 15 2026, 23:46:41) [GCC 13.3.0]
Aug 26 16:06:01 devstack devstack@g-api.service[84202]: PEP 405 virtualenv detected: /opt/stack/data/venv
Aug 26 16:06:01 devstack devstack@g-api.service[84202]: Set PythonHome to /opt/stack/data/venv
Aug 26 16:06:01 devstack devstack@g-api.service[84202]: Python main interpreter initialized at 0x7b31f14a4668
Aug 26 16:06:01 devstack devstack@g-api.service[84202]: python threads support enabled
Aug 26 16:06:01 devstack devstack@g-api.service[84202]: your server socket listen backlog is limited to 100 connections
Aug 26 16:06:01 devstack devstack@g-api.service[84202]: your mercy for graceful operations on workers is 80 seconds
Aug 26 16:06:01 devstack devstack@g-api.service[84202]: mapped 403077 bytes (393 KB) for 2 cores
Aug 26 16:06:01 devstack devstack@g-api.service[84202]: *** Operational MODE: preforking ***
Aug 26 16:06:01 devstack devstack@g-api.service[84202]: *** uWSGI is running in multiple interpreter mode ***
Aug 26 16:06:01 devstack devstack@g-api.service[84202]: spawned uWSGI master process (pid: 84202)
Aug 26 16:06:01 devstack devstack@g-api.service[84202]: spawned uWSGI worker 1 (pid: 84204, cores: 1)
Aug 26 16:06:01 devstack devstack@g-api.service[84202]: spawned uWSGI worker 2 (pid: 84206, cores: 1)
Aug 26 16:06:01 devstack devstack@g-api.service[84202]: running "unix_signal:15 gracefully_kill_them_all" (master-start)...
Aug 26 16:06:03 devstack devstack@g-api.service[84204]: /opt/stack/data/venv/lib/python3.12/site-packages/futurist/_utils.py:34: EventletDeprecationWarning:
Aug 26 16:06:03 devstack devstack@g-api.service[84204]: Eventlet is deprecated. It is currently being maintained in bugfix mode, and
Aug 26 16:06:03 devstack devstack@g-api.service[84204]: we strongly recommend against using it for new projects.
Aug 26 16:06:03 devstack devstack@g-api.service[84204]: If you are already using Eventlet, we recommend migrating to a different
Aug 26 16:06:03 devstack devstack@g-api.service[84204]: framework. For more detail see
Aug 26 16:06:03 devstack devstack@g-api.service[84204]: https://eventlet.readthedocs.io/en/latest/asyncio/migration.html
Aug 26 16:06:03 devstack devstack@g-api.service[84204]: import eventlet as _eventlet # noqa
Aug 26 16:06:03 devstack devstack@g-api.service[84206]: /opt/stack/data/venv/lib/python3.12/site-packages/futurist/_utils.py:34: EventletDeprecationWarning:
Aug 26 16:06:03 devstack devstack@g-api.service[84206]: Eventlet is deprecated. It is currently being maintained in bugfix mode, and
Aug 26 16:06:03 devstack devstack@g-api.service[84206]: we strongly recommend against using it for new projects.
Aug 26 16:06:03 devstack devstack@g-api.service[84206]: If you are already using Eventlet, we recommend migrating to a different
Aug 26 16:06:03 devstack devstack@g-api.service[84206]: framework. For more detail see
Aug 26 16:06:03 devstack devstack@g-api.service[84206]: https://eventlet.readthedocs.io/en/latest/asyncio/migration.html
Aug 26 16:06:03 devstack devstack@g-api.service[84206]: import eventlet as _eventlet # noqa
Aug 26 16:06:03 devstack devstack@g-api.service[84204]: INFO glance.async_ [-] Threadpool model set to 'NativeThreadPoolModel'
Aug 26 16:06:03 devstack devstack@g-api.service[84206]: INFO glance.async_ [-] Threadpool model set to 'NativeThreadPoolModel'
Aug 26 16:06:03 devstack devstack@g-api.service[84204]: DEBUG oslo_concurrency.processutils [-] Running cmd (subprocess): grep -F node.session.scan /sbin/iscsiadm {{(pid=84204) execute /opt/stack/data/venv/lib/python3.12/site-packages/oslo_concurrency/processutils.py:440}}
Aug 26 16:06:03 devstack devstack@g-api.service[84204]: DEBUG oslo_concurrency.processutils [-] CMD "grep -F node.session.scan /sbin/iscsiadm" returned: 0 in 0.016s {{(pid=84204) execute /opt/stack/data/venv/lib/python3.12/site-packages/oslo_concurrency/processutils.py:468}}
Aug 26 16:06:03 devstack devstack@g-api.service[84206]: DEBUG oslo_concurrency.processutils [-] Running cmd (subprocess): grep -F node.session.scan /sbin/iscsiadm {{(pid=84206) execute /opt/stack/data/venv/lib/python3.12/site-packages/oslo_concurrency/processutils.py:440}}
Aug 26 16:06:03 devstack devstack@g-api.service[84206]: DEBUG oslo_concurrency.processutils [-] CMD "grep -F node.session.scan /sbin/iscsiadm" returned: 0 in 0.014s {{(pid=84206) execute /opt/stack/data/venv/lib/python3.12/site-packages/oslo_concurrency/processutils.py:468}}
Aug 26 16:06:04 devstack devstack@g-api.service[84206]: DEBUG glance_store.backend [-] Attempting to import store cinder {{(pid=84206) _load_store /opt/stack/data/venv/lib/python3.12/site-packages/glance_store/backend.py:215}}
Aug 26 16:06:04 devstack devstack@g-api.service[84206]: DEBUG glance_store.backend [-] Attempting to import store file {{(pid=84206) _load_store /opt/stack/data/venv/lib/python3.12/site-packages/glance_store/backend.py:215}}
Aug 26 16:06:04 devstack devstack@g-api.service[84204]: DEBUG glance_store.backend [-] Attempting to import store cinder {{(pid=84204) _load_store /opt/stack/data/venv/lib/python3.12/site-packages/glance_store/backend.py:215}}
Aug 26 16:06:04 devstack devstack@g-api.service[84204]: DEBUG glance_store.backend [-] Attempting to import store file {{(pid=84204) _load_store /opt/stack/data/venv/lib/python3.12/site-packages/glance_store/backend.py:215}}
Aug 26 16:06:04 devstack devstack@g-api.service[84206]: DEBUG glance_store.backend [-] Attempting to import store glance.store.cinder.Store {{(pid=84206) _load_store /opt/stack/data/venv/lib/python3.12/site-packages/glance_store/backend.py:215}}
Aug 26 16:06:04 devstack devstack@g-api.service[84204]: DEBUG glance_store.backend [-] Attempting to import store glance.store.cinder.Store {{(pid=84204) _load_store /opt/stack/data/venv/lib/python3.12/site-packages/glance_store/backend.py:215}}
Aug 26 16:06:04 devstack devstack@g-api.service[84206]: DEBUG glance_store.backend [-] Attempting to import store glance.store.filesystem.Store {{(pid=84206) _load_store /opt/stack/data/venv/lib/python3.12/site-packages/glance_store/backend.py:215}}
Aug 26 16:06:04 devstack devstack@g-api.service[84204]: DEBUG glance_store.backend [-] Attempting to import store glance.store.filesystem.Store {{(pid=84204) _load_store /opt/stack/data/venv/lib/python3.12/site-packages/glance_store/backend.py:215}}
Aug 26 16:06:04 devstack devstack@g-api.service[84206]: DEBUG glance_store.backend [-] Attempting to import store glance.store.http.Store {{(pid=84206) _load_store /opt/stack/data/venv/lib/python3.12/site-packages/glance_store/backend.py:215}}
Aug 26 16:06:04 devstack devstack@g-api.service[84204]: DEBUG glance_store.backend [-] Attempting to import store glance.store.http.Store {{(pid=84204) _load_store /opt/stack/data/venv/lib/python3.12/site-packages/glance_store/backend.py:215}}
Aug 26 16:06:04 devstack devstack@g-api.service[84206]: DEBUG glance_store.backend [-] Attempting to import store glance.store.rbd.Store {{(pid=84206) _load_store /opt/stack/data/venv/lib/python3.12/site-packages/glance_store/backend.py:215}}
Aug 26 16:06:04 devstack devstack@g-api.service[84204]: DEBUG glance_store.backend [-] Attempting to import store glance.store.rbd.Store {{(pid=84204) _load_store /opt/stack/data/venv/lib/python3.12/site-packages/glance_store/backend.py:215}}
Aug 26 16:06:04 devstack devstack@g-api.service[84206]: DEBUG glance_store.backend [-] Attempting to import store glance.store.s3.Store {{(pid=84206) _load_store /opt/stack/data/venv/lib/python3.12/site-packages/glance_store/backend.py:215}}
Aug 26 16:06:04 devstack devstack@g-api.service[84204]: DEBUG glance_store.backend [-] Attempting to import store glance.store.s3.Store {{(pid=84204) _load_store /opt/stack/data/venv/lib/python3.12/site-packages/glance_store/backend.py:215}}
Aug 26 16:06:04 devstack devstack@g-api.service[84206]: DEBUG glance_store.backend [-] Attempting to import store glance.store.swift.Store {{(pid=84206) _load_store /opt/stack/data/venv/lib/python3.12/site-packages/glance_store/backend.py:215}}
Aug 26 16:06:04 devstack devstack@g-api.service[84204]: DEBUG glance_store.backend [-] Attempting to import store glance.store.swift.Store {{(pid=84204) _load_store /opt/stack/data/venv/lib/python3.12/site-packages/glance_store/backend.py:215}}
Aug 26 16:06:04 devstack devstack@g-api.service[84206]: DEBUG glance_store.backend [-] Attempting to import store glance.store.vmware_datastore.Store {{(pid=84206) _load_store /opt/stack/data/venv/lib/python3.12/site-packages/glance_store/backend.py:215}}
Aug 26 16:06:04 devstack devstack@g-api.service[84204]: DEBUG glance_store.backend [-] Attempting to import store glance.store.vmware_datastore.Store {{(pid=84204) _load_store /opt/stack/data/venv/lib/python3.12/site-packages/glance_store/backend.py:215}}
Aug 26 16:06:04 devstack devstack@g-api.service[84206]: DEBUG glance_store.backend [-] Attempting to import store http {{(pid=84206) _load_store /opt/stack/data/venv/lib/python3.12/site-packages/glance_store/backend.py:215}}
Aug 26 16:06:04 devstack devstack@g-api.service[84204]: DEBUG glance_store.backend [-] Attempting to import store http {{(pid=84204) _load_store /opt/stack/data/venv/lib/python3.12/site-packages/glance_store/backend.py:215}}
Aug 26 16:06:04 devstack devstack@g-api.service[84206]: DEBUG glance_store.backend [-] Attempting to import store no_conf {{(pid=84206) _load_store /opt/stack/data/venv/lib/python3.12/site-packages/glance_store/backend.py:215}}
Aug 26 16:06:04 devstack devstack@g-api.service[84204]: DEBUG glance_store.backend [-] Attempting to import store no_conf {{(pid=84204) _load_store /opt/stack/data/venv/lib/python3.12/site-packages/glance_store/backend.py:215}}
Aug 26 16:06:04 devstack devstack@g-api.service[84206]: DEBUG glance_store.backend [-] Attempting to import store rbd {{(pid=84206) _load_store /opt/stack/data/venv/lib/python3.12/site-packages/glance_store/backend.py:215}}
Aug 26 16:06:04 devstack devstack@g-api.service[84204]: DEBUG glance_store.backend [-] Attempting to import store rbd {{(pid=84204) _load_store /opt/stack/data/venv/lib/python3.12/site-packages/glance_store/backend.py:215}}
Aug 26 16:06:04 devstack devstack@g-api.service[84206]: DEBUG glance_store.backend [-] Attempting to import store s3 {{(pid=84206) _load_store /opt/stack/data/venv/lib/python3.12/site-packages/glance_store/backend.py:215}}
Aug 26 16:06:04 devstack devstack@g-api.service[84204]: DEBUG glance_store.backend [-] Attempting to import store s3 {{(pid=84204) _load_store /opt/stack/data/venv/lib/python3.12/site-packages/glance_store/backend.py:215}}
Aug 26 16:06:04 devstack devstack@g-api.service[84204]: DEBUG glance_store.backend [-] Attempting to import store swift {{(pid=84204) _load_store /opt/stack/data/venv/lib/python3.12/site-packages/glance_store/backend.py:215}}
Aug 26 16:06:04 devstack devstack@g-api.service[84206]: DEBUG glance_store.backend [-] Attempting to import store swift {{(pid=84206) _load_store /opt/stack/data/venv/lib/python3.12/site-packages/glance_store/backend.py:215}}
Aug 26 16:06:04 devstack devstack@g-api.service[84204]: DEBUG glance_store.backend [-] Attempting to import store vmware {{(pid=84204) _load_store /opt/stack/data/venv/lib/python3.12/site-packages/glance_store/backend.py:215}}
Aug 26 16:06:04 devstack devstack@g-api.service[84206]: DEBUG glance_store.backend [-] Attempting to import store vmware {{(pid=84206) _load_store /opt/stack/data/venv/lib/python3.12/site-packages/glance_store/backend.py:215}}
Aug 26 16:06:04 devstack devstack@g-api.service[84204]: DEBUG glance_store.backend [-] Registering options for group glance_store {{(pid=84204) register_opts /opt/stack/data/venv/lib/python3.12/site-packages/glance_store/backend.py:144}}
Aug 26 16:06:04 devstack devstack@g-api.service[84206]: DEBUG glance_store.backend [-] Registering options for group glance_store {{(pid=84206) register_opts /opt/stack/data/venv/lib/python3.12/site-packages/glance_store/backend.py:144}}
Aug 26 16:06:04 devstack devstack@g-api.service[84204]: DEBUG glance_store.backend [-] Registering options for group glance_store {{(pid=84204) register_opts /opt/stack/data/venv/lib/python3.12/site-packages/glance_store/backend.py:144}}
Aug 26 16:06:04 devstack devstack@g-api.service[84206]: DEBUG glance_store.backend [-] Registering options for group glance_store {{(pid=84206) register_opts /opt/stack/data/venv/lib/python3.12/site-packages/glance_store/backend.py:144}}
Aug 26 16:06:04 devstack devstack@g-api.service[84204]: DEBUG glance_store.backend [-] Attempting to import store file {{(pid=84204) _load_store /opt/stack/data/venv/lib/python3.12/site-packages/glance_store/backend.py:215}}
Aug 26 16:06:04 devstack devstack@g-api.service[84206]: DEBUG glance_store.backend [-] Attempting to import store file {{(pid=84206) _load_store /opt/stack/data/venv/lib/python3.12/site-packages/glance_store/backend.py:215}}
Aug 26 16:06:04 devstack devstack@g-api.service[84204]: DEBUG glance_store.capabilities [-] Store glance_store._drivers.filesystem.Store doesn't support updating dynamic storage capabilities. Please overwrite 'update_capabilities' method of the store to implement updating logics if needed. {{(pid=84204) update_capabilities /opt/stack/data/venv/lib/python3.12/site-packages/glance_store/capabilities.py:91}}
Aug 26 16:06:04 devstack devstack@g-api.service[84204]: DEBUG glance_store.backend [-] Registering store file with schemes ('file', 'filesystem') {{(pid=84204) create_stores /opt/stack/data/venv/lib/python3.12/site-packages/glance_store/backend.py:261}}
Aug 26 16:06:04 devstack devstack@g-api.service[84206]: DEBUG glance_store.capabilities [-] Store glance_store._drivers.filesystem.Store doesn't support updating dynamic storage capabilities. Please overwrite 'update_capabilities' method of the store to implement updating logics if needed. {{(pid=84206) update_capabilities /opt/stack/data/venv/lib/python3.12/site-packages/glance_store/capabilities.py:91}}
Aug 26 16:06:04 devstack devstack@g-api.service[84204]: DEBUG glance_store.driver [-] Late loading location class glance_store._drivers.filesystem.StoreLocation {{(pid=84204) get_store_location_class /opt/stack/data/venv/lib/python3.12/site-packages/glance_store/driver.py:134}}
Aug 26 16:06:04 devstack devstack@g-api.service[84206]: DEBUG glance_store.backend [-] Registering store file with schemes ('file', 'filesystem') {{(pid=84206) create_stores /opt/stack/data/venv/lib/python3.12/site-packages/glance_store/backend.py:261}}
Aug 26 16:06:04 devstack devstack@g-api.service[84204]: DEBUG glance_store.location [-] Registering scheme file with {'store': , 'location_class': , 'store_entry': 'file'} {{(pid=84204) register_scheme_map /opt/stack/data/venv/lib/python3.12/site-packages/glance_store/location.py:146}}
Aug 26 16:06:04 devstack devstack@g-api.service[84204]: DEBUG glance_store.location [-] Registering scheme filesystem with {'store': , 'location_class': , 'store_entry': 'file'} {{(pid=84204) register_scheme_map /opt/stack/data/venv/lib/python3.12/site-packages/glance_store/location.py:146}}
Aug 26 16:06:04 devstack devstack@g-api.service[84206]: DEBUG glance_store.driver [-] Late loading location class glance_store._drivers.filesystem.StoreLocation {{(pid=84206) get_store_location_class /opt/stack/data/venv/lib/python3.12/site-packages/glance_store/driver.py:134}}
Aug 26 16:06:04 devstack devstack@g-api.service[84204]: DEBUG glance_store.backend [-] Attempting to import store http {{(pid=84204) _load_store /opt/stack/data/venv/lib/python3.12/site-packages/glance_store/backend.py:215}}
Aug 26 16:06:04 devstack devstack@g-api.service[84206]: DEBUG glance_store.location [-] Registering scheme file with {'store': , 'location_class': , 'store_entry': 'file'} {{(pid=84206) register_scheme_map /opt/stack/data/venv/lib/python3.12/site-packages/glance_store/location.py:146}}
Aug 26 16:06:04 devstack devstack@g-api.service[84206]: DEBUG glance_store.location [-] Registering scheme filesystem with {'store': , 'location_class': , 'store_entry': 'file'} {{(pid=84206) register_scheme_map /opt/stack/data/venv/lib/python3.12/site-packages/glance_store/location.py:146}}
Aug 26 16:06:04 devstack devstack@g-api.service[84204]: DEBUG glance_store.capabilities [-] Store glance_store._drivers.http.Store doesn't support updating dynamic storage capabilities. Please overwrite 'update_capabilities' method of the store to implement updating logics if needed. {{(pid=84204) update_capabilities /opt/stack/data/venv/lib/python3.12/site-packages/glance_store/capabilities.py:91}}
Aug 26 16:06:04 devstack devstack@g-api.service[84206]: DEBUG glance_store.backend [-] Attempting to import store http {{(pid=84206) _load_store /opt/stack/data/venv/lib/python3.12/site-packages/glance_store/backend.py:215}}
Aug 26 16:06:04 devstack devstack@g-api.service[84204]: DEBUG glance_store.backend [-] Registering store http with schemes ('http', 'https') {{(pid=84204) create_stores /opt/stack/data/venv/lib/python3.12/site-packages/glance_store/backend.py:261}}
Aug 26 16:06:04 devstack devstack@g-api.service[84204]: DEBUG glance_store.driver [-] Late loading location class glance_store._drivers.http.StoreLocation {{(pid=84204) get_store_location_class /opt/stack/data/venv/lib/python3.12/site-packages/glance_store/driver.py:134}}
Aug 26 16:06:04 devstack devstack@g-api.service[84204]: DEBUG glance_store.location [-] Registering scheme http with {'store': , 'location_class': , 'store_entry': 'http'} {{(pid=84204) register_scheme_map /opt/stack/data/venv/lib/python3.12/site-packages/glance_store/location.py:146}}
Aug 26 16:06:04 devstack devstack@g-api.service[84206]: DEBUG glance_store.capabilities [-] Store glance_store._drivers.http.Store doesn't support updating dynamic storage capabilities. Please overwrite 'update_capabilities' method of the store to implement updating logics if needed. {{(pid=84206) update_capabilities /opt/stack/data/venv/lib/python3.12/site-packages/glance_store/capabilities.py:91}}
Aug 26 16:06:04 devstack devstack@g-api.service[84204]: DEBUG glance_store.location [-] Registering scheme https with {'store': , 'location_class': , 'store_entry': 'http'} {{(pid=84204) register_scheme_map /opt/stack/data/venv/lib/python3.12/site-packages/glance_store/location.py:146}}
Aug 26 16:06:04 devstack devstack@g-api.service[84206]: DEBUG glance_store.backend [-] Registering store http with schemes ('http', 'https') {{(pid=84206) create_stores /opt/stack/data/venv/lib/python3.12/site-packages/glance_store/backend.py:261}}
Aug 26 16:06:04 devstack devstack@g-api.service[84206]: DEBUG glance_store.driver [-] Late loading location class glance_store._drivers.http.StoreLocation {{(pid=84206) get_store_location_class /opt/stack/data/venv/lib/python3.12/site-packages/glance_store/driver.py:134}}
Aug 26 16:06:04 devstack devstack@g-api.service[84206]: DEBUG glance_store.location [-] Registering scheme http with {'store': , 'location_class': , 'store_entry': 'http'} {{(pid=84206) register_scheme_map /opt/stack/data/venv/lib/python3.12/site-packages/glance_store/location.py:146}}
Aug 26 16:06:04 devstack devstack@g-api.service[84204]: DEBUG glance.sqlite_migration [-] SQLite caching database not located, skipping migration {{(pid=84204) get_db_path /opt/stack/glance/glance/sqlite_migration.py:68}}
Aug 26 16:06:04 devstack devstack@g-api.service[84206]: DEBUG glance_store.location [-] Registering scheme https with {'store': , 'location_class': , 'store_entry': 'http'} {{(pid=84206) register_scheme_map /opt/stack/data/venv/lib/python3.12/site-packages/glance_store/location.py:146}}
Aug 26 16:06:04 devstack devstack@g-api.service[84204]: WARNING glance.common.wsgi_app [-] Import methods are enabled but staging directory /tmp/staging/ does not exist; Imports will fail!
Aug 26 16:06:04 devstack devstack@g-api.service[84206]: DEBUG glance.sqlite_migration [-] SQLite caching database not located, skipping migration {{(pid=84206) get_db_path /opt/stack/glance/glance/sqlite_migration.py:68}}
Aug 26 16:06:04 devstack devstack@g-api.service[84206]: WARNING glance.common.wsgi_app [-] Import methods are enabled but staging directory /tmp/staging/ does not exist; Imports will fail!
Aug 26 16:06:05 devstack devstack@g-api.service[84204]: DEBUG glance.common.config [None req-40f9f9aa-cb33-4fb0-9294-e44de66450bb None None] Loading glance-api-keystone+cachemanagement from /etc/glance/glance-api-paste.ini {{(pid=84204) load_paste_app /opt/stack/glance/glance/common/config.py:772}}
Aug 26 16:06:05 devstack devstack@g-api.service[84206]: DEBUG glance.common.config [None req-6f3b5b25-90ca-438d-932d-1ea276d41644 None None] Loading glance-api-keystone+cachemanagement from /etc/glance/glance-api-paste.ini {{(pid=84206) load_paste_app /opt/stack/glance/glance/common/config.py:772}}
Aug 26 16:06:06 devstack devstack@g-api.service[84206]: INFO glance.image_cache [None req-6f3b5b25-90ca-438d-932d-1ea276d41644 None None] Image cache loaded driver 'centralized_db'.
Aug 26 16:06:06 devstack devstack@g-api.service[84204]: INFO glance.image_cache [None req-40f9f9aa-cb33-4fb0-9294-e44de66450bb None None] Image cache loaded driver 'centralized_db'.
Aug 26 16:06:06 devstack devstack@g-api.service[84206]: INFO dbcounter [None req-6f3b5b25-90ca-438d-932d-1ea276d41644 None None] Registered counter for database glance
Aug 26 16:06:06 devstack devstack@g-api.service[84204]: INFO dbcounter [None req-40f9f9aa-cb33-4fb0-9294-e44de66450bb None None] Registered counter for database glance
Aug 26 16:06:06 devstack devstack@g-api.service[84206]: DEBUG oslo_db.sqlalchemy.engines [None req-6f3b5b25-90ca-438d-932d-1ea276d41644 None None] MySQL server mode set to STRICT_TRANS_TABLES,STRICT_ALL_TABLES,NO_ZERO_IN_DATE,NO_ZERO_DATE,ERROR_FOR_DIVISION_BY_ZERO,TRADITIONAL,NO_ENGINE_SUBSTITUTION {{(pid=84206) _check_effective_sql_mode /opt/stack/data/venv/lib/python3.12/site-packages/oslo_db/sqlalchemy/engines.py:325}}
Aug 26 16:06:06 devstack devstack@g-api.service[84204]: DEBUG oslo_db.sqlalchemy.engines [None req-40f9f9aa-cb33-4fb0-9294-e44de66450bb None None] MySQL server mode set to STRICT_TRANS_TABLES,STRICT_ALL_TABLES,NO_ZERO_IN_DATE,NO_ZERO_DATE,ERROR_FOR_DIVISION_BY_ZERO,TRADITIONAL,NO_ENGINE_SUBSTITUTION {{(pid=84204) _check_effective_sql_mode /opt/stack/data/venv/lib/python3.12/site-packages/oslo_db/sqlalchemy/engines.py:325}}
Aug 26 16:06:06 devstack devstack@g-api.service[84204]: DEBUG dbcounter [-] [84204] Writer thread running {{(pid=84204) stat_writer /opt/stack/data/venv/lib/python3.12/site-packages/dbcounter.py:102}}
Aug 26 16:06:06 devstack devstack@g-api.service[84206]: DEBUG dbcounter [-] [84206] Writer thread running {{(pid=84206) stat_writer /opt/stack/data/venv/lib/python3.12/site-packages/dbcounter.py:102}}
Aug 26 16:06:06 devstack devstack@g-api.service[84204]: DEBUG glance.image_cache.drivers.centralized_db [None req-40f9f9aa-cb33-4fb0-9294-e44de66450bb None None] Node reference is already recorded, ignoring it {{(pid=84204) configure /opt/stack/glance/glance/image_cache/drivers/centralized_db.py:71}}
Aug 26 16:06:06 devstack devstack@g-api.service[84206]: INFO glance.image_cache [None req-6f3b5b25-90ca-438d-932d-1ea276d41644 None None] Image cache loaded driver 'centralized_db'.
Aug 26 16:06:06 devstack devstack@g-api.service[84204]: INFO glance.image_cache [None req-40f9f9aa-cb33-4fb0-9294-e44de66450bb None None] Image cache loaded driver 'centralized_db'.
Aug 26 16:06:06 devstack devstack@g-api.service[84206]: DEBUG glance.image_cache.drivers.centralized_db [None req-6f3b5b25-90ca-438d-932d-1ea276d41644 None None] Node reference is already recorded, ignoring it {{(pid=84206) configure /opt/stack/glance/glance/image_cache/drivers/centralized_db.py:71}}
Aug 26 16:06:06 devstack devstack@g-api.service[84204]: DEBUG glance.image_cache.drivers.centralized_db [None req-40f9f9aa-cb33-4fb0-9294-e44de66450bb None None] Node reference is already recorded, ignoring it {{(pid=84204) configure /opt/stack/glance/glance/image_cache/drivers/centralized_db.py:71}}
Aug 26 16:06:06 devstack devstack@g-api.service[84206]: DEBUG glance.api.v2.cached_images [None req-6f3b5b25-90ca-438d-932d-1ea276d41644 None None] Started cache worker thread {{(pid=84206) __init__ /opt/stack/glance/glance/api/v2/cached_images.py:71}}
Aug 26 16:06:06 devstack devstack@g-api.service[84206]: INFO glance.image_cache [None req-6f3b5b25-90ca-438d-932d-1ea276d41644 None None] Image cache loaded driver 'centralized_db'.
Aug 26 16:06:06 devstack devstack@g-api.service[84204]: DEBUG glance.api.v2.cached_images [None req-40f9f9aa-cb33-4fb0-9294-e44de66450bb None None] Started cache worker thread {{(pid=84204) __init__ /opt/stack/glance/glance/api/v2/cached_images.py:71}}
Aug 26 16:06:06 devstack devstack@g-api.service[84204]: INFO glance.image_cache [None req-40f9f9aa-cb33-4fb0-9294-e44de66450bb None None] Image cache loaded driver 'centralized_db'.
Aug 26 16:06:06 devstack devstack@g-api.service[84206]: DEBUG glance.image_cache.drivers.centralized_db [None req-6f3b5b25-90ca-438d-932d-1ea276d41644 None None] Node reference is already recorded, ignoring it {{(pid=84206) configure /opt/stack/glance/glance/image_cache/drivers/centralized_db.py:71}}
Aug 26 16:06:06 devstack devstack@g-api.service[84204]: DEBUG glance.image_cache.drivers.centralized_db [None req-40f9f9aa-cb33-4fb0-9294-e44de66450bb None None] Node reference is already recorded, ignoring it {{(pid=84204) configure /opt/stack/glance/glance/image_cache/drivers/centralized_db.py:71}}
Aug 26 16:06:06 devstack devstack@g-api.service[84206]: INFO glance.api.middleware.cache_manage [None req-6f3b5b25-90ca-438d-932d-1ea276d41644 None None] Initialized image cache management middleware
Aug 26 16:06:06 devstack devstack@g-api.service[84206]: INFO glance.image_cache [None req-6f3b5b25-90ca-438d-932d-1ea276d41644 None None] Image cache loaded driver 'centralized_db'.
Aug 26 16:06:06 devstack devstack@g-api.service[84204]: INFO glance.api.middleware.cache_manage [None req-40f9f9aa-cb33-4fb0-9294-e44de66450bb None None] Initialized image cache management middleware
Aug 26 16:06:06 devstack devstack@g-api.service[84204]: INFO glance.image_cache [None req-40f9f9aa-cb33-4fb0-9294-e44de66450bb None None] Image cache loaded driver 'centralized_db'.
Aug 26 16:06:06 devstack devstack@g-api.service[84206]: DEBUG glance.image_cache.drivers.centralized_db [None req-6f3b5b25-90ca-438d-932d-1ea276d41644 None None] Node reference is already recorded, ignoring it {{(pid=84206) configure /opt/stack/glance/glance/image_cache/drivers/centralized_db.py:71}}
Aug 26 16:06:06 devstack devstack@g-api.service[84204]: DEBUG glance.image_cache.drivers.centralized_db [None req-40f9f9aa-cb33-4fb0-9294-e44de66450bb None None] Node reference is already recorded, ignoring it {{(pid=84204) configure /opt/stack/glance/glance/image_cache/drivers/centralized_db.py:71}}
Aug 26 16:06:06 devstack devstack@g-api.service[84206]: INFO glance.api.middleware.cache [None req-6f3b5b25-90ca-438d-932d-1ea276d41644 None None] Initialized image cache middleware
Aug 26 16:06:06 devstack devstack@g-api.service[84206]: DEBUG glance.common.config [None req-6f3b5b25-90ca-438d-932d-1ea276d41644 None None] ******************************************************************************** {{(pid=84206) log_opt_values /opt/stack/data/venv/lib/python3.12/site-packages/oslo_config/cfg.py:3533}}
Aug 26 16:06:06 devstack devstack@g-api.service[84206]: DEBUG glance.common.config [None req-6f3b5b25-90ca-438d-932d-1ea276d41644 None None] Configuration options gathered from: {{(pid=84206) log_opt_values /opt/stack/data/venv/lib/python3.12/site-packages/oslo_config/cfg.py:3534}}
Aug 26 16:06:06 devstack devstack@g-api.service[84206]: DEBUG glance.common.config [None req-6f3b5b25-90ca-438d-932d-1ea276d41644 None None] command line args: [] {{(pid=84206) log_opt_values /opt/stack/data/venv/lib/python3.12/site-packages/oslo_config/cfg.py:3535}}
Aug 26 16:06:06 devstack devstack@g-api.service[84206]: DEBUG glance.common.config [None req-6f3b5b25-90ca-438d-932d-1ea276d41644 None None] config files: ['/etc/glance/glance-image-import.conf', '/etc/glance/glance-api.conf'] {{(pid=84206) log_opt_values /opt/stack/data/venv/lib/python3.12/site-packages/oslo_config/cfg.py:3536}}
Aug 26 16:06:06 devstack devstack@g-api.service[84206]: DEBUG glance.common.config [None req-6f3b5b25-90ca-438d-932d-1ea276d41644 None None] ================================================================================ {{(pid=84206) log_opt_values /opt/stack/data/venv/lib/python3.12/site-packages/oslo_config/cfg.py:3541}}
Aug 26 16:06:06 devstack devstack@g-api.service[84206]: DEBUG glance.common.config [None req-6f3b5b25-90ca-438d-932d-1ea276d41644 None None] allow_anonymous_access = False {{(pid=84206) log_opt_values /opt/stack/data/venv/lib/python3.12/site-packages/oslo_config/cfg.py:3549}}
Aug 26 16:06:06 devstack devstack@g-api.service[84206]: DEBUG glance.common.config [None req-6f3b5b25-90ca-438d-932d-1ea276d41644 None None] api_limit_max = 1000 {{(pid=84206) log_opt_values /opt/stack/data/venv/lib/python3.12/site-packages/oslo_config/cfg.py:3549}}
Aug 26 16:06:06 devstack devstack@g-api.service[84206]: DEBUG glance.common.config [None req-6f3b5b25-90ca-438d-932d-1ea276d41644 None None] config_dir = [] {{(pid=84206) log_opt_values /opt/stack/data/venv/lib/python3.12/site-packages/oslo_config/cfg.py:3549}}
Aug 26 16:06:06 devstack devstack@g-api.service[84206]: DEBUG glance.common.config [None req-6f3b5b25-90ca-438d-932d-1ea276d41644 None None] config_file = ['/etc/glance/glance-image-import.conf', '/etc/glance/glance-api.conf'] {{(pid=84206) log_opt_values /opt/stack/data/venv/lib/python3.12/site-packages/oslo_config/cfg.py:3549}}
Aug 26 16:06:06 devstack devstack@g-api.service[84206]: DEBUG glance.common.config [None req-6f3b5b25-90ca-438d-932d-1ea276d41644 None None] config_source = [] {{(pid=84206) log_opt_values /opt/stack/data/venv/lib/python3.12/site-packages/oslo_config/cfg.py:3549}}
Aug 26 16:06:06 devstack devstack@g-api.service[84206]: DEBUG glance.common.config [None req-6f3b5b25-90ca-438d-932d-1ea276d41644 None None] control_exchange = glance {{(pid=84206) log_opt_values /opt/stack/data/venv/lib/python3.12/site-packages/oslo_config/cfg.py:3549}}
Aug 26 16:06:06 devstack devstack@g-api.service[84206]: DEBUG glance.common.config [None req-6f3b5b25-90ca-438d-932d-1ea276d41644 None None] debug = True {{(pid=84206) log_opt_values /opt/stack/data/venv/lib/python3.12/site-packages/oslo_config/cfg.py:3549}}
Aug 26 16:06:06 devstack devstack@g-api.service[84206]: DEBUG glance.common.config [None req-6f3b5b25-90ca-438d-932d-1ea276d41644 None None] default_log_levels = ['amqp=WARN', 'boto=WARN', 'sqlalchemy=WARN', 'suds=INFO', 'oslo.messaging=INFO', 'oslo_messaging=INFO', 'iso8601=WARN', 'requests.packages.urllib3.connectionpool=WARN', 'urllib3.connectionpool=WARN', 'websocket=WARN', 'requests.packages.urllib3.util.retry=WARN', 'urllib3.util.retry=WARN', 'keystonemiddleware=WARN', 'routes.middleware=WARN', 'stevedore=WARN', 'taskflow=WARN', 'keystoneauth=WARN', 'oslo.cache=INFO', 'oslo_policy=INFO', 'dogpile.core.dogpile=INFO'] {{(pid=84206) log_opt_values /opt/stack/data/venv/lib/python3.12/site-packages/oslo_config/cfg.py:3549}}
Aug 26 16:06:06 devstack devstack@g-api.service[84206]: DEBUG glance.common.config [None req-6f3b5b25-90ca-438d-932d-1ea276d41644 None None] default_publisher_id = image.localhost {{(pid=84206) log_opt_values /opt/stack/data/venv/lib/python3.12/site-packages/oslo_config/cfg.py:3549}}
Aug 26 16:06:06 devstack devstack@g-api.service[84206]: DEBUG glance.common.config [None req-6f3b5b25-90ca-438d-932d-1ea276d41644 None None] delayed_delete = False {{(pid=84206) log_opt_values /opt/stack/data/venv/lib/python3.12/site-packages/oslo_config/cfg.py:3549}}
Aug 26 16:06:06 devstack devstack@g-api.service[84206]: DEBUG glance.common.config [None req-6f3b5b25-90ca-438d-932d-1ea276d41644 None None] digest_algorithm = sha256 {{(pid=84206) log_opt_values /opt/stack/data/venv/lib/python3.12/site-packages/oslo_config/cfg.py:3549}}
Aug 26 16:06:06 devstack devstack@g-api.service[84206]: DEBUG glance.common.config [None req-6f3b5b25-90ca-438d-932d-1ea276d41644 None None] disabled_notifications = [] {{(pid=84206) log_opt_values /opt/stack/data/venv/lib/python3.12/site-packages/oslo_config/cfg.py:3549}}
Aug 26 16:06:06 devstack devstack@g-api.service[84206]: DEBUG glance.common.config [None req-6f3b5b25-90ca-438d-932d-1ea276d41644 None None] do_secure_hash = True {{(pid=84206) log_opt_values /opt/stack/data/venv/lib/python3.12/site-packages/oslo_config/cfg.py:3549}}
Aug 26 16:06:06 devstack devstack@g-api.service[84206]: DEBUG glance.common.config [None req-6f3b5b25-90ca-438d-932d-1ea276d41644 None None] enabled_backends = None {{(pid=84206) log_opt_values /opt/stack/data/venv/lib/python3.12/site-packages/oslo_config/cfg.py:3549}}
Aug 26 16:06:06 devstack devstack@g-api.service[84206]: DEBUG glance.common.config [None req-6f3b5b25-90ca-438d-932d-1ea276d41644 None None] enabled_import_methods = ['glance-direct', 'web-download', 'copy-image'] {{(pid=84206) log_opt_values /opt/stack/data/venv/lib/python3.12/site-packages/oslo_config/cfg.py:3549}}
Aug 26 16:06:06 devstack devstack@g-api.service[84206]: DEBUG glance.common.config [None req-6f3b5b25-90ca-438d-932d-1ea276d41644 None None] hashing_algorithm = sha512 {{(pid=84206) log_opt_values /opt/stack/data/venv/lib/python3.12/site-packages/oslo_config/cfg.py:3549}}
Aug 26 16:06:06 devstack devstack@g-api.service[84206]: DEBUG glance.common.config [None req-6f3b5b25-90ca-438d-932d-1ea276d41644 None None] http_retries = 3 {{(pid=84206) log_opt_values /opt/stack/data/venv/lib/python3.12/site-packages/oslo_config/cfg.py:3549}}
Aug 26 16:06:06 devstack devstack@g-api.service[84206]: DEBUG glance.common.config [None req-6f3b5b25-90ca-438d-932d-1ea276d41644 None None] image_cache_dir = /opt/stack/data/glance/cache/ {{(pid=84206) log_opt_values /opt/stack/data/venv/lib/python3.12/site-packages/oslo_config/cfg.py:3549}}
Aug 26 16:06:06 devstack devstack@g-api.service[84206]: DEBUG glance.common.config [None req-6f3b5b25-90ca-438d-932d-1ea276d41644 None None] image_cache_driver = centralized_db {{(pid=84206) log_opt_values /opt/stack/data/venv/lib/python3.12/site-packages/oslo_config/cfg.py:3549}}
Aug 26 16:06:06 devstack devstack@g-api.service[84206]: DEBUG glance.common.config [None req-6f3b5b25-90ca-438d-932d-1ea276d41644 None None] image_cache_max_size = 10737418240 {{(pid=84206) log_opt_values /opt/stack/data/venv/lib/python3.12/site-packages/oslo_config/cfg.py:3549}}
Aug 26 16:06:06 devstack devstack@g-api.service[84206]: DEBUG glance.common.config [None req-6f3b5b25-90ca-438d-932d-1ea276d41644 None None] image_cache_sqlite_db = cache.db {{(pid=84206) log_opt_values /opt/stack/data/venv/lib/python3.12/site-packages/oslo_config/cfg.py:3549}}
Aug 26 16:06:06 devstack devstack@g-api.service[84206]: DEBUG glance.common.config [None req-6f3b5b25-90ca-438d-932d-1ea276d41644 None None] image_cache_stall_time = 86400 {{(pid=84206) log_opt_values /opt/stack/data/venv/lib/python3.12/site-packages/oslo_config/cfg.py:3549}}
Aug 26 16:06:06 devstack devstack@g-api.service[84206]: DEBUG glance.common.config [None req-6f3b5b25-90ca-438d-932d-1ea276d41644 None None] image_location_quota = 10 {{(pid=84206) log_opt_values /opt/stack/data/venv/lib/python3.12/site-packages/oslo_config/cfg.py:3549}}
Aug 26 16:06:06 devstack devstack@g-api.service[84206]: DEBUG glance.common.config [None req-6f3b5b25-90ca-438d-932d-1ea276d41644 None None] image_member_quota = 128 {{(pid=84206) log_opt_values /opt/stack/data/venv/lib/python3.12/site-packages/oslo_config/cfg.py:3549}}
Aug 26 16:06:06 devstack devstack@g-api.service[84206]: DEBUG glance.common.config [None req-6f3b5b25-90ca-438d-932d-1ea276d41644 None None] image_property_quota = 128 {{(pid=84206) log_opt_values /opt/stack/data/venv/lib/python3.12/site-packages/oslo_config/cfg.py:3549}}
Aug 26 16:06:06 devstack devstack@g-api.service[84206]: DEBUG glance.common.config [None req-6f3b5b25-90ca-438d-932d-1ea276d41644 None None] image_size_cap = 1099511627776 {{(pid=84206) log_opt_values /opt/stack/data/venv/lib/python3.12/site-packages/oslo_config/cfg.py:3549}}
Aug 26 16:06:06 devstack devstack@g-api.service[84206]: DEBUG glance.common.config [None req-6f3b5b25-90ca-438d-932d-1ea276d41644 None None] image_tag_quota = 128 {{(pid=84206) log_opt_values /opt/stack/data/venv/lib/python3.12/site-packages/oslo_config/cfg.py:3549}}
Aug 26 16:06:06 devstack devstack@g-api.service[84206]: DEBUG glance.common.config [None req-6f3b5b25-90ca-438d-932d-1ea276d41644 None None] instance_format = [instance: %(uuid)s] {{(pid=84206) log_opt_values /opt/stack/data/venv/lib/python3.12/site-packages/oslo_config/cfg.py:3549}}
Aug 26 16:06:06 devstack devstack@g-api.service[84206]: DEBUG glance.common.config [None req-6f3b5b25-90ca-438d-932d-1ea276d41644 None None] instance_uuid_format = [instance: %(uuid)s] {{(pid=84206) log_opt_values /opt/stack/data/venv/lib/python3.12/site-packages/oslo_config/cfg.py:3549}}
Aug 26 16:06:06 devstack devstack@g-api.service[84206]: DEBUG glance.common.config [None req-6f3b5b25-90ca-438d-932d-1ea276d41644 None None] limit_param_default = 25 {{(pid=84206) log_opt_values /opt/stack/data/venv/lib/python3.12/site-packages/oslo_config/cfg.py:3549}}
Aug 26 16:06:06 devstack devstack@g-api.service[84206]: DEBUG glance.common.config [None req-6f3b5b25-90ca-438d-932d-1ea276d41644 None None] log_color = False {{(pid=84206) log_opt_values /opt/stack/data/venv/lib/python3.12/site-packages/oslo_config/cfg.py:3549}}
Aug 26 16:06:06 devstack devstack@g-api.service[84206]: DEBUG glance.common.config [None req-6f3b5b25-90ca-438d-932d-1ea276d41644 None None] log_config_append = None {{(pid=84206) log_opt_values /opt/stack/data/venv/lib/python3.12/site-packages/oslo_config/cfg.py:3549}}
Aug 26 16:06:06 devstack devstack@g-api.service[84206]: DEBUG glance.common.config [None req-6f3b5b25-90ca-438d-932d-1ea276d41644 None None] log_date_format = %Y-%m-%d %H:%M:%S {{(pid=84206) log_opt_values /opt/stack/data/venv/lib/python3.12/site-packages/oslo_config/cfg.py:3549}}
Aug 26 16:06:06 devstack devstack@g-api.service[84206]: DEBUG glance.common.config [None req-6f3b5b25-90ca-438d-932d-1ea276d41644 None None] log_dir = None {{(pid=84206) log_opt_values /opt/stack/data/venv/lib/python3.12/site-packages/oslo_config/cfg.py:3549}}
Aug 26 16:06:06 devstack devstack@g-api.service[84206]: DEBUG glance.common.config [None req-6f3b5b25-90ca-438d-932d-1ea276d41644 None None] log_file = None {{(pid=84206) log_opt_values /opt/stack/data/venv/lib/python3.12/site-packages/oslo_config/cfg.py:3549}}
Aug 26 16:06:06 devstack devstack@g-api.service[84206]: DEBUG glance.common.config [None req-6f3b5b25-90ca-438d-932d-1ea276d41644 None None] log_rotate_interval = 1 {{(pid=84206) log_opt_values /opt/stack/data/venv/lib/python3.12/site-packages/oslo_config/cfg.py:3549}}
Aug 26 16:06:06 devstack devstack@g-api.service[84206]: DEBUG glance.common.config [None req-6f3b5b25-90ca-438d-932d-1ea276d41644 None None] log_rotate_interval_type = days {{(pid=84206) log_opt_values /opt/stack/data/venv/lib/python3.12/site-packages/oslo_config/cfg.py:3549}}
Aug 26 16:06:06 devstack devstack@g-api.service[84206]: DEBUG glance.common.config [None req-6f3b5b25-90ca-438d-932d-1ea276d41644 None None] log_rotation_type = none {{(pid=84206) log_opt_values /opt/stack/data/venv/lib/python3.12/site-packages/oslo_config/cfg.py:3549}}
Aug 26 16:06:06 devstack devstack@g-api.service[84206]: DEBUG glance.common.config [None req-6f3b5b25-90ca-438d-932d-1ea276d41644 None None] logging_context_format_string = %(color)s%(levelname)s %(name)s [%(global_request_id)s %(request_id)s %(project_name)s %(user_name)s%(color)s] %(instance)s%(color)s%(message)s {{(pid=84206) log_opt_values /opt/stack/data/venv/lib/python3.12/site-packages/oslo_config/cfg.py:3549}}
Aug 26 16:06:06 devstack devstack@g-api.service[84206]: DEBUG glance.common.config [None req-6f3b5b25-90ca-438d-932d-1ea276d41644 None None] logging_debug_format_suffix = {{(pid=%(process)d) %(funcName)s %(pathname)s:%(lineno)d}} {{(pid=84206) log_opt_values /opt/stack/data/venv/lib/python3.12/site-packages/oslo_config/cfg.py:3549}}
Aug 26 16:06:06 devstack devstack@g-api.service[84206]: DEBUG glance.common.config [None req-6f3b5b25-90ca-438d-932d-1ea276d41644 None None] logging_default_format_string = %(color)s%(levelname)s %(name)s [-%(color)s] %(instance)s%(color)s%(message)s {{(pid=84206) log_opt_values /opt/stack/data/venv/lib/python3.12/site-packages/oslo_config/cfg.py:3549}}
Aug 26 16:06:06 devstack devstack@g-api.service[84206]: DEBUG glance.common.config [None req-6f3b5b25-90ca-438d-932d-1ea276d41644 None None] logging_exception_prefix = ERROR %(name)s %(instance)s {{(pid=84206) log_opt_values /opt/stack/data/venv/lib/python3.12/site-packages/oslo_config/cfg.py:3549}}
Aug 26 16:06:06 devstack devstack@g-api.service[84206]: DEBUG glance.common.config [None req-6f3b5b25-90ca-438d-932d-1ea276d41644 None None] logging_user_identity_format = %(user)s %(project)s %(domain)s %(system_scope)s %(user_domain)s %(project_domain)s {{(pid=84206) log_opt_values /opt/stack/data/venv/lib/python3.12/site-packages/oslo_config/cfg.py:3549}}
Aug 26 16:06:06 devstack devstack@g-api.service[84206]: DEBUG glance.common.config [None req-6f3b5b25-90ca-438d-932d-1ea276d41644 None None] max_logfile_count = 30 {{(pid=84206) log_opt_values /opt/stack/data/venv/lib/python3.12/site-packages/oslo_config/cfg.py:3549}}
Aug 26 16:06:06 devstack devstack@g-api.service[84206]: DEBUG glance.common.config [None req-6f3b5b25-90ca-438d-932d-1ea276d41644 None None] max_logfile_size_mb = 200 {{(pid=84206) log_opt_values /opt/stack/data/venv/lib/python3.12/site-packages/oslo_config/cfg.py:3549}}
Aug 26 16:06:06 devstack devstack@g-api.service[84206]: DEBUG glance.common.config [None req-6f3b5b25-90ca-438d-932d-1ea276d41644 None None] max_request_id_length = 64 {{(pid=84206) log_opt_values /opt/stack/data/venv/lib/python3.12/site-packages/oslo_config/cfg.py:3549}}
Aug 26 16:06:06 devstack devstack@g-api.service[84206]: DEBUG glance.common.config [None req-6f3b5b25-90ca-438d-932d-1ea276d41644 None None] metadata_encryption_key = **** {{(pid=84206) log_opt_values /opt/stack/data/venv/lib/python3.12/site-packages/oslo_config/cfg.py:3549}}
Aug 26 16:06:06 devstack devstack@g-api.service[84206]: DEBUG glance.common.config [None req-6f3b5b25-90ca-438d-932d-1ea276d41644 None None] node_staging_uri = file:///tmp/staging/ {{(pid=84206) log_opt_values /opt/stack/data/venv/lib/python3.12/site-packages/oslo_config/cfg.py:3549}}
Aug 26 16:06:06 devstack devstack@g-api.service[84206]: DEBUG glance.common.config [None req-6f3b5b25-90ca-438d-932d-1ea276d41644 None None] property_protection_file = None {{(pid=84206) log_opt_values /opt/stack/data/venv/lib/python3.12/site-packages/oslo_config/cfg.py:3549}}
Aug 26 16:06:06 devstack devstack@g-api.service[84206]: DEBUG glance.common.config [None req-6f3b5b25-90ca-438d-932d-1ea276d41644 None None] property_protection_rule_format = roles {{(pid=84206) log_opt_values /opt/stack/data/venv/lib/python3.12/site-packages/oslo_config/cfg.py:3549}}
Aug 26 16:06:06 devstack devstack@g-api.service[84206]: DEBUG glance.common.config [None req-6f3b5b25-90ca-438d-932d-1ea276d41644 None None] public_endpoint = http://192.168.122.244/image {{(pid=84206) log_opt_values /opt/stack/data/venv/lib/python3.12/site-packages/oslo_config/cfg.py:3549}}
Aug 26 16:06:06 devstack devstack@g-api.service[84206]: DEBUG glance.common.config [None req-6f3b5b25-90ca-438d-932d-1ea276d41644 None None] publish_errors = False {{(pid=84206) log_opt_values /opt/stack/data/venv/lib/python3.12/site-packages/oslo_config/cfg.py:3549}}
Aug 26 16:06:06 devstack devstack@g-api.service[84206]: DEBUG glance.common.config [None req-6f3b5b25-90ca-438d-932d-1ea276d41644 None None] pydev_worker_debug_host = None {{(pid=84206) log_opt_values /opt/stack/data/venv/lib/python3.12/site-packages/oslo_config/cfg.py:3549}}
Aug 26 16:06:06 devstack devstack@g-api.service[84206]: DEBUG glance.common.config [None req-6f3b5b25-90ca-438d-932d-1ea276d41644 None None] pydev_worker_debug_port = 5678 {{(pid=84206) log_opt_values /opt/stack/data/venv/lib/python3.12/site-packages/oslo_config/cfg.py:3549}}
Aug 26 16:06:06 devstack devstack@g-api.service[84206]: DEBUG glance.common.config [None req-6f3b5b25-90ca-438d-932d-1ea276d41644 None None] rate_limit_burst = 0 {{(pid=84206) log_opt_values /opt/stack/data/venv/lib/python3.12/site-packages/oslo_config/cfg.py:3549}}
Aug 26 16:06:06 devstack devstack@g-api.service[84206]: DEBUG glance.common.config [None req-6f3b5b25-90ca-438d-932d-1ea276d41644 None None] rate_limit_except_level = CRITICAL {{(pid=84206) log_opt_values /opt/stack/data/venv/lib/python3.12/site-packages/oslo_config/cfg.py:3549}}
Aug 26 16:06:06 devstack devstack@g-api.service[84206]: DEBUG glance.common.config [None req-6f3b5b25-90ca-438d-932d-1ea276d41644 None None] rate_limit_interval = 0 {{(pid=84206) log_opt_values /opt/stack/data/venv/lib/python3.12/site-packages/oslo_config/cfg.py:3549}}
Aug 26 16:06:06 devstack devstack@g-api.service[84206]: DEBUG glance.common.config [None req-6f3b5b25-90ca-438d-932d-1ea276d41644 None None] scrub_pool_size = 1 {{(pid=84206) log_opt_values /opt/stack/data/venv/lib/python3.12/site-packages/oslo_config/cfg.py:3549}}
Aug 26 16:06:06 devstack devstack@g-api.service[84206]: DEBUG glance.common.config [None req-6f3b5b25-90ca-438d-932d-1ea276d41644 None None] scrub_time = 0 {{(pid=84206) log_opt_values /opt/stack/data/venv/lib/python3.12/site-packages/oslo_config/cfg.py:3549}}
Aug 26 16:06:06 devstack devstack@g-api.service[84206]: DEBUG glance.common.config [None req-6f3b5b25-90ca-438d-932d-1ea276d41644 None None] shell_completion = None {{(pid=84206) log_opt_values /opt/stack/data/venv/lib/python3.12/site-packages/oslo_config/cfg.py:3549}}
Aug 26 16:06:06 devstack devstack@g-api.service[84206]: DEBUG glance.common.config [None req-6f3b5b25-90ca-438d-932d-1ea276d41644 None None] show_image_direct_url = False {{(pid=84206) log_opt_values /opt/stack/data/venv/lib/python3.12/site-packages/oslo_config/cfg.py:3549}}
Aug 26 16:06:06 devstack devstack@g-api.service[84206]: WARNING oslo_config.cfg [None req-6f3b5b25-90ca-438d-932d-1ea276d41644 None None] Deprecated: Option "show_multiple_locations" from group "DEFAULT" is deprecated for removal (Use of this option, deprecated since Newton, is a security risk and will be removed once we figure out a way to satisfy those use cases that currently require it. An earlier announcement that the same functionality can be achieved with greater granularity by using policies is incorrect. You cannot work around this option via policy configuration at the present time, though that is the direction we believe the fix will take. Please keep an eye on the Glance release notes to stay up to date on progress in addressing this issue.). Its value may be silently ignored in the future.
Aug 26 16:06:06 devstack devstack@g-api.service[84206]: DEBUG glance.common.config [None req-6f3b5b25-90ca-438d-932d-1ea276d41644 None None] show_multiple_locations = False {{(pid=84206) log_opt_values /opt/stack/data/venv/lib/python3.12/site-packages/oslo_config/cfg.py:3549}}
Aug 26 16:06:06 devstack devstack@g-api.service[84206]: DEBUG glance.common.config [None req-6f3b5b25-90ca-438d-932d-1ea276d41644 None None] syslog_log_facility = LOG_USER {{(pid=84206) log_opt_values /opt/stack/data/venv/lib/python3.12/site-packages/oslo_config/cfg.py:3549}}
Aug 26 16:06:06 devstack devstack@g-api.service[84206]: DEBUG glance.common.config [None req-6f3b5b25-90ca-438d-932d-1ea276d41644 None None] transport_url = **** {{(pid=84206) log_opt_values /opt/stack/data/venv/lib/python3.12/site-packages/oslo_config/cfg.py:3549}}
Aug 26 16:06:06 devstack devstack@g-api.service[84206]: DEBUG glance.common.config [None req-6f3b5b25-90ca-438d-932d-1ea276d41644 None None] use_journal = False {{(pid=84206) log_opt_values /opt/stack/data/venv/lib/python3.12/site-packages/oslo_config/cfg.py:3549}}
