Aug 10 12:49:21 devstack sudo[93625]: pam_unix(sudo:session): session opened for user root(uid=0) by (uid=1000)
Aug 10 12:49:21 devstack cinder-volume[89096]: DEBUG cinder.coordination [None req-8c128286-c09c-481d-8dbe-a4e1d9501799 tempest-VolumeRetypeWithoutMigrationTest-864325312 None] Acquiring lock "cinder-9cc1a07c-f7e0-4a61-b9ee-4dbdfc05644f-delete_volume" by "delete_volume" {{(pid=89096) __acquire /opt/stack/cinder/cinder/coordination.py:138}}
Aug 10 12:49:21 devstack cinder-volume[89096]: DEBUG cinder.coordination [None req-8c128286-c09c-481d-8dbe-a4e1d9501799 tempest-VolumeRetypeWithoutMigrationTest-864325312 None] Lock "cinder-9cc1a07c-f7e0-4a61-b9ee-4dbdfc05644f-delete_volume" acquired by "delete_volume" :: waited 0.028s {{(pid=89096) __acquire /opt/stack/cinder/cinder/coordination.py:141}}
Aug 10 12:49:21 devstack cinder-volume[89096]: DEBUG cinder.coordination [None req-8c128286-c09c-481d-8dbe-a4e1d9501799 tempest-VolumeRetypeWithoutMigrationTest-864325312 None] Acquiring lock "cinder-quobyte-9cc1a07c-f7e0-4a61-b9ee-4dbdfc05644f" by "delete_volume" {{(pid=89096) __acquire /opt/stack/cinder/cinder/coordination.py:138}}
Aug 10 12:49:22 devstack cinder-volume[89096]: DEBUG cinder.coordination [None req-8c128286-c09c-481d-8dbe-a4e1d9501799 tempest-VolumeRetypeWithoutMigrationTest-864325312 None] Lock "cinder-quobyte-9cc1a07c-f7e0-4a61-b9ee-4dbdfc05644f" acquired by "delete_volume" :: waited 0.018s {{(pid=89096) __acquire /opt/stack/cinder/cinder/coordination.py:141}}
Aug 10 12:49:22 devstack cinder-volume[89096]: DEBUG oslo.privsep.daemon [-] privsep: reply[20077379-c463-45ce-bc7d-45f54fdf750c]: (4, 'qcow2') {{(pid=90342) _call_back /opt/stack/data/venv/lib/python3.12/site-packages/oslo_privsep/daemon.py:580}}
Aug 10 12:49:22 devstack cinder-volume[89096]: DEBUG oslo_concurrency.processutils [None req-8c128286-c09c-481d-8dbe-a4e1d9501799 tempest-VolumeRetypeWithoutMigrationTest-864325312 None] Running cmd (subprocess): /opt/stack/data/venv/bin/python3.12 -m oslo_concurrency.prlimit --as=1073741824 --cpu=60 -- sudo cinder-rootwrap /etc/cinder/rootwrap.conf env LC_ALL=C qemu-img info -f qcow2 --output=json --force-share /opt/stack/data/cinder/mnt/30a240d0b59b2bf80035446dca859a8e/volume-9cc1a07c-f7e0-4a61-b9ee-4dbdfc05644f {{(pid=89096) execute /opt/stack/data/venv/lib/python3.12/site-packages/oslo_concurrency/processutils.py:440}}
Aug 10 12:49:22 devstack sudo[93627]: quobyte : PWD=/ ; USER=root ; COMMAND=/opt/stack/data/venv/bin/cinder-rootwrap /etc/cinder/rootwrap.conf env LC_ALL=C qemu-img info -f qcow2 --output=json --force-share /opt/stack/data/cinder/mnt/30a240d0b59b2bf80035446dca859a8e/volume-9cc1a07c-f7e0-4a61-b9ee-4dbdfc05644f
Aug 10 12:49:22 devstack sudo[93627]: pam_unix(sudo:session): session opened for user root(uid=0) by (uid=1000)
Aug 10 12:49:22 devstack sudo[93625]: pam_unix(sudo:session): session closed for user root
Aug 10 12:49:22 devstack cinder-volume[89096]: DEBUG oslo_concurrency.processutils [None req-7e4764da-de3a-41cd-9c4c-2bae77c0b99f tempest-GroupSnapshotsTest-1480305479 None] CMD "sudo cinder-rootwrap /etc/cinder/rootwrap.conf qemu-img create -f qcow2 -o preallocation=metadata /opt/stack/data/cinder/mnt/30a240d0b59b2bf80035446dca859a8e/volume-9723242f-fcdd-431b-9701-38e4c9efea4d 1073741824" returned: 0 in 0.536s {{(pid=89096) execute /opt/stack/data/venv/lib/python3.12/site-packages/oslo_concurrency/processutils.py:468}}
Aug 10 12:49:22 devstack cinder-volume[89096]: DEBUG oslo_concurrency.processutils [None req-7e4764da-de3a-41cd-9c4c-2bae77c0b99f tempest-GroupSnapshotsTest-1480305479 None] Running cmd (subprocess): sudo cinder-rootwrap /etc/cinder/rootwrap.conf chmod ugo+rw /opt/stack/data/cinder/mnt/30a240d0b59b2bf80035446dca859a8e/volume-9723242f-fcdd-431b-9701-38e4c9efea4d {{(pid=89096) execute /opt/stack/data/venv/lib/python3.12/site-packages/oslo_concurrency/processutils.py:440}}
Aug 10 12:49:22 devstack sudo[93634]: quobyte : PWD=/ ; USER=root ; COMMAND=/opt/stack/data/venv/bin/cinder-rootwrap /etc/cinder/rootwrap.conf chmod ugo+rw /opt/stack/data/cinder/mnt/30a240d0b59b2bf80035446dca859a8e/volume-9723242f-fcdd-431b-9701-38e4c9efea4d
Aug 10 12:49:22 devstack sudo[93634]: pam_unix(sudo:session): session opened for user root(uid=0) by (uid=1000)
Aug 10 12:49:22 devstack sudo[93627]: pam_unix(sudo:session): session closed for user root
Aug 10 12:49:22 devstack cinder-volume[89096]: DEBUG oslo_concurrency.processutils [None req-8c128286-c09c-481d-8dbe-a4e1d9501799 tempest-VolumeRetypeWithoutMigrationTest-864325312 None] CMD "/opt/stack/data/venv/bin/python3.12 -m oslo_concurrency.prlimit --as=1073741824 --cpu=60 -- sudo cinder-rootwrap /etc/cinder/rootwrap.conf env LC_ALL=C qemu-img info -f qcow2 --output=json --force-share /opt/stack/data/cinder/mnt/30a240d0b59b2bf80035446dca859a8e/volume-9cc1a07c-f7e0-4a61-b9ee-4dbdfc05644f" returned: 0 in 0.419s {{(pid=89096) execute /opt/stack/data/venv/lib/python3.12/site-packages/oslo_concurrency/processutils.py:468}}
Aug 10 12:49:22 devstack cinder-volume[89096]: DEBUG oslo_concurrency.processutils [None req-8c128286-c09c-481d-8dbe-a4e1d9501799 tempest-VolumeRetypeWithoutMigrationTest-864325312 None] Running cmd (subprocess): sudo cinder-rootwrap /etc/cinder/rootwrap.conf rm -f /opt/stack/data/cinder/mnt/30a240d0b59b2bf80035446dca859a8e/volume-9cc1a07c-f7e0-4a61-b9ee-4dbdfc05644f {{(pid=89096) execute /opt/stack/data/venv/lib/python3.12/site-packages/oslo_concurrency/processutils.py:440}}
Aug 10 12:49:22 devstack sudo[93637]: quobyte : PWD=/ ; USER=root ; COMMAND=/opt/stack/data/venv/bin/cinder-rootwrap /etc/cinder/rootwrap.conf rm -f /opt/stack/data/cinder/mnt/30a240d0b59b2bf80035446dca859a8e/volume-9cc1a07c-f7e0-4a61-b9ee-4dbdfc05644f
Aug 10 12:49:22 devstack sudo[93637]: pam_unix(sudo:session): session opened for user root(uid=0) by (uid=1000)
Aug 10 12:49:22 devstack sudo[93634]: pam_unix(sudo:session): session closed for user root
Aug 10 12:49:22 devstack cinder-volume[89096]: DEBUG oslo_concurrency.processutils [None req-7e4764da-de3a-41cd-9c4c-2bae77c0b99f tempest-GroupSnapshotsTest-1480305479 None] CMD "sudo cinder-rootwrap /etc/cinder/rootwrap.conf chmod ugo+rw /opt/stack/data/cinder/mnt/30a240d0b59b2bf80035446dca859a8e/volume-9723242f-fcdd-431b-9701-38e4c9efea4d" returned: 0 in 0.282s {{(pid=89096) execute /opt/stack/data/venv/lib/python3.12/site-packages/oslo_concurrency/processutils.py:468}}
Aug 10 12:49:22 devstack cinder-volume[89096]: DEBUG cinder.volume.drivers.quobyte [None req-7e4764da-de3a-41cd-9c4c-2bae77c0b99f tempest-GroupSnapshotsTest-1480305479 None] <== create_volume: return (865ms) {'provider_location': 'osci02.corp.quobyte.com/cinder-vol-7d943b49-6876-4d31-b29a-3adb64cef09d'} {{(pid=89096) trace_logging_wrapper /opt/stack/cinder/cinder/volume/volume_utils.py:1522}}
Aug 10 12:49:22 devstack cinder-volume[89096]: DEBUG oslo_concurrency.lockutils [None req-7e4764da-de3a-41cd-9c4c-2bae77c0b99f tempest-GroupSnapshotsTest-1480305479 None] Lock "quobyte" "released" by "cinder.volume.drivers.quobyte.QuobyteDriver.create_volume" :: held 0.867s {{(pid=89096) inner /opt/stack/data/venv/lib/python3.12/site-packages/oslo_concurrency/lockutils.py:544}}
Aug 10 12:49:22 devstack cinder-volume[89096]: DEBUG cinder.volume.manager [None req-7e4764da-de3a-41cd-9c4c-2bae77c0b99f tempest-GroupSnapshotsTest-1480305479 None] Task 'cinder.volume.flows.manager.create_volume.CreateVolumeFromSpecTask;volume:create' (9f2f827c-b8ca-4e8d-8661-6fbd83cd8dff) transitioned into state 'SUCCESS' from state 'RUNNING' with result '{'status': 'creating', 'volume_name': 'volume-9723242f-fcdd-431b-9701-38e4c9efea4d', 'volume_size': 1}' {{(pid=89096) _task_receiver /opt/stack/data/venv/lib/python3.12/site-packages/taskflow/listeners/logging.py:218}}
Aug 10 12:49:22 devstack cinder-volume[89096]: DEBUG cinder.volume.manager [None req-7e4764da-de3a-41cd-9c4c-2bae77c0b99f tempest-GroupSnapshotsTest-1480305479 None] Task 'cinder.volume.flows.manager.create_volume.CreateVolumeOnFinishTask;volume:create, create.end' (229bbf1e-b86f-49ff-a7a9-a22b2e98f4cf) transitioned into state 'RUNNING' from state 'PENDING' {{(pid=89096) _task_receiver /opt/stack/data/venv/lib/python3.12/site-packages/taskflow/listeners/logging.py:242}}
Aug 10 12:49:22 devstack cinder-volume[89096]: INFO cinder.volume.flows.manager.create_volume [None req-7e4764da-de3a-41cd-9c4c-2bae77c0b99f tempest-GroupSnapshotsTest-1480305479 None] Volume volume-9723242f-fcdd-431b-9701-38e4c9efea4d (9723242f-fcdd-431b-9701-38e4c9efea4d): created successfully
Aug 10 12:49:22 devstack cinder-volume[89096]: DEBUG cinder.volume.manager [None req-7e4764da-de3a-41cd-9c4c-2bae77c0b99f tempest-GroupSnapshotsTest-1480305479 None] Task 'cinder.volume.flows.manager.create_volume.CreateVolumeOnFinishTask;volume:create, create.end' (229bbf1e-b86f-49ff-a7a9-a22b2e98f4cf) transitioned into state 'SUCCESS' from state 'RUNNING' with result 'None' {{(pid=89096) _task_receiver /opt/stack/data/venv/lib/python3.12/site-packages/taskflow/listeners/logging.py:218}}
Aug 10 12:49:22 devstack sudo[93637]: pam_unix(sudo:session): session closed for user root
Aug 10 12:49:22 devstack cinder-volume[89096]: DEBUG cinder.volume.manager [None req-7e4764da-de3a-41cd-9c4c-2bae77c0b99f tempest-GroupSnapshotsTest-1480305479 None] Flow 'volume_create_manager' (a60eea8b-0e18-45a3-a9be-909088612c84) transitioned into state 'SUCCESS' from state 'RUNNING' {{(pid=89096) _flow_receiver /opt/stack/data/venv/lib/python3.12/site-packages/taskflow/listeners/logging.py:160}}
Aug 10 12:49:22 devstack cinder-volume[89096]: DEBUG oslo_concurrency.processutils [None req-8c128286-c09c-481d-8dbe-a4e1d9501799 tempest-VolumeRetypeWithoutMigrationTest-864325312 None] CMD "sudo cinder-rootwrap /etc/cinder/rootwrap.conf rm -f /opt/stack/data/cinder/mnt/30a240d0b59b2bf80035446dca859a8e/volume-9cc1a07c-f7e0-4a61-b9ee-4dbdfc05644f" returned: 0 in 0.261s {{(pid=89096) execute /opt/stack/data/venv/lib/python3.12/site-packages/oslo_concurrency/processutils.py:468}}
Aug 10 12:49:22 devstack cinder-volume[89096]: INFO cinder.volume.manager [None req-7e4764da-de3a-41cd-9c4c-2bae77c0b99f tempest-GroupSnapshotsTest-1480305479 None] Created volume successfully.
Aug 10 12:49:22 devstack cinder-volume[89096]: DEBUG cinder.coordination [None req-8c128286-c09c-481d-8dbe-a4e1d9501799 tempest-VolumeRetypeWithoutMigrationTest-864325312 None] Lock "cinder-quobyte-9cc1a07c-f7e0-4a61-b9ee-4dbdfc05644f" released by "delete_volume" :: held 0.749s {{(pid=89096) __release /opt/stack/cinder/cinder/coordination.py:152}}
Aug 10 12:49:22 devstack cinder-volume[89096]: WARNING cinder.quota [None req-8c128286-c09c-481d-8dbe-a4e1d9501799 tempest-VolumeRetypeWithoutMigrationTest-864325312 None] Deprecated: Default quota for resource: volumes_volume-type-2 is set by the default quota flag: quota_volumes_volume-type-2, it is now deprecated. Please use the default quota class for default quota.
Aug 10 12:49:22 devstack cinder-volume[89096]: WARNING cinder.quota [None req-8c128286-c09c-481d-8dbe-a4e1d9501799 tempest-VolumeRetypeWithoutMigrationTest-864325312 None] Deprecated: Default quota for resource: gigabytes_volume-type-2 is set by the default quota flag: quota_gigabytes_volume-type-2, it is now deprecated. Please use the default quota class for default quota.
Aug 10 12:49:22 devstack cinder-volume[89096]: DEBUG cinder.quota [None req-8c128286-c09c-481d-8dbe-a4e1d9501799 tempest-VolumeRetypeWithoutMigrationTest-864325312 None] Created reservations ['b6c57f97-b31d-49e4-9e67-812262ccd598', '06872d46-e300-46ff-b0ed-9db2efd2978f', 'c48a8d89-54c8-4b8c-a517-67b8eb1e2b87', '6ee3a52d-d367-4286-a3b4-20d3b6bda8de'] {{(pid=89096) reserve /opt/stack/cinder/cinder/quota.py:752}}
Aug 10 12:49:22 devstack cinder-volume[89096]: DEBUG oslo_concurrency.lockutils [None req-8c128286-c09c-481d-8dbe-a4e1d9501799 tempest-VolumeRetypeWithoutMigrationTest-864325312 None] Acquiring lock "quobyte_ensure" by "cinder.volume.drivers.quobyte.QuobyteDriver._ensure_shares_mounted" {{(pid=89096) inner /opt/stack/data/venv/lib/python3.12/site-packages/oslo_concurrency/lockutils.py:512}}
Aug 10 12:49:22 devstack cinder-volume[89096]: DEBUG oslo_concurrency.lockutils [None req-8c128286-c09c-481d-8dbe-a4e1d9501799 tempest-VolumeRetypeWithoutMigrationTest-864325312 None] Lock "quobyte_ensure" acquired by "cinder.volume.drivers.quobyte.QuobyteDriver._ensure_shares_mounted" :: waited 0.001s {{(pid=89096) inner /opt/stack/data/venv/lib/python3.12/site-packages/oslo_concurrency/lockutils.py:525}}
Aug 10 12:49:22 devstack cinder-volume[89096]: DEBUG cinder.volume.drivers.quobyte [None req-8c128286-c09c-481d-8dbe-a4e1d9501799 tempest-VolumeRetypeWithoutMigrationTest-864325312 None] Quobyte Volume URL set to: {'osci02.corp.quobyte.com/cinder-vol-7d943b49-6876-4d31-b29a-3adb64cef09d': None} {{(pid=89096) _load_shares_config /opt/stack/cinder/cinder/volume/drivers/quobyte.py:665}}
Aug 10 12:49:22 devstack cinder-volume[89096]: DEBUG cinder.volume.drivers.quobyte [None req-8c128286-c09c-481d-8dbe-a4e1d9501799 tempest-VolumeRetypeWithoutMigrationTest-864325312 None] Available shares ['osci02.corp.quobyte.com/cinder-vol-7d943b49-6876-4d31-b29a-3adb64cef09d'] {{(pid=89096) _ensure_shares_mounted /opt/stack/cinder/cinder/volume/drivers/quobyte.py:695}}
Aug 10 12:49:22 devstack cinder-volume[89096]: DEBUG oslo_concurrency.lockutils [None req-8c128286-c09c-481d-8dbe-a4e1d9501799 tempest-VolumeRetypeWithoutMigrationTest-864325312 None] Lock "quobyte_ensure" "released" by "cinder.volume.drivers.quobyte.QuobyteDriver._ensure_shares_mounted" :: held 0.009s {{(pid=89096) inner /opt/stack/data/venv/lib/python3.12/site-packages/oslo_concurrency/lockutils.py:544}}
Aug 10 12:49:22 devstack cinder-volume[89096]: DEBUG oslo_concurrency.processutils [None req-8c128286-c09c-481d-8dbe-a4e1d9501799 tempest-VolumeRetypeWithoutMigrationTest-864325312 None] Running cmd (subprocess): sudo cinder-rootwrap /etc/cinder/rootwrap.conf df --portability --block-size 1 /opt/stack/data/cinder/mnt/30a240d0b59b2bf80035446dca859a8e {{(pid=89096) execute /opt/stack/data/venv/lib/python3.12/site-packages/oslo_concurrency/processutils.py:440}}
Aug 10 12:49:22 devstack sudo[93641]: quobyte : PWD=/ ; USER=root ; COMMAND=/opt/stack/data/venv/bin/cinder-rootwrap /etc/cinder/rootwrap.conf df --portability --block-size 1 /opt/stack/data/cinder/mnt/30a240d0b59b2bf80035446dca859a8e
Aug 10 12:49:22 devstack sudo[93641]: pam_unix(sudo:session): session opened for user root(uid=0) by (uid=1000)
Aug 10 12:49:23 devstack cinder-volume[89096]: INFO cinder.volume.manager [None req-dfd86e28-602b-4e39-890e-675024d7fdc7 tempest-GroupSnapshotsTest-1480305479 None] Update group completed successfully.
Aug 10 12:49:23 devstack sudo[93641]: pam_unix(sudo:session): session closed for user root
Aug 10 12:49:23 devstack cinder-volume[89096]: DEBUG oslo_concurrency.processutils [None req-8c128286-c09c-481d-8dbe-a4e1d9501799 tempest-VolumeRetypeWithoutMigrationTest-864325312 None] CMD "sudo cinder-rootwrap /etc/cinder/rootwrap.conf df --portability --block-size 1 /opt/stack/data/cinder/mnt/30a240d0b59b2bf80035446dca859a8e" returned: 0 in 0.315s {{(pid=89096) execute /opt/stack/data/venv/lib/python3.12/site-packages/oslo_concurrency/processutils.py:468}}
Aug 10 12:49:23 devstack cinder-volume[89096]: DEBUG cinder.manager [None req-8c128286-c09c-481d-8dbe-a4e1d9501799 tempest-VolumeRetypeWithoutMigrationTest-864325312 None] Notifying Schedulers of capabilities ... {{(pid=89096) _publish_service_capabilities /opt/stack/cinder/cinder/manager.py:219}}
Aug 10 12:49:23 devstack cinder-volume[89096]: INFO cinder.volume.manager [None req-8c128286-c09c-481d-8dbe-a4e1d9501799 tempest-VolumeRetypeWithoutMigrationTest-864325312 None] Deleted volume successfully.
Aug 10 12:49:23 devstack cinder-volume[89096]: DEBUG cinder.coordination [None req-8c128286-c09c-481d-8dbe-a4e1d9501799 tempest-VolumeRetypeWithoutMigrationTest-864325312 None] Lock "cinder-9cc1a07c-f7e0-4a61-b9ee-4dbdfc05644f-delete_volume" released by "delete_volume" :: held 1.319s {{(pid=89096) __release /opt/stack/cinder/cinder/coordination.py:152}}
Aug 10 12:49:24 devstack cinder-volume[89096]: INFO cinder.volume.manager [None req-18bd142f-9ea7-4189-8fc4-d9067d8244c1 tempest-GroupSnapshotsTest-1480305479 None] Update group completed successfully.
Aug 10 12:49:25 devstack cinder-volume[89096]: INFO cinder.volume.manager [None req-7ff260d8-f16a-41b6-a28f-9e3d102e6bf3 tempest-GroupSnapshotsTest-1480305479 None] Update group completed successfully.
Aug 10 12:49:26 devstack cinder-volume[89096]: INFO cinder.volume.manager [None req-5ed3eba0-52e5-4517-b088-366a2b268841 tempest-GroupSnapshotsTest-1480305479 None] Update group completed successfully.
Aug 10 12:49:28 devstack cinder-volume[89096]: INFO cinder.volume.manager [None req-c603b715-0b36-4da9-89fd-6fe3e7f4ab93 tempest-GroupSnapshotsTest-1480305479 None] GroupSnapshot 7e219dc0-ca7f-427a-910d-e1d4d3ca4527: creating.
Aug 10 12:49:28 devstack cinder-volume[89096]: DEBUG cinder.volume.manager [None req-c603b715-0b36-4da9-89fd-6fe3e7f4ab93 tempest-GroupSnapshotsTest-1480305479 None] Group snapshot 7e219dc0-ca7f-427a-910d-e1d4d3ca4527: creating. {{(pid=89096) create_group_snapshot /opt/stack/cinder/cinder/volume/manager.py:4175}}
Aug 10 12:49:28 devstack cinder-volume[89096]: DEBUG oslo_concurrency.lockutils [None req-c603b715-0b36-4da9-89fd-6fe3e7f4ab93 tempest-GroupSnapshotsTest-1480305479 None] Acquiring lock "quobyte" by "cinder.volume.drivers.quobyte.QuobyteDriver.create_snapshot" {{(pid=89096) inner /opt/stack/data/venv/lib/python3.12/site-packages/oslo_concurrency/lockutils.py:512}}
Aug 10 12:49:28 devstack cinder-volume[89096]: DEBUG oslo_concurrency.lockutils [None req-c603b715-0b36-4da9-89fd-6fe3e7f4ab93 tempest-GroupSnapshotsTest-1480305479 None] Lock "quobyte" acquired by "cinder.volume.drivers.quobyte.QuobyteDriver.create_snapshot" :: waited 0.001s {{(pid=89096) inner /opt/stack/data/venv/lib/python3.12/site-packages/oslo_concurrency/lockutils.py:525}}
Aug 10 12:49:28 devstack cinder-volume[89096]: DEBUG cinder.volume.drivers.remotefs [None req-c603b715-0b36-4da9-89fd-6fe3e7f4ab93 tempest-GroupSnapshotsTest-1480305479 None] Creating offline snapshot 427fa88f-8e6c-49a7-a2d1-08b77674c0bf of volume 5b5e7604-c494-40a8-973b-504eb2137930 {{(pid=89096) _create_snapshot /opt/stack/cinder/cinder/volume/drivers/remotefs.py:1816}}
Aug 10 12:49:28 devstack cinder-volume[89096]: DEBUG oslo.privsep.daemon [-] privsep: reply[b10d0fd8-5acf-4f95-8c61-cf638ed82865]: (4, 'qcow2') {{(pid=90342) _call_back /opt/stack/data/venv/lib/python3.12/site-packages/oslo_privsep/daemon.py:580}}
Aug 10 12:49:28 devstack cinder-volume[89096]: DEBUG oslo_concurrency.processutils [None req-c603b715-0b36-4da9-89fd-6fe3e7f4ab93 tempest-GroupSnapshotsTest-1480305479 None] Running cmd (subprocess): /opt/stack/data/venv/bin/python3.12 -m oslo_concurrency.prlimit --as=1073741824 --cpu=60 -- sudo cinder-rootwrap /etc/cinder/rootwrap.conf env LC_ALL=C qemu-img info -f qcow2 --output=json --force-share /opt/stack/data/cinder/mnt/30a240d0b59b2bf80035446dca859a8e/volume-5b5e7604-c494-40a8-973b-504eb2137930 {{(pid=89096) execute /opt/stack/data/venv/lib/python3.12/site-packages/oslo_concurrency/processutils.py:440}}
Aug 10 12:49:28 devstack sudo[93645]: quobyte : PWD=/ ; USER=root ; COMMAND=/opt/stack/data/venv/bin/cinder-rootwrap /etc/cinder/rootwrap.conf env LC_ALL=C qemu-img info -f qcow2 --output=json --force-share /opt/stack/data/cinder/mnt/30a240d0b59b2bf80035446dca859a8e/volume-5b5e7604-c494-40a8-973b-504eb2137930
Aug 10 12:49:28 devstack sudo[93645]: pam_unix(sudo:session): session opened for user root(uid=0) by (uid=1000)
Aug 10 12:49:28 devstack sudo[93645]: pam_unix(sudo:session): session closed for user root
Aug 10 12:49:28 devstack cinder-volume[89096]: DEBUG oslo_concurrency.processutils [None req-c603b715-0b36-4da9-89fd-6fe3e7f4ab93 tempest-GroupSnapshotsTest-1480305479 None] CMD "/opt/stack/data/venv/bin/python3.12 -m oslo_concurrency.prlimit --as=1073741824 --cpu=60 -- sudo cinder-rootwrap /etc/cinder/rootwrap.conf env LC_ALL=C qemu-img info -f qcow2 --output=json --force-share /opt/stack/data/cinder/mnt/30a240d0b59b2bf80035446dca859a8e/volume-5b5e7604-c494-40a8-973b-504eb2137930" returned: 0 in 0.415s {{(pid=89096) execute /opt/stack/data/venv/lib/python3.12/site-packages/oslo_concurrency/processutils.py:468}}
Aug 10 12:49:28 devstack cinder-volume[89096]: DEBUG oslo_concurrency.processutils [None req-c603b715-0b36-4da9-89fd-6fe3e7f4ab93 tempest-GroupSnapshotsTest-1480305479 None] Running cmd (subprocess): sudo cinder-rootwrap /etc/cinder/rootwrap.conf qemu-img create -f qcow2 -o backing_file=/opt/stack/data/cinder/mnt/30a240d0b59b2bf80035446dca859a8e/volume-5b5e7604-c494-40a8-973b-504eb2137930,backing_fmt=qcow2 /opt/stack/data/cinder/mnt/30a240d0b59b2bf80035446dca859a8e/volume-5b5e7604-c494-40a8-973b-504eb2137930.427fa88f-8e6c-49a7-a2d1-08b77674c0bf 1G {{(pid=89096) execute /opt/stack/data/venv/lib/python3.12/site-packages/oslo_concurrency/processutils.py:440}}
Aug 10 12:49:28 devstack sudo[93650]: quobyte : PWD=/ ; USER=root ; COMMAND=/opt/stack/data/venv/bin/cinder-rootwrap /etc/cinder/rootwrap.conf qemu-img create -f qcow2 -o backing_file=/opt/stack/data/cinder/mnt/30a240d0b59b2bf80035446dca859a8e/volume-5b5e7604-c494-40a8-973b-504eb2137930,backing_fmt=qcow2 /opt/stack/data/cinder/mnt/30a240d0b59b2bf80035446dca859a8e/volume-5b5e7604-c494-40a8-973b-504eb2137930.427fa88f-8e6c-49a7-a2d1-08b77674c0bf 1G
Aug 10 12:49:28 devstack sudo[93650]: pam_unix(sudo:session): session opened for user root(uid=0) by (uid=1000)
Aug 10 12:49:29 devstack sudo[93650]: pam_unix(sudo:session): session closed for user root
Aug 10 12:49:29 devstack cinder-volume[89096]: DEBUG oslo_concurrency.processutils [None req-c603b715-0b36-4da9-89fd-6fe3e7f4ab93 tempest-GroupSnapshotsTest-1480305479 None] CMD "sudo cinder-rootwrap /etc/cinder/rootwrap.conf qemu-img create -f qcow2 -o backing_file=/opt/stack/data/cinder/mnt/30a240d0b59b2bf80035446dca859a8e/volume-5b5e7604-c494-40a8-973b-504eb2137930,backing_fmt=qcow2 /opt/stack/data/cinder/mnt/30a240d0b59b2bf80035446dca859a8e/volume-5b5e7604-c494-40a8-973b-504eb2137930.427fa88f-8e6c-49a7-a2d1-08b77674c0bf 1G" returned: 0 in 0.542s {{(pid=89096) execute /opt/stack/data/venv/lib/python3.12/site-packages/oslo_concurrency/processutils.py:468}}
Aug 10 12:49:29 devstack cinder-volume[89096]: DEBUG oslo_concurrency.processutils [None req-c603b715-0b36-4da9-89fd-6fe3e7f4ab93 tempest-GroupSnapshotsTest-1480305479 None] Running cmd (subprocess): sudo cinder-rootwrap /etc/cinder/rootwrap.conf qemu-img rebase -u -b volume-5b5e7604-c494-40a8-973b-504eb2137930 -F qcow2 /opt/stack/data/cinder/mnt/30a240d0b59b2bf80035446dca859a8e/volume-5b5e7604-c494-40a8-973b-504eb2137930.427fa88f-8e6c-49a7-a2d1-08b77674c0bf {{(pid=89096) execute /opt/stack/data/venv/lib/python3.12/site-packages/oslo_concurrency/processutils.py:440}}
Aug 10 12:49:29 devstack sudo[93656]: quobyte : PWD=/ ; USER=root ; COMMAND=/opt/stack/data/venv/bin/cinder-rootwrap /etc/cinder/rootwrap.conf qemu-img rebase -u -b volume-5b5e7604-c494-40a8-973b-504eb2137930 -F qcow2 /opt/stack/data/cinder/mnt/30a240d0b59b2bf80035446dca859a8e/volume-5b5e7604-c494-40a8-973b-504eb2137930.427fa88f-8e6c-49a7-a2d1-08b77674c0bf
Aug 10 12:49:29 devstack sudo[93656]: pam_unix(sudo:session): session opened for user root(uid=0) by (uid=1000)
Aug 10 12:49:29 devstack sudo[93656]: pam_unix(sudo:session): session closed for user root
Aug 10 12:49:29 devstack cinder-volume[89096]: DEBUG oslo_concurrency.processutils [None req-c603b715-0b36-4da9-89fd-6fe3e7f4ab93 tempest-GroupSnapshotsTest-1480305479 None] CMD "sudo cinder-rootwrap /etc/cinder/rootwrap.conf qemu-img rebase -u -b volume-5b5e7604-c494-40a8-973b-504eb2137930 -F qcow2 /opt/stack/data/cinder/mnt/30a240d0b59b2bf80035446dca859a8e/volume-5b5e7604-c494-40a8-973b-504eb2137930.427fa88f-8e6c-49a7-a2d1-08b77674c0bf" returned: 0 in 0.352s {{(pid=89096) execute /opt/stack/data/venv/lib/python3.12/site-packages/oslo_concurrency/processutils.py:468}}
Aug 10 12:49:29 devstack cinder-volume[89096]: WARNING cinder.volume.drivers.remotefs [None req-c603b715-0b36-4da9-89fd-6fe3e7f4ab93 tempest-GroupSnapshotsTest-1480305479 None] /opt/stack/data/cinder/mnt/30a240d0b59b2bf80035446dca859a8e/volume-5b5e7604-c494-40a8-973b-504eb2137930.427fa88f-8e6c-49a7-a2d1-08b77674c0bf is being set with open permissions: ugo+rw: NotImplementedError
Aug 10 12:49:29 devstack cinder-volume[89096]: DEBUG oslo_concurrency.processutils [None req-c603b715-0b36-4da9-89fd-6fe3e7f4ab93 tempest-GroupSnapshotsTest-1480305479 None] Running cmd (subprocess): sudo cinder-rootwrap /etc/cinder/rootwrap.conf chmod ugo+rw /opt/stack/data/cinder/mnt/30a240d0b59b2bf80035446dca859a8e/volume-5b5e7604-c494-40a8-973b-504eb2137930.427fa88f-8e6c-49a7-a2d1-08b77674c0bf {{(pid=89096) execute /opt/stack/data/venv/lib/python3.12/site-packages/oslo_concurrency/processutils.py:440}}
Aug 10 12:49:29 devstack sudo[93661]: quobyte : PWD=/ ; USER=root ; COMMAND=/opt/stack/data/venv/bin/cinder-rootwrap /etc/cinder/rootwrap.conf chmod ugo+rw /opt/stack/data/cinder/mnt/30a240d0b59b2bf80035446dca859a8e/volume-5b5e7604-c494-40a8-973b-504eb2137930.427fa88f-8e6c-49a7-a2d1-08b77674c0bf
Aug 10 12:49:29 devstack sudo[93661]: pam_unix(sudo:session): session opened for user root(uid=0) by (uid=1000)
Aug 10 12:49:30 devstack sudo[93661]: pam_unix(sudo:session): session closed for user root
Aug 10 12:49:30 devstack cinder-volume[89096]: DEBUG oslo_concurrency.processutils [None req-c603b715-0b36-4da9-89fd-6fe3e7f4ab93 tempest-GroupSnapshotsTest-1480305479 None] CMD "sudo cinder-rootwrap /etc/cinder/rootwrap.conf chmod ugo+rw /opt/stack/data/cinder/mnt/30a240d0b59b2bf80035446dca859a8e/volume-5b5e7604-c494-40a8-973b-504eb2137930.427fa88f-8e6c-49a7-a2d1-08b77674c0bf" returned: 0 in 0.293s {{(pid=89096) execute /opt/stack/data/venv/lib/python3.12/site-packages/oslo_concurrency/processutils.py:468}}
Aug 10 12:49:30 devstack cinder-volume[89096]: DEBUG oslo_concurrency.processutils [None req-c603b715-0b36-4da9-89fd-6fe3e7f4ab93 tempest-GroupSnapshotsTest-1480305479 None] Running cmd (subprocess): sudo cinder-rootwrap /etc/cinder/rootwrap.conf truncate -s0 /opt/stack/data/cinder/mnt/30a240d0b59b2bf80035446dca859a8e/volume-5b5e7604-c494-40a8-973b-504eb2137930.info {{(pid=89096) execute /opt/stack/data/venv/lib/python3.12/site-packages/oslo_concurrency/processutils.py:440}}
Aug 10 12:49:30 devstack sudo[93664]: quobyte : PWD=/ ; USER=root ; COMMAND=/opt/stack/data/venv/bin/cinder-rootwrap /etc/cinder/rootwrap.conf truncate -s0 /opt/stack/data/cinder/mnt/30a240d0b59b2bf80035446dca859a8e/volume-5b5e7604-c494-40a8-973b-504eb2137930.info
Aug 10 12:49:30 devstack sudo[93664]: pam_unix(sudo:session): session opened for user root(uid=0) by (uid=1000)
Aug 10 12:49:30 devstack sudo[93664]: pam_unix(sudo:session): session closed for user root
Aug 10 12:49:30 devstack cinder-volume[89096]: DEBUG oslo_concurrency.processutils [None req-c603b715-0b36-4da9-89fd-6fe3e7f4ab93 tempest-GroupSnapshotsTest-1480305479 None] CMD "sudo cinder-rootwrap /etc/cinder/rootwrap.conf truncate -s0 /opt/stack/data/cinder/mnt/30a240d0b59b2bf80035446dca859a8e/volume-5b5e7604-c494-40a8-973b-504eb2137930.info" returned: 0 in 0.353s {{(pid=89096) execute /opt/stack/data/venv/lib/python3.12/site-packages/oslo_concurrency/processutils.py:468}}
Aug 10 12:49:30 devstack cinder-volume[89096]: WARNING cinder.volume.drivers.remotefs [None req-c603b715-0b36-4da9-89fd-6fe3e7f4ab93 tempest-GroupSnapshotsTest-1480305479 None] /opt/stack/data/cinder/mnt/30a240d0b59b2bf80035446dca859a8e/volume-5b5e7604-c494-40a8-973b-504eb2137930.info is being set with open permissions: ugo+rw: NotImplementedError
Aug 10 12:49:30 devstack cinder-volume[89096]: DEBUG oslo_concurrency.processutils [None req-c603b715-0b36-4da9-89fd-6fe3e7f4ab93 tempest-GroupSnapshotsTest-1480305479 None] Running cmd (subprocess): sudo cinder-rootwrap /etc/cinder/rootwrap.conf chmod ugo+rw /opt/stack/data/cinder/mnt/30a240d0b59b2bf80035446dca859a8e/volume-5b5e7604-c494-40a8-973b-504eb2137930.info {{(pid=89096) execute /opt/stack/data/venv/lib/python3.12/site-packages/oslo_concurrency/processutils.py:440}}
Aug 10 12:49:30 devstack sudo[93667]: quobyte : PWD=/ ; USER=root ; COMMAND=/opt/stack/data/venv/bin/cinder-rootwrap /etc/cinder/rootwrap.conf chmod ugo+rw /opt/stack/data/cinder/mnt/30a240d0b59b2bf80035446dca859a8e/volume-5b5e7604-c494-40a8-973b-504eb2137930.info
Aug 10 12:49:30 devstack sudo[93667]: pam_unix(sudo:session): session opened for user root(uid=0) by (uid=1000)
Aug 10 12:49:30 devstack sudo[93667]: pam_unix(sudo:session): session closed for user root
Aug 10 12:49:30 devstack cinder-volume[89096]: DEBUG oslo_concurrency.processutils [None req-c603b715-0b36-4da9-89fd-6fe3e7f4ab93 tempest-GroupSnapshotsTest-1480305479 None] CMD "sudo cinder-rootwrap /etc/cinder/rootwrap.conf chmod ugo+rw /opt/stack/data/cinder/mnt/30a240d0b59b2bf80035446dca859a8e/volume-5b5e7604-c494-40a8-973b-504eb2137930.info" returned: 0 in 0.281s {{(pid=89096) execute /opt/stack/data/venv/lib/python3.12/site-packages/oslo_concurrency/processutils.py:468}}
Aug 10 12:49:30 devstack cinder-volume[89096]: DEBUG oslo_concurrency.lockutils [None req-c603b715-0b36-4da9-89fd-6fe3e7f4ab93 tempest-GroupSnapshotsTest-1480305479 None] Lock "quobyte" "released" by "cinder.volume.drivers.quobyte.QuobyteDriver.create_snapshot" :: held 2.345s {{(pid=89096) inner /opt/stack/data/venv/lib/python3.12/site-packages/oslo_concurrency/lockutils.py:544}}
Aug 10 12:49:30 devstack cinder-volume[89096]: DEBUG oslo_concurrency.lockutils [None req-c603b715-0b36-4da9-89fd-6fe3e7f4ab93 tempest-GroupSnapshotsTest-1480305479 None] Acquiring lock "quobyte" by "cinder.volume.drivers.quobyte.QuobyteDriver.create_snapshot" {{(pid=89096) inner /opt/stack/data/venv/lib/python3.12/site-packages/oslo_concurrency/lockutils.py:512}}
Aug 10 12:49:30 devstack cinder-volume[89096]: DEBUG oslo_concurrency.lockutils [None req-c603b715-0b36-4da9-89fd-6fe3e7f4ab93 tempest-GroupSnapshotsTest-1480305479 None] Lock "quobyte" acquired by "cinder.volume.drivers.quobyte.QuobyteDriver.create_snapshot" :: waited 0.001s {{(pid=89096) inner /opt/stack/data/venv/lib/python3.12/site-packages/oslo_concurrency/lockutils.py:525}}
Aug 10 12:49:30 devstack cinder-volume[89096]: DEBUG cinder.volume.drivers.remotefs [None req-c603b715-0b36-4da9-89fd-6fe3e7f4ab93 tempest-GroupSnapshotsTest-1480305479 None] Creating offline snapshot ff3f31b7-2dd8-4f19-9eb3-8749c879b66c of volume 9723242f-fcdd-431b-9701-38e4c9efea4d {{(pid=89096) _create_snapshot /opt/stack/cinder/cinder/volume/drivers/remotefs.py:1816}}
Aug 10 12:49:30 devstack cinder-volume[89096]: DEBUG oslo.privsep.daemon [-] privsep: reply[4602cc79-333b-434a-bcdc-cef888102c4b]: (4, 'qcow2') {{(pid=90342) _call_back /opt/stack/data/venv/lib/python3.12/site-packages/oslo_privsep/daemon.py:580}}
Aug 10 12:49:30 devstack cinder-volume[89096]: DEBUG oslo_concurrency.processutils [None req-c603b715-0b36-4da9-89fd-6fe3e7f4ab93 tempest-GroupSnapshotsTest-1480305479 None] Running cmd (subprocess): /opt/stack/data/venv/bin/python3.12 -m oslo_concurrency.prlimit --as=1073741824 --cpu=60 -- sudo cinder-rootwrap /etc/cinder/rootwrap.conf env LC_ALL=C qemu-img info -f qcow2 --output=json --force-share /opt/stack/data/cinder/mnt/30a240d0b59b2bf80035446dca859a8e/volume-9723242f-fcdd-431b-9701-38e4c9efea4d {{(pid=89096) execute /opt/stack/data/venv/lib/python3.12/site-packages/oslo_concurrency/processutils.py:440}}
Aug 10 12:49:31 devstack sudo[93671]: quobyte : PWD=/ ; USER=root ; COMMAND=/opt/stack/data/venv/bin/cinder-rootwrap /etc/cinder/rootwrap.conf env LC_ALL=C qemu-img info -f qcow2 --output=json --force-share /opt/stack/data/cinder/mnt/30a240d0b59b2bf80035446dca859a8e/volume-9723242f-fcdd-431b-9701-38e4c9efea4d
Aug 10 12:49:31 devstack sudo[93671]: pam_unix(sudo:session): session opened for user root(uid=0) by (uid=1000)
Aug 10 12:49:31 devstack sudo[93671]: pam_unix(sudo:session): session closed for user root
Aug 10 12:49:31 devstack cinder-volume[89096]: DEBUG oslo_concurrency.processutils [None req-c603b715-0b36-4da9-89fd-6fe3e7f4ab93 tempest-GroupSnapshotsTest-1480305479 None] CMD "/opt/stack/data/venv/bin/python3.12 -m oslo_concurrency.prlimit --as=1073741824 --cpu=60 -- sudo cinder-rootwrap /etc/cinder/rootwrap.conf env LC_ALL=C qemu-img info -f qcow2 --output=json --force-share /opt/stack/data/cinder/mnt/30a240d0b59b2bf80035446dca859a8e/volume-9723242f-fcdd-431b-9701-38e4c9efea4d" returned: 0 in 0.416s {{(pid=89096) execute /opt/stack/data/venv/lib/python3.12/site-packages/oslo_concurrency/processutils.py:468}}
Aug 10 12:49:31 devstack cinder-volume[89096]: DEBUG oslo_concurrency.processutils [None req-c603b715-0b36-4da9-89fd-6fe3e7f4ab93 tempest-GroupSnapshotsTest-1480305479 None] Running cmd (subprocess): sudo cinder-rootwrap /etc/cinder/rootwrap.conf qemu-img create -f qcow2 -o backing_file=/opt/stack/data/cinder/mnt/30a240d0b59b2bf80035446dca859a8e/volume-9723242f-fcdd-431b-9701-38e4c9efea4d,backing_fmt=qcow2 /opt/stack/data/cinder/mnt/30a240d0b59b2bf80035446dca859a8e/volume-9723242f-fcdd-431b-9701-38e4c9efea4d.ff3f31b7-2dd8-4f19-9eb3-8749c879b66c 1G {{(pid=89096) execute /opt/stack/data/venv/lib/python3.12/site-packages/oslo_concurrency/processutils.py:440}}
Aug 10 12:49:31 devstack sudo[93676]: quobyte : PWD=/ ; USER=root ; COMMAND=/opt/stack/data/venv/bin/cinder-rootwrap /etc/cinder/rootwrap.conf qemu-img create -f qcow2 -o backing_file=/opt/stack/data/cinder/mnt/30a240d0b59b2bf80035446dca859a8e/volume-9723242f-fcdd-431b-9701-38e4c9efea4d,backing_fmt=qcow2 /opt/stack/data/cinder/mnt/30a240d0b59b2bf80035446dca859a8e/volume-9723242f-fcdd-431b-9701-38e4c9efea4d.ff3f31b7-2dd8-4f19-9eb3-8749c879b66c 1G
Aug 10 12:49:31 devstack sudo[93676]: pam_unix(sudo:session): session opened for user root(uid=0) by (uid=1000)
Aug 10 12:49:31 devstack sudo[93676]: pam_unix(sudo:session): session closed for user root
Aug 10 12:49:31 devstack cinder-volume[89096]: DEBUG oslo_concurrency.processutils [None req-c603b715-0b36-4da9-89fd-6fe3e7f4ab93 tempest-GroupSnapshotsTest-1480305479 None] CMD "sudo cinder-rootwrap /etc/cinder/rootwrap.conf qemu-img create -f qcow2 -o backing_file=/opt/stack/data/cinder/mnt/30a240d0b59b2bf80035446dca859a8e/volume-9723242f-fcdd-431b-9701-38e4c9efea4d,backing_fmt=qcow2 /opt/stack/data/cinder/mnt/30a240d0b59b2bf80035446dca859a8e/volume-9723242f-fcdd-431b-9701-38e4c9efea4d.ff3f31b7-2dd8-4f19-9eb3-8749c879b66c 1G" returned: 0 in 0.510s {{(pid=89096) execute /opt/stack/data/venv/lib/python3.12/site-packages/oslo_concurrency/processutils.py:468}}
Aug 10 12:49:31 devstack cinder-volume[89096]: DEBUG oslo_concurrency.processutils [None req-c603b715-0b36-4da9-89fd-6fe3e7f4ab93 tempest-GroupSnapshotsTest-1480305479 None] Running cmd (subprocess): sudo cinder-rootwrap /etc/cinder/rootwrap.conf qemu-img rebase -u -b volume-9723242f-fcdd-431b-9701-38e4c9efea4d -F qcow2 /opt/stack/data/cinder/mnt/30a240d0b59b2bf80035446dca859a8e/volume-9723242f-fcdd-431b-9701-38e4c9efea4d.ff3f31b7-2dd8-4f19-9eb3-8749c879b66c {{(pid=89096) execute /opt/stack/data/venv/lib/python3.12/site-packages/oslo_concurrency/processutils.py:440}}
Aug 10 12:49:31 devstack sudo[93683]: quobyte : PWD=/ ; USER=root ; COMMAND=/opt/stack/data/venv/bin/cinder-rootwrap /etc/cinder/rootwrap.conf qemu-img rebase -u -b volume-9723242f-fcdd-431b-9701-38e4c9efea4d -F qcow2 /opt/stack/data/cinder/mnt/30a240d0b59b2bf80035446dca859a8e/volume-9723242f-fcdd-431b-9701-38e4c9efea4d.ff3f31b7-2dd8-4f19-9eb3-8749c879b66c
Aug 10 12:49:31 devstack sudo[93683]: pam_unix(sudo:session): session opened for user root(uid=0) by (uid=1000)
Aug 10 12:49:32 devstack sudo[93683]: pam_unix(sudo:session): session closed for user root
Aug 10 12:49:32 devstack cinder-volume[89096]: DEBUG oslo_concurrency.processutils [None req-c603b715-0b36-4da9-89fd-6fe3e7f4ab93 tempest-GroupSnapshotsTest-1480305479 None] CMD "sudo cinder-rootwrap /etc/cinder/rootwrap.conf qemu-img rebase -u -b volume-9723242f-fcdd-431b-9701-38e4c9efea4d -F qcow2 /opt/stack/data/cinder/mnt/30a240d0b59b2bf80035446dca859a8e/volume-9723242f-fcdd-431b-9701-38e4c9efea4d.ff3f31b7-2dd8-4f19-9eb3-8749c879b66c" returned: 0 in 0.349s {{(pid=89096) execute /opt/stack/data/venv/lib/python3.12/site-packages/oslo_concurrency/processutils.py:468}}
Aug 10 12:49:32 devstack cinder-volume[89096]: WARNING cinder.volume.drivers.remotefs [None req-c603b715-0b36-4da9-89fd-6fe3e7f4ab93 tempest-GroupSnapshotsTest-1480305479 None] /opt/stack/data/cinder/mnt/30a240d0b59b2bf80035446dca859a8e/volume-9723242f-fcdd-431b-9701-38e4c9efea4d.ff3f31b7-2dd8-4f19-9eb3-8749c879b66c is being set with open permissions: ugo+rw: NotImplementedError
Aug 10 12:49:32 devstack cinder-volume[89096]: DEBUG oslo_concurrency.processutils [None req-c603b715-0b36-4da9-89fd-6fe3e7f4ab93 tempest-GroupSnapshotsTest-1480305479 None] Running cmd (subprocess): sudo cinder-rootwrap /etc/cinder/rootwrap.conf chmod ugo+rw /opt/stack/data/cinder/mnt/30a240d0b59b2bf80035446dca859a8e/volume-9723242f-fcdd-431b-9701-38e4c9efea4d.ff3f31b7-2dd8-4f19-9eb3-8749c879b66c {{(pid=89096) execute /opt/stack/data/venv/lib/python3.12/site-packages/oslo_concurrency/processutils.py:440}}
Aug 10 12:49:32 devstack sudo[93689]: quobyte : PWD=/ ; USER=root ; COMMAND=/opt/stack/data/venv/bin/cinder-rootwrap /etc/cinder/rootwrap.conf chmod ugo+rw /opt/stack/data/cinder/mnt/30a240d0b59b2bf80035446dca859a8e/volume-9723242f-fcdd-431b-9701-38e4c9efea4d.ff3f31b7-2dd8-4f19-9eb3-8749c879b66c
Aug 10 12:49:32 devstack sudo[93689]: pam_unix(sudo:session): session opened for user root(uid=0) by (uid=1000)
Aug 10 12:49:32 devstack sudo[93689]: pam_unix(sudo:session): session closed for user root
Aug 10 12:49:32 devstack cinder-volume[89096]: DEBUG oslo_concurrency.processutils [None req-c603b715-0b36-4da9-89fd-6fe3e7f4ab93 tempest-GroupSnapshotsTest-1480305479 None] CMD "sudo cinder-rootwrap /etc/cinder/rootwrap.conf chmod ugo+rw /opt/stack/data/cinder/mnt/30a240d0b59b2bf80035446dca859a8e/volume-9723242f-fcdd-431b-9701-38e4c9efea4d.ff3f31b7-2dd8-4f19-9eb3-8749c879b66c" returned: 0 in 0.280s {{(pid=89096) execute /opt/stack/data/venv/lib/python3.12/site-packages/oslo_concurrency/processutils.py:468}}
Aug 10 12:49:32 devstack cinder-volume[89096]: DEBUG oslo_concurrency.processutils [None req-c603b715-0b36-4da9-89fd-6fe3e7f4ab93 tempest-GroupSnapshotsTest-1480305479 None] Running cmd (subprocess): sudo cinder-rootwrap /etc/cinder/rootwrap.conf truncate -s0 /opt/stack/data/cinder/mnt/30a240d0b59b2bf80035446dca859a8e/volume-9723242f-fcdd-431b-9701-38e4c9efea4d.info {{(pid=89096) execute /opt/stack/data/venv/lib/python3.12/site-packages/oslo_concurrency/processutils.py:440}}
Aug 10 12:49:32 devstack sudo[93693]: quobyte : PWD=/ ; USER=root ; COMMAND=/opt/stack/data/venv/bin/cinder-rootwrap /etc/cinder/rootwrap.conf truncate -s0 /opt/stack/data/cinder/mnt/30a240d0b59b2bf80035446dca859a8e/volume-9723242f-fcdd-431b-9701-38e4c9efea4d.info
Aug 10 12:49:32 devstack sudo[93693]: pam_unix(sudo:session): session opened for user root(uid=0) by (uid=1000)
Aug 10 12:49:32 devstack sudo[93693]: pam_unix(sudo:session): session closed for user root
Aug 10 12:49:32 devstack cinder-volume[89096]: DEBUG oslo_concurrency.processutils [None req-c603b715-0b36-4da9-89fd-6fe3e7f4ab93 tempest-GroupSnapshotsTest-1480305479 None] CMD "sudo cinder-rootwrap /etc/cinder/rootwrap.conf truncate -s0 /opt/stack/data/cinder/mnt/30a240d0b59b2bf80035446dca859a8e/volume-9723242f-fcdd-431b-9701-38e4c9efea4d.info" returned: 0 in 0.328s {{(pid=89096) execute /opt/stack/data/venv/lib/python3.12/site-packages/oslo_concurrency/processutils.py:468}}
Aug 10 12:49:32 devstack cinder-volume[89096]: WARNING cinder.volume.drivers.remotefs [None req-c603b715-0b36-4da9-89fd-6fe3e7f4ab93 tempest-GroupSnapshotsTest-1480305479 None] /opt/stack/data/cinder/mnt/30a240d0b59b2bf80035446dca859a8e/volume-9723242f-fcdd-431b-9701-38e4c9efea4d.info is being set with open permissions: ugo+rw: NotImplementedError
Aug 10 12:49:32 devstack cinder-volume[89096]: DEBUG oslo_concurrency.processutils [None req-c603b715-0b36-4da9-89fd-6fe3e7f4ab93 tempest-GroupSnapshotsTest-1480305479 None] Running cmd (subprocess): sudo cinder-rootwrap /etc/cinder/rootwrap.conf chmod ugo+rw /opt/stack/data/cinder/mnt/30a240d0b59b2bf80035446dca859a8e/volume-9723242f-fcdd-431b-9701-38e4c9efea4d.info {{(pid=89096) execute /opt/stack/data/venv/lib/python3.12/site-packages/oslo_concurrency/processutils.py:440}}
Aug 10 12:49:32 devstack sudo[93696]: quobyte : PWD=/ ; USER=root ; COMMAND=/opt/stack/data/venv/bin/cinder-rootwrap /etc/cinder/rootwrap.conf chmod ugo+rw /opt/stack/data/cinder/mnt/30a240d0b59b2bf80035446dca859a8e/volume-9723242f-fcdd-431b-9701-38e4c9efea4d.info
Aug 10 12:49:32 devstack sudo[93696]: pam_unix(sudo:session): session opened for user root(uid=0) by (uid=1000)
Aug 10 12:49:33 devstack sudo[93696]: pam_unix(sudo:session): session closed for user root
Aug 10 12:49:33 devstack cinder-volume[89096]: DEBUG oslo_concurrency.processutils [None req-c603b715-0b36-4da9-89fd-6fe3e7f4ab93 tempest-GroupSnapshotsTest-1480305479 None] CMD "sudo cinder-rootwrap /etc/cinder/rootwrap.conf chmod ugo+rw /opt/stack/data/cinder/mnt/30a240d0b59b2bf80035446dca859a8e/volume-9723242f-fcdd-431b-9701-38e4c9efea4d.info" returned: 0 in 0.311s {{(pid=89096) execute /opt/stack/data/venv/lib/python3.12/site-packages/oslo_concurrency/processutils.py:468}}
Aug 10 12:49:33 devstack cinder-volume[89096]: DEBUG oslo_concurrency.lockutils [None req-c603b715-0b36-4da9-89fd-6fe3e7f4ab93 tempest-GroupSnapshotsTest-1480305479 None] Lock "quobyte" "released" by "cinder.volume.drivers.quobyte.QuobyteDriver.create_snapshot" :: held 2.317s {{(pid=89096) inner /opt/stack/data/venv/lib/python3.12/site-packages/oslo_concurrency/lockutils.py:544}}
Aug 10 12:49:33 devstack cinder-volume[89096]: INFO cinder.volume.manager [None req-c603b715-0b36-4da9-89fd-6fe3e7f4ab93 tempest-GroupSnapshotsTest-1480305479 None] group_snapshot 7e219dc0-ca7f-427a-910d-e1d4d3ca4527: created successfully
Aug 10 12:49:33 devstack cinder-volume[89096]: INFO cinder.volume.manager [None req-ac9716d7-b982-45da-8cc2-0063c59b8ec7 tempest-GroupSnapshotsTest-1480305479 None] group_snapshot 7e219dc0-ca7f-427a-910d-e1d4d3ca4527: deleting
Aug 10 12:49:34 devstack cinder-volume[89096]: DEBUG cinder.volume.manager [None req-ac9716d7-b982-45da-8cc2-0063c59b8ec7 tempest-GroupSnapshotsTest-1480305479 None] group_snapshot 7e219dc0-ca7f-427a-910d-e1d4d3ca4527: deleting {{(pid=89096) delete_group_snapshot /opt/stack/cinder/cinder/volume/manager.py:4350}}
Aug 10 12:49:34 devstack cinder-volume[89096]: DEBUG cinder.coordination [None req-ac9716d7-b982-45da-8cc2-0063c59b8ec7 tempest-GroupSnapshotsTest-1480305479 None] Acquiring lock "cinder-quobyte-5b5e7604-c494-40a8-973b-504eb2137930" by "delete_snapshot" {{(pid=89096) __acquire /opt/stack/cinder/cinder/coordination.py:138}}
Aug 10 12:49:34 devstack cinder-volume[89096]: DEBUG cinder.coordination [None req-ac9716d7-b982-45da-8cc2-0063c59b8ec7 tempest-GroupSnapshotsTest-1480305479 None] Lock "cinder-quobyte-5b5e7604-c494-40a8-973b-504eb2137930" acquired by "delete_snapshot" :: waited 0.027s {{(pid=89096) __acquire /opt/stack/cinder/cinder/coordination.py:141}}
Aug 10 12:49:34 devstack cinder-volume[89096]: DEBUG cinder.coordination [None req-ac9716d7-b982-45da-8cc2-0063c59b8ec7 tempest-GroupSnapshotsTest-1480305479 None] Acquiring lock "cinder-quobyte-427fa88f-8e6c-49a7-a2d1-08b77674c0bf" by "_delete_snapshot" {{(pid=89096) __acquire /opt/stack/cinder/cinder/coordination.py:138}}
Aug 10 12:49:34 devstack cinder-volume[89096]: DEBUG cinder.coordination [None req-ac9716d7-b982-45da-8cc2-0063c59b8ec7 tempest-GroupSnapshotsTest-1480305479 None] Lock "cinder-quobyte-427fa88f-8e6c-49a7-a2d1-08b77674c0bf" acquired by "_delete_snapshot" :: waited 0.024s {{(pid=89096) __acquire /opt/stack/cinder/cinder/coordination.py:141}}
Aug 10 12:49:34 devstack cinder-volume[89096]: DEBUG cinder.volume.drivers.remotefs [None req-ac9716d7-b982-45da-8cc2-0063c59b8ec7 tempest-GroupSnapshotsTest-1480305479 None] Deleting offline snapshot 427fa88f-8e6c-49a7-a2d1-08b77674c0bf of volume 5b5e7604-c494-40a8-973b-504eb2137930 {{(pid=89096) _delete_snapshot /opt/stack/cinder/cinder/volume/drivers/remotefs.py:1288}}
Aug 10 12:49:34 devstack cinder-volume[89096]: DEBUG cinder.volume.drivers.remotefs [None req-ac9716d7-b982-45da-8cc2-0063c59b8ec7 tempest-GroupSnapshotsTest-1480305479 None] snapshot_file for this snap is: volume-5b5e7604-c494-40a8-973b-504eb2137930.427fa88f-8e6c-49a7-a2d1-08b77674c0bf {{(pid=89096) _delete_snapshot /opt/stack/cinder/cinder/volume/drivers/remotefs.py:1317}}
Aug 10 12:49:34 devstack cinder-volume[89096]: DEBUG oslo.privsep.daemon [-] privsep: reply[aaaa3e09-9698-49d5-b07d-f2e87843cdd6]: (4, 'qcow2') {{(pid=90342) _call_back /opt/stack/data/venv/lib/python3.12/site-packages/oslo_privsep/daemon.py:580}}
Aug 10 12:49:34 devstack cinder-volume[89096]: DEBUG oslo_concurrency.processutils [None req-ac9716d7-b982-45da-8cc2-0063c59b8ec7 tempest-GroupSnapshotsTest-1480305479 None] Running cmd (subprocess): /opt/stack/data/venv/bin/python3.12 -m oslo_concurrency.prlimit --as=1073741824 --cpu=60 -- sudo cinder-rootwrap /etc/cinder/rootwrap.conf env LC_ALL=C qemu-img info -f qcow2 --output=json --force-share /opt/stack/data/cinder/mnt/30a240d0b59b2bf80035446dca859a8e/volume-5b5e7604-c494-40a8-973b-504eb2137930.427fa88f-8e6c-49a7-a2d1-08b77674c0bf {{(pid=89096) execute /opt/stack/data/venv/lib/python3.12/site-packages/oslo_concurrency/processutils.py:440}}
Aug 10 12:49:34 devstack sudo[93699]: quobyte : PWD=/ ; USER=root ; COMMAND=/opt/stack/data/venv/bin/cinder-rootwrap /etc/cinder/rootwrap.conf env LC_ALL=C qemu-img info -f qcow2 --output=json --force-share /opt/stack/data/cinder/mnt/30a240d0b59b2bf80035446dca859a8e/volume-5b5e7604-c494-40a8-973b-504eb2137930.427fa88f-8e6c-49a7-a2d1-08b77674c0bf
Aug 10 12:49:34 devstack sudo[93699]: pam_unix(sudo:session): session opened for user root(uid=0) by (uid=1000)
Aug 10 12:49:34 devstack sudo[93699]: pam_unix(sudo:session): session closed for user root
Aug 10 12:49:34 devstack cinder-volume[89096]: DEBUG oslo_concurrency.processutils [None req-ac9716d7-b982-45da-8cc2-0063c59b8ec7 tempest-GroupSnapshotsTest-1480305479 None] CMD "/opt/stack/data/venv/bin/python3.12 -m oslo_concurrency.prlimit --as=1073741824 --cpu=60 -- sudo cinder-rootwrap /etc/cinder/rootwrap.conf env LC_ALL=C qemu-img info -f qcow2 --output=json --force-share /opt/stack/data/cinder/mnt/30a240d0b59b2bf80035446dca859a8e/volume-5b5e7604-c494-40a8-973b-504eb2137930.427fa88f-8e6c-49a7-a2d1-08b77674c0bf" returned: 0 in 0.508s {{(pid=89096) execute /opt/stack/data/venv/lib/python3.12/site-packages/oslo_concurrency/processutils.py:468}}
Aug 10 12:49:34 devstack cinder-volume[89096]: DEBUG cinder.volume.drivers.remotefs [None req-ac9716d7-b982-45da-8cc2-0063c59b8ec7 tempest-GroupSnapshotsTest-1480305479 None] Fetching qemu-img info with special backing_file_template: (/opt/stack/data/cinder/mnt/[0-9a-f]+/)?(volume-5b5e7604-c494-40a8-973b-504eb2137930(.(tmp-snap-)?[0-9a-f-]+)?|volume_from_snapshot_cache/(tmp-snap-)?[0-9a-f-]+(.(child-|parent-)[0-9a-f-]+)?)$ {{(pid=89096) _qemu_img_info_base /opt/stack/cinder/cinder/volume/drivers/remotefs.py:896}}
Aug 10 12:49:34 devstack cinder-volume[89096]: DEBUG oslo.privsep.daemon [-] privsep: reply[1ad9b0d0-c428-4e59-9c28-641850859d3b]: (4, 'qcow2') {{(pid=90342) _call_back /opt/stack/data/venv/lib/python3.12/site-packages/oslo_privsep/daemon.py:580}}
Aug 10 12:49:34 devstack cinder-volume[89096]: DEBUG oslo_concurrency.processutils [None req-ac9716d7-b982-45da-8cc2-0063c59b8ec7 tempest-GroupSnapshotsTest-1480305479 None] Running cmd (subprocess): /opt/stack/data/venv/bin/python3.12 -m oslo_concurrency.prlimit --as=1073741824 --cpu=60 -- sudo cinder-rootwrap /etc/cinder/rootwrap.conf env LC_ALL=C qemu-img info -f qcow2 --output=json --force-share /opt/stack/data/cinder/mnt/30a240d0b59b2bf80035446dca859a8e/volume-5b5e7604-c494-40a8-973b-504eb2137930 {{(pid=89096) execute /opt/stack/data/venv/lib/python3.12/site-packages/oslo_concurrency/processutils.py:440}}
Aug 10 12:49:34 devstack sudo[93705]: quobyte : PWD=/ ; USER=root ; COMMAND=/opt/stack/data/venv/bin/cinder-rootwrap /etc/cinder/rootwrap.conf env LC_ALL=C qemu-img info -f qcow2 --output=json --force-share /opt/stack/data/cinder/mnt/30a240d0b59b2bf80035446dca859a8e/volume-5b5e7604-c494-40a8-973b-504eb2137930
Aug 10 12:49:34 devstack sudo[93705]: pam_unix(sudo:session): session opened for user root(uid=0) by (uid=1000)
Aug 10 12:49:35 devstack sudo[93705]: pam_unix(sudo:session): session closed for user root
Aug 10 12:49:35 devstack cinder-volume[89096]: DEBUG oslo_concurrency.processutils [None req-ac9716d7-b982-45da-8cc2-0063c59b8ec7 tempest-GroupSnapshotsTest-1480305479 None] CMD "/opt/stack/data/venv/bin/python3.12 -m oslo_concurrency.prlimit --as=1073741824 --cpu=60 -- sudo cinder-rootwrap /etc/cinder/rootwrap.conf env LC_ALL=C qemu-img info -f qcow2 --output=json --force-share /opt/stack/data/cinder/mnt/30a240d0b59b2bf80035446dca859a8e/volume-5b5e7604-c494-40a8-973b-504eb2137930" returned: 0 in 0.403s {{(pid=89096) execute /opt/stack/data/venv/lib/python3.12/site-packages/oslo_concurrency/processutils.py:468}}
Aug 10 12:49:35 devstack cinder-volume[89096]: DEBUG oslo_concurrency.processutils [None req-ac9716d7-b982-45da-8cc2-0063c59b8ec7 tempest-GroupSnapshotsTest-1480305479 None] Running cmd (subprocess): sudo cinder-rootwrap /etc/cinder/rootwrap.conf qemu-img commit -d /opt/stack/data/cinder/mnt/30a240d0b59b2bf80035446dca859a8e/volume-5b5e7604-c494-40a8-973b-504eb2137930.427fa88f-8e6c-49a7-a2d1-08b77674c0bf {{(pid=89096) execute /opt/stack/data/venv/lib/python3.12/site-packages/oslo_concurrency/processutils.py:440}}
