Jun 04 06:19:15 devstack devstack@g-api.service[76297]: DEBUG glance.common.config [None req-27b154a2-0296-4fef-82a9-1adcba9feaf7 None None] oslo_messaging_rabbit.ssl_key_file = {{(pid=76297) log_opt_values /opt/stack/data/venv/lib/python3.12/site-packages/oslo_config/cfg.py:3006}}
Jun 04 06:19:15 devstack devstack@g-api.service[76297]: DEBUG glance.common.config [None req-27b154a2-0296-4fef-82a9-1adcba9feaf7 None None] oslo_messaging_rabbit.ssl_version = {{(pid=76297) log_opt_values /opt/stack/data/venv/lib/python3.12/site-packages/oslo_config/cfg.py:3006}}
Jun 04 06:19:15 devstack devstack@g-api.service[76297]: DEBUG glance.common.config [None req-27b154a2-0296-4fef-82a9-1adcba9feaf7 None None] oslo_messaging_rabbit.use_queue_manager = False {{(pid=76297) log_opt_values /opt/stack/data/venv/lib/python3.12/site-packages/oslo_config/cfg.py:3006}}
Jun 04 06:19:15 devstack devstack@g-api.service[76297]: DEBUG glance.common.config [None req-27b154a2-0296-4fef-82a9-1adcba9feaf7 None None] key_manager.backend = barbican {{(pid=76297) log_opt_values /opt/stack/data/venv/lib/python3.12/site-packages/oslo_config/cfg.py:3006}}
Jun 04 06:19:15 devstack devstack@g-api.service[76297]: DEBUG glance.common.config [None req-27b154a2-0296-4fef-82a9-1adcba9feaf7 None None] key_manager.fixed_key = None {{(pid=76297) log_opt_values /opt/stack/data/venv/lib/python3.12/site-packages/oslo_config/cfg.py:3006}}
Jun 04 06:19:15 devstack devstack@g-api.service[76297]: DEBUG glance.common.config [None req-27b154a2-0296-4fef-82a9-1adcba9feaf7 None None] barbican.auth_endpoint = http://localhost/identity/v3 {{(pid=76297) log_opt_values /opt/stack/data/venv/lib/python3.12/site-packages/oslo_config/cfg.py:3006}}
Jun 04 06:19:15 devstack devstack@g-api.service[76296]: DEBUG glance.common.config [None req-7b172860-a0d2-4f6f-8d0c-7a7f043423c8 None None] ******************************************************************************** {{(pid=76296) log_opt_values /opt/stack/data/venv/lib/python3.12/site-packages/oslo_config/cfg.py:3013}}
Jun 04 06:19:15 devstack devstack@g-api.service[76297]: DEBUG glance.common.config [None req-27b154a2-0296-4fef-82a9-1adcba9feaf7 None None] barbican.barbican_api_version = None {{(pid=76297) log_opt_values /opt/stack/data/venv/lib/python3.12/site-packages/oslo_config/cfg.py:3006}}
Jun 04 06:19:15 devstack devstack@g-api.service[76296]: WSGI app 0 (mountpoint='') ready in 6 seconds on interpreter 0x796f426a3668 pid: 76296 (default app)
Jun 04 06:19:15 devstack devstack@g-api.service[76297]: DEBUG glance.common.config [None req-27b154a2-0296-4fef-82a9-1adcba9feaf7 None None] barbican.barbican_endpoint = None {{(pid=76297) log_opt_values /opt/stack/data/venv/lib/python3.12/site-packages/oslo_config/cfg.py:3006}}
Jun 04 06:19:15 devstack devstack@g-api.service[76297]: DEBUG glance.common.config [None req-27b154a2-0296-4fef-82a9-1adcba9feaf7 None None] barbican.barbican_endpoint_type = public {{(pid=76297) log_opt_values /opt/stack/data/venv/lib/python3.12/site-packages/oslo_config/cfg.py:3006}}
Jun 04 06:19:15 devstack devstack@g-api.service[76297]: DEBUG glance.common.config [None req-27b154a2-0296-4fef-82a9-1adcba9feaf7 None None] barbican.barbican_region_name = None {{(pid=76297) log_opt_values /opt/stack/data/venv/lib/python3.12/site-packages/oslo_config/cfg.py:3006}}
Jun 04 06:19:15 devstack devstack@g-api.service[76297]: DEBUG glance.common.config [None req-27b154a2-0296-4fef-82a9-1adcba9feaf7 None None] barbican.cafile = None {{(pid=76297) log_opt_values /opt/stack/data/venv/lib/python3.12/site-packages/oslo_config/cfg.py:3006}}
Jun 04 06:19:15 devstack devstack@g-api.service[76297]: DEBUG glance.common.config [None req-27b154a2-0296-4fef-82a9-1adcba9feaf7 None None] barbican.certfile = None {{(pid=76297) log_opt_values /opt/stack/data/venv/lib/python3.12/site-packages/oslo_config/cfg.py:3006}}
Jun 04 06:19:15 devstack devstack@g-api.service[76297]: DEBUG glance.common.config [None req-27b154a2-0296-4fef-82a9-1adcba9feaf7 None None] barbican.collect_timing = False {{(pid=76297) log_opt_values /opt/stack/data/venv/lib/python3.12/site-packages/oslo_config/cfg.py:3006}}
Jun 04 06:19:15 devstack devstack@g-api.service[76297]: DEBUG glance.common.config [None req-27b154a2-0296-4fef-82a9-1adcba9feaf7 None None] barbican.insecure = False {{(pid=76297) log_opt_values /opt/stack/data/venv/lib/python3.12/site-packages/oslo_config/cfg.py:3006}}
Jun 04 06:19:15 devstack devstack@g-api.service[76297]: DEBUG glance.common.config [None req-27b154a2-0296-4fef-82a9-1adcba9feaf7 None None] barbican.keyfile = None {{(pid=76297) log_opt_values /opt/stack/data/venv/lib/python3.12/site-packages/oslo_config/cfg.py:3006}}
Jun 04 06:19:15 devstack devstack@g-api.service[76296]: DEBUG glance.api.middleware.version_negotiation [None req-7b172860-a0d2-4f6f-8d0c-7a7f043423c8 None None] Determining version of request: GET / Accept: */* {{(pid=76296) process_request /opt/stack/glance/glance/api/middleware/version_negotiation.py:44}}
Jun 04 06:19:15 devstack devstack@g-api.service[76297]: DEBUG glance.common.config [None req-27b154a2-0296-4fef-82a9-1adcba9feaf7 None None] barbican.number_of_retries = 60 {{(pid=76297) log_opt_values /opt/stack/data/venv/lib/python3.12/site-packages/oslo_config/cfg.py:3006}}
Jun 04 06:19:15 devstack devstack@g-api.service[76296]: DEBUG glance.api.middleware.version_negotiation [None req-7b172860-a0d2-4f6f-8d0c-7a7f043423c8 None None] Using url versioning {{(pid=76296) process_request /opt/stack/glance/glance/api/middleware/version_negotiation.py:57}}
Jun 04 06:19:15 devstack devstack@g-api.service[76297]: DEBUG glance.common.config [None req-27b154a2-0296-4fef-82a9-1adcba9feaf7 None None] barbican.retry_delay = 1 {{(pid=76297) log_opt_values /opt/stack/data/venv/lib/python3.12/site-packages/oslo_config/cfg.py:3006}}
Jun 04 06:19:15 devstack devstack@g-api.service[76297]: DEBUG glance.common.config [None req-27b154a2-0296-4fef-82a9-1adcba9feaf7 None None] barbican.send_service_user_token = False {{(pid=76297) log_opt_values /opt/stack/data/venv/lib/python3.12/site-packages/oslo_config/cfg.py:3006}}
Jun 04 06:19:15 devstack devstack@g-api.service[76296]: DEBUG glance.api.middleware.version_negotiation [None req-7b172860-a0d2-4f6f-8d0c-7a7f043423c8 None None] Unknown version. Returning version choices. {{(pid=76296) process_request /opt/stack/glance/glance/api/middleware/version_negotiation.py:64}}
Jun 04 06:19:15 devstack devstack@g-api.service[76297]: DEBUG glance.common.config [None req-27b154a2-0296-4fef-82a9-1adcba9feaf7 None None] barbican.split_loggers = False {{(pid=76297) log_opt_values /opt/stack/data/venv/lib/python3.12/site-packages/oslo_config/cfg.py:3006}}
Jun 04 06:19:15 devstack devstack@g-api.service[76297]: DEBUG glance.common.config [None req-27b154a2-0296-4fef-82a9-1adcba9feaf7 None None] barbican.timeout = None {{(pid=76297) log_opt_values /opt/stack/data/venv/lib/python3.12/site-packages/oslo_config/cfg.py:3006}}
Jun 04 06:19:15 devstack devstack@g-api.service[76297]: DEBUG glance.common.config [None req-27b154a2-0296-4fef-82a9-1adcba9feaf7 None None] barbican.verify_ssl = True {{(pid=76297) log_opt_values /opt/stack/data/venv/lib/python3.12/site-packages/oslo_config/cfg.py:3006}}
Jun 04 06:19:15 devstack devstack@g-api.service[76297]: DEBUG glance.common.config [None req-27b154a2-0296-4fef-82a9-1adcba9feaf7 None None] barbican.verify_ssl_path = None {{(pid=76297) log_opt_values /opt/stack/data/venv/lib/python3.12/site-packages/oslo_config/cfg.py:3006}}
Jun 04 06:19:15 devstack devstack@g-api.service[76297]: DEBUG glance.common.config [None req-27b154a2-0296-4fef-82a9-1adcba9feaf7 None None] barbican_service_user.auth_section = None {{(pid=76297) log_opt_values /opt/stack/data/venv/lib/python3.12/site-packages/oslo_config/cfg.py:3006}}
Jun 04 06:19:15 devstack devstack@g-api.service[76297]: DEBUG glance.common.config [None req-27b154a2-0296-4fef-82a9-1adcba9feaf7 None None] barbican_service_user.auth_type = None {{(pid=76297) log_opt_values /opt/stack/data/venv/lib/python3.12/site-packages/oslo_config/cfg.py:3006}}
Jun 04 06:19:15 devstack devstack@g-api.service[76297]: DEBUG glance.common.config [None req-27b154a2-0296-4fef-82a9-1adcba9feaf7 None None] barbican_service_user.cafile = None {{(pid=76297) log_opt_values /opt/stack/data/venv/lib/python3.12/site-packages/oslo_config/cfg.py:3006}}
Jun 04 06:19:15 devstack devstack@g-api.service[76297]: DEBUG glance.common.config [None req-27b154a2-0296-4fef-82a9-1adcba9feaf7 None None] barbican_service_user.certfile = None {{(pid=76297) log_opt_values /opt/stack/data/venv/lib/python3.12/site-packages/oslo_config/cfg.py:3006}}
Jun 04 06:19:15 devstack devstack@g-api.service[76297]: DEBUG glance.common.config [None req-27b154a2-0296-4fef-82a9-1adcba9feaf7 None None] barbican_service_user.collect_timing = False {{(pid=76297) log_opt_values /opt/stack/data/venv/lib/python3.12/site-packages/oslo_config/cfg.py:3006}}
Jun 04 06:19:15 devstack devstack@g-api.service[76297]: DEBUG glance.common.config [None req-27b154a2-0296-4fef-82a9-1adcba9feaf7 None None] barbican_service_user.insecure = False {{(pid=76297) log_opt_values /opt/stack/data/venv/lib/python3.12/site-packages/oslo_config/cfg.py:3006}}
Jun 04 06:19:15 devstack devstack@g-api.service[76297]: DEBUG glance.common.config [None req-27b154a2-0296-4fef-82a9-1adcba9feaf7 None None] barbican_service_user.keyfile = None {{(pid=76297) log_opt_values /opt/stack/data/venv/lib/python3.12/site-packages/oslo_config/cfg.py:3006}}
Jun 04 06:19:15 devstack devstack@g-api.service[76297]: DEBUG glance.common.config [None req-27b154a2-0296-4fef-82a9-1adcba9feaf7 None None] barbican_service_user.split_loggers = False {{(pid=76297) log_opt_values /opt/stack/data/venv/lib/python3.12/site-packages/oslo_config/cfg.py:3006}}
Jun 04 06:19:15 devstack devstack@g-api.service[76297]: DEBUG glance.common.config [None req-27b154a2-0296-4fef-82a9-1adcba9feaf7 None None] barbican_service_user.timeout = None {{(pid=76297) log_opt_values /opt/stack/data/venv/lib/python3.12/site-packages/oslo_config/cfg.py:3006}}
Jun 04 06:19:15 devstack devstack@g-api.service[76297]: DEBUG glance.common.config [None req-27b154a2-0296-4fef-82a9-1adcba9feaf7 None None] database.asyncio_connection = **** {{(pid=76297) log_opt_values /opt/stack/data/venv/lib/python3.12/site-packages/oslo_config/cfg.py:3006}}
Jun 04 06:19:15 devstack devstack@g-api.service[76297]: DEBUG glance.common.config [None req-27b154a2-0296-4fef-82a9-1adcba9feaf7 None None] database.asyncio_slave_connection = **** {{(pid=76297) log_opt_values /opt/stack/data/venv/lib/python3.12/site-packages/oslo_config/cfg.py:3006}}
Jun 04 06:19:15 devstack devstack@g-api.service[76296]: [pid: 76296|app: 0|req: 1/1] 127.0.0.1 () {32 vars in 401 bytes} [Thu Jun 4 06:19:15 2026] GET / => generated 1459 bytes in 10 msecs (HTTP/1.1 300) 3 headers in 106 bytes (1 switches on core 0)
Jun 04 06:19:15 devstack devstack@g-api.service[76297]: DEBUG glance.common.config [None req-27b154a2-0296-4fef-82a9-1adcba9feaf7 None None] database.backend = sqlalchemy {{(pid=76297) log_opt_values /opt/stack/data/venv/lib/python3.12/site-packages/oslo_config/cfg.py:3006}}
Jun 04 06:19:15 devstack devstack@g-api.service[76297]: DEBUG glance.common.config [None req-27b154a2-0296-4fef-82a9-1adcba9feaf7 None None] database.connection = **** {{(pid=76297) log_opt_values /opt/stack/data/venv/lib/python3.12/site-packages/oslo_config/cfg.py:3006}}
Jun 04 06:19:15 devstack devstack@g-api.service[76297]: DEBUG glance.common.config [None req-27b154a2-0296-4fef-82a9-1adcba9feaf7 None None] database.connection_debug = 0 {{(pid=76297) log_opt_values /opt/stack/data/venv/lib/python3.12/site-packages/oslo_config/cfg.py:3006}}
Jun 04 06:19:15 devstack devstack@g-api.service[76297]: DEBUG glance.common.config [None req-27b154a2-0296-4fef-82a9-1adcba9feaf7 None None] database.connection_parameters = {{(pid=76297) log_opt_values /opt/stack/data/venv/lib/python3.12/site-packages/oslo_config/cfg.py:3006}}
Jun 04 06:19:15 devstack devstack@g-api.service[76297]: DEBUG glance.common.config [None req-27b154a2-0296-4fef-82a9-1adcba9feaf7 None None] database.connection_recycle_time = 3600 {{(pid=76297) log_opt_values /opt/stack/data/venv/lib/python3.12/site-packages/oslo_config/cfg.py:3006}}
Jun 04 06:19:15 devstack devstack@g-api.service[76297]: DEBUG glance.common.config [None req-27b154a2-0296-4fef-82a9-1adcba9feaf7 None None] database.connection_trace = False {{(pid=76297) log_opt_values /opt/stack/data/venv/lib/python3.12/site-packages/oslo_config/cfg.py:3006}}
Jun 04 06:19:15 devstack devstack@g-api.service[76297]: DEBUG glance.common.config [None req-27b154a2-0296-4fef-82a9-1adcba9feaf7 None None] database.db_inc_retry_interval = True {{(pid=76297) log_opt_values /opt/stack/data/venv/lib/python3.12/site-packages/oslo_config/cfg.py:3006}}
Jun 04 06:19:15 devstack devstack@g-api.service[76297]: DEBUG glance.common.config [None req-27b154a2-0296-4fef-82a9-1adcba9feaf7 None None] database.db_max_retries = 20 {{(pid=76297) log_opt_values /opt/stack/data/venv/lib/python3.12/site-packages/oslo_config/cfg.py:3006}}
Jun 04 06:19:15 devstack devstack@g-api.service[76297]: DEBUG glance.common.config [None req-27b154a2-0296-4fef-82a9-1adcba9feaf7 None None] database.db_max_retry_interval = 10 {{(pid=76297) log_opt_values /opt/stack/data/venv/lib/python3.12/site-packages/oslo_config/cfg.py:3006}}
Jun 04 06:19:15 devstack devstack@g-api.service[76297]: DEBUG glance.common.config [None req-27b154a2-0296-4fef-82a9-1adcba9feaf7 None None] database.db_retry_interval = 1 {{(pid=76297) log_opt_values /opt/stack/data/venv/lib/python3.12/site-packages/oslo_config/cfg.py:3006}}
Jun 04 06:19:15 devstack devstack@g-api.service[76297]: DEBUG glance.common.config [None req-27b154a2-0296-4fef-82a9-1adcba9feaf7 None None] database.max_overflow = 50 {{(pid=76297) log_opt_values /opt/stack/data/venv/lib/python3.12/site-packages/oslo_config/cfg.py:3006}}
Jun 04 06:19:15 devstack devstack@g-api.service[76297]: DEBUG glance.common.config [None req-27b154a2-0296-4fef-82a9-1adcba9feaf7 None None] database.max_pool_size = 5 {{(pid=76297) log_opt_values /opt/stack/data/venv/lib/python3.12/site-packages/oslo_config/cfg.py:3006}}
Jun 04 06:19:15 devstack devstack@g-api.service[76297]: DEBUG glance.common.config [None req-27b154a2-0296-4fef-82a9-1adcba9feaf7 None None] database.max_retries = 10 {{(pid=76297) log_opt_values /opt/stack/data/venv/lib/python3.12/site-packages/oslo_config/cfg.py:3006}}
Jun 04 06:19:15 devstack devstack@g-api.service[76297]: DEBUG glance.common.config [None req-27b154a2-0296-4fef-82a9-1adcba9feaf7 None None] database.mysql_sql_mode = TRADITIONAL {{(pid=76297) log_opt_values /opt/stack/data/venv/lib/python3.12/site-packages/oslo_config/cfg.py:3006}}
Jun 04 06:19:15 devstack devstack@g-api.service[76297]: DEBUG glance.common.config [None req-27b154a2-0296-4fef-82a9-1adcba9feaf7 None None] database.mysql_wsrep_sync_wait = None {{(pid=76297) log_opt_values /opt/stack/data/venv/lib/python3.12/site-packages/oslo_config/cfg.py:3006}}
Jun 04 06:19:15 devstack devstack@g-api.service[76297]: DEBUG glance.common.config [None req-27b154a2-0296-4fef-82a9-1adcba9feaf7 None None] database.pool_timeout = None {{(pid=76297) log_opt_values /opt/stack/data/venv/lib/python3.12/site-packages/oslo_config/cfg.py:3006}}
Jun 04 06:19:15 devstack devstack@g-api.service[76297]: DEBUG glance.common.config [None req-27b154a2-0296-4fef-82a9-1adcba9feaf7 None None] database.retry_interval = 10 {{(pid=76297) log_opt_values /opt/stack/data/venv/lib/python3.12/site-packages/oslo_config/cfg.py:3006}}
Jun 04 06:19:15 devstack devstack@g-api.service[76297]: DEBUG glance.common.config [None req-27b154a2-0296-4fef-82a9-1adcba9feaf7 None None] database.slave_connection = **** {{(pid=76297) log_opt_values /opt/stack/data/venv/lib/python3.12/site-packages/oslo_config/cfg.py:3006}}
Jun 04 06:19:15 devstack devstack@g-api.service[76297]: DEBUG glance.common.config [None req-27b154a2-0296-4fef-82a9-1adcba9feaf7 None None] database.sqlite_synchronous = True {{(pid=76297) log_opt_values /opt/stack/data/venv/lib/python3.12/site-packages/oslo_config/cfg.py:3006}}
Jun 04 06:19:15 devstack devstack@g-api.service[76297]: DEBUG glance.common.config [None req-27b154a2-0296-4fef-82a9-1adcba9feaf7 None None] database.synchronous_reader = True {{(pid=76297) log_opt_values /opt/stack/data/venv/lib/python3.12/site-packages/oslo_config/cfg.py:3006}}
Jun 04 06:19:15 devstack devstack@g-api.service[76297]: DEBUG glance.common.config [None req-27b154a2-0296-4fef-82a9-1adcba9feaf7 None None] database.use_db_reconnect = False {{(pid=76297) log_opt_values /opt/stack/data/venv/lib/python3.12/site-packages/oslo_config/cfg.py:3006}}
Jun 04 06:19:15 devstack devstack@g-api.service[76297]: DEBUG glance.common.config [None req-27b154a2-0296-4fef-82a9-1adcba9feaf7 None None] healthcheck.allowed_source_ranges = [] {{(pid=76297) log_opt_values /opt/stack/data/venv/lib/python3.12/site-packages/oslo_config/cfg.py:3006}}
Jun 04 06:19:15 devstack devstack@g-api.service[76297]: DEBUG glance.common.config [None req-27b154a2-0296-4fef-82a9-1adcba9feaf7 None None] healthcheck.backends = ['disable_by_file'] {{(pid=76297) log_opt_values /opt/stack/data/venv/lib/python3.12/site-packages/oslo_config/cfg.py:3006}}
Jun 04 06:19:15 devstack devstack@g-api.service[76297]: DEBUG glance.common.config [None req-27b154a2-0296-4fef-82a9-1adcba9feaf7 None None] healthcheck.detailed = False {{(pid=76297) log_opt_values /opt/stack/data/venv/lib/python3.12/site-packages/oslo_config/cfg.py:3006}}
Jun 04 06:19:15 devstack devstack@g-api.service[76297]: DEBUG glance.common.config [None req-27b154a2-0296-4fef-82a9-1adcba9feaf7 None None] healthcheck.disable_by_file_path = None {{(pid=76297) log_opt_values /opt/stack/data/venv/lib/python3.12/site-packages/oslo_config/cfg.py:3006}}
Jun 04 06:19:15 devstack devstack@g-api.service[76297]: DEBUG glance.common.config [None req-27b154a2-0296-4fef-82a9-1adcba9feaf7 None None] healthcheck.ignore_proxied_requests = False {{(pid=76297) log_opt_values /opt/stack/data/venv/lib/python3.12/site-packages/oslo_config/cfg.py:3006}}
Jun 04 06:19:15 devstack devstack@g-api.service[76297]: DEBUG glance.common.config [None req-27b154a2-0296-4fef-82a9-1adcba9feaf7 None None] ******************************************************************************** {{(pid=76297) log_opt_values /opt/stack/data/venv/lib/python3.12/site-packages/oslo_config/cfg.py:3013}}
Jun 04 06:19:15 devstack devstack@g-api.service[76297]: WSGI app 0 (mountpoint='') ready in 6 seconds on interpreter 0x796f426a3668 pid: 76297 (default app)
Jun 04 06:19:19 devstack devstack@g-api.service[76296]: DEBUG glance.api.middleware.version_negotiation [None req-7b172860-a0d2-4f6f-8d0c-7a7f043423c8 None None] Determining version of request: GET / Accept: application/json {{(pid=76296) process_request /opt/stack/glance/glance/api/middleware/version_negotiation.py:44}}
Jun 04 06:19:19 devstack devstack@g-api.service[76296]: DEBUG glance.api.middleware.version_negotiation [None req-7b172860-a0d2-4f6f-8d0c-7a7f043423c8 None None] Using url versioning {{(pid=76296) process_request /opt/stack/glance/glance/api/middleware/version_negotiation.py:57}}
Jun 04 06:19:19 devstack devstack@g-api.service[76296]: DEBUG glance.api.middleware.version_negotiation [None req-7b172860-a0d2-4f6f-8d0c-7a7f043423c8 None None] Unknown version. Returning version choices. {{(pid=76296) process_request /opt/stack/glance/glance/api/middleware/version_negotiation.py:64}}
Jun 04 06:19:19 devstack devstack@g-api.service[76296]: [pid: 76296|app: 0|req: 2/2] 127.0.0.1 () {34 vars in 519 bytes} [Thu Jun 4 06:19:19 2026] GET / => generated 1459 bytes in 2 msecs (HTTP/1.1 300) 3 headers in 106 bytes (1 switches on core 0)
Jun 04 06:19:19 devstack devstack@g-api.service[76297]: DEBUG glance.api.middleware.version_negotiation [None req-27b154a2-0296-4fef-82a9-1adcba9feaf7 None None] Determining version of request: POST /v2/images Accept: */* {{(pid=76297) process_request /opt/stack/glance/glance/api/middleware/version_negotiation.py:44}}
Jun 04 06:19:19 devstack devstack@g-api.service[76297]: DEBUG glance.api.middleware.version_negotiation [None req-27b154a2-0296-4fef-82a9-1adcba9feaf7 None None] Using url versioning {{(pid=76297) process_request /opt/stack/glance/glance/api/middleware/version_negotiation.py:57}}
Jun 04 06:19:19 devstack devstack@g-api.service[76297]: DEBUG glance.api.middleware.version_negotiation [None req-27b154a2-0296-4fef-82a9-1adcba9feaf7 None None] Matched version: v2 {{(pid=76297) process_request /opt/stack/glance/glance/api/middleware/version_negotiation.py:69}}
Jun 04 06:19:19 devstack devstack@g-api.service[76297]: DEBUG glance.api.middleware.version_negotiation [None req-27b154a2-0296-4fef-82a9-1adcba9feaf7 None None] new path /v2/images {{(pid=76297) process_request /opt/stack/glance/glance/api/middleware/version_negotiation.py:70}}
Jun 04 06:19:20 devstack devstack@g-api.service[76297]: [pid: 76297|app: 0|req: 1/3] 127.0.0.1 () {40 vars in 782 bytes} [Thu Jun 4 06:19:19 2026] POST /v2/images => generated 807 bytes in 1156 msecs (HTTP/1.1 201) 6 headers in 314 bytes (1 switches on core 0)
Jun 04 06:19:20 devstack devstack@g-api.service[76296]: DEBUG glance.api.middleware.version_negotiation [None req-7b172860-a0d2-4f6f-8d0c-7a7f043423c8 None None] Determining version of request: PUT /v2/images/356a113c-ac9f-4c32-896c-2ab17fc4b371/file Accept: {{(pid=76296) process_request /opt/stack/glance/glance/api/middleware/version_negotiation.py:44}}
Jun 04 06:19:20 devstack devstack@g-api.service[76296]: DEBUG glance.api.middleware.version_negotiation [None req-7b172860-a0d2-4f6f-8d0c-7a7f043423c8 None None] Using url versioning {{(pid=76296) process_request /opt/stack/glance/glance/api/middleware/version_negotiation.py:57}}
Jun 04 06:19:20 devstack devstack@g-api.service[76296]: DEBUG glance.api.middleware.version_negotiation [None req-7b172860-a0d2-4f6f-8d0c-7a7f043423c8 None None] Matched version: v2 {{(pid=76296) process_request /opt/stack/glance/glance/api/middleware/version_negotiation.py:69}}
Jun 04 06:19:20 devstack devstack@g-api.service[76296]: DEBUG glance.api.middleware.version_negotiation [None req-7b172860-a0d2-4f6f-8d0c-7a7f043423c8 None None] new path /v2/images/356a113c-ac9f-4c32-896c-2ab17fc4b371/file {{(pid=76296) process_request /opt/stack/glance/glance/api/middleware/version_negotiation.py:70}}
Jun 04 06:19:21 devstack devstack@g-api.service[76296]: INFO glance.api.v2.image_data [None req-0f853e54-7d40-403d-8dcf-37f26400ce08 admin admin] Unable to create trust: no such option collect_timing in group [keystone_authtoken] Use the existing user token.
Jun 04 06:19:21 devstack devstack@g-api.service[76296]: DEBUG glance.location [None req-0f853e54-7d40-403d-8dcf-37f26400ce08 admin admin] Enabling in-flight format inspection for qcow2 {{(pid=76296) set_data /opt/stack/glance/glance/location.py:616}}
Jun 04 06:19:21 devstack devstack@g-api.service[76296]: DEBUG oslo_utils.imageutils.format_inspector [None req-0f853e54-7d40-403d-8dcf-37f26400ce08 admin admin] Format inspector for vmdk does not match, excluding from consideration (Signature KDMV not found: b'QFI\xfb') {{(pid=76296) _process_chunk /opt/stack/data/venv/lib/python3.12/site-packages/oslo_utils/imageutils/format_inspector.py:1538}}
Jun 04 06:19:21 devstack devstack@g-api.service[76296]: DEBUG oslo_utils.imageutils.format_inspector [None req-0f853e54-7d40-403d-8dcf-37f26400ce08 admin admin] Format inspector for vhdx does not match, excluding from consideration (Region signature not found at 30000) {{(pid=76296) _process_chunk /opt/stack/data/venv/lib/python3.12/site-packages/oslo_utils/imageutils/format_inspector.py:1538}}
Jun 04 06:19:22 devstack devstack@g-api.service[76296]: DEBUG glance_store._drivers.filesystem [None req-0f853e54-7d40-403d-8dcf-37f26400ce08 admin admin] Wrote 21692416 bytes to /opt/stack/data/glance/images/356a113c-ac9f-4c32-896c-2ab17fc4b371 with checksum 87617e24a5e30cb3b87fda8c0764838f and multihash 9a9bce0083a00939ec17c11febbfc767aa211aaa54f51e75c5a8b271a9b5637c77205a518b7a2007cb391d23cceb01e0e4e8d64832317151bc85b734b92a7be0 {{(pid=76296) add /opt/stack/data/venv/lib/python3.12/site-packages/glance_store/_drivers/filesystem.py:899}}
Jun 04 06:19:22 devstack devstack@g-api.service[76296]: INFO glance.location [None req-0f853e54-7d40-403d-8dcf-37f26400ce08 admin admin] Image format matched and virtual size computed: 117440512
Jun 04 06:19:22 devstack devstack@g-api.service[76296]: DEBUG glance_store.backend [None req-0f853e54-7d40-403d-8dcf-37f26400ce08 admin admin] Skipping store.set_acls... not implemented. {{(pid=76296) set_acls /opt/stack/data/venv/lib/python3.12/site-packages/glance_store/backend.py:507}}
Jun 04 06:19:22 devstack devstack@g-api.service[76296]: [pid: 76296|app: 0|req: 3/4] 127.0.0.1 () {40 vars in 875 bytes} [Thu Jun 4 06:19:20 2026] PUT /v2/images/356a113c-ac9f-4c32-896c-2ab17fc4b371/file => generated 0 bytes in 1832 msecs (HTTP/1.1 204) 4 headers in 171 bytes (1 switches on core 0)
Jun 04 06:19:22 devstack devstack@g-api.service[76297]: DEBUG glance.api.middleware.version_negotiation [None req-dace7194-496c-459d-8aea-89eff20bfb57 admin admin] Determining version of request: GET /v2/images/356a113c-ac9f-4c32-896c-2ab17fc4b371 Accept: */* {{(pid=76297) process_request /opt/stack/glance/glance/api/middleware/version_negotiation.py:44}}
Jun 04 06:19:22 devstack devstack@g-api.service[76297]: DEBUG glance.api.middleware.version_negotiation [None req-dace7194-496c-459d-8aea-89eff20bfb57 admin admin] Using url versioning {{(pid=76297) process_request /opt/stack/glance/glance/api/middleware/version_negotiation.py:57}}
Jun 04 06:19:22 devstack devstack@g-api.service[76297]: DEBUG glance.api.middleware.version_negotiation [None req-dace7194-496c-459d-8aea-89eff20bfb57 admin admin] Matched version: v2 {{(pid=76297) process_request /opt/stack/glance/glance/api/middleware/version_negotiation.py:69}}
Jun 04 06:19:22 devstack devstack@g-api.service[76297]: DEBUG glance.api.middleware.version_negotiation [None req-dace7194-496c-459d-8aea-89eff20bfb57 admin admin] new path /v2/images/356a113c-ac9f-4c32-896c-2ab17fc4b371 {{(pid=76297) process_request /opt/stack/glance/glance/api/middleware/version_negotiation.py:70}}
Jun 04 06:19:22 devstack devstack@g-api.service[76297]: [pid: 76297|app: 0|req: 2/5] 127.0.0.1 () {36 vars in 802 bytes} [Thu Jun 4 06:19:22 2026] GET /v2/images/356a113c-ac9f-4c32-896c-2ab17fc4b371 => generated 976 bytes in 26 msecs (HTTP/1.1 200) 4 headers in 157 bytes (1 switches on core 0)
Jun 04 06:19:32 devstack devstack@g-api.service[76296]: DEBUG dbcounter [-] [76296] Writing DB stats glance:INSERT=5,glance:SELECT=16,glance:UPDATE=2 {{(pid=76296) stat_writer /opt/stack/data/venv/lib/python3.12/site-packages/dbcounter.py:115}}
Jun 04 06:19:32 devstack devstack@g-api.service[76297]: DEBUG dbcounter [-] [76297] Writing DB stats glance:INSERT=9,glance:SELECT=6 {{(pid=76297) stat_writer /opt/stack/data/venv/lib/python3.12/site-packages/dbcounter.py:115}}
Jun 04 06:19:55 devstack devstack@g-api.service[76296]: DEBUG glance.api.middleware.version_negotiation [None req-0f853e54-7d40-403d-8dcf-37f26400ce08 admin admin] Determining version of request: GET / Accept: application/json {{(pid=76296) process_request /opt/stack/glance/glance/api/middleware/version_negotiation.py:44}}
Jun 04 06:19:55 devstack devstack@g-api.service[76296]: DEBUG glance.api.middleware.version_negotiation [None req-0f853e54-7d40-403d-8dcf-37f26400ce08 admin admin] Using url versioning {{(pid=76296) process_request /opt/stack/glance/glance/api/middleware/version_negotiation.py:57}}
Jun 04 06:19:55 devstack devstack@g-api.service[76296]: DEBUG glance.api.middleware.version_negotiation [None req-0f853e54-7d40-403d-8dcf-37f26400ce08 admin admin] Unknown version. Returning version choices. {{(pid=76296) process_request /opt/stack/glance/glance/api/middleware/version_negotiation.py:64}}
Jun 04 06:19:55 devstack devstack@g-api.service[76296]: [pid: 76296|app: 0|req: 4/6] 127.0.0.1 () {34 vars in 519 bytes} [Thu Jun 4 06:19:55 2026] GET / => generated 1459 bytes in 2 msecs (HTTP/1.1 300) 3 headers in 106 bytes (1 switches on core 0)
Jun 04 06:19:55 devstack devstack@g-api.service[76297]: DEBUG glance.api.middleware.version_negotiation [None req-89423201-e974-4660-a46a-5ad9e0f962b5 admin admin] Determining version of request: GET /v2/images Accept: application/json {{(pid=76297) process_request /opt/stack/glance/glance/api/middleware/version_negotiation.py:44}}
Jun 04 06:19:55 devstack devstack@g-api.service[76297]: DEBUG glance.api.middleware.version_negotiation [None req-89423201-e974-4660-a46a-5ad9e0f962b5 admin admin] Using url versioning {{(pid=76297) process_request /opt/stack/glance/glance/api/middleware/version_negotiation.py:57}}
Jun 04 06:19:55 devstack devstack@g-api.service[76297]: DEBUG glance.api.middleware.version_negotiation [None req-89423201-e974-4660-a46a-5ad9e0f962b5 admin admin] Matched version: v2 {{(pid=76297) process_request /opt/stack/glance/glance/api/middleware/version_negotiation.py:69}}
Jun 04 06:19:55 devstack devstack@g-api.service[76297]: DEBUG glance.api.middleware.version_negotiation [None req-89423201-e974-4660-a46a-5ad9e0f962b5 admin admin] new path /v2/images {{(pid=76297) process_request /opt/stack/glance/glance/api/middleware/version_negotiation.py:70}}
Jun 04 06:19:55 devstack devstack@g-api.service[76297]: [pid: 76297|app: 0|req: 3/7] 127.0.0.1 () {36 vars in 741 bytes} [Thu Jun 4 06:19:55 2026] GET /v2/images => generated 1045 bytes in 92 msecs (HTTP/1.1 200) 4 headers in 158 bytes (1 switches on core 0)
Jun 04 06:20:04 devstack devstack@g-api.service[76296]: DEBUG glance.api.middleware.version_negotiation [None req-0f853e54-7d40-403d-8dcf-37f26400ce08 admin admin] Determining version of request: GET / Accept: application/json {{(pid=76296) process_request /opt/stack/glance/glance/api/middleware/version_negotiation.py:44}}
Jun 04 06:20:04 devstack devstack@g-api.service[76296]: DEBUG glance.api.middleware.version_negotiation [None req-0f853e54-7d40-403d-8dcf-37f26400ce08 admin admin] Using url versioning {{(pid=76296) process_request /opt/stack/glance/glance/api/middleware/version_negotiation.py:57}}
Jun 04 06:20:04 devstack devstack@g-api.service[76296]: DEBUG glance.api.middleware.version_negotiation [None req-0f853e54-7d40-403d-8dcf-37f26400ce08 admin admin] Unknown version. Returning version choices. {{(pid=76296) process_request /opt/stack/glance/glance/api/middleware/version_negotiation.py:64}}
Jun 04 06:20:04 devstack devstack@g-api.service[76296]: [pid: 76296|app: 0|req: 5/8] 127.0.0.1 () {34 vars in 519 bytes} [Thu Jun 4 06:20:04 2026] GET / => generated 1459 bytes in 2 msecs (HTTP/1.1 300) 3 headers in 106 bytes (1 switches on core 0)
Jun 04 06:20:04 devstack devstack@g-api.service[76297]: DEBUG glance.api.middleware.version_negotiation [None req-ab029e9f-2383-4513-a862-965fdb1e3e81 admin admin] Determining version of request: GET /v2/images/356a113c-ac9f-4c32-896c-2ab17fc4b371 Accept: */* {{(pid=76297) process_request /opt/stack/glance/glance/api/middleware/version_negotiation.py:44}}
Jun 04 06:20:04 devstack devstack@g-api.service[76297]: DEBUG glance.api.middleware.version_negotiation [None req-ab029e9f-2383-4513-a862-965fdb1e3e81 admin admin] Using url versioning {{(pid=76297) process_request /opt/stack/glance/glance/api/middleware/version_negotiation.py:57}}
Jun 04 06:20:04 devstack devstack@g-api.service[76297]: DEBUG glance.api.middleware.version_negotiation [None req-ab029e9f-2383-4513-a862-965fdb1e3e81 admin admin] Matched version: v2 {{(pid=76297) process_request /opt/stack/glance/glance/api/middleware/version_negotiation.py:69}}
Jun 04 06:20:04 devstack devstack@g-api.service[76297]: DEBUG glance.api.middleware.version_negotiation [None req-ab029e9f-2383-4513-a862-965fdb1e3e81 admin admin] new path /v2/images/356a113c-ac9f-4c32-896c-2ab17fc4b371 {{(pid=76297) process_request /opt/stack/glance/glance/api/middleware/version_negotiation.py:70}}
Jun 04 06:20:04 devstack devstack@g-api.service[76297]: [pid: 76297|app: 0|req: 4/9] 127.0.0.1 () {36 vars in 802 bytes} [Thu Jun 4 06:20:04 2026] GET /v2/images/356a113c-ac9f-4c32-896c-2ab17fc4b371 => generated 976 bytes in 74 msecs (HTTP/1.1 200) 4 headers in 157 bytes (1 switches on core 0)
Jun 04 06:20:10 devstack devstack@g-api.service[76296]: DEBUG glance.api.middleware.version_negotiation [None req-0f853e54-7d40-403d-8dcf-37f26400ce08 admin admin] Determining version of request: GET / Accept: application/json {{(pid=76296) process_request /opt/stack/glance/glance/api/middleware/version_negotiation.py:44}}
Jun 04 06:20:10 devstack devstack@g-api.service[76296]: DEBUG glance.api.middleware.version_negotiation [None req-0f853e54-7d40-403d-8dcf-37f26400ce08 admin admin] Using url versioning {{(pid=76296) process_request /opt/stack/glance/glance/api/middleware/version_negotiation.py:57}}
Jun 04 06:20:10 devstack devstack@g-api.service[76296]: DEBUG glance.api.middleware.version_negotiation [None req-0f853e54-7d40-403d-8dcf-37f26400ce08 admin admin] Unknown version. Returning version choices. {{(pid=76296) process_request /opt/stack/glance/glance/api/middleware/version_negotiation.py:64}}
Jun 04 06:20:10 devstack devstack@g-api.service[76296]: [pid: 76296|app: 0|req: 6/10] 127.0.0.1 () {34 vars in 519 bytes} [Thu Jun 4 06:20:10 2026] GET / => generated 1459 bytes in 3 msecs (HTTP/1.1 300) 3 headers in 106 bytes (1 switches on core 0)
Jun 04 06:20:10 devstack devstack@g-api.service[76297]: DEBUG glance.api.middleware.version_negotiation [None req-eec46f4e-abc7-4ae1-8b8c-ced269f6bbb7 admin admin] Determining version of request: GET /v2/images/356a113c-ac9f-4c32-896c-2ab17fc4b371 Accept: */* {{(pid=76297) process_request /opt/stack/glance/glance/api/middleware/version_negotiation.py:44}}
Jun 04 06:20:10 devstack devstack@g-api.service[76297]: DEBUG glance.api.middleware.version_negotiation [None req-eec46f4e-abc7-4ae1-8b8c-ced269f6bbb7 admin admin] Using url versioning {{(pid=76297) process_request /opt/stack/glance/glance/api/middleware/version_negotiation.py:57}}
Jun 04 06:20:10 devstack devstack@g-api.service[76297]: DEBUG glance.api.middleware.version_negotiation [None req-eec46f4e-abc7-4ae1-8b8c-ced269f6bbb7 admin admin] Matched version: v2 {{(pid=76297) process_request /opt/stack/glance/glance/api/middleware/version_negotiation.py:69}}
Jun 04 06:20:10 devstack devstack@g-api.service[76297]: DEBUG glance.api.middleware.version_negotiation [None req-eec46f4e-abc7-4ae1-8b8c-ced269f6bbb7 admin admin] new path /v2/images/356a113c-ac9f-4c32-896c-2ab17fc4b371 {{(pid=76297) process_request /opt/stack/glance/glance/api/middleware/version_negotiation.py:70}}
Jun 04 06:20:10 devstack devstack@g-api.service[76297]: [pid: 76297|app: 0|req: 5/11] 127.0.0.1 () {36 vars in 802 bytes} [Thu Jun 4 06:20:10 2026] GET /v2/images/356a113c-ac9f-4c32-896c-2ab17fc4b371 => generated 976 bytes in 63 msecs (HTTP/1.1 200) 4 headers in 157 bytes (1 switches on core 0)
Jun 04 06:20:20 devstack devstack@g-api.service[76297]: DEBUG dbcounter [-] [76297] Writing DB stats glance:SELECT=5 {{(pid=76297) stat_writer /opt/stack/data/venv/lib/python3.12/site-packages/dbcounter.py:115}}
Jun 04 06:21:46 devstack devstack@g-api.service[76296]: DEBUG glance.api.middleware.version_negotiation [None req-0f853e54-7d40-403d-8dcf-37f26400ce08 admin admin] Determining version of request: GET / Accept: application/json {{(pid=76296) process_request /opt/stack/glance/glance/api/middleware/version_negotiation.py:44}}
Jun 04 06:21:46 devstack devstack@g-api.service[76296]: DEBUG glance.api.middleware.version_negotiation [None req-0f853e54-7d40-403d-8dcf-37f26400ce08 admin admin] Using url versioning {{(pid=76296) process_request /opt/stack/glance/glance/api/middleware/version_negotiation.py:57}}
Jun 04 06:21:46 devstack devstack@g-api.service[76296]: DEBUG glance.api.middleware.version_negotiation [None req-0f853e54-7d40-403d-8dcf-37f26400ce08 admin admin] Unknown version. Returning version choices. {{(pid=76296) process_request /opt/stack/glance/glance/api/middleware/version_negotiation.py:64}}
Jun 04 06:21:46 devstack devstack@g-api.service[76296]: [pid: 76296|app: 0|req: 7/12] 127.0.0.1 () {36 vars in 488 bytes} [Thu Jun 4 06:21:46 2026] GET / => generated 1459 bytes in 2 msecs (HTTP/1.1 300) 3 headers in 106 bytes (1 switches on core 0)
Jun 04 06:24:26 devstack devstack@g-api.service[76297]: DEBUG glance.api.middleware.version_negotiation [None req-505faa6d-a6b2-4bff-971b-11bbb699d861 admin admin] Determining version of request: GET / Accept: application/json {{(pid=76297) process_request /opt/stack/glance/glance/api/middleware/version_negotiation.py:44}}
Jun 04 06:24:26 devstack devstack@g-api.service[76297]: DEBUG glance.api.middleware.version_negotiation [None req-505faa6d-a6b2-4bff-971b-11bbb699d861 admin admin] Using url versioning {{(pid=76297) process_request /opt/stack/glance/glance/api/middleware/version_negotiation.py:57}}
Jun 04 06:24:26 devstack devstack@g-api.service[76297]: DEBUG glance.api.middleware.version_negotiation [None req-505faa6d-a6b2-4bff-971b-11bbb699d861 admin admin] Unknown version. Returning version choices. {{(pid=76297) process_request /opt/stack/glance/glance/api/middleware/version_negotiation.py:64}}
Jun 04 06:24:26 devstack devstack@g-api.service[76297]: [pid: 76297|app: 0|req: 6/13] 127.0.0.1 () {34 vars in 505 bytes} [Thu Jun 4 06:24:26 2026] GET / => generated 1459 bytes in 2 msecs (HTTP/1.1 300) 3 headers in 106 bytes (1 switches on core 0)
Jun 04 06:24:26 devstack devstack@g-api.service[76296]: DEBUG glance.api.middleware.version_negotiation [None req-0f853e54-7d40-403d-8dcf-37f26400ce08 admin admin] Determining version of request: GET /v2/images/356a113c-ac9f-4c32-896c-2ab17fc4b371 Accept: */* {{(pid=76296) process_request /opt/stack/glance/glance/api/middleware/version_negotiation.py:44}}
Jun 04 06:24:26 devstack devstack@g-api.service[76296]: DEBUG glance.api.middleware.version_negotiation [None req-0f853e54-7d40-403d-8dcf-37f26400ce08 admin admin] Using url versioning {{(pid=76296) process_request /opt/stack/glance/glance/api/middleware/version_negotiation.py:57}}
Jun 04 06:24:26 devstack devstack@g-api.service[76296]: DEBUG glance.api.middleware.version_negotiation [None req-0f853e54-7d40-403d-8dcf-37f26400ce08 admin admin] Matched version: v2 {{(pid=76296) process_request /opt/stack/glance/glance/api/middleware/version_negotiation.py:69}}
Jun 04 06:24:26 devstack devstack@g-api.service[76296]: DEBUG glance.api.middleware.version_negotiation [None req-0f853e54-7d40-403d-8dcf-37f26400ce08 admin admin] new path /v2/images/356a113c-ac9f-4c32-896c-2ab17fc4b371 {{(pid=76296) process_request /opt/stack/glance/glance/api/middleware/version_negotiation.py:70}}
Jun 04 06:24:26 devstack devstack@g-api.service[76296]: WARNING keystonemiddleware.auth_token [None req-0f853e54-7d40-403d-8dcf-37f26400ce08 admin admin] A valid token was submitted as a service token, but it was not a valid service token. This is incorrect but backwards compatible behaviour. This will be removed in future releases.
Jun 04 06:24:26 devstack devstack@g-api.service[76296]: [pid: 76296|app: 0|req: 8/14] 127.0.0.1 () {42 vars in 1061 bytes} [Thu Jun 4 06:24:26 2026] GET /v2/images/356a113c-ac9f-4c32-896c-2ab17fc4b371 => generated 976 bytes in 41 msecs (HTTP/1.1 200) 4 headers in 157 bytes (1 switches on core 0)
Jun 04 06:24:26 devstack devstack@g-api.service[76297]: DEBUG glance.api.middleware.version_negotiation [None req-505faa6d-a6b2-4bff-971b-11bbb699d861 admin admin] Determining version of request: GET /v2/schemas/image Accept: */* {{(pid=76297) process_request /opt/stack/glance/glance/api/middleware/version_negotiation.py:44}}
Jun 04 06:24:26 devstack devstack@g-api.service[76297]: DEBUG glance.api.middleware.version_negotiation [None req-505faa6d-a6b2-4bff-971b-11bbb699d861 admin admin] Using url versioning {{(pid=76297) process_request /opt/stack/glance/glance/api/middleware/version_negotiation.py:57}}
Jun 04 06:24:26 devstack devstack@g-api.service[76297]: DEBUG glance.api.middleware.version_negotiation [None req-505faa6d-a6b2-4bff-971b-11bbb699d861 admin admin] Matched version: v2 {{(pid=76297) process_request /opt/stack/glance/glance/api/middleware/version_negotiation.py:69}}
Jun 04 06:24:26 devstack devstack@g-api.service[76297]: DEBUG glance.api.middleware.version_negotiation [None req-505faa6d-a6b2-4bff-971b-11bbb699d861 admin admin] new path /v2/schemas/image {{(pid=76297) process_request /opt/stack/glance/glance/api/middleware/version_negotiation.py:70}}
Jun 04 06:24:26 devstack devstack@g-api.service[76297]: WARNING keystonemiddleware.auth_token [None req-505faa6d-a6b2-4bff-971b-11bbb699d861 admin admin] A valid token was submitted as a service token, but it was not a valid service token. This is incorrect but backwards compatible behaviour. This will be removed in future releases.
Jun 04 06:24:26 devstack devstack@g-api.service[76297]: [pid: 76297|app: 0|req: 7/15] 127.0.0.1 () {42 vars in 1001 bytes} [Thu Jun 4 06:24:26 2026] GET /v2/schemas/image => generated 6083 bytes in 13 msecs (HTTP/1.1 200) 4 headers in 158 bytes (1 switches on core 0)
Jun 04 06:24:36 devstack devstack@g-api.service[76296]: DEBUG dbcounter [-] [76296] Writing DB stats glance:SELECT=2 {{(pid=76296) stat_writer /opt/stack/data/venv/lib/python3.12/site-packages/dbcounter.py:115}}
Jun 04 06:24:46 devstack devstack@g-api.service[76296]: DEBUG glance.api.middleware.version_negotiation [None req-6959720d-0540-4506-be89-e48ba2bf4d5d tempest-ServersNegativeTestJSON-472947055 tempest-ServersNegativeTestJSON-472947055-project-member] Determining version of request: GET /v2/images/356a113c-ac9f-4c32-896c-2ab17fc4b371 Accept: */* {{(pid=76296) process_request /opt/stack/glance/glance/api/middleware/version_negotiation.py:44}}
Jun 04 06:24:46 devstack devstack@g-api.service[76296]: DEBUG glance.api.middleware.version_negotiation [None req-6959720d-0540-4506-be89-e48ba2bf4d5d tempest-ServersNegativeTestJSON-472947055 tempest-ServersNegativeTestJSON-472947055-project-member] Using url versioning {{(pid=76296) process_request /opt/stack/glance/glance/api/middleware/version_negotiation.py:57}}
Jun 04 06:24:46 devstack devstack@g-api.service[76296]: DEBUG glance.api.middleware.version_negotiation [None req-6959720d-0540-4506-be89-e48ba2bf4d5d tempest-ServersNegativeTestJSON-472947055 tempest-ServersNegativeTestJSON-472947055-project-member] Matched version: v2 {{(pid=76296) process_request /opt/stack/glance/glance/api/middleware/version_negotiation.py:69}}
Jun 04 06:24:46 devstack devstack@g-api.service[76296]: DEBUG glance.api.middleware.version_negotiation [None req-6959720d-0540-4506-be89-e48ba2bf4d5d tempest-ServersNegativeTestJSON-472947055 tempest-ServersNegativeTestJSON-472947055-project-member] new path /v2/images/356a113c-ac9f-4c32-896c-2ab17fc4b371 {{(pid=76296) process_request /opt/stack/glance/glance/api/middleware/version_negotiation.py:70}}
Jun 04 06:24:46 devstack devstack@g-api.service[76296]: [pid: 76296|app: 0|req: 9/16] 127.0.0.1 () {42 vars in 1061 bytes} [Thu Jun 4 06:24:46 2026] GET /v2/images/356a113c-ac9f-4c32-896c-2ab17fc4b371 => generated 976 bytes in 27 msecs (HTTP/1.1 200) 4 headers in 157 bytes (1 switches on core 0)
Jun 04 06:24:46 devstack devstack@g-api.service[76297]: DEBUG glance.api.middleware.version_negotiation [None req-6959720d-0540-4506-be89-e48ba2bf4d5d tempest-ServersNegativeTestJSON-472947055 tempest-ServersNegativeTestJSON-472947055-project-member] Determining version of request: GET /v2/images/356a113c-ac9f-4c32-896c-2ab17fc4b371/file Accept: */* {{(pid=76297) process_request /opt/stack/glance/glance/api/middleware/version_negotiation.py:44}}
Jun 04 06:24:46 devstack devstack@g-api.service[76297]: DEBUG glance.api.middleware.version_negotiation [None req-6959720d-0540-4506-be89-e48ba2bf4d5d tempest-ServersNegativeTestJSON-472947055 tempest-ServersNegativeTestJSON-472947055-project-member] Using url versioning {{(pid=76297) process_request /opt/stack/glance/glance/api/middleware/version_negotiation.py:57}}
Jun 04 06:24:46 devstack devstack@g-api.service[76297]: DEBUG glance.api.middleware.version_negotiation [None req-6959720d-0540-4506-be89-e48ba2bf4d5d tempest-ServersNegativeTestJSON-472947055 tempest-ServersNegativeTestJSON-472947055-project-member] Matched version: v2 {{(pid=76297) process_request /opt/stack/glance/glance/api/middleware/version_negotiation.py:69}}
Jun 04 06:24:46 devstack devstack@g-api.service[76297]: DEBUG glance.api.middleware.version_negotiation [None req-6959720d-0540-4506-be89-e48ba2bf4d5d tempest-ServersNegativeTestJSON-472947055 tempest-ServersNegativeTestJSON-472947055-project-member] new path /v2/images/356a113c-ac9f-4c32-896c-2ab17fc4b371/file {{(pid=76297) process_request /opt/stack/glance/glance/api/middleware/version_negotiation.py:70}}
Jun 04 06:24:46 devstack devstack@g-api.service[76297]: DEBUG glance_store._drivers.filesystem [None req-6959720d-0540-4506-be89-e48ba2bf4d5d tempest-ServersNegativeTestJSON-472947055 tempest-ServersNegativeTestJSON-472947055-project-member] Found image at /opt/stack/data/glance/images/356a113c-ac9f-4c32-896c-2ab17fc4b371. Returning in ChunkedFile. {{(pid=76297) get /opt/stack/data/venv/lib/python3.12/site-packages/glance_store/_drivers/filesystem.py:724}}
Jun 04 06:24:46 devstack devstack@g-api.service[76297]: DEBUG glance.image_cache [None req-6959720d-0540-4506-be89-e48ba2bf4d5d tempest-ServersNegativeTestJSON-472947055 tempest-ServersNegativeTestJSON-472947055-project-member] Tee'ing image '356a113c-ac9f-4c32-896c-2ab17fc4b371' into cache {{(pid=76297) get_caching_iter /opt/stack/glance/glance/image_cache/__init__.py:350}}
Jun 04 06:24:46 devstack devstack@g-api.service[76297]: DEBUG glance.image_cache.drivers.centralized_db [None req-6959720d-0540-4506-be89-e48ba2bf4d5d tempest-ServersNegativeTestJSON-472947055 tempest-ServersNegativeTestJSON-472947055-project-member] Fetch finished, moving '/opt/stack/data/glance/cache/incomplete/356a113c-ac9f-4c32-896c-2ab17fc4b371' to '/opt/stack/data/glance/cache/356a113c-ac9f-4c32-896c-2ab17fc4b371' {{(pid=76297) commit /opt/stack/glance/glance/image_cache/drivers/centralized_db.py:235}}
Jun 04 06:24:46 devstack devstack@g-api.service[76297]: DEBUG glance.image_cache.drivers.centralized_db [None req-6959720d-0540-4506-be89-e48ba2bf4d5d tempest-ServersNegativeTestJSON-472947055 tempest-ServersNegativeTestJSON-472947055-project-member] Image cached successfully. {{(pid=76297) commit /opt/stack/glance/glance/image_cache/drivers/centralized_db.py:250}}
Jun 04 06:24:46 devstack devstack@g-api.service[76297]: [pid: 76297|app: 0|req: 8/17] 127.0.0.1 () {42 vars in 1071 bytes} [Thu Jun 4 06:24:46 2026] GET /v2/images/356a113c-ac9f-4c32-896c-2ab17fc4b371/file => generated 21692416 bytes in 490 msecs (HTTP/1.1 200) 4 headers in 191 bytes (335 switches on core 0)
Jun 04 06:24:46 devstack devstack@g-api.service[76296]: DEBUG glance.api.middleware.version_negotiation [None req-6959720d-0540-4506-be89-e48ba2bf4d5d tempest-ServersNegativeTestJSON-472947055 tempest-ServersNegativeTestJSON-472947055-project-member] Determining version of request: GET /v2/images/356a113c-ac9f-4c32-896c-2ab17fc4b371 Accept: */* {{(pid=76296) process_request /opt/stack/glance/glance/api/middleware/version_negotiation.py:44}}
Jun 04 06:24:46 devstack devstack@g-api.service[76296]: DEBUG glance.api.middleware.version_negotiation [None req-6959720d-0540-4506-be89-e48ba2bf4d5d tempest-ServersNegativeTestJSON-472947055 tempest-ServersNegativeTestJSON-472947055-project-member] Using url versioning {{(pid=76296) process_request /opt/stack/glance/glance/api/middleware/version_negotiation.py:57}}
Jun 04 06:24:46 devstack devstack@g-api.service[76296]: DEBUG glance.api.middleware.version_negotiation [None req-6959720d-0540-4506-be89-e48ba2bf4d5d tempest-ServersNegativeTestJSON-472947055 tempest-ServersNegativeTestJSON-472947055-project-member] Matched version: v2 {{(pid=76296) process_request /opt/stack/glance/glance/api/middleware/version_negotiation.py:69}}
Jun 04 06:24:46 devstack devstack@g-api.service[76296]: DEBUG glance.api.middleware.version_negotiation [None req-6959720d-0540-4506-be89-e48ba2bf4d5d tempest-ServersNegativeTestJSON-472947055 tempest-ServersNegativeTestJSON-472947055-project-member] new path /v2/images/356a113c-ac9f-4c32-896c-2ab17fc4b371 {{(pid=76296) process_request /opt/stack/glance/glance/api/middleware/version_negotiation.py:70}}
Jun 04 06:24:46 devstack devstack@g-api.service[76296]: [pid: 76296|app: 0|req: 10/18] 127.0.0.1 () {42 vars in 1061 bytes} [Thu Jun 4 06:24:46 2026] GET /v2/images/356a113c-ac9f-4c32-896c-2ab17fc4b371 => generated 976 bytes in 27 msecs (HTTP/1.1 200) 4 headers in 157 bytes (1 switches on core 0)
Jun 04 06:24:46 devstack devstack@g-api.service[76297]: DEBUG glance.api.middleware.version_negotiation [None req-6959720d-0540-4506-be89-e48ba2bf4d5d tempest-ServersNegativeTestJSON-472947055 tempest-ServersNegativeTestJSON-472947055-project-member] Determining version of request: GET /v2/schemas/image Accept: */* {{(pid=76297) process_request /opt/stack/glance/glance/api/middleware/version_negotiation.py:44}}
Jun 04 06:24:46 devstack devstack@g-api.service[76297]: DEBUG glance.api.middleware.version_negotiation [None req-6959720d-0540-4506-be89-e48ba2bf4d5d tempest-ServersNegativeTestJSON-472947055 tempest-ServersNegativeTestJSON-472947055-project-member] Using url versioning {{(pid=76297) process_request /opt/stack/glance/glance/api/middleware/version_negotiation.py:57}}
