Jul 01 21:25:19 devstack devstack@c-api.service[86141]: DEBUG oslo_db.sqlalchemy.engines [None req-1020207e-8fbb-4427-b643-fad09ad271dc tempest-GroupsTest-487580807 tempest-GroupsTest-487580807-project-member] MySQL server mode set to STRICT_TRANS_TABLES,STRICT_ALL_TABLES,NO_ZERO_IN_DATE,NO_ZERO_DATE,ERROR_FOR_DIVISION_BY_ZERO,TRADITIONAL,NO_ENGINE_SUBSTITUTION {{(pid=86141) _check_effective_sql_mode /opt/stack/data/venv/lib/python3.12/site-packages/oslo_db/sqlalchemy/engines.py:325}}
Jul 01 21:25:19 devstack devstack@c-api.service[86141]: /opt/stack/data/venv/lib/python3.12/site-packages/oslo_context/context.py:102: DeprecationWarning: Policy enforcement is depending on the value of is_admin. This key is deprecated. Please update your policy file to use the standard policy values.
Jul 01 21:25:19 devstack devstack@c-api.service[86141]: warnings.warn(
Jul 01 21:25:19 devstack devstack@c-api.service[86141]: INFO cinder.api.openstack.wsgi [None req-1020207e-8fbb-4427-b643-fad09ad271dc tempest-GroupsTest-487580807 tempest-GroupsTest-487580807-project-member] http://192.168.122.71/volume/v3/volumes/f697c251-86a5-4472-acaa-e5a0663f3761 returned with HTTP 200
Jul 01 21:25:19 devstack devstack@c-api.service[86141]: [pid: 86141|app: 0|req: 127/259] 192.168.122.71 () {60 vars in 1268 bytes} [Wed Jul 1 21:25:19 2026] GET /volume/v3/volumes/f697c251-86a5-4472-acaa-e5a0663f3761 => generated 910 bytes in 259 msecs (HTTP/1.1 200) 7 headers in 286 bytes (1 switches on core 0)
Jul 01 21:25:20 devstack devstack@c-api.service[86140]: DEBUG cinder.api.middleware.request_id [req-c8c734ef-aacb-4677-a4fc-1c013665adbc req-9685fe4e-7d81-454a-8833-fd11b7b63579 None None] RequestId filter calling following filter/app {{(pid=86140) _context_setter /opt/stack/cinder/cinder/api/middleware/request_id.py:62}}
Jul 01 21:25:20 devstack devstack@c-api.service[86140]: INFO cinder.api.openstack.wsgi [req-c8c734ef-aacb-4677-a4fc-1c013665adbc req-9685fe4e-7d81-454a-8833-fd11b7b63579 tempest-AttachVolumeTestJSON-583559944 tempest-AttachVolumeTestJSON-583559944-project-member] GET http://192.168.122.71/volume/v3/volumes/7524fe1e-14e2-4ce3-8a11-07d66a4607f6
Jul 01 21:25:20 devstack devstack@c-api.service[86140]: DEBUG cinder.api.openstack.wsgi [req-c8c734ef-aacb-4677-a4fc-1c013665adbc req-9685fe4e-7d81-454a-8833-fd11b7b63579 tempest-AttachVolumeTestJSON-583559944 tempest-AttachVolumeTestJSON-583559944-project-member] Empty body provided in request {{(pid=86140) get_body /opt/stack/cinder/cinder/api/openstack/wsgi.py:725}}
Jul 01 21:25:20 devstack devstack@c-api.service[86140]: DEBUG cinder.api.openstack.wsgi [req-c8c734ef-aacb-4677-a4fc-1c013665adbc req-9685fe4e-7d81-454a-8833-fd11b7b63579 tempest-AttachVolumeTestJSON-583559944 tempest-AttachVolumeTestJSON-583559944-project-member] Calling method 'show' {{(pid=86140) _process_stack /opt/stack/cinder/cinder/api/openstack/wsgi.py:878}}
Jul 01 21:25:20 devstack devstack@c-api.service[86140]: /opt/stack/data/venv/lib/python3.12/site-packages/oslo_context/context.py:102: DeprecationWarning: Policy enforcement is depending on the value of is_admin. This key is deprecated. Please update your policy file to use the standard policy values.
Jul 01 21:25:20 devstack devstack@c-api.service[86140]: warnings.warn(
Jul 01 21:25:20 devstack devstack@c-api.service[86140]: INFO cinder.volume.api [req-c8c734ef-aacb-4677-a4fc-1c013665adbc req-9685fe4e-7d81-454a-8833-fd11b7b63579 tempest-AttachVolumeTestJSON-583559944 tempest-AttachVolumeTestJSON-583559944-project-member] Volume info retrieved successfully.
Jul 01 21:25:20 devstack devstack@c-api.service[86140]: INFO cinder.api.openstack.wsgi [req-c8c734ef-aacb-4677-a4fc-1c013665adbc req-9685fe4e-7d81-454a-8833-fd11b7b63579 tempest-AttachVolumeTestJSON-583559944 tempest-AttachVolumeTestJSON-583559944-project-member] http://192.168.122.71/volume/v3/volumes/7524fe1e-14e2-4ce3-8a11-07d66a4607f6 returned with HTTP 200
Jul 01 21:25:20 devstack devstack@c-api.service[86140]: [pid: 86140|app: 0|req: 133/260] 192.168.122.71 () {60 vars in 1482 bytes} [Wed Jul 1 21:25:20 2026] GET /volume/v3/volumes/7524fe1e-14e2-4ce3-8a11-07d66a4607f6 => generated 1143 bytes in 63 msecs (HTTP/1.1 200) 7 headers in 286 bytes (2 switches on core 0)
Jul 01 21:25:20 devstack devstack@c-api.service[86140]: DEBUG cinder.api.middleware.request_id [req-c8c734ef-aacb-4677-a4fc-1c013665adbc req-040250ce-0865-4a3b-81bf-c2ebbeed9145 None None] RequestId filter calling following filter/app {{(pid=86140) _context_setter /opt/stack/cinder/cinder/api/middleware/request_id.py:62}}
Jul 01 21:25:20 devstack devstack@c-api.service[86141]: DEBUG cinder.api.middleware.request_id [None req-6fb367d9-6d06-4581-b554-f8feef66c3f8 None None] RequestId filter calling following filter/app {{(pid=86141) _context_setter /opt/stack/cinder/cinder/api/middleware/request_id.py:62}}
Jul 01 21:25:20 devstack devstack@c-api.service[86141]: INFO cinder.api.openstack.wsgi [None req-6fb367d9-6d06-4581-b554-f8feef66c3f8 None None] GET http://192.168.122.71/volume//
Jul 01 21:25:20 devstack devstack@c-api.service[86141]: DEBUG cinder.api.openstack.wsgi [None req-6fb367d9-6d06-4581-b554-f8feef66c3f8 None None] Empty body provided in request {{(pid=86141) get_body /opt/stack/cinder/cinder/api/openstack/wsgi.py:725}}
Jul 01 21:25:20 devstack devstack@c-api.service[86141]: DEBUG cinder.api.openstack.wsgi [None req-6fb367d9-6d06-4581-b554-f8feef66c3f8 None None] Calling method 'all' {{(pid=86141) _process_stack /opt/stack/cinder/cinder/api/openstack/wsgi.py:878}}
Jul 01 21:25:20 devstack devstack@c-api.service[86141]: INFO cinder.api.openstack.wsgi [None req-6fb367d9-6d06-4581-b554-f8feef66c3f8 None None] http://192.168.122.71/volume// returned with HTTP 300
Jul 01 21:25:20 devstack devstack@c-api.service[86140]: INFO cinder.api.openstack.wsgi [req-c8c734ef-aacb-4677-a4fc-1c013665adbc req-040250ce-0865-4a3b-81bf-c2ebbeed9145 tempest-AttachVolumeTestJSON-583559944 tempest-AttachVolumeTestJSON-583559944-project-member] POST http://192.168.122.71/volume/v3/volumes/7524fe1e-14e2-4ce3-8a11-07d66a4607f6/action
Jul 01 21:25:20 devstack devstack@c-api.service[86141]: [pid: 86141|app: 0|req: 128/261] 192.168.122.71 () {58 vars in 1310 bytes} [Wed Jul 1 21:25:20 2026] GET /volume/ => generated 389 bytes in 14 msecs (HTTP/1.1 300) 7 headers in 299 bytes (1 switches on core 0)
Jul 01 21:25:20 devstack devstack@c-api.service[86140]: DEBUG cinder.api.openstack.wsgi [req-c8c734ef-aacb-4677-a4fc-1c013665adbc req-040250ce-0865-4a3b-81bf-c2ebbeed9145 tempest-AttachVolumeTestJSON-583559944 tempest-AttachVolumeTestJSON-583559944-project-member] Action body: b'{"os-begin_detaching": null}' {{(pid=86140) get_method /opt/stack/cinder/cinder/api/openstack/wsgi.py:993}}
Jul 01 21:25:20 devstack devstack@c-api.service[86140]: DEBUG cinder.api.openstack.wsgi [req-c8c734ef-aacb-4677-a4fc-1c013665adbc req-040250ce-0865-4a3b-81bf-c2ebbeed9145 tempest-AttachVolumeTestJSON-583559944 tempest-AttachVolumeTestJSON-583559944-project-member] Action: 'action', calling method: _begin_detaching, body: {"os-begin_detaching": null} {{(pid=86140) _process_stack /opt/stack/cinder/cinder/api/openstack/wsgi.py:876}}
Jul 01 21:25:20 devstack devstack@c-api.service[86141]: DEBUG cinder.api.middleware.request_id [req-be240142-6f0e-4918-97be-7c84991938f6 req-ba8a490d-5b70-4646-b834-37912b03a2f5 None None] RequestId filter calling following filter/app {{(pid=86141) _context_setter /opt/stack/cinder/cinder/api/middleware/request_id.py:62}}
Jul 01 21:25:20 devstack devstack@c-api.service[86141]: INFO cinder.api.openstack.wsgi [req-be240142-6f0e-4918-97be-7c84991938f6 req-ba8a490d-5b70-4646-b834-37912b03a2f5 tempest-TaggedAttachmentsTest-1376777710 tempest-TaggedAttachmentsTest-1376777710-project-member] GET http://192.168.122.71/volume/v3/volumes/6a069805-9fc1-4e04-bd78-48ed6bad781e
Jul 01 21:25:20 devstack devstack@c-api.service[86141]: DEBUG cinder.api.openstack.wsgi [req-be240142-6f0e-4918-97be-7c84991938f6 req-ba8a490d-5b70-4646-b834-37912b03a2f5 tempest-TaggedAttachmentsTest-1376777710 tempest-TaggedAttachmentsTest-1376777710-project-member] Empty body provided in request {{(pid=86141) get_body /opt/stack/cinder/cinder/api/openstack/wsgi.py:725}}
Jul 01 21:25:20 devstack devstack@c-api.service[86141]: DEBUG cinder.api.openstack.wsgi [req-be240142-6f0e-4918-97be-7c84991938f6 req-ba8a490d-5b70-4646-b834-37912b03a2f5 tempest-TaggedAttachmentsTest-1376777710 tempest-TaggedAttachmentsTest-1376777710-project-member] Calling method 'show' {{(pid=86141) _process_stack /opt/stack/cinder/cinder/api/openstack/wsgi.py:878}}
Jul 01 21:25:20 devstack devstack@c-api.service[86140]: /opt/stack/data/venv/lib/python3.12/site-packages/oslo_context/context.py:102: DeprecationWarning: Policy enforcement is depending on the value of is_admin. This key is deprecated. Please update your policy file to use the standard policy values.
Jul 01 21:25:20 devstack devstack@c-api.service[86140]: warnings.warn(
Jul 01 21:25:20 devstack devstack@c-api.service[86140]: INFO cinder.volume.api [req-c8c734ef-aacb-4677-a4fc-1c013665adbc req-040250ce-0865-4a3b-81bf-c2ebbeed9145 tempest-AttachVolumeTestJSON-583559944 tempest-AttachVolumeTestJSON-583559944-project-member] Volume info retrieved successfully.
Jul 01 21:25:20 devstack devstack@c-api.service[86140]: INFO cinder.volume.api [req-c8c734ef-aacb-4677-a4fc-1c013665adbc req-040250ce-0865-4a3b-81bf-c2ebbeed9145 tempest-AttachVolumeTestJSON-583559944 tempest-AttachVolumeTestJSON-583559944-project-member] Begin detaching volume completed successfully.
Jul 01 21:25:20 devstack devstack@c-api.service[86141]: /opt/stack/data/venv/lib/python3.12/site-packages/oslo_context/context.py:102: DeprecationWarning: Policy enforcement is depending on the value of is_admin. This key is deprecated. Please update your policy file to use the standard policy values.
Jul 01 21:25:20 devstack devstack@c-api.service[86141]: warnings.warn(
Jul 01 21:25:20 devstack devstack@c-api.service[86140]: INFO cinder.api.openstack.wsgi [req-c8c734ef-aacb-4677-a4fc-1c013665adbc req-040250ce-0865-4a3b-81bf-c2ebbeed9145 tempest-AttachVolumeTestJSON-583559944 tempest-AttachVolumeTestJSON-583559944-project-member] http://192.168.122.71/volume/v3/volumes/7524fe1e-14e2-4ce3-8a11-07d66a4607f6/action returned with HTTP 202
Jul 01 21:25:20 devstack devstack@c-api.service[86140]: [pid: 86140|app: 0|req: 134/262] 192.168.122.71 () {64 vars in 1556 bytes} [Wed Jul 1 21:25:20 2026] POST /volume/v3/volumes/7524fe1e-14e2-4ce3-8a11-07d66a4607f6/action => generated 0 bytes in 72 msecs (HTTP/1.1 202) 7 headers in 289 bytes (1 switches on core 0)
Jul 01 21:25:20 devstack devstack@c-api.service[86141]: INFO cinder.volume.api [req-be240142-6f0e-4918-97be-7c84991938f6 req-ba8a490d-5b70-4646-b834-37912b03a2f5 tempest-TaggedAttachmentsTest-1376777710 tempest-TaggedAttachmentsTest-1376777710-project-member] Volume info retrieved successfully.
Jul 01 21:25:20 devstack devstack@c-api.service[86140]: DEBUG cinder.api.middleware.request_id [None req-b3919dc8-32c3-41c6-ac8f-77af85917968 None None] RequestId filter calling following filter/app {{(pid=86140) _context_setter /opt/stack/cinder/cinder/api/middleware/request_id.py:62}}
Jul 01 21:25:20 devstack devstack@c-api.service[86141]: INFO cinder.api.openstack.wsgi [req-be240142-6f0e-4918-97be-7c84991938f6 req-ba8a490d-5b70-4646-b834-37912b03a2f5 tempest-TaggedAttachmentsTest-1376777710 tempest-TaggedAttachmentsTest-1376777710-project-member] http://192.168.122.71/volume/v3/volumes/6a069805-9fc1-4e04-bd78-48ed6bad781e returned with HTTP 200
Jul 01 21:25:20 devstack devstack@c-api.service[86141]: [pid: 86141|app: 0|req: 129/263] 192.168.122.71 () {62 vars in 1523 bytes} [Wed Jul 1 21:25:20 2026] GET /volume/v3/volumes/6a069805-9fc1-4e04-bd78-48ed6bad781e => generated 1328 bytes in 87 msecs (HTTP/1.1 200) 7 headers in 287 bytes (1 switches on core 0)
Jul 01 21:25:20 devstack devstack@c-api.service[86141]: DEBUG cinder.api.middleware.request_id [None req-f9332a2f-9a3f-41dc-afe3-89f8f18f985c None None] RequestId filter calling following filter/app {{(pid=86141) _context_setter /opt/stack/cinder/cinder/api/middleware/request_id.py:62}}
Jul 01 21:25:20 devstack devstack@c-api.service[86140]: INFO cinder.api.openstack.wsgi [None req-b3919dc8-32c3-41c6-ac8f-77af85917968 tempest-TaggedAttachmentsTest-1376777710 tempest-TaggedAttachmentsTest-1376777710-project-member] GET http://192.168.122.71/volume/v3/volumes/6a069805-9fc1-4e04-bd78-48ed6bad781e
Jul 01 21:25:20 devstack devstack@c-api.service[86140]: DEBUG cinder.api.openstack.wsgi [None req-b3919dc8-32c3-41c6-ac8f-77af85917968 tempest-TaggedAttachmentsTest-1376777710 tempest-TaggedAttachmentsTest-1376777710-project-member] Empty body provided in request {{(pid=86140) get_body /opt/stack/cinder/cinder/api/openstack/wsgi.py:725}}
Jul 01 21:25:20 devstack devstack@c-api.service[86140]: DEBUG cinder.api.openstack.wsgi [None req-b3919dc8-32c3-41c6-ac8f-77af85917968 tempest-TaggedAttachmentsTest-1376777710 tempest-TaggedAttachmentsTest-1376777710-project-member] Calling method 'show' {{(pid=86140) _process_stack /opt/stack/cinder/cinder/api/openstack/wsgi.py:878}}
Jul 01 21:25:20 devstack devstack@c-api.service[86141]: INFO cinder.api.openstack.wsgi [None req-f9332a2f-9a3f-41dc-afe3-89f8f18f985c tempest-AttachVolumeTestJSON-583559944 tempest-AttachVolumeTestJSON-583559944-project-member] GET http://192.168.122.71/volume/v3/volumes/7524fe1e-14e2-4ce3-8a11-07d66a4607f6
Jul 01 21:25:20 devstack devstack@c-api.service[86141]: DEBUG cinder.api.openstack.wsgi [None req-f9332a2f-9a3f-41dc-afe3-89f8f18f985c tempest-AttachVolumeTestJSON-583559944 tempest-AttachVolumeTestJSON-583559944-project-member] Empty body provided in request {{(pid=86141) get_body /opt/stack/cinder/cinder/api/openstack/wsgi.py:725}}
Jul 01 21:25:20 devstack devstack@c-api.service[86141]: DEBUG cinder.api.openstack.wsgi [None req-f9332a2f-9a3f-41dc-afe3-89f8f18f985c tempest-AttachVolumeTestJSON-583559944 tempest-AttachVolumeTestJSON-583559944-project-member] Calling method 'show' {{(pid=86141) _process_stack /opt/stack/cinder/cinder/api/openstack/wsgi.py:878}}
Jul 01 21:25:20 devstack devstack@c-api.service[86141]: /opt/stack/data/venv/lib/python3.12/site-packages/oslo_context/context.py:102: DeprecationWarning: Policy enforcement is depending on the value of is_admin. This key is deprecated. Please update your policy file to use the standard policy values.
Jul 01 21:25:20 devstack devstack@c-api.service[86141]: warnings.warn(
Jul 01 21:25:20 devstack devstack@c-api.service[86140]: /opt/stack/data/venv/lib/python3.12/site-packages/oslo_context/context.py:102: DeprecationWarning: Policy enforcement is depending on the value of is_admin. This key is deprecated. Please update your policy file to use the standard policy values.
Jul 01 21:25:20 devstack devstack@c-api.service[86140]: warnings.warn(
Jul 01 21:25:20 devstack devstack@c-api.service[86141]: INFO cinder.volume.api [None req-f9332a2f-9a3f-41dc-afe3-89f8f18f985c tempest-AttachVolumeTestJSON-583559944 tempest-AttachVolumeTestJSON-583559944-project-member] Volume info retrieved successfully.
Jul 01 21:25:20 devstack devstack@c-api.service[86141]: INFO cinder.api.openstack.wsgi [None req-f9332a2f-9a3f-41dc-afe3-89f8f18f985c tempest-AttachVolumeTestJSON-583559944 tempest-AttachVolumeTestJSON-583559944-project-member] http://192.168.122.71/volume/v3/volumes/7524fe1e-14e2-4ce3-8a11-07d66a4607f6 returned with HTTP 200
Jul 01 21:25:20 devstack devstack@c-api.service[86141]: [pid: 86141|app: 0|req: 130/264] 192.168.122.71 () {58 vars in 1227 bytes} [Wed Jul 1 21:25:20 2026] GET /volume/v3/volumes/7524fe1e-14e2-4ce3-8a11-07d66a4607f6 => generated 1146 bytes in 102 msecs (HTTP/1.1 200) 7 headers in 286 bytes (1 switches on core 0)
Jul 01 21:25:20 devstack devstack@c-api.service[86140]: INFO cinder.volume.api [None req-b3919dc8-32c3-41c6-ac8f-77af85917968 tempest-TaggedAttachmentsTest-1376777710 tempest-TaggedAttachmentsTest-1376777710-project-member] Volume info retrieved successfully.
Jul 01 21:25:20 devstack devstack@c-api.service[86141]: DEBUG cinder.api.middleware.request_id [None req-72d82aaf-3e93-4a34-8a00-fecf7b4e68e1 None None] RequestId filter calling following filter/app {{(pid=86141) _context_setter /opt/stack/cinder/cinder/api/middleware/request_id.py:62}}
Jul 01 21:25:20 devstack devstack@c-api.service[86141]: INFO cinder.api.openstack.wsgi [None req-72d82aaf-3e93-4a34-8a00-fecf7b4e68e1 tempest-GroupsTest-487580807 tempest-GroupsTest-487580807-project-member] GET http://192.168.122.71/volume/v3/volumes/f697c251-86a5-4472-acaa-e5a0663f3761
Jul 01 21:25:20 devstack devstack@c-api.service[86141]: DEBUG cinder.api.openstack.wsgi [None req-72d82aaf-3e93-4a34-8a00-fecf7b4e68e1 tempest-GroupsTest-487580807 tempest-GroupsTest-487580807-project-member] Empty body provided in request {{(pid=86141) get_body /opt/stack/cinder/cinder/api/openstack/wsgi.py:725}}
Jul 01 21:25:20 devstack devstack@c-api.service[86141]: DEBUG cinder.api.openstack.wsgi [None req-72d82aaf-3e93-4a34-8a00-fecf7b4e68e1 tempest-GroupsTest-487580807 tempest-GroupsTest-487580807-project-member] Calling method 'show' {{(pid=86141) _process_stack /opt/stack/cinder/cinder/api/openstack/wsgi.py:878}}
Jul 01 21:25:20 devstack devstack@c-api.service[86140]: INFO cinder.api.openstack.wsgi [None req-b3919dc8-32c3-41c6-ac8f-77af85917968 tempest-TaggedAttachmentsTest-1376777710 tempest-TaggedAttachmentsTest-1376777710-project-member] http://192.168.122.71/volume/v3/volumes/6a069805-9fc1-4e04-bd78-48ed6bad781e returned with HTTP 200
Jul 01 21:25:20 devstack devstack@c-api.service[86140]: [pid: 86140|app: 0|req: 135/265] 192.168.122.71 () {58 vars in 1227 bytes} [Wed Jul 1 21:25:20 2026] GET /volume/v3/volumes/6a069805-9fc1-4e04-bd78-48ed6bad781e => generated 1147 bytes in 145 msecs (HTTP/1.1 200) 7 headers in 286 bytes (1 switches on core 0)
Jul 01 21:25:20 devstack devstack@c-api.service[86141]: /opt/stack/data/venv/lib/python3.12/site-packages/oslo_context/context.py:102: DeprecationWarning: Policy enforcement is depending on the value of is_admin. This key is deprecated. Please update your policy file to use the standard policy values.
Jul 01 21:25:20 devstack devstack@c-api.service[86141]: warnings.warn(
Jul 01 21:25:20 devstack devstack@c-api.service[86141]: INFO cinder.volume.api [None req-72d82aaf-3e93-4a34-8a00-fecf7b4e68e1 tempest-GroupsTest-487580807 tempest-GroupsTest-487580807-project-member] Volume info retrieved successfully.
Jul 01 21:25:20 devstack devstack@c-api.service[86141]: WARNING stevedore.named [None req-72d82aaf-3e93-4a34-8a00-fecf7b4e68e1 tempest-GroupsTest-487580807 tempest-GroupsTest-487580807-project-member] Could not load cinder.keymgr.conf_key_mgr.ConfKeyManager
Jul 01 21:25:20 devstack devstack@c-api.service[86141]: WARNING castellan.key_manager [None req-72d82aaf-3e93-4a34-8a00-fecf7b4e68e1 tempest-GroupsTest-487580807 tempest-GroupsTest-487580807-project-member] Deprecation Warning : cinder.keymgr.conf_key_mgr.ConfKeyManager is not a stevedore based driver, trying to load it as a class: stevedore.exception.NoMatches: No 'castellan.drivers' driver found, looking for 'cinder.keymgr.conf_key_mgr.ConfKeyManager'
Jul 01 21:25:20 devstack devstack@c-api.service[86141]: DEBUG oslo_db.sqlalchemy.engines [None req-72d82aaf-3e93-4a34-8a00-fecf7b4e68e1 tempest-GroupsTest-487580807 tempest-GroupsTest-487580807-project-member] MySQL server mode set to STRICT_TRANS_TABLES,STRICT_ALL_TABLES,NO_ZERO_IN_DATE,NO_ZERO_DATE,ERROR_FOR_DIVISION_BY_ZERO,TRADITIONAL,NO_ENGINE_SUBSTITUTION {{(pid=86141) _check_effective_sql_mode /opt/stack/data/venv/lib/python3.12/site-packages/oslo_db/sqlalchemy/engines.py:325}}
Jul 01 21:25:20 devstack devstack@c-api.service[86141]: /opt/stack/data/venv/lib/python3.12/site-packages/oslo_context/context.py:102: DeprecationWarning: Policy enforcement is depending on the value of is_admin. This key is deprecated. Please update your policy file to use the standard policy values.
Jul 01 21:25:20 devstack devstack@c-api.service[86141]: warnings.warn(
Jul 01 21:25:21 devstack devstack@c-api.service[86141]: INFO cinder.api.openstack.wsgi [None req-72d82aaf-3e93-4a34-8a00-fecf7b4e68e1 tempest-GroupsTest-487580807 tempest-GroupsTest-487580807-project-member] http://192.168.122.71/volume/v3/volumes/f697c251-86a5-4472-acaa-e5a0663f3761 returned with HTTP 200
Jul 01 21:25:21 devstack devstack@c-api.service[86141]: [pid: 86141|app: 0|req: 131/266] 192.168.122.71 () {60 vars in 1268 bytes} [Wed Jul 1 21:25:20 2026] GET /volume/v3/volumes/f697c251-86a5-4472-acaa-e5a0663f3761 => generated 910 bytes in 166 msecs (HTTP/1.1 200) 7 headers in 286 bytes (1 switches on core 0)
Jul 01 21:25:21 devstack devstack@c-api.service[86140]: DEBUG cinder.api.middleware.request_id [req-be240142-6f0e-4918-97be-7c84991938f6 req-111c2f14-507b-47f4-85b6-16309518b1dd None None] RequestId filter calling following filter/app {{(pid=86140) _context_setter /opt/stack/cinder/cinder/api/middleware/request_id.py:62}}
Jul 01 21:25:21 devstack devstack@c-api.service[86140]: INFO cinder.api.openstack.wsgi [req-be240142-6f0e-4918-97be-7c84991938f6 req-111c2f14-507b-47f4-85b6-16309518b1dd tempest-TaggedAttachmentsTest-1376777710 tempest-TaggedAttachmentsTest-1376777710-project-member] DELETE http://192.168.122.71/volume/v3/attachments/db6a59bb-5392-4a07-80fb-74f97ddbadff
Jul 01 21:25:21 devstack devstack@c-api.service[86140]: DEBUG cinder.api.openstack.wsgi [req-be240142-6f0e-4918-97be-7c84991938f6 req-111c2f14-507b-47f4-85b6-16309518b1dd tempest-TaggedAttachmentsTest-1376777710 tempest-TaggedAttachmentsTest-1376777710-project-member] Empty body provided in request {{(pid=86140) get_body /opt/stack/cinder/cinder/api/openstack/wsgi.py:725}}
Jul 01 21:25:21 devstack devstack@c-api.service[86140]: DEBUG cinder.api.openstack.wsgi [req-be240142-6f0e-4918-97be-7c84991938f6 req-111c2f14-507b-47f4-85b6-16309518b1dd tempest-TaggedAttachmentsTest-1376777710 tempest-TaggedAttachmentsTest-1376777710-project-member] Calling method 'version_select' {{(pid=86140) _process_stack /opt/stack/cinder/cinder/api/openstack/wsgi.py:878}}
Jul 01 21:25:21 devstack devstack@c-api.service[86140]: /opt/stack/data/venv/lib/python3.12/site-packages/oslo_context/context.py:102: DeprecationWarning: Policy enforcement is depending on the value of is_admin. This key is deprecated. Please update your policy file to use the standard policy values.
Jul 01 21:25:21 devstack devstack@c-api.service[86140]: warnings.warn(
Jul 01 21:25:21 devstack devstack@c-api.service[86140]: INFO cinder.api.openstack.wsgi [req-be240142-6f0e-4918-97be-7c84991938f6 req-111c2f14-507b-47f4-85b6-16309518b1dd tempest-TaggedAttachmentsTest-1376777710 tempest-TaggedAttachmentsTest-1376777710-project-member] http://192.168.122.71/volume/v3/attachments/db6a59bb-5392-4a07-80fb-74f97ddbadff returned with HTTP 200
Jul 01 21:25:21 devstack devstack@c-api.service[86140]: [pid: 86140|app: 0|req: 136/267] 192.168.122.71 () {64 vars in 1557 bytes} [Wed Jul 1 21:25:21 2026] DELETE /volume/v3/attachments/db6a59bb-5392-4a07-80fb-74f97ddbadff => generated 19 bytes in 596 msecs (HTTP/1.1 200) 7 headers in 285 bytes (1 switches on core 0)
Jul 01 21:25:21 devstack devstack@c-api.service[86141]: DEBUG cinder.api.middleware.request_id [None req-46a1927a-aa65-4090-804b-3f25313b0798 None None] RequestId filter calling following filter/app {{(pid=86141) _context_setter /opt/stack/cinder/cinder/api/middleware/request_id.py:62}}
Jul 01 21:25:21 devstack devstack@c-api.service[86141]: INFO cinder.api.openstack.wsgi [None req-46a1927a-aa65-4090-804b-3f25313b0798 None None] GET http://192.168.122.71/volume//
Jul 01 21:25:21 devstack devstack@c-api.service[86141]: DEBUG cinder.api.openstack.wsgi [None req-46a1927a-aa65-4090-804b-3f25313b0798 None None] Empty body provided in request {{(pid=86141) get_body /opt/stack/cinder/cinder/api/openstack/wsgi.py:725}}
Jul 01 21:25:21 devstack devstack@c-api.service[86141]: DEBUG cinder.api.openstack.wsgi [None req-46a1927a-aa65-4090-804b-3f25313b0798 None None] Calling method 'all' {{(pid=86141) _process_stack /opt/stack/cinder/cinder/api/openstack/wsgi.py:878}}
Jul 01 21:25:21 devstack devstack@c-api.service[86141]: INFO cinder.api.openstack.wsgi [None req-46a1927a-aa65-4090-804b-3f25313b0798 None None] http://192.168.122.71/volume// returned with HTTP 300
Jul 01 21:25:21 devstack devstack@c-api.service[86141]: [pid: 86141|app: 0|req: 132/268] 192.168.122.71 () {58 vars in 1310 bytes} [Wed Jul 1 21:25:21 2026] GET /volume/ => generated 389 bytes in 4 msecs (HTTP/1.1 300) 7 headers in 299 bytes (1 switches on core 0)
Jul 01 21:25:21 devstack devstack@c-api.service[86140]: DEBUG cinder.api.middleware.request_id [req-c8c734ef-aacb-4677-a4fc-1c013665adbc req-9cce39d1-1782-469d-bc2b-62d563f27449 None None] RequestId filter calling following filter/app {{(pid=86140) _context_setter /opt/stack/cinder/cinder/api/middleware/request_id.py:62}}
Jul 01 21:25:21 devstack devstack@c-api.service[86140]: INFO cinder.api.openstack.wsgi [req-c8c734ef-aacb-4677-a4fc-1c013665adbc req-9cce39d1-1782-469d-bc2b-62d563f27449 tempest-AttachVolumeTestJSON-583559944 tempest-AttachVolumeTestJSON-583559944-project-member] GET http://192.168.122.71/volume/v3/volumes/7524fe1e-14e2-4ce3-8a11-07d66a4607f6
Jul 01 21:25:21 devstack devstack@c-api.service[86140]: DEBUG cinder.api.openstack.wsgi [req-c8c734ef-aacb-4677-a4fc-1c013665adbc req-9cce39d1-1782-469d-bc2b-62d563f27449 tempest-AttachVolumeTestJSON-583559944 tempest-AttachVolumeTestJSON-583559944-project-member] Empty body provided in request {{(pid=86140) get_body /opt/stack/cinder/cinder/api/openstack/wsgi.py:725}}
Jul 01 21:25:21 devstack devstack@c-api.service[86140]: DEBUG cinder.api.openstack.wsgi [req-c8c734ef-aacb-4677-a4fc-1c013665adbc req-9cce39d1-1782-469d-bc2b-62d563f27449 tempest-AttachVolumeTestJSON-583559944 tempest-AttachVolumeTestJSON-583559944-project-member] Calling method 'show' {{(pid=86140) _process_stack /opt/stack/cinder/cinder/api/openstack/wsgi.py:878}}
Jul 01 21:25:21 devstack devstack@c-api.service[86140]: /opt/stack/data/venv/lib/python3.12/site-packages/oslo_context/context.py:102: DeprecationWarning: Policy enforcement is depending on the value of is_admin. This key is deprecated. Please update your policy file to use the standard policy values.
Jul 01 21:25:21 devstack devstack@c-api.service[86140]: warnings.warn(
Jul 01 21:25:21 devstack devstack@c-api.service[86140]: INFO cinder.volume.api [req-c8c734ef-aacb-4677-a4fc-1c013665adbc req-9cce39d1-1782-469d-bc2b-62d563f27449 tempest-AttachVolumeTestJSON-583559944 tempest-AttachVolumeTestJSON-583559944-project-member] Volume info retrieved successfully.
Jul 01 21:25:21 devstack devstack@c-api.service[86140]: INFO cinder.api.openstack.wsgi [req-c8c734ef-aacb-4677-a4fc-1c013665adbc req-9cce39d1-1782-469d-bc2b-62d563f27449 tempest-AttachVolumeTestJSON-583559944 tempest-AttachVolumeTestJSON-583559944-project-member] http://192.168.122.71/volume/v3/volumes/7524fe1e-14e2-4ce3-8a11-07d66a4607f6 returned with HTTP 200
Jul 01 21:25:21 devstack devstack@c-api.service[86140]: [pid: 86140|app: 0|req: 137/269] 192.168.122.71 () {62 vars in 1523 bytes} [Wed Jul 1 21:25:21 2026] GET /volume/v3/volumes/7524fe1e-14e2-4ce3-8a11-07d66a4607f6 => generated 1327 bytes in 46 msecs (HTTP/1.1 200) 7 headers in 287 bytes (1 switches on core 0)
Jul 01 21:25:21 devstack devstack@c-api.service[86141]: DEBUG cinder.api.middleware.request_id [None req-8b7301d7-0f3e-4321-880c-948984d2d155 None None] RequestId filter calling following filter/app {{(pid=86141) _context_setter /opt/stack/cinder/cinder/api/middleware/request_id.py:62}}
Jul 01 21:25:21 devstack devstack@c-api.service[86141]: INFO cinder.api.openstack.wsgi [None req-8b7301d7-0f3e-4321-880c-948984d2d155 tempest-AttachVolumeTestJSON-583559944 tempest-AttachVolumeTestJSON-583559944-project-member] GET http://192.168.122.71/volume/v3/volumes/7524fe1e-14e2-4ce3-8a11-07d66a4607f6
Jul 01 21:25:21 devstack devstack@c-api.service[86141]: DEBUG cinder.api.openstack.wsgi [None req-8b7301d7-0f3e-4321-880c-948984d2d155 tempest-AttachVolumeTestJSON-583559944 tempest-AttachVolumeTestJSON-583559944-project-member] Empty body provided in request {{(pid=86141) get_body /opt/stack/cinder/cinder/api/openstack/wsgi.py:725}}
Jul 01 21:25:21 devstack devstack@c-api.service[86141]: DEBUG cinder.api.openstack.wsgi [None req-8b7301d7-0f3e-4321-880c-948984d2d155 tempest-AttachVolumeTestJSON-583559944 tempest-AttachVolumeTestJSON-583559944-project-member] Calling method 'show' {{(pid=86141) _process_stack /opt/stack/cinder/cinder/api/openstack/wsgi.py:878}}
Jul 01 21:25:21 devstack devstack@c-api.service[86140]: DEBUG cinder.api.middleware.request_id [None req-841ef0f0-810e-402a-b025-199ccedeeb72 None None] RequestId filter calling following filter/app {{(pid=86140) _context_setter /opt/stack/cinder/cinder/api/middleware/request_id.py:62}}
Jul 01 21:25:21 devstack devstack@c-api.service[86140]: INFO cinder.api.openstack.wsgi [None req-841ef0f0-810e-402a-b025-199ccedeeb72 tempest-TaggedAttachmentsTest-1376777710 tempest-TaggedAttachmentsTest-1376777710-project-member] GET http://192.168.122.71/volume/v3/volumes/6a069805-9fc1-4e04-bd78-48ed6bad781e
Jul 01 21:25:21 devstack devstack@c-api.service[86140]: DEBUG cinder.api.openstack.wsgi [None req-841ef0f0-810e-402a-b025-199ccedeeb72 tempest-TaggedAttachmentsTest-1376777710 tempest-TaggedAttachmentsTest-1376777710-project-member] Empty body provided in request {{(pid=86140) get_body /opt/stack/cinder/cinder/api/openstack/wsgi.py:725}}
Jul 01 21:25:21 devstack devstack@c-api.service[86140]: DEBUG cinder.api.openstack.wsgi [None req-841ef0f0-810e-402a-b025-199ccedeeb72 tempest-TaggedAttachmentsTest-1376777710 tempest-TaggedAttachmentsTest-1376777710-project-member] Calling method 'show' {{(pid=86140) _process_stack /opt/stack/cinder/cinder/api/openstack/wsgi.py:878}}
Jul 01 21:25:21 devstack devstack@c-api.service[86141]: /opt/stack/data/venv/lib/python3.12/site-packages/oslo_context/context.py:102: DeprecationWarning: Policy enforcement is depending on the value of is_admin. This key is deprecated. Please update your policy file to use the standard policy values.
Jul 01 21:25:21 devstack devstack@c-api.service[86141]: warnings.warn(
Jul 01 21:25:21 devstack devstack@c-api.service[86141]: INFO cinder.volume.api [None req-8b7301d7-0f3e-4321-880c-948984d2d155 tempest-AttachVolumeTestJSON-583559944 tempest-AttachVolumeTestJSON-583559944-project-member] Volume info retrieved successfully.
Jul 01 21:25:21 devstack devstack@c-api.service[86140]: /opt/stack/data/venv/lib/python3.12/site-packages/oslo_context/context.py:102: DeprecationWarning: Policy enforcement is depending on the value of is_admin. This key is deprecated. Please update your policy file to use the standard policy values.
Jul 01 21:25:21 devstack devstack@c-api.service[86140]: warnings.warn(
Jul 01 21:25:21 devstack devstack@c-api.service[86141]: INFO cinder.api.openstack.wsgi [None req-8b7301d7-0f3e-4321-880c-948984d2d155 tempest-AttachVolumeTestJSON-583559944 tempest-AttachVolumeTestJSON-583559944-project-member] http://192.168.122.71/volume/v3/volumes/7524fe1e-14e2-4ce3-8a11-07d66a4607f6 returned with HTTP 200
Jul 01 21:25:21 devstack devstack@c-api.service[86141]: [pid: 86141|app: 0|req: 133/270] 192.168.122.71 () {58 vars in 1227 bytes} [Wed Jul 1 21:25:21 2026] GET /volume/v3/volumes/7524fe1e-14e2-4ce3-8a11-07d66a4607f6 => generated 1146 bytes in 55 msecs (HTTP/1.1 200) 7 headers in 286 bytes (1 switches on core 0)
Jul 01 21:25:21 devstack devstack@c-api.service[86140]: INFO cinder.volume.api [None req-841ef0f0-810e-402a-b025-199ccedeeb72 tempest-TaggedAttachmentsTest-1376777710 tempest-TaggedAttachmentsTest-1376777710-project-member] Volume info retrieved successfully.
Jul 01 21:25:21 devstack devstack@c-api.service[86140]: INFO cinder.api.openstack.wsgi [None req-841ef0f0-810e-402a-b025-199ccedeeb72 tempest-TaggedAttachmentsTest-1376777710 tempest-TaggedAttachmentsTest-1376777710-project-member] http://192.168.122.71/volume/v3/volumes/6a069805-9fc1-4e04-bd78-48ed6bad781e returned with HTTP 200
Jul 01 21:25:21 devstack devstack@c-api.service[86140]: [pid: 86140|app: 0|req: 138/271] 192.168.122.71 () {58 vars in 1227 bytes} [Wed Jul 1 21:25:21 2026] GET /volume/v3/volumes/6a069805-9fc1-4e04-bd78-48ed6bad781e => generated 852 bytes in 54 msecs (HTTP/1.1 200) 7 headers in 285 bytes (1 switches on core 0)
Jul 01 21:25:22 devstack devstack@c-api.service[86141]: DEBUG cinder.api.middleware.request_id [None req-6ac0d3bc-a0d7-4724-9431-8b17806f2ed0 None None] RequestId filter calling following filter/app {{(pid=86141) _context_setter /opt/stack/cinder/cinder/api/middleware/request_id.py:62}}
Jul 01 21:25:22 devstack devstack@c-api.service[86141]: INFO cinder.api.openstack.wsgi [None req-6ac0d3bc-a0d7-4724-9431-8b17806f2ed0 tempest-GroupsTest-487580807 tempest-GroupsTest-487580807-project-member] GET http://192.168.122.71/volume/v3/volumes/f697c251-86a5-4472-acaa-e5a0663f3761
Jul 01 21:25:22 devstack devstack@c-api.service[86141]: DEBUG cinder.api.openstack.wsgi [None req-6ac0d3bc-a0d7-4724-9431-8b17806f2ed0 tempest-GroupsTest-487580807 tempest-GroupsTest-487580807-project-member] Empty body provided in request {{(pid=86141) get_body /opt/stack/cinder/cinder/api/openstack/wsgi.py:725}}
Jul 01 21:25:22 devstack devstack@c-api.service[86141]: DEBUG cinder.api.openstack.wsgi [None req-6ac0d3bc-a0d7-4724-9431-8b17806f2ed0 tempest-GroupsTest-487580807 tempest-GroupsTest-487580807-project-member] Calling method 'show' {{(pid=86141) _process_stack /opt/stack/cinder/cinder/api/openstack/wsgi.py:878}}
Jul 01 21:25:22 devstack devstack@c-api.service[86141]: /opt/stack/data/venv/lib/python3.12/site-packages/oslo_context/context.py:102: DeprecationWarning: Policy enforcement is depending on the value of is_admin. This key is deprecated. Please update your policy file to use the standard policy values.
Jul 01 21:25:22 devstack devstack@c-api.service[86141]: warnings.warn(
Jul 01 21:25:22 devstack devstack@c-api.service[86141]: INFO cinder.volume.api [None req-6ac0d3bc-a0d7-4724-9431-8b17806f2ed0 tempest-GroupsTest-487580807 tempest-GroupsTest-487580807-project-member] Volume info retrieved successfully.
Jul 01 21:25:22 devstack devstack@c-api.service[86141]: WARNING stevedore.named [None req-6ac0d3bc-a0d7-4724-9431-8b17806f2ed0 tempest-GroupsTest-487580807 tempest-GroupsTest-487580807-project-member] Could not load cinder.keymgr.conf_key_mgr.ConfKeyManager
Jul 01 21:25:22 devstack devstack@c-api.service[86141]: WARNING castellan.key_manager [None req-6ac0d3bc-a0d7-4724-9431-8b17806f2ed0 tempest-GroupsTest-487580807 tempest-GroupsTest-487580807-project-member] Deprecation Warning : cinder.keymgr.conf_key_mgr.ConfKeyManager is not a stevedore based driver, trying to load it as a class: stevedore.exception.NoMatches: No 'castellan.drivers' driver found, looking for 'cinder.keymgr.conf_key_mgr.ConfKeyManager'
Jul 01 21:25:22 devstack devstack@c-api.service[86140]: DEBUG cinder.api.middleware.request_id [req-c8c734ef-aacb-4677-a4fc-1c013665adbc req-1d5b8bca-1f81-4947-8c21-a1984d514a4a None None] RequestId filter calling following filter/app {{(pid=86140) _context_setter /opt/stack/cinder/cinder/api/middleware/request_id.py:62}}
Jul 01 21:25:22 devstack devstack@c-api.service[86140]: INFO cinder.api.openstack.wsgi [req-c8c734ef-aacb-4677-a4fc-1c013665adbc req-1d5b8bca-1f81-4947-8c21-a1984d514a4a tempest-AttachVolumeTestJSON-583559944 tempest-AttachVolumeTestJSON-583559944-project-member] DELETE http://192.168.122.71/volume/v3/attachments/6ef32137-e7e6-43e1-864b-0a7582adacbb
Jul 01 21:25:22 devstack devstack@c-api.service[86140]: DEBUG cinder.api.openstack.wsgi [req-c8c734ef-aacb-4677-a4fc-1c013665adbc req-1d5b8bca-1f81-4947-8c21-a1984d514a4a tempest-AttachVolumeTestJSON-583559944 tempest-AttachVolumeTestJSON-583559944-project-member] Empty body provided in request {{(pid=86140) get_body /opt/stack/cinder/cinder/api/openstack/wsgi.py:725}}
Jul 01 21:25:22 devstack devstack@c-api.service[86140]: DEBUG cinder.api.openstack.wsgi [req-c8c734ef-aacb-4677-a4fc-1c013665adbc req-1d5b8bca-1f81-4947-8c21-a1984d514a4a tempest-AttachVolumeTestJSON-583559944 tempest-AttachVolumeTestJSON-583559944-project-member] Calling method 'version_select' {{(pid=86140) _process_stack /opt/stack/cinder/cinder/api/openstack/wsgi.py:878}}
Jul 01 21:25:22 devstack devstack@c-api.service[86140]: /opt/stack/data/venv/lib/python3.12/site-packages/oslo_context/context.py:102: DeprecationWarning: Policy enforcement is depending on the value of is_admin. This key is deprecated. Please update your policy file to use the standard policy values.
Jul 01 21:25:22 devstack devstack@c-api.service[86140]: warnings.warn(
Jul 01 21:25:22 devstack devstack@c-api.service[86141]: DEBUG oslo_db.sqlalchemy.engines [None req-6ac0d3bc-a0d7-4724-9431-8b17806f2ed0 tempest-GroupsTest-487580807 tempest-GroupsTest-487580807-project-member] MySQL server mode set to STRICT_TRANS_TABLES,STRICT_ALL_TABLES,NO_ZERO_IN_DATE,NO_ZERO_DATE,ERROR_FOR_DIVISION_BY_ZERO,TRADITIONAL,NO_ENGINE_SUBSTITUTION {{(pid=86141) _check_effective_sql_mode /opt/stack/data/venv/lib/python3.12/site-packages/oslo_db/sqlalchemy/engines.py:325}}
Jul 01 21:25:22 devstack devstack@c-api.service[86141]: /opt/stack/data/venv/lib/python3.12/site-packages/oslo_context/context.py:102: DeprecationWarning: Policy enforcement is depending on the value of is_admin. This key is deprecated. Please update your policy file to use the standard policy values.
Jul 01 21:25:22 devstack devstack@c-api.service[86141]: warnings.warn(
Jul 01 21:25:22 devstack devstack@c-api.service[86141]: INFO cinder.api.openstack.wsgi [None req-6ac0d3bc-a0d7-4724-9431-8b17806f2ed0 tempest-GroupsTest-487580807 tempest-GroupsTest-487580807-project-member] http://192.168.122.71/volume/v3/volumes/f697c251-86a5-4472-acaa-e5a0663f3761 returned with HTTP 200
Jul 01 21:25:22 devstack devstack@c-api.service[86141]: [pid: 86141|app: 0|req: 134/272] 192.168.122.71 () {60 vars in 1268 bytes} [Wed Jul 1 21:25:22 2026] GET /volume/v3/volumes/f697c251-86a5-4472-acaa-e5a0663f3761 => generated 911 bytes in 189 msecs (HTTP/1.1 200) 7 headers in 286 bytes (1 switches on core 0)
Jul 01 21:25:22 devstack devstack@c-api.service[86141]: DEBUG cinder.api.middleware.request_id [None req-16a49bc7-0c76-4a81-bf57-12db4f4ba10f None None] RequestId filter calling following filter/app {{(pid=86141) _context_setter /opt/stack/cinder/cinder/api/middleware/request_id.py:62}}
Jul 01 21:25:22 devstack devstack@c-api.service[86141]: INFO cinder.api.openstack.wsgi [None req-16a49bc7-0c76-4a81-bf57-12db4f4ba10f tempest-GroupsTest-487580807 tempest-GroupsTest-487580807-project-member] POST http://192.168.122.71/volume/v3/volumes
Jul 01 21:25:22 devstack devstack@c-api.service[86141]: DEBUG cinder.api.openstack.wsgi [None req-16a49bc7-0c76-4a81-bf57-12db4f4ba10f tempest-GroupsTest-487580807 tempest-GroupsTest-487580807-project-member] Action: 'create', calling method: create, body: {"volume": {"name": "tempest-volume-1732703100", "volume_type": "c8a5f608-0013-4bc1-92ae-d32b6221bd7a", "group_id": "2ceb17a1-66d7-4c73-9d97-271a2de191ac", "size": 1}} {{(pid=86141) _process_stack /opt/stack/cinder/cinder/api/openstack/wsgi.py:876}}
Jul 01 21:25:22 devstack devstack@c-api.service[86141]: DEBUG cinder.api.v3.volumes [None req-16a49bc7-0c76-4a81-bf57-12db4f4ba10f tempest-GroupsTest-487580807 tempest-GroupsTest-487580807-project-member] Create volume request body: {'volume': {'name': 'tempest-volume-1732703100', 'volume_type': 'c8a5f608-0013-4bc1-92ae-d32b6221bd7a', 'group_id': '2ceb17a1-66d7-4c73-9d97-271a2de191ac', 'size': 1}} {{(pid=86141) create /opt/stack/cinder/cinder/api/v3/volumes.py:368}}
Jul 01 21:25:22 devstack devstack@c-api.service[86141]: /opt/stack/data/venv/lib/python3.12/site-packages/oslo_context/context.py:102: DeprecationWarning: Policy enforcement is depending on the value of is_admin. This key is deprecated. Please update your policy file to use the standard policy values.
Jul 01 21:25:22 devstack devstack@c-api.service[86141]: warnings.warn(
Jul 01 21:25:22 devstack devstack@c-api.service[86141]: INFO cinder.api.v3.volumes [None req-16a49bc7-0c76-4a81-bf57-12db4f4ba10f tempest-GroupsTest-487580807 tempest-GroupsTest-487580807-project-member] Create volume of 1 GB
Jul 01 21:25:22 devstack devstack@c-api.service[86141]: INFO cinder.volume.api [None req-16a49bc7-0c76-4a81-bf57-12db4f4ba10f tempest-GroupsTest-487580807 tempest-GroupsTest-487580807-project-member] Availability Zones retrieved successfully.
Jul 01 21:25:22 devstack devstack@c-api.service[86141]: DEBUG cinder.volume.api [None req-16a49bc7-0c76-4a81-bf57-12db4f4ba10f tempest-GroupsTest-487580807 tempest-GroupsTest-487580807-project-member] Flow 'volume_create_api' (a0fbc335-a822-4c19-9b11-d40179d1ae92) transitioned into state 'RUNNING' from state 'PENDING' {{(pid=86141) _flow_receiver /opt/stack/data/venv/lib/python3.12/site-packages/taskflow/listeners/logging.py:160}}
Jul 01 21:25:22 devstack devstack@c-api.service[86141]: DEBUG cinder.volume.api [None req-16a49bc7-0c76-4a81-bf57-12db4f4ba10f tempest-GroupsTest-487580807 tempest-GroupsTest-487580807-project-member] Task 'cinder.volume.flows.api.create_volume.ExtractVolumeRequestTask;volume:create' (03be441e-6fa9-41a8-a18e-d7be00de242b) transitioned into state 'RUNNING' from state 'PENDING' {{(pid=86141) _task_receiver /opt/stack/data/venv/lib/python3.12/site-packages/taskflow/listeners/logging.py:242}}
Jul 01 21:25:22 devstack devstack@c-api.service[86141]: /opt/stack/data/venv/lib/python3.12/site-packages/oslo_context/context.py:102: DeprecationWarning: Policy enforcement is depending on the value of is_admin. This key is deprecated. Please update your policy file to use the standard policy values.
Jul 01 21:25:22 devstack devstack@c-api.service[86141]: warnings.warn(
Jul 01 21:25:22 devstack devstack@c-api.service[86141]: DEBUG cinder.volume.flows.api.create_volume [None req-16a49bc7-0c76-4a81-bf57-12db4f4ba10f tempest-GroupsTest-487580807 tempest-GroupsTest-487580807-project-member] Validating volume size '1' using validate_int {{(pid=86141) _extract_size /opt/stack/cinder/cinder/volume/flows/api/create_volume.py:226}}
Jul 01 21:25:22 devstack devstack@c-api.service[86141]: DEBUG cinder.volume.api [None req-16a49bc7-0c76-4a81-bf57-12db4f4ba10f tempest-GroupsTest-487580807 tempest-GroupsTest-487580807-project-member] Task 'cinder.volume.flows.api.create_volume.ExtractVolumeRequestTask;volume:create' (03be441e-6fa9-41a8-a18e-d7be00de242b) transitioned into state 'SUCCESS' from state 'RUNNING' with result '{'size': 1, 'snapshot_id': None, 'source_volid': None, 'volume_type': VolumeType(created_at=2026-07-01T19:25:16Z,deleted=False,deleted_at=None,description=None,extra_specs={},id=c8a5f608-0013-4bc1-92ae-d32b6221bd7a,is_public=True,name='tempest-GroupsTest-volume-type-57635612',projects=[],qos_specs=,qos_specs_id=None,updated_at=None), 'volume_type_id': 'c8a5f608-0013-4bc1-92ae-d32b6221bd7a', 'encryption_key_id': None, 'qos_specs': None, 'consistencygroup_id': None, 'cgsnapshot_id': None, 'group_id': '2ceb17a1-66d7-4c73-9d97-271a2de191ac', 'replication_status': 'disabled', 'refresh_az': False, 'backup_id': None, 'multiattach': False, 'availability_zones': ['nova']}' {{(pid=86141) _task_receiver /opt/stack/data/venv/lib/python3.12/site-packages/taskflow/listeners/logging.py:218}}
Jul 01 21:25:22 devstack devstack@c-api.service[86141]: DEBUG cinder.volume.api [None req-16a49bc7-0c76-4a81-bf57-12db4f4ba10f tempest-GroupsTest-487580807 tempest-GroupsTest-487580807-project-member] Task 'cinder.volume.flows.api.create_volume.QuotaReserveTask;volume:create' (224e7570-8502-467d-9b47-3f0f63221940) transitioned into state 'RUNNING' from state 'PENDING' {{(pid=86141) _task_receiver /opt/stack/data/venv/lib/python3.12/site-packages/taskflow/listeners/logging.py:242}}
Jul 01 21:25:22 devstack devstack@c-api.service[86141]: WARNING cinder.quota [None req-16a49bc7-0c76-4a81-bf57-12db4f4ba10f tempest-GroupsTest-487580807 tempest-GroupsTest-487580807-project-member] Deprecated: Default quota for resource: volumes_tempest-GroupsTest-volume-type-57635612 is set by the default quota flag: quota_volumes_tempest-GroupsTest-volume-type-57635612, it is now deprecated. Please use the default quota class for default quota.
Jul 01 21:25:22 devstack devstack@c-api.service[86141]: WARNING cinder.quota [None req-16a49bc7-0c76-4a81-bf57-12db4f4ba10f tempest-GroupsTest-487580807 tempest-GroupsTest-487580807-project-member] Deprecated: Default quota for resource: gigabytes_tempest-GroupsTest-volume-type-57635612 is set by the default quota flag: quota_gigabytes_tempest-GroupsTest-volume-type-57635612, it is now deprecated. Please use the default quota class for default quota.
Jul 01 21:25:22 devstack devstack@c-api.service[86141]: DEBUG cinder.quota [None req-16a49bc7-0c76-4a81-bf57-12db4f4ba10f tempest-GroupsTest-487580807 tempest-GroupsTest-487580807-project-member] Created reservations ['c111d305-4084-48c2-9820-d8836c93f5cf', '85a5e6ea-c7e4-4096-8c01-32d8e9b4a5f4', 'e62de336-3aab-405d-9c7c-4847ad73f80f', '5a613dd5-e094-42cf-b60a-39b872af3727'] {{(pid=86141) reserve /opt/stack/cinder/cinder/quota.py:752}}
Jul 01 21:25:22 devstack devstack@c-api.service[86141]: DEBUG cinder.volume.api [None req-16a49bc7-0c76-4a81-bf57-12db4f4ba10f tempest-GroupsTest-487580807 tempest-GroupsTest-487580807-project-member] Task 'cinder.volume.flows.api.create_volume.QuotaReserveTask;volume:create' (224e7570-8502-467d-9b47-3f0f63221940) transitioned into state 'SUCCESS' from state 'RUNNING' with result '{'reservations': ['c111d305-4084-48c2-9820-d8836c93f5cf', '85a5e6ea-c7e4-4096-8c01-32d8e9b4a5f4', 'e62de336-3aab-405d-9c7c-4847ad73f80f', '5a613dd5-e094-42cf-b60a-39b872af3727']}' {{(pid=86141) _task_receiver /opt/stack/data/venv/lib/python3.12/site-packages/taskflow/listeners/logging.py:218}}
Jul 01 21:25:22 devstack devstack@c-api.service[86141]: DEBUG cinder.volume.api [None req-16a49bc7-0c76-4a81-bf57-12db4f4ba10f tempest-GroupsTest-487580807 tempest-GroupsTest-487580807-project-member] Task 'cinder.volume.flows.api.create_volume.EntryCreateTask;volume:create' (fcbc14fd-0f35-49be-bf3b-263360a5deeb) transitioned into state 'RUNNING' from state 'PENDING' {{(pid=86141) _task_receiver /opt/stack/data/venv/lib/python3.12/site-packages/taskflow/listeners/logging.py:242}}
Jul 01 21:25:22 devstack devstack@c-api.service[86141]: DEBUG cinder.volume.api [None req-16a49bc7-0c76-4a81-bf57-12db4f4ba10f tempest-GroupsTest-487580807 tempest-GroupsTest-487580807-project-member] Task 'cinder.volume.flows.api.create_volume.EntryCreateTask;volume:create' (fcbc14fd-0f35-49be-bf3b-263360a5deeb) transitioned into state 'SUCCESS' from state 'RUNNING' with result '{'volume_id': '23fbaaf2-8d1a-4bec-941e-893257dd82a7', 'volume_properties': VolumeProperties(attach_status='detached',availability_zone='nova',cgsnapshot_id=None,consistencygroup_id=None,display_description=None,display_name='tempest-volume-1732703100',encryption_key_id=None,group_id=2ceb17a1-66d7-4c73-9d97-271a2de191ac,group_type_id=,metadata={},multiattach=False,project_id='356f05fb3daa4905936c1c89a9300305',qos_specs=None,replication_status=,reservations=['c111d305-4084-48c2-9820-d8836c93f5cf','85a5e6ea-c7e4-4096-8c01-32d8e9b4a5f4','e62de336-3aab-405d-9c7c-4847ad73f80f','5a613dd5-e094-42cf-b60a-39b872af3727'],size=1,snapshot_id=None,source_replicaid=,source_volid=None,status='creating',user_id='0049d3aaa8364b16b0862d439267e9db',volume_type_id=c8a5f608-0013-4bc1-92ae-d32b6221bd7a), 'volume': Volume(_name_id=None,admin_metadata=,attach_status='detached',availability_zone='nova',bootable=False,cluster=,cluster_name=None,consistencygroup=,consistencygroup_id=None,created_at=2026-07-01T19:25:22Z,deleted=False,deleted_at=None,display_description=None,display_name='tempest-volume-1732703100',ec2_id=None,encryption_key_id=None,glance_metadata=,group=,group_id=2ceb17a1-66d7-4c73-9d97-271a2de191ac,host=None,id=23fbaaf2-8d1a-4bec-941e-893257dd82a7,launched_at=None,metadata={},migration_status=None,multiattach=False,previous_status=None,project_id='356f05fb3daa4905936c1c89a9300305',provider_auth=None,provider_geometry=None,provider_id=None,provider_location=None,replication_driver_data=None,replication_extended_status=None,replication_status=None,scheduled_at=None,service_uuid=None,shared_targets=True,size=1,snapshot_id=None,snapshots=,source_volid=None,status='creating',terminated_at=None,updated_at=None,use_quota=True,user_id='0049d3aaa8364b16b0862d439267e9db',volume_attachment=VolumeAttachmentList,volume_type=VolumeType(c8a5f608-0013-4bc1-92ae-d32b6221bd7a),volume_type_id=c8a5f608-0013-4bc1-92ae-d32b6221bd7a)}' {{(pid=86141) _task_receiver /opt/stack/data/venv/lib/python3.12/site-packages/taskflow/listeners/logging.py:218}}
Jul 01 21:25:22 devstack devstack@c-api.service[86141]: DEBUG cinder.volume.api [None req-16a49bc7-0c76-4a81-bf57-12db4f4ba10f tempest-GroupsTest-487580807 tempest-GroupsTest-487580807-project-member] Task 'cinder.volume.flows.api.create_volume.QuotaCommitTask;volume:create' (30b9a744-1ecb-48c5-8bc5-c1a2addc1993) transitioned into state 'RUNNING' from state 'PENDING' {{(pid=86141) _task_receiver /opt/stack/data/venv/lib/python3.12/site-packages/taskflow/listeners/logging.py:242}}
