Jun 30 19:02:20 devstack cinder-volume[86306]: DEBUG oslo_concurrency.lockutils [None req-cd75bdb9-1b36-4240-ad83-f07a865387d4 tempest-ServersNegativeTestJSON-2096168578 None] Acquiring lock "quobyte_ensure" by "cinder.volume.drivers.quobyte.QuobyteDriver._ensure_shares_mounted" {{(pid=86306) inner /opt/stack/data/venv/lib/python3.12/site-packages/oslo_concurrency/lockutils.py:511}}
Jun 30 19:02:20 devstack cinder-volume[86306]: DEBUG oslo_concurrency.lockutils [None req-cd75bdb9-1b36-4240-ad83-f07a865387d4 tempest-ServersNegativeTestJSON-2096168578 None] Lock "quobyte_ensure" acquired by "cinder.volume.drivers.quobyte.QuobyteDriver._ensure_shares_mounted" :: waited 0.001s {{(pid=86306) inner /opt/stack/data/venv/lib/python3.12/site-packages/oslo_concurrency/lockutils.py:524}}
Jun 30 19:02:20 devstack cinder-volume[86306]: DEBUG cinder.volume.drivers.quobyte [None req-cd75bdb9-1b36-4240-ad83-f07a865387d4 tempest-ServersNegativeTestJSON-2096168578 None] Quobyte Volume URL set to: {'osci02.corp.quobyte.com/cinder-vol-d5c733aa-f1c2-48c2-94bd-f137bc1d77b7': None} {{(pid=86306) _load_shares_config /opt/stack/cinder/cinder/volume/drivers/quobyte.py:617}}
Jun 30 19:02:20 devstack sudo[89784]: pam_unix(sudo:session): session closed for user root
Jun 30 19:02:20 devstack cinder-volume[86306]: DEBUG cinder.volume.drivers.quobyte [None req-cd75bdb9-1b36-4240-ad83-f07a865387d4 tempest-ServersNegativeTestJSON-2096168578 None] Available shares ['osci02.corp.quobyte.com/cinder-vol-d5c733aa-f1c2-48c2-94bd-f137bc1d77b7'] {{(pid=86306) _ensure_shares_mounted /opt/stack/cinder/cinder/volume/drivers/quobyte.py:647}}
Jun 30 19:02:20 devstack cinder-volume[86306]: DEBUG oslo_concurrency.lockutils [None req-cd75bdb9-1b36-4240-ad83-f07a865387d4 tempest-ServersNegativeTestJSON-2096168578 None] Lock "quobyte_ensure" "released" by "cinder.volume.drivers.quobyte.QuobyteDriver._ensure_shares_mounted" :: held 0.008s {{(pid=86306) inner /opt/stack/data/venv/lib/python3.12/site-packages/oslo_concurrency/lockutils.py:543}}
Jun 30 19:02:20 devstack cinder-volume[86306]: DEBUG oslo_concurrency.processutils [None req-cd75bdb9-1b36-4240-ad83-f07a865387d4 tempest-ServersNegativeTestJSON-2096168578 None] Running cmd (subprocess): sudo cinder-rootwrap /etc/cinder/rootwrap.conf df --portability --block-size 1 /opt/stack/data/cinder/mnt/b7bfa4d4eea64b10f8fdbde3174e9a39 {{(pid=86306) execute /opt/stack/data/venv/lib/python3.12/site-packages/oslo_concurrency/processutils.py:440}}
Jun 30 19:02:20 devstack cinder-volume[86306]: DEBUG oslo_concurrency.processutils [None req-5555e32c-f63e-4050-9a8f-853ef175300a tempest-SnapshotsActionsTest-1543493400 None] CMD "/opt/stack/data/venv/bin/python3.12 -m oslo_concurrency.prlimit --as=1073741824 --cpu=60 -- sudo cinder-rootwrap /etc/cinder/rootwrap.conf env LC_ALL=C qemu-img info -f qcow2 --output=json --force-share /opt/stack/data/cinder/mnt/b7bfa4d4eea64b10f8fdbde3174e9a39/volume-e5eddaae-1dda-485b-8318-d48060bda5f1.0c31c816-18b3-44bb-ac8a-f6a0190d80e1" returned: 0 in 0.913s {{(pid=86306) execute /opt/stack/data/venv/lib/python3.12/site-packages/oslo_concurrency/processutils.py:468}}
Jun 30 19:02:20 devstack cinder-volume[86306]: DEBUG cinder.volume.drivers.remotefs [None req-5555e32c-f63e-4050-9a8f-853ef175300a tempest-SnapshotsActionsTest-1543493400 None] Fetching qemu-img info with special backing_file_template: (/opt/stack/data/cinder/mnt/[0-9a-f]+/)?(volume-e5eddaae-1dda-485b-8318-d48060bda5f1(.(tmp-snap-)?[0-9a-f-]+)?|volume_from_snapshot_cache/(tmp-snap-)?[0-9a-f-]+(.(child-|parent-)[0-9a-f-]+)?)$ {{(pid=86306) _qemu_img_info_base /opt/stack/cinder/cinder/volume/drivers/remotefs.py:896}}
Jun 30 19:02:20 devstack sudo[89793]: quobyte : PWD=/ ; USER=root ; COMMAND=/opt/stack/data/venv/bin/cinder-rootwrap /etc/cinder/rootwrap.conf df --portability --block-size 1 /opt/stack/data/cinder/mnt/b7bfa4d4eea64b10f8fdbde3174e9a39
Jun 30 19:02:20 devstack sudo[89793]: pam_unix(sudo:session): session opened for user root(uid=0) by (uid=1000)
Jun 30 19:02:20 devstack cinder-volume[86306]: DEBUG oslo.privsep.daemon [-] privsep: reply[6ecfdfb0-6b60-48d7-aeec-66c7ba7f8c89]: (4, 'qcow2') {{(pid=87364) _call_back /opt/stack/data/venv/lib/python3.12/site-packages/oslo_privsep/daemon.py:580}}
Jun 30 19:02:20 devstack cinder-volume[86306]: DEBUG oslo_concurrency.processutils [None req-5555e32c-f63e-4050-9a8f-853ef175300a tempest-SnapshotsActionsTest-1543493400 None] Running cmd (subprocess): /opt/stack/data/venv/bin/python3.12 -m oslo_concurrency.prlimit --as=1073741824 --cpu=60 -- sudo cinder-rootwrap /etc/cinder/rootwrap.conf env LC_ALL=C qemu-img info -f qcow2 --output=json --force-share /opt/stack/data/cinder/mnt/b7bfa4d4eea64b10f8fdbde3174e9a39/volume-e5eddaae-1dda-485b-8318-d48060bda5f1.b6101102-b64d-46c7-b5f8-9d2bdc0d4a59 {{(pid=86306) execute /opt/stack/data/venv/lib/python3.12/site-packages/oslo_concurrency/processutils.py:440}}
Jun 30 19:02:20 devstack sudo[89795]: quobyte : PWD=/ ; USER=root ; COMMAND=/opt/stack/data/venv/bin/cinder-rootwrap /etc/cinder/rootwrap.conf env LC_ALL=C qemu-img info -f qcow2 --output=json --force-share /opt/stack/data/cinder/mnt/b7bfa4d4eea64b10f8fdbde3174e9a39/volume-e5eddaae-1dda-485b-8318-d48060bda5f1.b6101102-b64d-46c7-b5f8-9d2bdc0d4a59
Jun 30 19:02:20 devstack sudo[89795]: pam_unix(sudo:session): session opened for user root(uid=0) by (uid=1000)
Jun 30 19:02:20 devstack sudo[89793]: pam_unix(sudo:session): session closed for user root
Jun 30 19:02:20 devstack cinder-volume[86306]: DEBUG oslo_concurrency.processutils [None req-cd75bdb9-1b36-4240-ad83-f07a865387d4 tempest-ServersNegativeTestJSON-2096168578 None] CMD "sudo cinder-rootwrap /etc/cinder/rootwrap.conf df --portability --block-size 1 /opt/stack/data/cinder/mnt/b7bfa4d4eea64b10f8fdbde3174e9a39" returned: 0 in 0.706s {{(pid=86306) execute /opt/stack/data/venv/lib/python3.12/site-packages/oslo_concurrency/processutils.py:468}}
Jun 30 19:02:20 devstack cinder-volume[86306]: DEBUG cinder.manager [None req-cd75bdb9-1b36-4240-ad83-f07a865387d4 tempest-ServersNegativeTestJSON-2096168578 None] Notifying Schedulers of capabilities ... {{(pid=86306) _publish_service_capabilities /opt/stack/cinder/cinder/manager.py:219}}
Jun 30 19:02:20 devstack cinder-volume[86306]: INFO cinder.volume.manager [None req-cd75bdb9-1b36-4240-ad83-f07a865387d4 tempest-ServersNegativeTestJSON-2096168578 None] Deleted volume successfully.
Jun 30 19:02:20 devstack cinder-volume[86306]: DEBUG cinder.coordination [None req-cd75bdb9-1b36-4240-ad83-f07a865387d4 tempest-ServersNegativeTestJSON-2096168578 None] Lock "cinder-cd6d50d3-2025-4315-b25a-32f2f1d1f47f-delete_volume" released by "delete_volume" :: held 2.682s {{(pid=86306) __release /opt/stack/cinder/cinder/coordination.py:152}}
Jun 30 19:02:20 devstack sudo[89795]: pam_unix(sudo:session): session closed for user root
Jun 30 19:02:20 devstack cinder-volume[86306]: DEBUG oslo_concurrency.processutils [None req-5555e32c-f63e-4050-9a8f-853ef175300a tempest-SnapshotsActionsTest-1543493400 None] CMD "/opt/stack/data/venv/bin/python3.12 -m oslo_concurrency.prlimit --as=1073741824 --cpu=60 -- sudo cinder-rootwrap /etc/cinder/rootwrap.conf env LC_ALL=C qemu-img info -f qcow2 --output=json --force-share /opt/stack/data/cinder/mnt/b7bfa4d4eea64b10f8fdbde3174e9a39/volume-e5eddaae-1dda-485b-8318-d48060bda5f1.b6101102-b64d-46c7-b5f8-9d2bdc0d4a59" returned: 0 in 0.861s {{(pid=86306) execute /opt/stack/data/venv/lib/python3.12/site-packages/oslo_concurrency/processutils.py:468}}
Jun 30 19:02:20 devstack cinder-volume[86306]: DEBUG cinder.volume.drivers.remotefs [None req-5555e32c-f63e-4050-9a8f-853ef175300a tempest-SnapshotsActionsTest-1543493400 None] Fetching qemu-img info with special backing_file_template: (/opt/stack/data/cinder/mnt/[0-9a-f]+/)?(volume-e5eddaae-1dda-485b-8318-d48060bda5f1(.(tmp-snap-)?[0-9a-f-]+)?|volume_from_snapshot_cache/(tmp-snap-)?[0-9a-f-]+(.(child-|parent-)[0-9a-f-]+)?)$ {{(pid=86306) _qemu_img_info_base /opt/stack/cinder/cinder/volume/drivers/remotefs.py:896}}
Jun 30 19:02:20 devstack cinder-volume[86306]: DEBUG oslo_concurrency.processutils [None req-5555e32c-f63e-4050-9a8f-853ef175300a tempest-SnapshotsActionsTest-1543493400 None] Running cmd (subprocess): sudo cinder-rootwrap /etc/cinder/rootwrap.conf qemu-img commit -d /opt/stack/data/cinder/mnt/b7bfa4d4eea64b10f8fdbde3174e9a39/volume-e5eddaae-1dda-485b-8318-d48060bda5f1.0c31c816-18b3-44bb-ac8a-f6a0190d80e1 {{(pid=86306) execute /opt/stack/data/venv/lib/python3.12/site-packages/oslo_concurrency/processutils.py:440}}
Jun 30 19:02:21 devstack sudo[89805]: quobyte : PWD=/ ; USER=root ; COMMAND=/opt/stack/data/venv/bin/cinder-rootwrap /etc/cinder/rootwrap.conf qemu-img commit -d /opt/stack/data/cinder/mnt/b7bfa4d4eea64b10f8fdbde3174e9a39/volume-e5eddaae-1dda-485b-8318-d48060bda5f1.0c31c816-18b3-44bb-ac8a-f6a0190d80e1
Jun 30 19:02:21 devstack sudo[89805]: pam_unix(sudo:session): session opened for user root(uid=0) by (uid=1000)
Jun 30 19:02:22 devstack sudo[89805]: pam_unix(sudo:session): session closed for user root
Jun 30 19:02:22 devstack cinder-volume[86306]: DEBUG oslo_concurrency.processutils [None req-5555e32c-f63e-4050-9a8f-853ef175300a tempest-SnapshotsActionsTest-1543493400 None] CMD "sudo cinder-rootwrap /etc/cinder/rootwrap.conf qemu-img commit -d /opt/stack/data/cinder/mnt/b7bfa4d4eea64b10f8fdbde3174e9a39/volume-e5eddaae-1dda-485b-8318-d48060bda5f1.0c31c816-18b3-44bb-ac8a-f6a0190d80e1" returned: 0 in 1.207s {{(pid=86306) execute /opt/stack/data/venv/lib/python3.12/site-packages/oslo_concurrency/processutils.py:468}}
Jun 30 19:02:22 devstack cinder-volume[86306]: DEBUG oslo_concurrency.processutils [None req-5555e32c-f63e-4050-9a8f-853ef175300a tempest-SnapshotsActionsTest-1543493400 None] Running cmd (subprocess): sudo cinder-rootwrap /etc/cinder/rootwrap.conf rm -f /opt/stack/data/cinder/mnt/b7bfa4d4eea64b10f8fdbde3174e9a39/volume-e5eddaae-1dda-485b-8318-d48060bda5f1.0c31c816-18b3-44bb-ac8a-f6a0190d80e1 {{(pid=86306) execute /opt/stack/data/venv/lib/python3.12/site-packages/oslo_concurrency/processutils.py:440}}
Jun 30 19:02:22 devstack sudo[89861]: quobyte : PWD=/ ; USER=root ; COMMAND=/opt/stack/data/venv/bin/cinder-rootwrap /etc/cinder/rootwrap.conf rm -f /opt/stack/data/cinder/mnt/b7bfa4d4eea64b10f8fdbde3174e9a39/volume-e5eddaae-1dda-485b-8318-d48060bda5f1.0c31c816-18b3-44bb-ac8a-f6a0190d80e1
Jun 30 19:02:22 devstack sudo[89861]: pam_unix(sudo:session): session opened for user root(uid=0) by (uid=1000)
Jun 30 19:02:22 devstack sudo[89861]: pam_unix(sudo:session): session closed for user root
Jun 30 19:02:22 devstack cinder-volume[86306]: DEBUG oslo_concurrency.processutils [None req-5555e32c-f63e-4050-9a8f-853ef175300a tempest-SnapshotsActionsTest-1543493400 None] CMD "sudo cinder-rootwrap /etc/cinder/rootwrap.conf rm -f /opt/stack/data/cinder/mnt/b7bfa4d4eea64b10f8fdbde3174e9a39/volume-e5eddaae-1dda-485b-8318-d48060bda5f1.0c31c816-18b3-44bb-ac8a-f6a0190d80e1" returned: 0 in 0.725s {{(pid=86306) execute /opt/stack/data/venv/lib/python3.12/site-packages/oslo_concurrency/processutils.py:468}}
Jun 30 19:02:22 devstack cinder-volume[86306]: DEBUG cinder.coordination [None req-5555e32c-f63e-4050-9a8f-853ef175300a tempest-SnapshotsActionsTest-1543493400 None] Lock "cinder-quobyte-0c31c816-18b3-44bb-ac8a-f6a0190d80e1" released by "_delete_snapshot" :: held 3.850s {{(pid=86306) __release /opt/stack/cinder/cinder/coordination.py:152}}
Jun 30 19:02:22 devstack cinder-volume[86306]: DEBUG cinder.coordination [None req-5555e32c-f63e-4050-9a8f-853ef175300a tempest-SnapshotsActionsTest-1543493400 None] Lock "cinder-quobyte-e5eddaae-1dda-485b-8318-d48060bda5f1" released by "delete_snapshot" :: held 3.881s {{(pid=86306) __release /opt/stack/cinder/cinder/coordination.py:152}}
Jun 30 19:02:23 devstack cinder-volume[86306]: DEBUG cinder.quota [None req-5555e32c-f63e-4050-9a8f-853ef175300a tempest-SnapshotsActionsTest-1543493400 None] Created reservations ['11ca3181-90f2-4b0d-a315-f45469f69756', 'c8521259-74af-4778-9c51-08e0dc8b2da3', 'f7694846-3dab-450a-a5fe-fdf5a2f4ac0d', 'c76584ca-324d-4e3f-aa12-ba5917f249ce'] {{(pid=86306) reserve /opt/stack/cinder/cinder/quota.py:752}}
Jun 30 19:02:23 devstack cinder-volume[86306]: INFO cinder.volume.manager [None req-5555e32c-f63e-4050-9a8f-853ef175300a tempest-SnapshotsActionsTest-1543493400 None] Delete snapshot completed successfully.
Jun 30 19:02:23 devstack cinder-volume[86306]: DEBUG cinder.coordination [None req-5555e32c-f63e-4050-9a8f-853ef175300a tempest-SnapshotsActionsTest-1543493400 None] Lock "cinder-0c31c816-18b3-44bb-ac8a-f6a0190d80e1-delete_snapshot" released by "delete_snapshot" :: held 4.019s {{(pid=86306) __release /opt/stack/cinder/cinder/coordination.py:152}}
Jun 30 19:02:23 devstack cinder-volume[86306]: DEBUG oslo_concurrency.lockutils [None req-8616238c-16ba-4b55-b79c-3af0a5d5cdbd tempest-SnapshotsActionsTest-2002123730 None] Acquiring lock "quobyte" by "cinder.volume.drivers.quobyte.QuobyteDriver.create_snapshot" {{(pid=86306) inner /opt/stack/data/venv/lib/python3.12/site-packages/oslo_concurrency/lockutils.py:511}}
Jun 30 19:02:23 devstack cinder-volume[86306]: DEBUG oslo_concurrency.lockutils [None req-8616238c-16ba-4b55-b79c-3af0a5d5cdbd tempest-SnapshotsActionsTest-2002123730 None] Lock "quobyte" acquired by "cinder.volume.drivers.quobyte.QuobyteDriver.create_snapshot" :: waited 0.001s {{(pid=86306) inner /opt/stack/data/venv/lib/python3.12/site-packages/oslo_concurrency/lockutils.py:524}}
Jun 30 19:02:23 devstack cinder-volume[86306]: DEBUG cinder.volume.drivers.remotefs [None req-8616238c-16ba-4b55-b79c-3af0a5d5cdbd tempest-SnapshotsActionsTest-2002123730 None] Creating offline snapshot 42a2f161-f973-4221-bc00-a025c691833a of volume e5eddaae-1dda-485b-8318-d48060bda5f1 {{(pid=86306) _create_snapshot /opt/stack/cinder/cinder/volume/drivers/remotefs.py:1816}}
Jun 30 19:02:23 devstack cinder-volume[86306]: DEBUG oslo.privsep.daemon [-] privsep: reply[dc0deeda-be93-4eae-aabd-47fbc376126e]: (4, 'qcow2') {{(pid=87364) _call_back /opt/stack/data/venv/lib/python3.12/site-packages/oslo_privsep/daemon.py:580}}
Jun 30 19:02:23 devstack cinder-volume[86306]: DEBUG oslo_concurrency.processutils [None req-8616238c-16ba-4b55-b79c-3af0a5d5cdbd tempest-SnapshotsActionsTest-2002123730 None] Running cmd (subprocess): /opt/stack/data/venv/bin/python3.12 -m oslo_concurrency.prlimit --as=1073741824 --cpu=60 -- sudo cinder-rootwrap /etc/cinder/rootwrap.conf env LC_ALL=C qemu-img info -f qcow2 --output=json --force-share /opt/stack/data/cinder/mnt/b7bfa4d4eea64b10f8fdbde3174e9a39/volume-e5eddaae-1dda-485b-8318-d48060bda5f1.b6101102-b64d-46c7-b5f8-9d2bdc0d4a59 {{(pid=86306) execute /opt/stack/data/venv/lib/python3.12/site-packages/oslo_concurrency/processutils.py:440}}
Jun 30 19:02:23 devstack sudo[89870]: quobyte : PWD=/ ; USER=root ; COMMAND=/opt/stack/data/venv/bin/cinder-rootwrap /etc/cinder/rootwrap.conf env LC_ALL=C qemu-img info -f qcow2 --output=json --force-share /opt/stack/data/cinder/mnt/b7bfa4d4eea64b10f8fdbde3174e9a39/volume-e5eddaae-1dda-485b-8318-d48060bda5f1.b6101102-b64d-46c7-b5f8-9d2bdc0d4a59
Jun 30 19:02:23 devstack sudo[89870]: pam_unix(sudo:session): session opened for user root(uid=0) by (uid=1000)
Jun 30 19:02:24 devstack sudo[89870]: pam_unix(sudo:session): session closed for user root
Jun 30 19:02:24 devstack cinder-volume[86306]: DEBUG oslo_concurrency.processutils [None req-8616238c-16ba-4b55-b79c-3af0a5d5cdbd tempest-SnapshotsActionsTest-2002123730 None] CMD "/opt/stack/data/venv/bin/python3.12 -m oslo_concurrency.prlimit --as=1073741824 --cpu=60 -- sudo cinder-rootwrap /etc/cinder/rootwrap.conf env LC_ALL=C qemu-img info -f qcow2 --output=json --force-share /opt/stack/data/cinder/mnt/b7bfa4d4eea64b10f8fdbde3174e9a39/volume-e5eddaae-1dda-485b-8318-d48060bda5f1.b6101102-b64d-46c7-b5f8-9d2bdc0d4a59" returned: 0 in 0.837s {{(pid=86306) execute /opt/stack/data/venv/lib/python3.12/site-packages/oslo_concurrency/processutils.py:468}}
Jun 30 19:02:24 devstack cinder-volume[86306]: DEBUG cinder.volume.drivers.remotefs [None req-8616238c-16ba-4b55-b79c-3af0a5d5cdbd tempest-SnapshotsActionsTest-2002123730 None] Fetching qemu-img info with special backing_file_template: (/opt/stack/data/cinder/mnt/[0-9a-f]+/)?(volume-e5eddaae-1dda-485b-8318-d48060bda5f1(.(tmp-snap-)?[0-9a-f-]+)?|volume_from_snapshot_cache/(tmp-snap-)?[0-9a-f-]+(.(child-|parent-)[0-9a-f-]+)?)$ {{(pid=86306) _qemu_img_info_base /opt/stack/cinder/cinder/volume/drivers/remotefs.py:896}}
Jun 30 19:02:24 devstack cinder-volume[86306]: DEBUG oslo_concurrency.processutils [None req-8616238c-16ba-4b55-b79c-3af0a5d5cdbd tempest-SnapshotsActionsTest-2002123730 None] Running cmd (subprocess): sudo cinder-rootwrap /etc/cinder/rootwrap.conf qemu-img create -f qcow2 -o backing_file=/opt/stack/data/cinder/mnt/b7bfa4d4eea64b10f8fdbde3174e9a39/volume-e5eddaae-1dda-485b-8318-d48060bda5f1.b6101102-b64d-46c7-b5f8-9d2bdc0d4a59,backing_fmt=qcow2 /opt/stack/data/cinder/mnt/b7bfa4d4eea64b10f8fdbde3174e9a39/volume-e5eddaae-1dda-485b-8318-d48060bda5f1.42a2f161-f973-4221-bc00-a025c691833a 1G {{(pid=86306) execute /opt/stack/data/venv/lib/python3.12/site-packages/oslo_concurrency/processutils.py:440}}
Jun 30 19:02:24 devstack sudo[89879]: quobyte : PWD=/ ; USER=root ; COMMAND=/opt/stack/data/venv/bin/cinder-rootwrap /etc/cinder/rootwrap.conf qemu-img create -f qcow2 -o backing_file=/opt/stack/data/cinder/mnt/b7bfa4d4eea64b10f8fdbde3174e9a39/volume-e5eddaae-1dda-485b-8318-d48060bda5f1.b6101102-b64d-46c7-b5f8-9d2bdc0d4a59,backing_fmt=qcow2 /opt/stack/data/cinder/mnt/b7bfa4d4eea64b10f8fdbde3174e9a39/volume-e5eddaae-1dda-485b-8318-d48060bda5f1.42a2f161-f973-4221-bc00-a025c691833a 1G
Jun 30 19:02:24 devstack sudo[89879]: pam_unix(sudo:session): session opened for user root(uid=0) by (uid=1000)
Jun 30 19:02:25 devstack sudo[89879]: pam_unix(sudo:session): session closed for user root
Jun 30 19:02:25 devstack cinder-volume[86306]: DEBUG oslo_concurrency.processutils [None req-8616238c-16ba-4b55-b79c-3af0a5d5cdbd tempest-SnapshotsActionsTest-2002123730 None] CMD "sudo cinder-rootwrap /etc/cinder/rootwrap.conf qemu-img create -f qcow2 -o backing_file=/opt/stack/data/cinder/mnt/b7bfa4d4eea64b10f8fdbde3174e9a39/volume-e5eddaae-1dda-485b-8318-d48060bda5f1.b6101102-b64d-46c7-b5f8-9d2bdc0d4a59,backing_fmt=qcow2 /opt/stack/data/cinder/mnt/b7bfa4d4eea64b10f8fdbde3174e9a39/volume-e5eddaae-1dda-485b-8318-d48060bda5f1.42a2f161-f973-4221-bc00-a025c691833a 1G" returned: 0 in 0.920s {{(pid=86306) execute /opt/stack/data/venv/lib/python3.12/site-packages/oslo_concurrency/processutils.py:468}}
Jun 30 19:02:25 devstack cinder-volume[86306]: DEBUG oslo_concurrency.processutils [None req-8616238c-16ba-4b55-b79c-3af0a5d5cdbd tempest-SnapshotsActionsTest-2002123730 None] Running cmd (subprocess): sudo cinder-rootwrap /etc/cinder/rootwrap.conf qemu-img rebase -u -b volume-e5eddaae-1dda-485b-8318-d48060bda5f1.b6101102-b64d-46c7-b5f8-9d2bdc0d4a59 -F qcow2 /opt/stack/data/cinder/mnt/b7bfa4d4eea64b10f8fdbde3174e9a39/volume-e5eddaae-1dda-485b-8318-d48060bda5f1.42a2f161-f973-4221-bc00-a025c691833a {{(pid=86306) execute /opt/stack/data/venv/lib/python3.12/site-packages/oslo_concurrency/processutils.py:440}}
Jun 30 19:02:25 devstack sudo[89889]: quobyte : PWD=/ ; USER=root ; COMMAND=/opt/stack/data/venv/bin/cinder-rootwrap /etc/cinder/rootwrap.conf qemu-img rebase -u -b volume-e5eddaae-1dda-485b-8318-d48060bda5f1.b6101102-b64d-46c7-b5f8-9d2bdc0d4a59 -F qcow2 /opt/stack/data/cinder/mnt/b7bfa4d4eea64b10f8fdbde3174e9a39/volume-e5eddaae-1dda-485b-8318-d48060bda5f1.42a2f161-f973-4221-bc00-a025c691833a
Jun 30 19:02:25 devstack sudo[89889]: pam_unix(sudo:session): session opened for user root(uid=0) by (uid=1000)
Jun 30 19:02:25 devstack cinder-volume[86306]: INFO cinder.volume.manager [req-069db84d-7417-41b7-836c-abbef01cf373 req-fee407bc-213c-4922-8e07-6113b0310776 tempest-ServerActionsTestOtherA-1342988845 None] Terminate volume connection completed successfully.
Jun 30 19:02:25 devstack cinder-volume[86306]: DEBUG cinder.volume.manager [req-069db84d-7417-41b7-836c-abbef01cf373 req-fee407bc-213c-4922-8e07-6113b0310776 tempest-ServerActionsTestOtherA-1342988845 None] Deleting attachment 5d90c6e8-dde0-43a5-b98d-b50c5fcb42c6. {{(pid=86306) attachment_delete /opt/stack/cinder/cinder/volume/manager.py:5055}}
Jun 30 19:02:26 devstack sudo[89889]: pam_unix(sudo:session): session closed for user root
Jun 30 19:02:26 devstack cinder-volume[86306]: DEBUG oslo_concurrency.processutils [None req-8616238c-16ba-4b55-b79c-3af0a5d5cdbd tempest-SnapshotsActionsTest-2002123730 None] CMD "sudo cinder-rootwrap /etc/cinder/rootwrap.conf qemu-img rebase -u -b volume-e5eddaae-1dda-485b-8318-d48060bda5f1.b6101102-b64d-46c7-b5f8-9d2bdc0d4a59 -F qcow2 /opt/stack/data/cinder/mnt/b7bfa4d4eea64b10f8fdbde3174e9a39/volume-e5eddaae-1dda-485b-8318-d48060bda5f1.42a2f161-f973-4221-bc00-a025c691833a" returned: 0 in 0.727s {{(pid=86306) execute /opt/stack/data/venv/lib/python3.12/site-packages/oslo_concurrency/processutils.py:468}}
Jun 30 19:02:26 devstack cinder-volume[86306]: WARNING cinder.volume.drivers.remotefs [None req-8616238c-16ba-4b55-b79c-3af0a5d5cdbd tempest-SnapshotsActionsTest-2002123730 None] /opt/stack/data/cinder/mnt/b7bfa4d4eea64b10f8fdbde3174e9a39/volume-e5eddaae-1dda-485b-8318-d48060bda5f1.42a2f161-f973-4221-bc00-a025c691833a is being set with open permissions: ugo+rw
Jun 30 19:02:26 devstack cinder-volume[86306]: DEBUG oslo_concurrency.processutils [None req-8616238c-16ba-4b55-b79c-3af0a5d5cdbd tempest-SnapshotsActionsTest-2002123730 None] Running cmd (subprocess): sudo cinder-rootwrap /etc/cinder/rootwrap.conf chmod ugo+rw /opt/stack/data/cinder/mnt/b7bfa4d4eea64b10f8fdbde3174e9a39/volume-e5eddaae-1dda-485b-8318-d48060bda5f1.42a2f161-f973-4221-bc00-a025c691833a {{(pid=86306) execute /opt/stack/data/venv/lib/python3.12/site-packages/oslo_concurrency/processutils.py:440}}
Jun 30 19:02:26 devstack sudo[89895]: quobyte : PWD=/ ; USER=root ; COMMAND=/opt/stack/data/venv/bin/cinder-rootwrap /etc/cinder/rootwrap.conf chmod ugo+rw /opt/stack/data/cinder/mnt/b7bfa4d4eea64b10f8fdbde3174e9a39/volume-e5eddaae-1dda-485b-8318-d48060bda5f1.42a2f161-f973-4221-bc00-a025c691833a
Jun 30 19:02:26 devstack sudo[89895]: pam_unix(sudo:session): session opened for user root(uid=0) by (uid=1000)
Jun 30 19:02:27 devstack sudo[89895]: pam_unix(sudo:session): session closed for user root
Jun 30 19:02:27 devstack cinder-volume[86306]: DEBUG oslo_concurrency.processutils [None req-8616238c-16ba-4b55-b79c-3af0a5d5cdbd tempest-SnapshotsActionsTest-2002123730 None] CMD "sudo cinder-rootwrap /etc/cinder/rootwrap.conf chmod ugo+rw /opt/stack/data/cinder/mnt/b7bfa4d4eea64b10f8fdbde3174e9a39/volume-e5eddaae-1dda-485b-8318-d48060bda5f1.42a2f161-f973-4221-bc00-a025c691833a" returned: 0 in 0.672s {{(pid=86306) execute /opt/stack/data/venv/lib/python3.12/site-packages/oslo_concurrency/processutils.py:468}}
Jun 30 19:02:27 devstack cinder-volume[86306]: DEBUG oslo_concurrency.lockutils [None req-8616238c-16ba-4b55-b79c-3af0a5d5cdbd tempest-SnapshotsActionsTest-2002123730 None] Lock "quobyte" "released" by "cinder.volume.drivers.quobyte.QuobyteDriver.create_snapshot" :: held 3.308s {{(pid=86306) inner /opt/stack/data/venv/lib/python3.12/site-packages/oslo_concurrency/lockutils.py:543}}
Jun 30 19:02:27 devstack cinder-volume[86306]: INFO cinder.volume.manager [None req-8616238c-16ba-4b55-b79c-3af0a5d5cdbd tempest-SnapshotsActionsTest-2002123730 None] Create snapshot completed successfully
Jun 30 19:02:28 devstack cinder-volume[86306]: DEBUG cinder.coordination [None req-32345597-8572-4888-b3ec-3485eb430f51 tempest-SnapshotsActionsTest-1543493400 None] Acquiring lock "cinder-42a2f161-f973-4221-bc00-a025c691833a-delete_snapshot" by "delete_snapshot" {{(pid=86306) __acquire /opt/stack/cinder/cinder/coordination.py:138}}
Jun 30 19:02:28 devstack cinder-volume[86306]: DEBUG cinder.coordination [None req-32345597-8572-4888-b3ec-3485eb430f51 tempest-SnapshotsActionsTest-1543493400 None] Lock "cinder-42a2f161-f973-4221-bc00-a025c691833a-delete_snapshot" acquired by "delete_snapshot" :: waited 0.058s {{(pid=86306) __acquire /opt/stack/cinder/cinder/coordination.py:141}}
Jun 30 19:02:28 devstack cinder-volume[86306]: DEBUG cinder.coordination [None req-32345597-8572-4888-b3ec-3485eb430f51 tempest-SnapshotsActionsTest-1543493400 None] Acquiring lock "cinder-quobyte-e5eddaae-1dda-485b-8318-d48060bda5f1" by "delete_snapshot" {{(pid=86306) __acquire /opt/stack/cinder/cinder/coordination.py:138}}
Jun 30 19:02:28 devstack cinder-volume[86306]: DEBUG cinder.coordination [None req-32345597-8572-4888-b3ec-3485eb430f51 tempest-SnapshotsActionsTest-1543493400 None] Lock "cinder-quobyte-e5eddaae-1dda-485b-8318-d48060bda5f1" acquired by "delete_snapshot" :: waited 0.058s {{(pid=86306) __acquire /opt/stack/cinder/cinder/coordination.py:141}}
Jun 30 19:02:28 devstack cinder-volume[86306]: DEBUG cinder.coordination [None req-32345597-8572-4888-b3ec-3485eb430f51 tempest-SnapshotsActionsTest-1543493400 None] Acquiring lock "cinder-quobyte-42a2f161-f973-4221-bc00-a025c691833a" by "_delete_snapshot" {{(pid=86306) __acquire /opt/stack/cinder/cinder/coordination.py:138}}
Jun 30 19:02:28 devstack cinder-volume[86306]: DEBUG cinder.coordination [None req-32345597-8572-4888-b3ec-3485eb430f51 tempest-SnapshotsActionsTest-1543493400 None] Lock "cinder-quobyte-42a2f161-f973-4221-bc00-a025c691833a" acquired by "_delete_snapshot" :: waited 0.045s {{(pid=86306) __acquire /opt/stack/cinder/cinder/coordination.py:141}}
Jun 30 19:02:28 devstack cinder-volume[86306]: DEBUG cinder.volume.drivers.remotefs [None req-32345597-8572-4888-b3ec-3485eb430f51 tempest-SnapshotsActionsTest-1543493400 None] Deleting offline snapshot 42a2f161-f973-4221-bc00-a025c691833a of volume e5eddaae-1dda-485b-8318-d48060bda5f1 {{(pid=86306) _delete_snapshot /opt/stack/cinder/cinder/volume/drivers/remotefs.py:1288}}
Jun 30 19:02:28 devstack cinder-volume[86306]: DEBUG cinder.volume.drivers.remotefs [None req-32345597-8572-4888-b3ec-3485eb430f51 tempest-SnapshotsActionsTest-1543493400 None] snapshot_file for this snap is: volume-e5eddaae-1dda-485b-8318-d48060bda5f1.42a2f161-f973-4221-bc00-a025c691833a {{(pid=86306) _delete_snapshot /opt/stack/cinder/cinder/volume/drivers/remotefs.py:1317}}
Jun 30 19:02:28 devstack cinder-volume[86306]: DEBUG oslo.privsep.daemon [-] privsep: reply[622dde49-0273-4459-a54f-7b540cc615a4]: (4, 'qcow2') {{(pid=87364) _call_back /opt/stack/data/venv/lib/python3.12/site-packages/oslo_privsep/daemon.py:580}}
Jun 30 19:02:28 devstack cinder-volume[86306]: DEBUG oslo_concurrency.processutils [None req-32345597-8572-4888-b3ec-3485eb430f51 tempest-SnapshotsActionsTest-1543493400 None] Running cmd (subprocess): /opt/stack/data/venv/bin/python3.12 -m oslo_concurrency.prlimit --as=1073741824 --cpu=60 -- sudo cinder-rootwrap /etc/cinder/rootwrap.conf env LC_ALL=C qemu-img info -f qcow2 --output=json --force-share /opt/stack/data/cinder/mnt/b7bfa4d4eea64b10f8fdbde3174e9a39/volume-e5eddaae-1dda-485b-8318-d48060bda5f1.42a2f161-f973-4221-bc00-a025c691833a {{(pid=86306) execute /opt/stack/data/venv/lib/python3.12/site-packages/oslo_concurrency/processutils.py:440}}
Jun 30 19:02:28 devstack sudo[89942]: quobyte : PWD=/ ; USER=root ; COMMAND=/opt/stack/data/venv/bin/cinder-rootwrap /etc/cinder/rootwrap.conf env LC_ALL=C qemu-img info -f qcow2 --output=json --force-share /opt/stack/data/cinder/mnt/b7bfa4d4eea64b10f8fdbde3174e9a39/volume-e5eddaae-1dda-485b-8318-d48060bda5f1.42a2f161-f973-4221-bc00-a025c691833a
Jun 30 19:02:28 devstack sudo[89942]: pam_unix(sudo:session): session opened for user root(uid=0) by (uid=1000)
Jun 30 19:02:29 devstack sudo[89942]: pam_unix(sudo:session): session closed for user root
Jun 30 19:02:29 devstack cinder-volume[86306]: DEBUG oslo_concurrency.processutils [None req-32345597-8572-4888-b3ec-3485eb430f51 tempest-SnapshotsActionsTest-1543493400 None] CMD "/opt/stack/data/venv/bin/python3.12 -m oslo_concurrency.prlimit --as=1073741824 --cpu=60 -- sudo cinder-rootwrap /etc/cinder/rootwrap.conf env LC_ALL=C qemu-img info -f qcow2 --output=json --force-share /opt/stack/data/cinder/mnt/b7bfa4d4eea64b10f8fdbde3174e9a39/volume-e5eddaae-1dda-485b-8318-d48060bda5f1.42a2f161-f973-4221-bc00-a025c691833a" returned: 0 in 1.215s {{(pid=86306) execute /opt/stack/data/venv/lib/python3.12/site-packages/oslo_concurrency/processutils.py:468}}
Jun 30 19:02:29 devstack cinder-volume[86306]: DEBUG cinder.volume.drivers.remotefs [None req-32345597-8572-4888-b3ec-3485eb430f51 tempest-SnapshotsActionsTest-1543493400 None] Fetching qemu-img info with special backing_file_template: (/opt/stack/data/cinder/mnt/[0-9a-f]+/)?(volume-e5eddaae-1dda-485b-8318-d48060bda5f1(.(tmp-snap-)?[0-9a-f-]+)?|volume_from_snapshot_cache/(tmp-snap-)?[0-9a-f-]+(.(child-|parent-)[0-9a-f-]+)?)$ {{(pid=86306) _qemu_img_info_base /opt/stack/cinder/cinder/volume/drivers/remotefs.py:896}}
Jun 30 19:02:29 devstack cinder-volume[86306]: DEBUG oslo.privsep.daemon [-] privsep: reply[a714f71f-9ae6-401b-bc66-bb704e8b27d1]: (4, 'qcow2') {{(pid=87364) _call_back /opt/stack/data/venv/lib/python3.12/site-packages/oslo_privsep/daemon.py:580}}
Jun 30 19:02:29 devstack cinder-volume[86306]: DEBUG oslo_concurrency.processutils [None req-32345597-8572-4888-b3ec-3485eb430f51 tempest-SnapshotsActionsTest-1543493400 None] Running cmd (subprocess): /opt/stack/data/venv/bin/python3.12 -m oslo_concurrency.prlimit --as=1073741824 --cpu=60 -- sudo cinder-rootwrap /etc/cinder/rootwrap.conf env LC_ALL=C qemu-img info -f qcow2 --output=json --force-share /opt/stack/data/cinder/mnt/b7bfa4d4eea64b10f8fdbde3174e9a39/volume-e5eddaae-1dda-485b-8318-d48060bda5f1.b6101102-b64d-46c7-b5f8-9d2bdc0d4a59 {{(pid=86306) execute /opt/stack/data/venv/lib/python3.12/site-packages/oslo_concurrency/processutils.py:440}}
Jun 30 19:02:29 devstack sudo[90039]: quobyte : PWD=/ ; USER=root ; COMMAND=/opt/stack/data/venv/bin/cinder-rootwrap /etc/cinder/rootwrap.conf env LC_ALL=C qemu-img info -f qcow2 --output=json --force-share /opt/stack/data/cinder/mnt/b7bfa4d4eea64b10f8fdbde3174e9a39/volume-e5eddaae-1dda-485b-8318-d48060bda5f1.b6101102-b64d-46c7-b5f8-9d2bdc0d4a59
Jun 30 19:02:29 devstack sudo[90039]: pam_unix(sudo:session): session opened for user root(uid=0) by (uid=1000)
Jun 30 19:02:30 devstack sudo[90039]: pam_unix(sudo:session): session closed for user root
Jun 30 19:02:30 devstack cinder-volume[86306]: DEBUG oslo_concurrency.processutils [None req-32345597-8572-4888-b3ec-3485eb430f51 tempest-SnapshotsActionsTest-1543493400 None] CMD "/opt/stack/data/venv/bin/python3.12 -m oslo_concurrency.prlimit --as=1073741824 --cpu=60 -- sudo cinder-rootwrap /etc/cinder/rootwrap.conf env LC_ALL=C qemu-img info -f qcow2 --output=json --force-share /opt/stack/data/cinder/mnt/b7bfa4d4eea64b10f8fdbde3174e9a39/volume-e5eddaae-1dda-485b-8318-d48060bda5f1.b6101102-b64d-46c7-b5f8-9d2bdc0d4a59" returned: 0 in 1.036s {{(pid=86306) execute /opt/stack/data/venv/lib/python3.12/site-packages/oslo_concurrency/processutils.py:468}}
Jun 30 19:02:30 devstack cinder-volume[86306]: DEBUG cinder.volume.drivers.remotefs [None req-32345597-8572-4888-b3ec-3485eb430f51 tempest-SnapshotsActionsTest-1543493400 None] Fetching qemu-img info with special backing_file_template: (/opt/stack/data/cinder/mnt/[0-9a-f]+/)?(volume-e5eddaae-1dda-485b-8318-d48060bda5f1(.(tmp-snap-)?[0-9a-f-]+)?|volume_from_snapshot_cache/(tmp-snap-)?[0-9a-f-]+(.(child-|parent-)[0-9a-f-]+)?)$ {{(pid=86306) _qemu_img_info_base /opt/stack/cinder/cinder/volume/drivers/remotefs.py:896}}
Jun 30 19:02:30 devstack cinder-volume[86306]: DEBUG oslo_concurrency.processutils [None req-32345597-8572-4888-b3ec-3485eb430f51 tempest-SnapshotsActionsTest-1543493400 None] Running cmd (subprocess): sudo cinder-rootwrap /etc/cinder/rootwrap.conf qemu-img commit -d /opt/stack/data/cinder/mnt/b7bfa4d4eea64b10f8fdbde3174e9a39/volume-e5eddaae-1dda-485b-8318-d48060bda5f1.42a2f161-f973-4221-bc00-a025c691833a {{(pid=86306) execute /opt/stack/data/venv/lib/python3.12/site-packages/oslo_concurrency/processutils.py:440}}
Jun 30 19:02:30 devstack sudo[90053]: quobyte : PWD=/ ; USER=root ; COMMAND=/opt/stack/data/venv/bin/cinder-rootwrap /etc/cinder/rootwrap.conf qemu-img commit -d /opt/stack/data/cinder/mnt/b7bfa4d4eea64b10f8fdbde3174e9a39/volume-e5eddaae-1dda-485b-8318-d48060bda5f1.42a2f161-f973-4221-bc00-a025c691833a
Jun 30 19:02:30 devstack sudo[90053]: pam_unix(sudo:session): session opened for user root(uid=0) by (uid=1000)
Jun 30 19:02:31 devstack sudo[90053]: pam_unix(sudo:session): session closed for user root
Jun 30 19:02:31 devstack cinder-volume[86306]: DEBUG oslo_concurrency.processutils [None req-32345597-8572-4888-b3ec-3485eb430f51 tempest-SnapshotsActionsTest-1543493400 None] CMD "sudo cinder-rootwrap /etc/cinder/rootwrap.conf qemu-img commit -d /opt/stack/data/cinder/mnt/b7bfa4d4eea64b10f8fdbde3174e9a39/volume-e5eddaae-1dda-485b-8318-d48060bda5f1.42a2f161-f973-4221-bc00-a025c691833a" returned: 0 in 0.844s {{(pid=86306) execute /opt/stack/data/venv/lib/python3.12/site-packages/oslo_concurrency/processutils.py:468}}
Jun 30 19:02:31 devstack cinder-volume[86306]: DEBUG oslo_concurrency.processutils [None req-32345597-8572-4888-b3ec-3485eb430f51 tempest-SnapshotsActionsTest-1543493400 None] Running cmd (subprocess): sudo cinder-rootwrap /etc/cinder/rootwrap.conf rm -f /opt/stack/data/cinder/mnt/b7bfa4d4eea64b10f8fdbde3174e9a39/volume-e5eddaae-1dda-485b-8318-d48060bda5f1.42a2f161-f973-4221-bc00-a025c691833a {{(pid=86306) execute /opt/stack/data/venv/lib/python3.12/site-packages/oslo_concurrency/processutils.py:440}}
Jun 30 19:02:31 devstack sudo[90062]: quobyte : PWD=/ ; USER=root ; COMMAND=/opt/stack/data/venv/bin/cinder-rootwrap /etc/cinder/rootwrap.conf rm -f /opt/stack/data/cinder/mnt/b7bfa4d4eea64b10f8fdbde3174e9a39/volume-e5eddaae-1dda-485b-8318-d48060bda5f1.42a2f161-f973-4221-bc00-a025c691833a
Jun 30 19:02:31 devstack sudo[90062]: pam_unix(sudo:session): session opened for user root(uid=0) by (uid=1000)
Jun 30 19:02:32 devstack cinder-volume[86306]: DEBUG oslo_concurrency.processutils [None req-32345597-8572-4888-b3ec-3485eb430f51 tempest-SnapshotsActionsTest-1543493400 None] CMD "sudo cinder-rootwrap /etc/cinder/rootwrap.conf rm -f /opt/stack/data/cinder/mnt/b7bfa4d4eea64b10f8fdbde3174e9a39/volume-e5eddaae-1dda-485b-8318-d48060bda5f1.42a2f161-f973-4221-bc00-a025c691833a" returned: 0 in 0.781s {{(pid=86306) execute /opt/stack/data/venv/lib/python3.12/site-packages/oslo_concurrency/processutils.py:468}}
Jun 30 19:02:32 devstack sudo[90062]: pam_unix(sudo:session): session closed for user root
Jun 30 19:02:32 devstack cinder-volume[86306]: DEBUG cinder.coordination [None req-32345597-8572-4888-b3ec-3485eb430f51 tempest-SnapshotsActionsTest-1543493400 None] Lock "cinder-quobyte-42a2f161-f973-4221-bc00-a025c691833a" released by "_delete_snapshot" :: held 4.074s {{(pid=86306) __release /opt/stack/cinder/cinder/coordination.py:152}}
Jun 30 19:02:32 devstack cinder-volume[86306]: DEBUG cinder.coordination [None req-32345597-8572-4888-b3ec-3485eb430f51 tempest-SnapshotsActionsTest-1543493400 None] Lock "cinder-quobyte-e5eddaae-1dda-485b-8318-d48060bda5f1" released by "delete_snapshot" :: held 4.129s {{(pid=86306) __release /opt/stack/cinder/cinder/coordination.py:152}}
Jun 30 19:02:32 devstack cinder-volume[86306]: DEBUG cinder.quota [None req-32345597-8572-4888-b3ec-3485eb430f51 tempest-SnapshotsActionsTest-1543493400 None] Created reservations ['abc89c6f-8c29-4d03-8054-891a524f33b1', '527ebd2e-6845-4135-ad84-3e8aa2790c2f', '7a63f2b7-01f4-4e19-b11d-3a622726cba2', '1876bb00-733f-44c6-aca0-179bf891c0ea'] {{(pid=86306) reserve /opt/stack/cinder/cinder/quota.py:752}}
Jun 30 19:02:32 devstack cinder-volume[86306]: INFO cinder.volume.manager [None req-32345597-8572-4888-b3ec-3485eb430f51 tempest-SnapshotsActionsTest-1543493400 None] Delete snapshot completed successfully.
Jun 30 19:02:32 devstack cinder-volume[86306]: DEBUG cinder.coordination [None req-32345597-8572-4888-b3ec-3485eb430f51 tempest-SnapshotsActionsTest-1543493400 None] Lock "cinder-42a2f161-f973-4221-bc00-a025c691833a-delete_snapshot" released by "delete_snapshot" :: held 4.328s {{(pid=86306) __release /opt/stack/cinder/cinder/coordination.py:152}}
Jun 30 19:02:33 devstack cinder-volume[86306]: DEBUG oslo_concurrency.lockutils [None req-d055671e-4632-4516-b3b3-dadf303666d2 tempest-SnapshotsActionsTest-2002123730 None] Acquiring lock "quobyte" by "cinder.volume.drivers.quobyte.QuobyteDriver.create_snapshot" {{(pid=86306) inner /opt/stack/data/venv/lib/python3.12/site-packages/oslo_concurrency/lockutils.py:511}}
Jun 30 19:02:33 devstack cinder-volume[86306]: DEBUG oslo_concurrency.lockutils [None req-d055671e-4632-4516-b3b3-dadf303666d2 tempest-SnapshotsActionsTest-2002123730 None] Lock "quobyte" acquired by "cinder.volume.drivers.quobyte.QuobyteDriver.create_snapshot" :: waited 0.001s {{(pid=86306) inner /opt/stack/data/venv/lib/python3.12/site-packages/oslo_concurrency/lockutils.py:524}}
Jun 30 19:02:33 devstack cinder-volume[86306]: DEBUG cinder.volume.drivers.remotefs [None req-d055671e-4632-4516-b3b3-dadf303666d2 tempest-SnapshotsActionsTest-2002123730 None] Creating offline snapshot db06e6da-ce2b-4ea7-a9d5-bffa3a50d690 of volume e5eddaae-1dda-485b-8318-d48060bda5f1 {{(pid=86306) _create_snapshot /opt/stack/cinder/cinder/volume/drivers/remotefs.py:1816}}
Jun 30 19:02:34 devstack cinder-volume[86306]: DEBUG oslo.privsep.daemon [-] privsep: reply[15d14f70-0a1b-4030-94e5-d212a5e777f8]: (4, 'qcow2') {{(pid=87364) _call_back /opt/stack/data/venv/lib/python3.12/site-packages/oslo_privsep/daemon.py:580}}
Jun 30 19:02:34 devstack cinder-volume[86306]: DEBUG oslo_concurrency.processutils [None req-d055671e-4632-4516-b3b3-dadf303666d2 tempest-SnapshotsActionsTest-2002123730 None] Running cmd (subprocess): /opt/stack/data/venv/bin/python3.12 -m oslo_concurrency.prlimit --as=1073741824 --cpu=60 -- sudo cinder-rootwrap /etc/cinder/rootwrap.conf env LC_ALL=C qemu-img info -f qcow2 --output=json --force-share /opt/stack/data/cinder/mnt/b7bfa4d4eea64b10f8fdbde3174e9a39/volume-e5eddaae-1dda-485b-8318-d48060bda5f1.b6101102-b64d-46c7-b5f8-9d2bdc0d4a59 {{(pid=86306) execute /opt/stack/data/venv/lib/python3.12/site-packages/oslo_concurrency/processutils.py:440}}
Jun 30 19:02:34 devstack sudo[90073]: quobyte : PWD=/ ; USER=root ; COMMAND=/opt/stack/data/venv/bin/cinder-rootwrap /etc/cinder/rootwrap.conf env LC_ALL=C qemu-img info -f qcow2 --output=json --force-share /opt/stack/data/cinder/mnt/b7bfa4d4eea64b10f8fdbde3174e9a39/volume-e5eddaae-1dda-485b-8318-d48060bda5f1.b6101102-b64d-46c7-b5f8-9d2bdc0d4a59
Jun 30 19:02:34 devstack sudo[90073]: pam_unix(sudo:session): session opened for user root(uid=0) by (uid=1000)
Jun 30 19:02:34 devstack sudo[90073]: pam_unix(sudo:session): session closed for user root
Jun 30 19:02:34 devstack cinder-volume[86306]: DEBUG oslo_concurrency.processutils [None req-d055671e-4632-4516-b3b3-dadf303666d2 tempest-SnapshotsActionsTest-2002123730 None] CMD "/opt/stack/data/venv/bin/python3.12 -m oslo_concurrency.prlimit --as=1073741824 --cpu=60 -- sudo cinder-rootwrap /etc/cinder/rootwrap.conf env LC_ALL=C qemu-img info -f qcow2 --output=json --force-share /opt/stack/data/cinder/mnt/b7bfa4d4eea64b10f8fdbde3174e9a39/volume-e5eddaae-1dda-485b-8318-d48060bda5f1.b6101102-b64d-46c7-b5f8-9d2bdc0d4a59" returned: 0 in 0.924s {{(pid=86306) execute /opt/stack/data/venv/lib/python3.12/site-packages/oslo_concurrency/processutils.py:468}}
Jun 30 19:02:34 devstack cinder-volume[86306]: DEBUG cinder.volume.drivers.remotefs [None req-d055671e-4632-4516-b3b3-dadf303666d2 tempest-SnapshotsActionsTest-2002123730 None] Fetching qemu-img info with special backing_file_template: (/opt/stack/data/cinder/mnt/[0-9a-f]+/)?(volume-e5eddaae-1dda-485b-8318-d48060bda5f1(.(tmp-snap-)?[0-9a-f-]+)?|volume_from_snapshot_cache/(tmp-snap-)?[0-9a-f-]+(.(child-|parent-)[0-9a-f-]+)?)$ {{(pid=86306) _qemu_img_info_base /opt/stack/cinder/cinder/volume/drivers/remotefs.py:896}}
Jun 30 19:02:34 devstack cinder-volume[86306]: DEBUG oslo_concurrency.processutils [None req-d055671e-4632-4516-b3b3-dadf303666d2 tempest-SnapshotsActionsTest-2002123730 None] Running cmd (subprocess): sudo cinder-rootwrap /etc/cinder/rootwrap.conf qemu-img create -f qcow2 -o backing_file=/opt/stack/data/cinder/mnt/b7bfa4d4eea64b10f8fdbde3174e9a39/volume-e5eddaae-1dda-485b-8318-d48060bda5f1.b6101102-b64d-46c7-b5f8-9d2bdc0d4a59,backing_fmt=qcow2 /opt/stack/data/cinder/mnt/b7bfa4d4eea64b10f8fdbde3174e9a39/volume-e5eddaae-1dda-485b-8318-d48060bda5f1.db06e6da-ce2b-4ea7-a9d5-bffa3a50d690 1G {{(pid=86306) execute /opt/stack/data/venv/lib/python3.12/site-packages/oslo_concurrency/processutils.py:440}}
Jun 30 19:02:34 devstack sudo[90078]: quobyte : PWD=/ ; USER=root ; COMMAND=/opt/stack/data/venv/bin/cinder-rootwrap /etc/cinder/rootwrap.conf qemu-img create -f qcow2 -o backing_file=/opt/stack/data/cinder/mnt/b7bfa4d4eea64b10f8fdbde3174e9a39/volume-e5eddaae-1dda-485b-8318-d48060bda5f1.b6101102-b64d-46c7-b5f8-9d2bdc0d4a59,backing_fmt=qcow2 /opt/stack/data/cinder/mnt/b7bfa4d4eea64b10f8fdbde3174e9a39/volume-e5eddaae-1dda-485b-8318-d48060bda5f1.db06e6da-ce2b-4ea7-a9d5-bffa3a50d690 1G
Jun 30 19:02:34 devstack sudo[90078]: pam_unix(sudo:session): session opened for user root(uid=0) by (uid=1000)
Jun 30 19:02:35 devstack sudo[90078]: pam_unix(sudo:session): session closed for user root
Jun 30 19:02:35 devstack cinder-volume[86306]: DEBUG oslo_concurrency.processutils [None req-d055671e-4632-4516-b3b3-dadf303666d2 tempest-SnapshotsActionsTest-2002123730 None] CMD "sudo cinder-rootwrap /etc/cinder/rootwrap.conf qemu-img create -f qcow2 -o backing_file=/opt/stack/data/cinder/mnt/b7bfa4d4eea64b10f8fdbde3174e9a39/volume-e5eddaae-1dda-485b-8318-d48060bda5f1.b6101102-b64d-46c7-b5f8-9d2bdc0d4a59,backing_fmt=qcow2 /opt/stack/data/cinder/mnt/b7bfa4d4eea64b10f8fdbde3174e9a39/volume-e5eddaae-1dda-485b-8318-d48060bda5f1.db06e6da-ce2b-4ea7-a9d5-bffa3a50d690 1G" returned: 0 in 0.991s {{(pid=86306) execute /opt/stack/data/venv/lib/python3.12/site-packages/oslo_concurrency/processutils.py:468}}
Jun 30 19:02:35 devstack cinder-volume[86306]: DEBUG oslo_concurrency.processutils [None req-d055671e-4632-4516-b3b3-dadf303666d2 tempest-SnapshotsActionsTest-2002123730 None] Running cmd (subprocess): sudo cinder-rootwrap /etc/cinder/rootwrap.conf qemu-img rebase -u -b volume-e5eddaae-1dda-485b-8318-d48060bda5f1.b6101102-b64d-46c7-b5f8-9d2bdc0d4a59 -F qcow2 /opt/stack/data/cinder/mnt/b7bfa4d4eea64b10f8fdbde3174e9a39/volume-e5eddaae-1dda-485b-8318-d48060bda5f1.db06e6da-ce2b-4ea7-a9d5-bffa3a50d690 {{(pid=86306) execute /opt/stack/data/venv/lib/python3.12/site-packages/oslo_concurrency/processutils.py:440}}
Jun 30 19:02:35 devstack sudo[90084]: quobyte : PWD=/ ; USER=root ; COMMAND=/opt/stack/data/venv/bin/cinder-rootwrap /etc/cinder/rootwrap.conf qemu-img rebase -u -b volume-e5eddaae-1dda-485b-8318-d48060bda5f1.b6101102-b64d-46c7-b5f8-9d2bdc0d4a59 -F qcow2 /opt/stack/data/cinder/mnt/b7bfa4d4eea64b10f8fdbde3174e9a39/volume-e5eddaae-1dda-485b-8318-d48060bda5f1.db06e6da-ce2b-4ea7-a9d5-bffa3a50d690
Jun 30 19:02:35 devstack sudo[90084]: pam_unix(sudo:session): session opened for user root(uid=0) by (uid=1000)
Jun 30 19:02:36 devstack sudo[90084]: pam_unix(sudo:session): session closed for user root
Jun 30 19:02:36 devstack cinder-volume[86306]: DEBUG oslo_concurrency.processutils [None req-d055671e-4632-4516-b3b3-dadf303666d2 tempest-SnapshotsActionsTest-2002123730 None] CMD "sudo cinder-rootwrap /etc/cinder/rootwrap.conf qemu-img rebase -u -b volume-e5eddaae-1dda-485b-8318-d48060bda5f1.b6101102-b64d-46c7-b5f8-9d2bdc0d4a59 -F qcow2 /opt/stack/data/cinder/mnt/b7bfa4d4eea64b10f8fdbde3174e9a39/volume-e5eddaae-1dda-485b-8318-d48060bda5f1.db06e6da-ce2b-4ea7-a9d5-bffa3a50d690" returned: 0 in 0.945s {{(pid=86306) execute /opt/stack/data/venv/lib/python3.12/site-packages/oslo_concurrency/processutils.py:468}}
Jun 30 19:02:36 devstack cinder-volume[86306]: WARNING cinder.volume.drivers.remotefs [None req-d055671e-4632-4516-b3b3-dadf303666d2 tempest-SnapshotsActionsTest-2002123730 None] /opt/stack/data/cinder/mnt/b7bfa4d4eea64b10f8fdbde3174e9a39/volume-e5eddaae-1dda-485b-8318-d48060bda5f1.db06e6da-ce2b-4ea7-a9d5-bffa3a50d690 is being set with open permissions: ugo+rw
Jun 30 19:02:36 devstack cinder-volume[86306]: DEBUG oslo_concurrency.processutils [None req-d055671e-4632-4516-b3b3-dadf303666d2 tempest-SnapshotsActionsTest-2002123730 None] Running cmd (subprocess): sudo cinder-rootwrap /etc/cinder/rootwrap.conf chmod ugo+rw /opt/stack/data/cinder/mnt/b7bfa4d4eea64b10f8fdbde3174e9a39/volume-e5eddaae-1dda-485b-8318-d48060bda5f1.db06e6da-ce2b-4ea7-a9d5-bffa3a50d690 {{(pid=86306) execute /opt/stack/data/venv/lib/python3.12/site-packages/oslo_concurrency/processutils.py:440}}
Jun 30 19:02:36 devstack sudo[90093]: quobyte : PWD=/ ; USER=root ; COMMAND=/opt/stack/data/venv/bin/cinder-rootwrap /etc/cinder/rootwrap.conf chmod ugo+rw /opt/stack/data/cinder/mnt/b7bfa4d4eea64b10f8fdbde3174e9a39/volume-e5eddaae-1dda-485b-8318-d48060bda5f1.db06e6da-ce2b-4ea7-a9d5-bffa3a50d690
Jun 30 19:02:36 devstack sudo[90093]: pam_unix(sudo:session): session opened for user root(uid=0) by (uid=1000)
Jun 30 19:02:37 devstack cinder-volume[86306]: DEBUG cinder.coordination [None req-5412066c-e741-49b4-b9b0-c48ad21b5fdc tempest-TaggedAttachmentsTest-1149489355 None] Acquiring lock "cinder-07cbfa7f-a567-42aa-a0a1-94f7693bab6d-delete_volume" by "delete_volume" {{(pid=86306) __acquire /opt/stack/cinder/cinder/coordination.py:138}}
Jun 30 19:02:37 devstack cinder-volume[86306]: DEBUG cinder.coordination [None req-5412066c-e741-49b4-b9b0-c48ad21b5fdc tempest-TaggedAttachmentsTest-1149489355 None] Lock "cinder-07cbfa7f-a567-42aa-a0a1-94f7693bab6d-delete_volume" acquired by "delete_volume" :: waited 0.023s {{(pid=86306) __acquire /opt/stack/cinder/cinder/coordination.py:141}}
Jun 30 19:02:37 devstack cinder-volume[86306]: DEBUG cinder.coordination [None req-5412066c-e741-49b4-b9b0-c48ad21b5fdc tempest-TaggedAttachmentsTest-1149489355 None] Acquiring lock "cinder-quobyte-07cbfa7f-a567-42aa-a0a1-94f7693bab6d" by "delete_volume" {{(pid=86306) __acquire /opt/stack/cinder/cinder/coordination.py:138}}
Jun 30 19:02:37 devstack cinder-volume[86306]: DEBUG cinder.coordination [None req-5412066c-e741-49b4-b9b0-c48ad21b5fdc tempest-TaggedAttachmentsTest-1149489355 None] Lock "cinder-quobyte-07cbfa7f-a567-42aa-a0a1-94f7693bab6d" acquired by "delete_volume" :: waited 0.020s {{(pid=86306) __acquire /opt/stack/cinder/cinder/coordination.py:141}}
Jun 30 19:02:37 devstack cinder-volume[86306]: DEBUG oslo.privsep.daemon [-] privsep: reply[a482f28f-3c90-4ddd-bb4f-2b0f655a8378]: (4, 'qcow2') {{(pid=87364) _call_back /opt/stack/data/venv/lib/python3.12/site-packages/oslo_privsep/daemon.py:580}}
Jun 30 19:02:37 devstack cinder-volume[86306]: DEBUG oslo_concurrency.processutils [None req-5412066c-e741-49b4-b9b0-c48ad21b5fdc tempest-TaggedAttachmentsTest-1149489355 None] Running cmd (subprocess): /opt/stack/data/venv/bin/python3.12 -m oslo_concurrency.prlimit --as=1073741824 --cpu=60 -- sudo cinder-rootwrap /etc/cinder/rootwrap.conf env LC_ALL=C qemu-img info -f qcow2 --output=json --force-share /opt/stack/data/cinder/mnt/b7bfa4d4eea64b10f8fdbde3174e9a39/volume-07cbfa7f-a567-42aa-a0a1-94f7693bab6d {{(pid=86306) execute /opt/stack/data/venv/lib/python3.12/site-packages/oslo_concurrency/processutils.py:440}}
Jun 30 19:02:37 devstack sudo[90095]: quobyte : PWD=/ ; USER=root ; COMMAND=/opt/stack/data/venv/bin/cinder-rootwrap /etc/cinder/rootwrap.conf env LC_ALL=C qemu-img info -f qcow2 --output=json --force-share /opt/stack/data/cinder/mnt/b7bfa4d4eea64b10f8fdbde3174e9a39/volume-07cbfa7f-a567-42aa-a0a1-94f7693bab6d
Jun 30 19:02:37 devstack sudo[90095]: pam_unix(sudo:session): session opened for user root(uid=0) by (uid=1000)
Jun 30 19:02:37 devstack cinder-volume[86306]: DEBUG cinder.coordination [None req-1a3a5239-bbc7-4572-862f-558d3edaf15f tempest-ServerActionsTestOtherA-1342988845 None] Acquiring lock "cinder-b3e9bdae-e5b5-431f-8442-0404dbbea369-delete_volume" by "delete_volume" {{(pid=86306) __acquire /opt/stack/cinder/cinder/coordination.py:138}}
Jun 30 19:02:37 devstack cinder-volume[86306]: DEBUG cinder.coordination [None req-1a3a5239-bbc7-4572-862f-558d3edaf15f tempest-ServerActionsTestOtherA-1342988845 None] Lock "cinder-b3e9bdae-e5b5-431f-8442-0404dbbea369-delete_volume" acquired by "delete_volume" :: waited 0.029s {{(pid=86306) __acquire /opt/stack/cinder/cinder/coordination.py:141}}
Jun 30 19:02:37 devstack cinder-volume[86306]: DEBUG cinder.coordination [None req-1a3a5239-bbc7-4572-862f-558d3edaf15f tempest-ServerActionsTestOtherA-1342988845 None] Acquiring lock "cinder-quobyte-b3e9bdae-e5b5-431f-8442-0404dbbea369" by "delete_volume" {{(pid=86306) __acquire /opt/stack/cinder/cinder/coordination.py:138}}
Jun 30 19:02:37 devstack cinder-volume[86306]: DEBUG cinder.coordination [None req-1a3a5239-bbc7-4572-862f-558d3edaf15f tempest-ServerActionsTestOtherA-1342988845 None] Lock "cinder-quobyte-b3e9bdae-e5b5-431f-8442-0404dbbea369" acquired by "delete_volume" :: waited 0.016s {{(pid=86306) __acquire /opt/stack/cinder/cinder/coordination.py:141}}
Jun 30 19:02:37 devstack cinder-volume[86306]: DEBUG oslo.privsep.daemon [-] privsep: reply[05aaec91-e662-4ecf-ae99-f334daae8e4d]: (4, 'qcow2') {{(pid=87364) _call_back /opt/stack/data/venv/lib/python3.12/site-packages/oslo_privsep/daemon.py:580}}
