Aug 29 13:08:52 devstack devstack@n-api.service[60461]: DEBUG nova.api.openstack.wsgi [None req-cf1ead9e-a989-4bbc-9edb-db2482a3e724 tempest-ServerRescueNegativeTestJSON-477876884 tempest-ServerRescueNegativeTestJSON-477876884-project-member] Action: 'create', calling method: >, body: {"server": {"name": "tempest-ServerRescueNegativeTestJSON-server-382025916", "imageRef": "9ccc8465-2a9b-49d5-8097-23b2336c201f", "flavorRef": "42", "adminPass": "***", "networks": [{"uuid": "}]}} {{(pid=60461) _process_stack /opt/stack/nova/nova/api/openstack/wsgi.py:549}}
Aug 29 13:08:52 devstack devstack@n-api.service[60461]: DEBUG oslo_concurrency.lockutils [None req-cf1ead9e-a989-4bbc-9edb-db2482a3e724 tempest-ServerRescueNegativeTestJSON-477876884 tempest-ServerRescueNegativeTestJSON-477876884-project-member] Acquiring lock "00000000-0000-0000-0000-000000000000" by "nova.context.set_target_cell..get_or_set_cached_cell_and_set_connections" {{(pid=60461) inner /opt/stack/data/venv/lib/python3.12/site-packages/oslo_concurrency/lockutils.py:512}}
Aug 29 13:08:52 devstack devstack@n-api.service[60461]: DEBUG oslo_concurrency.lockutils [None req-cf1ead9e-a989-4bbc-9edb-db2482a3e724 tempest-ServerRescueNegativeTestJSON-477876884 tempest-ServerRescueNegativeTestJSON-477876884-project-member] Lock "00000000-0000-0000-0000-000000000000" acquired by "nova.context.set_target_cell..get_or_set_cached_cell_and_set_connections" :: waited 0.001s {{(pid=60461) inner /opt/stack/data/venv/lib/python3.12/site-packages/oslo_concurrency/lockutils.py:525}}
Aug 29 13:08:52 devstack devstack@n-api.service[60461]: DEBUG oslo_concurrency.lockutils [None req-cf1ead9e-a989-4bbc-9edb-db2482a3e724 tempest-ServerRescueNegativeTestJSON-477876884 tempest-ServerRescueNegativeTestJSON-477876884-project-member] Lock "00000000-0000-0000-0000-000000000000" "released" by "nova.context.set_target_cell..get_or_set_cached_cell_and_set_connections" :: held 0.001s {{(pid=60461) inner /opt/stack/data/venv/lib/python3.12/site-packages/oslo_concurrency/lockutils.py:544}}
Aug 29 13:08:52 devstack devstack@n-api.service[60461]: DEBUG oslo_concurrency.lockutils [None req-cf1ead9e-a989-4bbc-9edb-db2482a3e724 tempest-ServerRescueNegativeTestJSON-477876884 tempest-ServerRescueNegativeTestJSON-477876884-project-member] Acquiring lock "1864c2cc-dd19-48df-9452-9737cca815ee" by "nova.context.set_target_cell..get_or_set_cached_cell_and_set_connections" {{(pid=60461) inner /opt/stack/data/venv/lib/python3.12/site-packages/oslo_concurrency/lockutils.py:512}}
Aug 29 13:08:52 devstack devstack@n-api.service[60461]: DEBUG oslo_concurrency.lockutils [None req-cf1ead9e-a989-4bbc-9edb-db2482a3e724 tempest-ServerRescueNegativeTestJSON-477876884 tempest-ServerRescueNegativeTestJSON-477876884-project-member] Lock "1864c2cc-dd19-48df-9452-9737cca815ee" acquired by "nova.context.set_target_cell..get_or_set_cached_cell_and_set_connections" :: waited 0.001s {{(pid=60461) inner /opt/stack/data/venv/lib/python3.12/site-packages/oslo_concurrency/lockutils.py:525}}
Aug 29 13:08:52 devstack devstack@n-api.service[60461]: DEBUG oslo_concurrency.lockutils [None req-cf1ead9e-a989-4bbc-9edb-db2482a3e724 tempest-ServerRescueNegativeTestJSON-477876884 tempest-ServerRescueNegativeTestJSON-477876884-project-member] Lock "1864c2cc-dd19-48df-9452-9737cca815ee" "released" by "nova.context.set_target_cell..get_or_set_cached_cell_and_set_connections" :: held 0.004s {{(pid=60461) inner /opt/stack/data/venv/lib/python3.12/site-packages/oslo_concurrency/lockutils.py:544}}
Aug 29 13:08:52 devstack devstack@n-api.service[60461]: DEBUG nova.network.neutron [None req-cf1ead9e-a989-4bbc-9edb-db2482a3e724 tempest-ServerRescueNegativeTestJSON-477876884 tempest-ServerRescueNegativeTestJSON-477876884-project-member] validate_networks() for [('9d558ae7-7389-4e7a-a0db-45b90676bf8d', None, None, None, None, None)] {{(pid=60461) validate_networks /opt/stack/nova/nova/network/neutron.py:2686}}
Aug 29 13:08:52 devstack devstack@n-api.service[60461]: WARNING neutronclient.v2_0.client [None req-cf1ead9e-a989-4bbc-9edb-db2482a3e724 tempest-ServerRescueNegativeTestJSON-477876884 tempest-ServerRescueNegativeTestJSON-477876884-project-member] The python binding code in neutronclient is deprecated in favor of OpenstackSDK, please use that as this will be removed in a future release.
Aug 29 13:08:52 devstack devstack@n-api.service[60462]: DEBUG nova.api.openstack.wsgi [None req-28294691-998a-4f74-b9c7-d077301b907e tempest-VolumesGetTestJSON-1889076231 tempest-VolumesGetTestJSON-1889076231-project-member] Calling method '>' {{(pid=60462) _process_stack /opt/stack/nova/nova/api/openstack/wsgi.py:551}}
Aug 29 13:08:52 devstack devstack@n-api.service[60462]: INFO nova.api.openstack.requestlog [None req-28294691-998a-4f74-b9c7-d077301b907e tempest-VolumesGetTestJSON-1889076231 tempest-VolumesGetTestJSON-1889076231-project-member] 192.168.122.101 "GET /compute/v2.1/os-volumes/6d1f9e74-f41a-4b35-b0a4-006bbe4d65e3" status: 200 len: 351 microversion: 2.1 time: 0.085187
Aug 29 13:08:52 devstack devstack@n-api.service[60462]: [pid: 60462|app: 0|req: 33/63] 192.168.122.101 () {58 vars in 1247 bytes} [Sat Aug 29 13:08:52 2026] GET /compute/v2.1/os-volumes/6d1f9e74-f41a-4b35-b0a4-006bbe4d65e3 => generated 351 bytes in 87 msecs (HTTP/1.1 200) 9 headers in 357 bytes (1 switches on core 0)
Aug 29 13:08:53 devstack devstack@n-api.service[60462]: DEBUG nova.api.openstack.wsgi [None req-2b7e916c-eab4-4fc4-b8f9-7bf55c2ae31f tempest-VolumesGetTestJSON-1889076231 tempest-VolumesGetTestJSON-1889076231-project-member] Calling method '>' {{(pid=60462) _process_stack /opt/stack/nova/nova/api/openstack/wsgi.py:551}}
Aug 29 13:08:53 devstack devstack@n-api.service[60462]: INFO nova.api.openstack.requestlog [None req-2b7e916c-eab4-4fc4-b8f9-7bf55c2ae31f tempest-VolumesGetTestJSON-1889076231 tempest-VolumesGetTestJSON-1889076231-project-member] 192.168.122.101 "GET /compute/v2.1/os-volumes/6d1f9e74-f41a-4b35-b0a4-006bbe4d65e3" status: 200 len: 351 microversion: 2.1 time: 0.107123
Aug 29 13:08:53 devstack devstack@n-api.service[60462]: [pid: 60462|app: 0|req: 34/64] 192.168.122.101 () {58 vars in 1247 bytes} [Sat Aug 29 13:08:53 2026] GET /compute/v2.1/os-volumes/6d1f9e74-f41a-4b35-b0a4-006bbe4d65e3 => generated 351 bytes in 110 msecs (HTTP/1.1 200) 9 headers in 357 bytes (1 switches on core 0)
Aug 29 13:08:54 devstack devstack@n-api.service[60462]: DEBUG nova.api.openstack.wsgi [None req-a3ab6d6c-3543-4889-98d2-c301d1f43408 tempest-VolumesGetTestJSON-1889076231 tempest-VolumesGetTestJSON-1889076231-project-member] Calling method '>' {{(pid=60462) _process_stack /opt/stack/nova/nova/api/openstack/wsgi.py:551}}
Aug 29 13:08:54 devstack devstack@n-api.service[60462]: INFO nova.api.openstack.requestlog [None req-a3ab6d6c-3543-4889-98d2-c301d1f43408 tempest-VolumesGetTestJSON-1889076231 tempest-VolumesGetTestJSON-1889076231-project-member] 192.168.122.101 "GET /compute/v2.1/os-volumes/6d1f9e74-f41a-4b35-b0a4-006bbe4d65e3" status: 200 len: 351 microversion: 2.1 time: 0.114274
Aug 29 13:08:54 devstack devstack@n-api.service[60462]: [pid: 60462|app: 0|req: 35/65] 192.168.122.101 () {58 vars in 1247 bytes} [Sat Aug 29 13:08:54 2026] GET /compute/v2.1/os-volumes/6d1f9e74-f41a-4b35-b0a4-006bbe4d65e3 => generated 351 bytes in 121 msecs (HTTP/1.1 200) 9 headers in 357 bytes (1 switches on core 0)
Aug 29 13:08:55 devstack devstack@n-api.service[60462]: DEBUG nova.api.openstack.wsgi [None req-b080f965-9999-4572-a5ac-69ab14b1649e tempest-VolumesGetTestJSON-1889076231 tempest-VolumesGetTestJSON-1889076231-project-member] Calling method '>' {{(pid=60462) _process_stack /opt/stack/nova/nova/api/openstack/wsgi.py:551}}
Aug 29 13:08:55 devstack devstack@n-api.service[60462]: INFO nova.api.openstack.requestlog [None req-b080f965-9999-4572-a5ac-69ab14b1649e tempest-VolumesGetTestJSON-1889076231 tempest-VolumesGetTestJSON-1889076231-project-member] 192.168.122.101 "GET /compute/v2.1/os-volumes/6d1f9e74-f41a-4b35-b0a4-006bbe4d65e3" status: 200 len: 351 microversion: 2.1 time: 0.104946
Aug 29 13:08:55 devstack devstack@n-api.service[60462]: [pid: 60462|app: 0|req: 36/66] 192.168.122.101 () {58 vars in 1247 bytes} [Sat Aug 29 13:08:55 2026] GET /compute/v2.1/os-volumes/6d1f9e74-f41a-4b35-b0a4-006bbe4d65e3 => generated 351 bytes in 106 msecs (HTTP/1.1 200) 9 headers in 357 bytes (1 switches on core 0)
Aug 29 13:08:56 devstack devstack@n-api.service[60462]: DEBUG nova.api.openstack.wsgi [None req-449da3d6-a154-4dcc-bb71-dc9a657cf899 tempest-VolumesGetTestJSON-1889076231 tempest-VolumesGetTestJSON-1889076231-project-member] Calling method '>' {{(pid=60462) _process_stack /opt/stack/nova/nova/api/openstack/wsgi.py:551}}
Aug 29 13:08:57 devstack devstack@n-api.service[60461]: WARNING neutronclient.v2_0.client [None req-cf1ead9e-a989-4bbc-9edb-db2482a3e724 tempest-ServerRescueNegativeTestJSON-477876884 tempest-ServerRescueNegativeTestJSON-477876884-project-member] The python binding code in neutronclient is deprecated in favor of OpenstackSDK, please use that as this will be removed in a future release.
Aug 29 13:08:57 devstack devstack@n-api.service[60462]: INFO nova.api.openstack.requestlog [None req-449da3d6-a154-4dcc-bb71-dc9a657cf899 tempest-VolumesGetTestJSON-1889076231 tempest-VolumesGetTestJSON-1889076231-project-member] 192.168.122.101 "GET /compute/v2.1/os-volumes/6d1f9e74-f41a-4b35-b0a4-006bbe4d65e3" status: 200 len: 351 microversion: 2.1 time: 0.113944
Aug 29 13:08:57 devstack devstack@n-api.service[60462]: [pid: 60462|app: 0|req: 37/67] 192.168.122.101 () {58 vars in 1247 bytes} [Sat Aug 29 13:08:56 2026] GET /compute/v2.1/os-volumes/6d1f9e74-f41a-4b35-b0a4-006bbe4d65e3 => generated 351 bytes in 117 msecs (HTTP/1.1 200) 9 headers in 357 bytes (1 switches on core 0)
Aug 29 13:08:58 devstack devstack@n-api.service[60462]: DEBUG nova.api.openstack.wsgi [None req-c8c116a4-d208-497b-8fb6-94e1bebd0ac4 tempest-VolumesGetTestJSON-1889076231 tempest-VolumesGetTestJSON-1889076231-project-member] Calling method '>' {{(pid=60462) _process_stack /opt/stack/nova/nova/api/openstack/wsgi.py:551}}
Aug 29 13:08:58 devstack devstack@n-api.service[60462]: INFO nova.api.openstack.requestlog [None req-c8c116a4-d208-497b-8fb6-94e1bebd0ac4 tempest-VolumesGetTestJSON-1889076231 tempest-VolumesGetTestJSON-1889076231-project-member] 192.168.122.101 "GET /compute/v2.1/os-volumes/6d1f9e74-f41a-4b35-b0a4-006bbe4d65e3" status: 200 len: 351 microversion: 2.1 time: 0.109900
Aug 29 13:08:58 devstack devstack@n-api.service[60462]: [pid: 60462|app: 0|req: 38/68] 192.168.122.101 () {58 vars in 1247 bytes} [Sat Aug 29 13:08:58 2026] GET /compute/v2.1/os-volumes/6d1f9e74-f41a-4b35-b0a4-006bbe4d65e3 => generated 351 bytes in 113 msecs (HTTP/1.1 200) 9 headers in 357 bytes (1 switches on core 0)
Aug 29 13:08:59 devstack devstack@n-api.service[60462]: DEBUG nova.api.openstack.wsgi [None req-902d4e65-e7d7-4791-a75f-d0bc988a836d tempest-VolumesGetTestJSON-1889076231 tempest-VolumesGetTestJSON-1889076231-project-member] Calling method '>' {{(pid=60462) _process_stack /opt/stack/nova/nova/api/openstack/wsgi.py:551}}
Aug 29 13:08:59 devstack devstack@n-api.service[60462]: INFO nova.api.openstack.requestlog [None req-902d4e65-e7d7-4791-a75f-d0bc988a836d tempest-VolumesGetTestJSON-1889076231 tempest-VolumesGetTestJSON-1889076231-project-member] 192.168.122.101 "GET /compute/v2.1/os-volumes/6d1f9e74-f41a-4b35-b0a4-006bbe4d65e3" status: 200 len: 351 microversion: 2.1 time: 0.081842
Aug 29 13:08:59 devstack devstack@n-api.service[60462]: [pid: 60462|app: 0|req: 39/69] 192.168.122.101 () {58 vars in 1247 bytes} [Sat Aug 29 13:08:59 2026] GET /compute/v2.1/os-volumes/6d1f9e74-f41a-4b35-b0a4-006bbe4d65e3 => generated 351 bytes in 83 msecs (HTTP/1.1 200) 9 headers in 357 bytes (1 switches on core 0)
Aug 29 13:09:00 devstack devstack@n-api.service[60462]: DEBUG nova.api.openstack.wsgi [None req-dadf1231-2f5f-4c77-ad59-1e371af93170 tempest-VolumesGetTestJSON-1889076231 tempest-VolumesGetTestJSON-1889076231-project-member] Calling method '>' {{(pid=60462) _process_stack /opt/stack/nova/nova/api/openstack/wsgi.py:551}}
Aug 29 13:09:00 devstack devstack@n-api.service[60462]: INFO nova.api.openstack.requestlog [None req-dadf1231-2f5f-4c77-ad59-1e371af93170 tempest-VolumesGetTestJSON-1889076231 tempest-VolumesGetTestJSON-1889076231-project-member] 192.168.122.101 "GET /compute/v2.1/os-volumes/6d1f9e74-f41a-4b35-b0a4-006bbe4d65e3" status: 200 len: 351 microversion: 2.1 time: 0.076012
Aug 29 13:09:00 devstack devstack@n-api.service[60462]: [pid: 60462|app: 0|req: 40/70] 192.168.122.101 () {58 vars in 1247 bytes} [Sat Aug 29 13:09:00 2026] GET /compute/v2.1/os-volumes/6d1f9e74-f41a-4b35-b0a4-006bbe4d65e3 => generated 351 bytes in 77 msecs (HTTP/1.1 200) 9 headers in 357 bytes (1 switches on core 0)
Aug 29 13:09:00 devstack devstack@n-api.service[60461]: DEBUG dbcounter [-] [60461] Writing DB stats nova_cell0:SELECT=3 {{(pid=60461) stat_writer /opt/stack/data/venv/lib/python3.12/site-packages/dbcounter.py:115}}
Aug 29 13:09:01 devstack devstack@n-api.service[60462]: DEBUG dbcounter [-] [60462] Writing DB stats nova_api:SELECT=2 {{(pid=60462) stat_writer /opt/stack/data/venv/lib/python3.12/site-packages/dbcounter.py:115}}
Aug 29 13:09:01 devstack devstack@n-api.service[60462]: DEBUG nova.api.openstack.wsgi [None req-5bcfaa37-e603-44ed-abe7-431070a53f45 tempest-VolumesGetTestJSON-1889076231 tempest-VolumesGetTestJSON-1889076231-project-member] Calling method '>' {{(pid=60462) _process_stack /opt/stack/nova/nova/api/openstack/wsgi.py:551}}
Aug 29 13:09:01 devstack devstack@n-api.service[60462]: INFO nova.api.openstack.requestlog [None req-5bcfaa37-e603-44ed-abe7-431070a53f45 tempest-VolumesGetTestJSON-1889076231 tempest-VolumesGetTestJSON-1889076231-project-member] 192.168.122.101 "GET /compute/v2.1/os-volumes/6d1f9e74-f41a-4b35-b0a4-006bbe4d65e3" status: 200 len: 351 microversion: 2.1 time: 0.069494
Aug 29 13:09:01 devstack devstack@n-api.service[60462]: [pid: 60462|app: 0|req: 41/71] 192.168.122.101 () {58 vars in 1247 bytes} [Sat Aug 29 13:09:01 2026] GET /compute/v2.1/os-volumes/6d1f9e74-f41a-4b35-b0a4-006bbe4d65e3 => generated 351 bytes in 71 msecs (HTTP/1.1 200) 9 headers in 357 bytes (1 switches on core 0)
Aug 29 13:09:02 devstack devstack@n-api.service[60462]: DEBUG dbcounter [-] [60462] Writing DB stats nova_cell0:SELECT=1 {{(pid=60462) stat_writer /opt/stack/data/venv/lib/python3.12/site-packages/dbcounter.py:115}}
Aug 29 13:09:02 devstack devstack@n-api.service[60461]: DEBUG dbcounter [-] [60461] Writing DB stats nova_api:SELECT=7,nova_api:INSERT=3 {{(pid=60461) stat_writer /opt/stack/data/venv/lib/python3.12/site-packages/dbcounter.py:115}}
Aug 29 13:09:02 devstack devstack@n-api.service[60461]: DEBUG dbcounter [-] [60461] Writing DB stats nova_cell0:SELECT=3 {{(pid=60461) stat_writer /opt/stack/data/venv/lib/python3.12/site-packages/dbcounter.py:115}}
Aug 29 13:09:02 devstack devstack@n-api.service[60461]: DEBUG dbcounter [-] [60461] Writing DB stats nova_cell1:SELECT=3 {{(pid=60461) stat_writer /opt/stack/data/venv/lib/python3.12/site-packages/dbcounter.py:115}}
Aug 29 13:09:02 devstack devstack@n-api.service[60462]: DEBUG nova.api.openstack.wsgi [None req-1578ed67-07f8-436f-8600-fbc6f57dbaac tempest-VolumesGetTestJSON-1889076231 tempest-VolumesGetTestJSON-1889076231-project-member] Calling method '>' {{(pid=60462) _process_stack /opt/stack/nova/nova/api/openstack/wsgi.py:551}}
Aug 29 13:09:02 devstack devstack@n-api.service[60462]: INFO nova.api.openstack.requestlog [None req-1578ed67-07f8-436f-8600-fbc6f57dbaac tempest-VolumesGetTestJSON-1889076231 tempest-VolumesGetTestJSON-1889076231-project-member] 192.168.122.101 "GET /compute/v2.1/os-volumes/6d1f9e74-f41a-4b35-b0a4-006bbe4d65e3" status: 200 len: 351 microversion: 2.1 time: 0.073379
Aug 29 13:09:02 devstack devstack@n-api.service[60462]: [pid: 60462|app: 0|req: 42/72] 192.168.122.101 () {58 vars in 1247 bytes} [Sat Aug 29 13:09:02 2026] GET /compute/v2.1/os-volumes/6d1f9e74-f41a-4b35-b0a4-006bbe4d65e3 => generated 351 bytes in 74 msecs (HTTP/1.1 200) 9 headers in 357 bytes (1 switches on core 0)
Aug 29 13:09:03 devstack devstack@n-api.service[60462]: DEBUG nova.api.openstack.wsgi [None req-209ef0d2-51ca-44cf-982e-3a6478c2ebcd tempest-VolumesGetTestJSON-1889076231 tempest-VolumesGetTestJSON-1889076231-project-member] Calling method '>' {{(pid=60462) _process_stack /opt/stack/nova/nova/api/openstack/wsgi.py:551}}
Aug 29 13:09:03 devstack devstack@n-api.service[60461]: DEBUG nova.virt.hardware [None req-cf1ead9e-a989-4bbc-9edb-db2482a3e724 tempest-ServerRescueNegativeTestJSON-477876884 tempest-ServerRescueNegativeTestJSON-477876884-project-member] Flavor limits 0:0:0 {{(pid=60461) get_cpu_topology_constraints /opt/stack/nova/nova/virt/hardware.py:589}}
Aug 29 13:09:03 devstack devstack@n-api.service[60461]: DEBUG nova.virt.hardware [None req-cf1ead9e-a989-4bbc-9edb-db2482a3e724 tempest-ServerRescueNegativeTestJSON-477876884 tempest-ServerRescueNegativeTestJSON-477876884-project-member] Image limits 0:0:0 {{(pid=60461) get_cpu_topology_constraints /opt/stack/nova/nova/virt/hardware.py:593}}
Aug 29 13:09:03 devstack devstack@n-api.service[60461]: DEBUG nova.virt.hardware [None req-cf1ead9e-a989-4bbc-9edb-db2482a3e724 tempest-ServerRescueNegativeTestJSON-477876884 tempest-ServerRescueNegativeTestJSON-477876884-project-member] Flavor pref 0:0:0 {{(pid=60461) get_cpu_topology_constraints /opt/stack/nova/nova/virt/hardware.py:629}}
Aug 29 13:09:03 devstack devstack@n-api.service[60461]: DEBUG nova.virt.hardware [None req-cf1ead9e-a989-4bbc-9edb-db2482a3e724 tempest-ServerRescueNegativeTestJSON-477876884 tempest-ServerRescueNegativeTestJSON-477876884-project-member] Image pref 0:0:0 {{(pid=60461) get_cpu_topology_constraints /opt/stack/nova/nova/virt/hardware.py:633}}
Aug 29 13:09:03 devstack devstack@n-api.service[60461]: DEBUG nova.virt.hardware [None req-cf1ead9e-a989-4bbc-9edb-db2482a3e724 tempest-ServerRescueNegativeTestJSON-477876884 tempest-ServerRescueNegativeTestJSON-477876884-project-member] Chose sockets=0, cores=0, threads=0; limits were sockets=65536, cores=65536, threads=65536 {{(pid=60461) get_cpu_topology_constraints /opt/stack/nova/nova/virt/hardware.py:671}}
Aug 29 13:09:03 devstack devstack@n-api.service[60461]: DEBUG oslo_concurrency.lockutils [None req-cf1ead9e-a989-4bbc-9edb-db2482a3e724 tempest-ServerRescueNegativeTestJSON-477876884 tempest-ServerRescueNegativeTestJSON-477876884-project-member] Acquiring lock "00000000-0000-0000-0000-000000000000" by "nova.context.set_target_cell..get_or_set_cached_cell_and_set_connections" {{(pid=60461) inner /opt/stack/data/venv/lib/python3.12/site-packages/oslo_concurrency/lockutils.py:512}}
Aug 29 13:09:03 devstack devstack@n-api.service[60461]: DEBUG oslo_concurrency.lockutils [None req-cf1ead9e-a989-4bbc-9edb-db2482a3e724 tempest-ServerRescueNegativeTestJSON-477876884 tempest-ServerRescueNegativeTestJSON-477876884-project-member] Lock "00000000-0000-0000-0000-000000000000" acquired by "nova.context.set_target_cell..get_or_set_cached_cell_and_set_connections" :: waited 0.002s {{(pid=60461) inner /opt/stack/data/venv/lib/python3.12/site-packages/oslo_concurrency/lockutils.py:525}}
Aug 29 13:09:03 devstack devstack@n-api.service[60461]: DEBUG oslo_concurrency.lockutils [None req-cf1ead9e-a989-4bbc-9edb-db2482a3e724 tempest-ServerRescueNegativeTestJSON-477876884 tempest-ServerRescueNegativeTestJSON-477876884-project-member] Lock "00000000-0000-0000-0000-000000000000" "released" by "nova.context.set_target_cell..get_or_set_cached_cell_and_set_connections" :: held 0.001s {{(pid=60461) inner /opt/stack/data/venv/lib/python3.12/site-packages/oslo_concurrency/lockutils.py:544}}
Aug 29 13:09:03 devstack devstack@n-api.service[60461]: DEBUG oslo_concurrency.lockutils [None req-cf1ead9e-a989-4bbc-9edb-db2482a3e724 tempest-ServerRescueNegativeTestJSON-477876884 tempest-ServerRescueNegativeTestJSON-477876884-project-member] Acquiring lock "1864c2cc-dd19-48df-9452-9737cca815ee" by "nova.context.set_target_cell..get_or_set_cached_cell_and_set_connections" {{(pid=60461) inner /opt/stack/data/venv/lib/python3.12/site-packages/oslo_concurrency/lockutils.py:512}}
Aug 29 13:09:03 devstack devstack@n-api.service[60461]: DEBUG oslo_concurrency.lockutils [None req-cf1ead9e-a989-4bbc-9edb-db2482a3e724 tempest-ServerRescueNegativeTestJSON-477876884 tempest-ServerRescueNegativeTestJSON-477876884-project-member] Lock "1864c2cc-dd19-48df-9452-9737cca815ee" acquired by "nova.context.set_target_cell..get_or_set_cached_cell_and_set_connections" :: waited 0.003s {{(pid=60461) inner /opt/stack/data/venv/lib/python3.12/site-packages/oslo_concurrency/lockutils.py:525}}
Aug 29 13:09:03 devstack devstack@n-api.service[60461]: DEBUG oslo_concurrency.lockutils [None req-cf1ead9e-a989-4bbc-9edb-db2482a3e724 tempest-ServerRescueNegativeTestJSON-477876884 tempest-ServerRescueNegativeTestJSON-477876884-project-member] Lock "1864c2cc-dd19-48df-9452-9737cca815ee" "released" by "nova.context.set_target_cell..get_or_set_cached_cell_and_set_connections" :: held 0.001s {{(pid=60461) inner /opt/stack/data/venv/lib/python3.12/site-packages/oslo_concurrency/lockutils.py:544}}
Aug 29 13:09:03 devstack devstack@n-api.service[60462]: INFO nova.api.openstack.requestlog [None req-209ef0d2-51ca-44cf-982e-3a6478c2ebcd tempest-VolumesGetTestJSON-1889076231 tempest-VolumesGetTestJSON-1889076231-project-member] 192.168.122.101 "GET /compute/v2.1/os-volumes/6d1f9e74-f41a-4b35-b0a4-006bbe4d65e3" status: 200 len: 351 microversion: 2.1 time: 0.079842
Aug 29 13:09:03 devstack devstack@n-api.service[60462]: [pid: 60462|app: 0|req: 43/73] 192.168.122.101 () {58 vars in 1247 bytes} [Sat Aug 29 13:09:03 2026] GET /compute/v2.1/os-volumes/6d1f9e74-f41a-4b35-b0a4-006bbe4d65e3 => generated 351 bytes in 82 msecs (HTTP/1.1 200) 9 headers in 357 bytes (2 switches on core 0)
Aug 29 13:09:03 devstack devstack@n-api.service[60461]: DEBUG nova.quota [None req-cf1ead9e-a989-4bbc-9edb-db2482a3e724 tempest-ServerRescueNegativeTestJSON-477876884 tempest-ServerRescueNegativeTestJSON-477876884-project-member] Getting quotas for project 902bf53745c54a24b8b098f9e31681d8. Resources: {'cores', 'ram', 'instances'} {{(pid=60461) _get_quotas /opt/stack/nova/nova/quota.py:389}}
Aug 29 13:09:03 devstack devstack@n-api.service[60461]: DEBUG nova.quota [None req-cf1ead9e-a989-4bbc-9edb-db2482a3e724 tempest-ServerRescueNegativeTestJSON-477876884 tempest-ServerRescueNegativeTestJSON-477876884-project-member] Getting quotas for user cb5db6732ff144c5af5c134cdd99daf0 and project 902bf53745c54a24b8b098f9e31681d8. Resources: {'cores', 'ram', 'instances'} {{(pid=60461) _get_quotas /opt/stack/nova/nova/quota.py:379}}
Aug 29 13:09:03 devstack devstack@n-api.service[60461]: DEBUG nova.compute.api [None req-cf1ead9e-a989-4bbc-9edb-db2482a3e724 tempest-ServerRescueNegativeTestJSON-477876884 tempest-ServerRescueNegativeTestJSON-477876884-project-member] Going to run 1 instances... {{(pid=60461) _provision_instances /opt/stack/nova/nova/compute/api.py:1482}}
Aug 29 13:09:03 devstack devstack@n-api.service[60461]: DEBUG nova.compute.api [None req-cf1ead9e-a989-4bbc-9edb-db2482a3e724 tempest-ServerRescueNegativeTestJSON-477876884 tempest-ServerRescueNegativeTestJSON-477876884-project-member] [instance: 1fce3f2a-3d89-498d-ba4e-4fe09a1e501a] block_device_mapping [BlockDeviceMapping(attachment_id=,boot_index=0,connection_info=None,created_at=,delete_on_termination=True,deleted=,deleted_at=,destination_type='local',device_name=None,device_type='disk',disk_bus=None,encrypted=False,encryption_format=None,encryption_options=None,encryption_secret_uuid=None,guest_format=None,id=,image_id='9ccc8465-2a9b-49d5-8097-23b2336c201f',instance=,instance_uuid=,no_device=False,snapshot_id=None,source_type='image',tag=None,updated_at=,uuid=,volume_id=None,volume_size=None,volume_type=None)] {{(pid=60461) _bdm_validate_set_size_and_instance /opt/stack/nova/nova/compute/api.py:1944}}
Aug 29 13:09:03 devstack devstack@n-api.service[60461]: INFO nova.api.openstack.requestlog [None req-cf1ead9e-a989-4bbc-9edb-db2482a3e724 tempest-ServerRescueNegativeTestJSON-477876884 tempest-ServerRescueNegativeTestJSON-477876884-project-member] 192.168.122.101 "POST /compute/v2.1/servers" status: 202 len: 391 microversion: 2.1 time: 11.579388
Aug 29 13:09:03 devstack devstack@n-api.service[60461]: [pid: 60461|app: 0|req: 31/74] 192.168.122.101 () {60 vars in 1149 bytes} [Sat Aug 29 13:08:52 2026] POST /compute/v2.1/servers => generated 391 bytes in 11581 msecs (HTTP/1.1 202) 10 headers in 455 bytes (1 switches on core 0)
Aug 29 13:09:03 devstack devstack@n-api.service[60462]: DEBUG nova.api.openstack.wsgi [None req-c7997783-d838-4670-99dc-f1d59278408c tempest-ServerRescueNegativeTestJSON-477876884 tempest-ServerRescueNegativeTestJSON-477876884-project-member] Calling method '>' {{(pid=60462) _process_stack /opt/stack/nova/nova/api/openstack/wsgi.py:551}}
Aug 29 13:09:03 devstack devstack@n-api.service[60462]: DEBUG nova.compute.api [None req-c7997783-d838-4670-99dc-f1d59278408c tempest-ServerRescueNegativeTestJSON-477876884 tempest-ServerRescueNegativeTestJSON-477876884-project-member] [instance: 1fce3f2a-3d89-498d-ba4e-4fe09a1e501a] Fetching instance by UUID {{(pid=60462) get /opt/stack/nova/nova/compute/api.py:3070}}
Aug 29 13:09:03 devstack devstack@n-api.service[60462]: WARNING neutronclient.v2_0.client [None req-c7997783-d838-4670-99dc-f1d59278408c tempest-ServerRescueNegativeTestJSON-477876884 tempest-ServerRescueNegativeTestJSON-477876884-project-member] The python binding code in neutronclient is deprecated in favor of OpenstackSDK, please use that as this will be removed in a future release.
Aug 29 13:09:04 devstack devstack@n-api.service[60461]: DEBUG nova.api.openstack.wsgi [None req-6a0282d2-99e4-4b9a-a107-19f57c6e9fbe tempest-VolumesGetTestJSON-1889076231 tempest-VolumesGetTestJSON-1889076231-project-member] Calling method '>' {{(pid=60461) _process_stack /opt/stack/nova/nova/api/openstack/wsgi.py:551}}
Aug 29 13:09:04 devstack devstack@n-api.service[60461]: INFO nova.api.openstack.requestlog [None req-6a0282d2-99e4-4b9a-a107-19f57c6e9fbe tempest-VolumesGetTestJSON-1889076231 tempest-VolumesGetTestJSON-1889076231-project-member] 192.168.122.101 "GET /compute/v2.1/os-volumes/6d1f9e74-f41a-4b35-b0a4-006bbe4d65e3" status: 200 len: 351 microversion: 2.1 time: 0.119986
Aug 29 13:09:04 devstack devstack@n-api.service[60461]: [pid: 60461|app: 0|req: 32/75] 192.168.122.101 () {58 vars in 1247 bytes} [Sat Aug 29 13:09:04 2026] GET /compute/v2.1/os-volumes/6d1f9e74-f41a-4b35-b0a4-006bbe4d65e3 => generated 351 bytes in 125 msecs (HTTP/1.1 200) 9 headers in 357 bytes (1 switches on core 0)
Aug 29 13:09:05 devstack devstack@n-api.service[60461]: DEBUG nova.api.openstack.wsgi [None req-24a29047-19d2-41d9-8bdf-574cf519310a tempest-VolumesGetTestJSON-1889076231 tempest-VolumesGetTestJSON-1889076231-project-member] Calling method '>' {{(pid=60461) _process_stack /opt/stack/nova/nova/api/openstack/wsgi.py:551}}
Aug 29 13:09:05 devstack devstack@n-api.service[60462]: DEBUG nova.policy [None req-c7997783-d838-4670-99dc-f1d59278408c tempest-ServerRescueNegativeTestJSON-477876884 tempest-ServerRescueNegativeTestJSON-477876884-project-member] Policy check for os_compute_api:os-extended-server-attributes failed with credentials {'is_admin': False, 'user_id': 'cb5db6732ff144c5af5c134cdd99daf0', 'user_domain_id': 'default', 'system_scope': None, 'domain_id': None, 'project_id': '902bf53745c54a24b8b098f9e31681d8', 'project_domain_id': 'default', 'roles': ['reader', 'member'], 'is_admin_project': True, 'service_user_id': None, 'service_user_domain_id': None, 'service_project_id': None, 'service_project_domain_id': None, 'service_roles': []} {{(pid=60462) authorize /opt/stack/nova/nova/policy.py:202}}
Aug 29 13:09:05 devstack devstack@n-api.service[60462]: INFO nova.api.openstack.requestlog [None req-c7997783-d838-4670-99dc-f1d59278408c tempest-ServerRescueNegativeTestJSON-477876884 tempest-ServerRescueNegativeTestJSON-477876884-project-member] 192.168.122.101 "GET /compute/v2.1/servers/1fce3f2a-3d89-498d-ba4e-4fe09a1e501a" status: 200 len: 1235 microversion: 2.1 time: 2.020468
Aug 29 13:09:05 devstack devstack@n-api.service[60462]: [pid: 60462|app: 0|req: 44/76] 192.168.122.101 () {58 vars in 1238 bytes} [Sat Aug 29 13:09:03 2026] GET /compute/v2.1/servers/1fce3f2a-3d89-498d-ba4e-4fe09a1e501a => generated 1235 bytes in 2024 msecs (HTTP/1.1 200) 9 headers in 358 bytes (1 switches on core 0)
Aug 29 13:09:05 devstack devstack@n-api.service[60461]: INFO nova.api.openstack.requestlog [None req-24a29047-19d2-41d9-8bdf-574cf519310a tempest-VolumesGetTestJSON-1889076231 tempest-VolumesGetTestJSON-1889076231-project-member] 192.168.122.101 "GET /compute/v2.1/os-volumes/6d1f9e74-f41a-4b35-b0a4-006bbe4d65e3" status: 200 len: 351 microversion: 2.1 time: 0.161987
Aug 29 13:09:05 devstack devstack@n-api.service[60461]: [pid: 60461|app: 0|req: 33/77] 192.168.122.101 () {58 vars in 1247 bytes} [Sat Aug 29 13:09:05 2026] GET /compute/v2.1/os-volumes/6d1f9e74-f41a-4b35-b0a4-006bbe4d65e3 => generated 351 bytes in 164 msecs (HTTP/1.1 200) 9 headers in 357 bytes (1 switches on core 0)
Aug 29 13:09:06 devstack devstack@n-api.service[60461]: DEBUG nova.api.openstack.wsgi [None req-3e8d044a-671b-4b06-b0e9-ef1c8a9c6891 tempest-ServerRescueNegativeTestJSON-477876884 tempest-ServerRescueNegativeTestJSON-477876884-project-member] Calling method '>' {{(pid=60461) _process_stack /opt/stack/nova/nova/api/openstack/wsgi.py:551}}
Aug 29 13:09:06 devstack devstack@n-api.service[60461]: DEBUG nova.compute.api [None req-3e8d044a-671b-4b06-b0e9-ef1c8a9c6891 tempest-ServerRescueNegativeTestJSON-477876884 tempest-ServerRescueNegativeTestJSON-477876884-project-member] [instance: 1fce3f2a-3d89-498d-ba4e-4fe09a1e501a] Fetching instance by UUID {{(pid=60461) get /opt/stack/nova/nova/compute/api.py:3070}}
Aug 29 13:09:06 devstack devstack@n-api.service[60461]: DEBUG oslo_concurrency.lockutils [None req-3e8d044a-671b-4b06-b0e9-ef1c8a9c6891 tempest-ServerRescueNegativeTestJSON-477876884 tempest-ServerRescueNegativeTestJSON-477876884-project-member] Acquiring lock "1864c2cc-dd19-48df-9452-9737cca815ee" by "nova.context.set_target_cell..get_or_set_cached_cell_and_set_connections" {{(pid=60461) inner /opt/stack/data/venv/lib/python3.12/site-packages/oslo_concurrency/lockutils.py:512}}
Aug 29 13:09:06 devstack devstack@n-api.service[60461]: DEBUG oslo_concurrency.lockutils [None req-3e8d044a-671b-4b06-b0e9-ef1c8a9c6891 tempest-ServerRescueNegativeTestJSON-477876884 tempest-ServerRescueNegativeTestJSON-477876884-project-member] Lock "1864c2cc-dd19-48df-9452-9737cca815ee" acquired by "nova.context.set_target_cell..get_or_set_cached_cell_and_set_connections" :: waited 0.001s {{(pid=60461) inner /opt/stack/data/venv/lib/python3.12/site-packages/oslo_concurrency/lockutils.py:525}}
Aug 29 13:09:06 devstack devstack@n-api.service[60461]: DEBUG oslo_concurrency.lockutils [None req-3e8d044a-671b-4b06-b0e9-ef1c8a9c6891 tempest-ServerRescueNegativeTestJSON-477876884 tempest-ServerRescueNegativeTestJSON-477876884-project-member] Lock "1864c2cc-dd19-48df-9452-9737cca815ee" "released" by "nova.context.set_target_cell..get_or_set_cached_cell_and_set_connections" :: held 0.001s {{(pid=60461) inner /opt/stack/data/venv/lib/python3.12/site-packages/oslo_concurrency/lockutils.py:544}}
Aug 29 13:09:06 devstack devstack@n-api.service[60461]: DEBUG oslo_concurrency.lockutils [None req-3e8d044a-671b-4b06-b0e9-ef1c8a9c6891 tempest-ServerRescueNegativeTestJSON-477876884 tempest-ServerRescueNegativeTestJSON-477876884-project-member] Acquiring lock "1864c2cc-dd19-48df-9452-9737cca815ee" by "nova.context.set_target_cell..get_or_set_cached_cell_and_set_connections" {{(pid=60461) inner /opt/stack/data/venv/lib/python3.12/site-packages/oslo_concurrency/lockutils.py:512}}
Aug 29 13:09:06 devstack devstack@n-api.service[60461]: DEBUG oslo_concurrency.lockutils [None req-3e8d044a-671b-4b06-b0e9-ef1c8a9c6891 tempest-ServerRescueNegativeTestJSON-477876884 tempest-ServerRescueNegativeTestJSON-477876884-project-member] Lock "1864c2cc-dd19-48df-9452-9737cca815ee" acquired by "nova.context.set_target_cell..get_or_set_cached_cell_and_set_connections" :: waited 0.001s {{(pid=60461) inner /opt/stack/data/venv/lib/python3.12/site-packages/oslo_concurrency/lockutils.py:525}}
Aug 29 13:09:06 devstack devstack@n-api.service[60461]: DEBUG oslo_concurrency.lockutils [None req-3e8d044a-671b-4b06-b0e9-ef1c8a9c6891 tempest-ServerRescueNegativeTestJSON-477876884 tempest-ServerRescueNegativeTestJSON-477876884-project-member] Lock "1864c2cc-dd19-48df-9452-9737cca815ee" "released" by "nova.context.set_target_cell..get_or_set_cached_cell_and_set_connections" :: held 0.001s {{(pid=60461) inner /opt/stack/data/venv/lib/python3.12/site-packages/oslo_concurrency/lockutils.py:544}}
Aug 29 13:09:07 devstack devstack@n-api.service[60462]: DEBUG nova.api.openstack.wsgi [req-db861f5a-31ea-4c60-b743-75f3bd1b15b8 req-e4cb86f5-dc3b-4ab2-a85c-2b5c37040ad5 service nova] Action: 'create', calling method: >, body: {"events": [{"name": "network-changed", "server_uuid": "445781d4-1151-4d4b-8c00-3ac2e4414595", "tag": "6815a20c-8ac2-43f5-b5ec-a3e196f7d42a"}]} {{(pid=60462) _process_stack /opt/stack/nova/nova/api/openstack/wsgi.py:549}}
Aug 29 13:09:07 devstack devstack@n-api.service[60462]: DEBUG oslo_concurrency.lockutils [req-db861f5a-31ea-4c60-b743-75f3bd1b15b8 req-e4cb86f5-dc3b-4ab2-a85c-2b5c37040ad5 service nova] Acquiring lock "1864c2cc-dd19-48df-9452-9737cca815ee" by "nova.context.set_target_cell..get_or_set_cached_cell_and_set_connections" {{(pid=60462) inner /opt/stack/data/venv/lib/python3.12/site-packages/oslo_concurrency/lockutils.py:512}}
Aug 29 13:09:07 devstack devstack@n-api.service[60462]: DEBUG oslo_concurrency.lockutils [req-db861f5a-31ea-4c60-b743-75f3bd1b15b8 req-e4cb86f5-dc3b-4ab2-a85c-2b5c37040ad5 service nova] Lock "1864c2cc-dd19-48df-9452-9737cca815ee" acquired by "nova.context.set_target_cell..get_or_set_cached_cell_and_set_connections" :: waited 0.002s {{(pid=60462) inner /opt/stack/data/venv/lib/python3.12/site-packages/oslo_concurrency/lockutils.py:525}}
Aug 29 13:09:07 devstack devstack@n-api.service[60462]: DEBUG oslo_concurrency.lockutils [req-db861f5a-31ea-4c60-b743-75f3bd1b15b8 req-e4cb86f5-dc3b-4ab2-a85c-2b5c37040ad5 service nova] Lock "1864c2cc-dd19-48df-9452-9737cca815ee" "released" by "nova.context.set_target_cell..get_or_set_cached_cell_and_set_connections" :: held 0.001s {{(pid=60462) inner /opt/stack/data/venv/lib/python3.12/site-packages/oslo_concurrency/lockutils.py:544}}
Aug 29 13:09:07 devstack devstack@n-api.service[60462]: INFO nova.api.openstack.compute.server_external_events [req-db861f5a-31ea-4c60-b743-75f3bd1b15b8 req-e4cb86f5-dc3b-4ab2-a85c-2b5c37040ad5 service nova] Creating event network-changed:6815a20c-8ac2-43f5-b5ec-a3e196f7d42a for instance 445781d4-1151-4d4b-8c00-3ac2e4414595 on devstack
Aug 29 13:09:07 devstack devstack@n-api.service[60462]: DEBUG oslo_concurrency.lockutils [req-db861f5a-31ea-4c60-b743-75f3bd1b15b8 req-e4cb86f5-dc3b-4ab2-a85c-2b5c37040ad5 service nova] Acquiring lock "compute-rpcapi-router" {{(pid=60462) lock /opt/stack/data/venv/lib/python3.12/site-packages/oslo_concurrency/lockutils.py:396}}
Aug 29 13:09:07 devstack devstack@n-api.service[60462]: DEBUG oslo_concurrency.lockutils [req-db861f5a-31ea-4c60-b743-75f3bd1b15b8 req-e4cb86f5-dc3b-4ab2-a85c-2b5c37040ad5 service nova] Acquired lock "compute-rpcapi-router" {{(pid=60462) lock /opt/stack/data/venv/lib/python3.12/site-packages/oslo_concurrency/lockutils.py:399}}
Aug 29 13:09:07 devstack devstack@n-api.service[60462]: DEBUG oslo_concurrency.lockutils [None req-64fd43ab-d183-4e7e-a4e5-ed05d61a23d6 None None] Acquiring lock "00000000-0000-0000-0000-000000000000" by "nova.context.set_target_cell..get_or_set_cached_cell_and_set_connections" {{(pid=60462) inner /opt/stack/data/venv/lib/python3.12/site-packages/oslo_concurrency/lockutils.py:512}}
Aug 29 13:09:07 devstack devstack@n-api.service[60462]: DEBUG oslo_concurrency.lockutils [None req-64fd43ab-d183-4e7e-a4e5-ed05d61a23d6 None None] Lock "00000000-0000-0000-0000-000000000000" acquired by "nova.context.set_target_cell..get_or_set_cached_cell_and_set_connections" :: waited 0.000s {{(pid=60462) inner /opt/stack/data/venv/lib/python3.12/site-packages/oslo_concurrency/lockutils.py:525}}
Aug 29 13:09:07 devstack devstack@n-api.service[60462]: DEBUG oslo_concurrency.lockutils [None req-64fd43ab-d183-4e7e-a4e5-ed05d61a23d6 None None] Lock "00000000-0000-0000-0000-000000000000" "released" by "nova.context.set_target_cell..get_or_set_cached_cell_and_set_connections" :: held 0.001s {{(pid=60462) inner /opt/stack/data/venv/lib/python3.12/site-packages/oslo_concurrency/lockutils.py:544}}
Aug 29 13:09:07 devstack devstack@n-api.service[60462]: DEBUG oslo_concurrency.lockutils [None req-64fd43ab-d183-4e7e-a4e5-ed05d61a23d6 None None] Acquiring lock "1864c2cc-dd19-48df-9452-9737cca815ee" by "nova.context.set_target_cell..get_or_set_cached_cell_and_set_connections" {{(pid=60462) inner /opt/stack/data/venv/lib/python3.12/site-packages/oslo_concurrency/lockutils.py:512}}
Aug 29 13:09:07 devstack devstack@n-api.service[60462]: DEBUG oslo_concurrency.lockutils [None req-64fd43ab-d183-4e7e-a4e5-ed05d61a23d6 None None] Lock "1864c2cc-dd19-48df-9452-9737cca815ee" acquired by "nova.context.set_target_cell..get_or_set_cached_cell_and_set_connections" :: waited 0.001s {{(pid=60462) inner /opt/stack/data/venv/lib/python3.12/site-packages/oslo_concurrency/lockutils.py:525}}
Aug 29 13:09:07 devstack devstack@n-api.service[60462]: DEBUG oslo_concurrency.lockutils [None req-64fd43ab-d183-4e7e-a4e5-ed05d61a23d6 None None] Lock "1864c2cc-dd19-48df-9452-9737cca815ee" "released" by "nova.context.set_target_cell..get_or_set_cached_cell_and_set_connections" :: held 0.001s {{(pid=60462) inner /opt/stack/data/venv/lib/python3.12/site-packages/oslo_concurrency/lockutils.py:544}}
Aug 29 13:09:07 devstack devstack@n-api.service[60462]: INFO nova.compute.rpcapi [None req-64fd43ab-d183-4e7e-a4e5-ed05d61a23d6 None None] Automatically selected compute RPC version 6.5 from minimum service version 73
Aug 29 13:09:07 devstack devstack@n-api.service[60462]: DEBUG oslo_concurrency.lockutils [None req-64fd43ab-d183-4e7e-a4e5-ed05d61a23d6 None None] Releasing lock "compute-rpcapi-router" {{(pid=60462) lock /opt/stack/data/venv/lib/python3.12/site-packages/oslo_concurrency/lockutils.py:419}}
Aug 29 13:09:07 devstack devstack@n-api.service[60462]: DEBUG nova.compute.rpcapi [None req-64fd43ab-d183-4e7e-a4e5-ed05d61a23d6 None None] RPC: Sending the message to topic: compute-alt {{(pid=60462) prepare_for_alt_rpcserver /opt/stack/nova/nova/compute/rpcapi.py:595}}
Aug 29 13:09:07 devstack devstack@n-api.service[60461]: WARNING neutronclient.v2_0.client [None req-3e8d044a-671b-4b06-b0e9-ef1c8a9c6891 tempest-ServerRescueNegativeTestJSON-477876884 tempest-ServerRescueNegativeTestJSON-477876884-project-member] The python binding code in neutronclient is deprecated in favor of OpenstackSDK, please use that as this will be removed in a future release.
Aug 29 13:09:07 devstack devstack@n-api.service[60462]: INFO nova.api.openstack.requestlog [None req-64fd43ab-d183-4e7e-a4e5-ed05d61a23d6 None None] 192.168.122.101 "POST /compute/v2.1/os-server-external-events" status: 200 len: 179 microversion: 2.1 time: 0.268867
Aug 29 13:09:07 devstack devstack@n-api.service[60462]: [pid: 60462|app: 0|req: 45/78] 192.168.122.101 () {64 vars in 1321 bytes} [Sat Aug 29 13:09:06 2026] POST /compute/v2.1/os-server-external-events => generated 179 bytes in 271 msecs (HTTP/1.1 200) 9 headers in 357 bytes (1 switches on core 0)
Aug 29 13:09:07 devstack devstack@n-api.service[60462]: DEBUG nova.api.openstack.wsgi [None req-13818d6c-67f2-4ece-a134-8932a41cd7fd tempest-VolumesGetTestJSON-1889076231 tempest-VolumesGetTestJSON-1889076231-project-member] Calling method '>' {{(pid=60462) _process_stack /opt/stack/nova/nova/api/openstack/wsgi.py:551}}
Aug 29 13:09:07 devstack devstack@n-api.service[60462]: INFO nova.api.openstack.requestlog [None req-13818d6c-67f2-4ece-a134-8932a41cd7fd tempest-VolumesGetTestJSON-1889076231 tempest-VolumesGetTestJSON-1889076231-project-member] 192.168.122.101 "GET /compute/v2.1/os-volumes/6d1f9e74-f41a-4b35-b0a4-006bbe4d65e3" status: 200 len: 351 microversion: 2.1 time: 0.159428
Aug 29 13:09:07 devstack devstack@n-api.service[60462]: [pid: 60462|app: 0|req: 46/79] 192.168.122.101 () {58 vars in 1247 bytes} [Sat Aug 29 13:09:07 2026] GET /compute/v2.1/os-volumes/6d1f9e74-f41a-4b35-b0a4-006bbe4d65e3 => generated 351 bytes in 162 msecs (HTTP/1.1 200) 9 headers in 357 bytes (1 switches on core 0)
Aug 29 13:09:08 devstack devstack@n-api.service[60462]: DEBUG nova.api.openstack.wsgi [None req-1cb112ab-3548-49ec-8434-5ade4042fb82 tempest-VolumesGetTestJSON-1889076231 tempest-VolumesGetTestJSON-1889076231-project-member] Calling method '>' {{(pid=60462) _process_stack /opt/stack/nova/nova/api/openstack/wsgi.py:551}}
Aug 29 13:09:08 devstack devstack@n-api.service[60462]: INFO nova.api.openstack.requestlog [None req-1cb112ab-3548-49ec-8434-5ade4042fb82 tempest-VolumesGetTestJSON-1889076231 tempest-VolumesGetTestJSON-1889076231-project-member] 192.168.122.101 "GET /compute/v2.1/os-volumes/6d1f9e74-f41a-4b35-b0a4-006bbe4d65e3" status: 200 len: 351 microversion: 2.1 time: 0.083246
Aug 29 13:09:08 devstack devstack@n-api.service[60462]: [pid: 60462|app: 0|req: 47/80] 192.168.122.101 () {58 vars in 1247 bytes} [Sat Aug 29 13:09:08 2026] GET /compute/v2.1/os-volumes/6d1f9e74-f41a-4b35-b0a4-006bbe4d65e3 => generated 351 bytes in 84 msecs (HTTP/1.1 200) 9 headers in 357 bytes (1 switches on core 0)
Aug 29 13:09:09 devstack devstack@n-api.service[60462]: DEBUG nova.api.openstack.wsgi [None req-7129cee0-33d6-4f9f-b9d2-3cb49cb6ec92 tempest-VolumesGetTestJSON-1889076231 tempest-VolumesGetTestJSON-1889076231-project-member] Calling method '>' {{(pid=60462) _process_stack /opt/stack/nova/nova/api/openstack/wsgi.py:551}}
Aug 29 13:09:09 devstack devstack@n-api.service[60462]: INFO nova.api.openstack.requestlog [None req-7129cee0-33d6-4f9f-b9d2-3cb49cb6ec92 tempest-VolumesGetTestJSON-1889076231 tempest-VolumesGetTestJSON-1889076231-project-member] 192.168.122.101 "GET /compute/v2.1/os-volumes/6d1f9e74-f41a-4b35-b0a4-006bbe4d65e3" status: 200 len: 351 microversion: 2.1 time: 0.081712
Aug 29 13:09:09 devstack devstack@n-api.service[60462]: [pid: 60462|app: 0|req: 48/81] 192.168.122.101 () {58 vars in 1247 bytes} [Sat Aug 29 13:09:09 2026] GET /compute/v2.1/os-volumes/6d1f9e74-f41a-4b35-b0a4-006bbe4d65e3 => generated 351 bytes in 83 msecs (HTTP/1.1 200) 9 headers in 357 bytes (1 switches on core 0)
Aug 29 13:09:09 devstack devstack@n-api.service[60461]: DEBUG nova.policy [None req-3e8d044a-671b-4b06-b0e9-ef1c8a9c6891 tempest-ServerRescueNegativeTestJSON-477876884 tempest-ServerRescueNegativeTestJSON-477876884-project-member] Policy check for os_compute_api:os-extended-server-attributes failed with credentials {'is_admin': False, 'user_id': 'cb5db6732ff144c5af5c134cdd99daf0', 'user_domain_id': 'default', 'system_scope': None, 'domain_id': None, 'project_id': '902bf53745c54a24b8b098f9e31681d8', 'project_domain_id': 'default', 'roles': ['reader', 'member'], 'is_admin_project': True, 'service_user_id': None, 'service_user_domain_id': None, 'service_project_id': None, 'service_project_domain_id': None, 'service_roles': []} {{(pid=60461) authorize /opt/stack/nova/nova/policy.py:202}}
Aug 29 13:09:09 devstack devstack@n-api.service[60461]: INFO nova.api.openstack.requestlog [None req-3e8d044a-671b-4b06-b0e9-ef1c8a9c6891 tempest-ServerRescueNegativeTestJSON-477876884 tempest-ServerRescueNegativeTestJSON-477876884-project-member] 192.168.122.101 "GET /compute/v2.1/servers/1fce3f2a-3d89-498d-ba4e-4fe09a1e501a" status: 200 len: 1335 microversion: 2.1 time: 2.935544
Aug 29 13:09:09 devstack devstack@n-api.service[60461]: [pid: 60461|app: 0|req: 34/82] 192.168.122.101 () {58 vars in 1238 bytes} [Sat Aug 29 13:09:06 2026] GET /compute/v2.1/servers/1fce3f2a-3d89-498d-ba4e-4fe09a1e501a => generated 1335 bytes in 2939 msecs (HTTP/1.1 200) 9 headers in 358 bytes (1 switches on core 0)
Aug 29 13:09:10 devstack devstack@n-api.service[60462]: DEBUG nova.api.openstack.wsgi [None req-f6c16fac-f845-4bba-a100-bf62bd1a5dca tempest-VolumesGetTestJSON-1889076231 tempest-VolumesGetTestJSON-1889076231-project-member] Calling method '>' {{(pid=60462) _process_stack /opt/stack/nova/nova/api/openstack/wsgi.py:551}}
Aug 29 13:09:10 devstack devstack@n-api.service[60461]: DEBUG nova.api.openstack.wsgi [req-b068b50f-a640-41d9-bdcf-ab4eb4f9e38e req-13b19410-6dca-43b5-a151-28c69944800b service nova] Action: 'create', calling method: >, body: {"events": [{"name": "network-changed", "server_uuid": "1fce3f2a-3d89-498d-ba4e-4fe09a1e501a", "tag": "dd4753b3-c4bd-4f28-be95-36b58f498bc3"}]} {{(pid=60461) _process_stack /opt/stack/nova/nova/api/openstack/wsgi.py:549}}
Aug 29 13:09:10 devstack devstack@n-api.service[60461]: DEBUG oslo_concurrency.lockutils [req-b068b50f-a640-41d9-bdcf-ab4eb4f9e38e req-13b19410-6dca-43b5-a151-28c69944800b service nova] Acquiring lock "1864c2cc-dd19-48df-9452-9737cca815ee" by "nova.context.set_target_cell..get_or_set_cached_cell_and_set_connections" {{(pid=60461) inner /opt/stack/data/venv/lib/python3.12/site-packages/oslo_concurrency/lockutils.py:512}}
Aug 29 13:09:10 devstack devstack@n-api.service[60461]: DEBUG oslo_concurrency.lockutils [req-b068b50f-a640-41d9-bdcf-ab4eb4f9e38e req-13b19410-6dca-43b5-a151-28c69944800b service nova] Lock "1864c2cc-dd19-48df-9452-9737cca815ee" acquired by "nova.context.set_target_cell..get_or_set_cached_cell_and_set_connections" :: waited 0.001s {{(pid=60461) inner /opt/stack/data/venv/lib/python3.12/site-packages/oslo_concurrency/lockutils.py:525}}
Aug 29 13:09:10 devstack devstack@n-api.service[60461]: DEBUG oslo_concurrency.lockutils [req-b068b50f-a640-41d9-bdcf-ab4eb4f9e38e req-13b19410-6dca-43b5-a151-28c69944800b service nova] Lock "1864c2cc-dd19-48df-9452-9737cca815ee" "released" by "nova.context.set_target_cell..get_or_set_cached_cell_and_set_connections" :: held 0.000s {{(pid=60461) inner /opt/stack/data/venv/lib/python3.12/site-packages/oslo_concurrency/lockutils.py:544}}
Aug 29 13:09:10 devstack devstack@n-api.service[60462]: INFO nova.api.openstack.requestlog [None req-f6c16fac-f845-4bba-a100-bf62bd1a5dca tempest-VolumesGetTestJSON-1889076231 tempest-VolumesGetTestJSON-1889076231-project-member] 192.168.122.101 "GET /compute/v2.1/os-volumes/6d1f9e74-f41a-4b35-b0a4-006bbe4d65e3" status: 200 len: 351 microversion: 2.1 time: 0.156152
Aug 29 13:09:10 devstack devstack@n-api.service[60462]: [pid: 60462|app: 0|req: 49/83] 192.168.122.101 () {58 vars in 1247 bytes} [Sat Aug 29 13:09:10 2026] GET /compute/v2.1/os-volumes/6d1f9e74-f41a-4b35-b0a4-006bbe4d65e3 => generated 351 bytes in 159 msecs (HTTP/1.1 200) 9 headers in 357 bytes (1 switches on core 0)
Aug 29 13:09:10 devstack devstack@n-api.service[60461]: INFO nova.api.openstack.compute.server_external_events [req-b068b50f-a640-41d9-bdcf-ab4eb4f9e38e req-13b19410-6dca-43b5-a151-28c69944800b service nova] Creating event network-changed:dd4753b3-c4bd-4f28-be95-36b58f498bc3 for instance 1fce3f2a-3d89-498d-ba4e-4fe09a1e501a on devstack
Aug 29 13:09:10 devstack devstack@n-api.service[60461]: DEBUG oslo_concurrency.lockutils [req-b068b50f-a640-41d9-bdcf-ab4eb4f9e38e req-13b19410-6dca-43b5-a151-28c69944800b service nova] Acquiring lock "compute-rpcapi-router" {{(pid=60461) lock /opt/stack/data/venv/lib/python3.12/site-packages/oslo_concurrency/lockutils.py:396}}
Aug 29 13:09:10 devstack devstack@n-api.service[60461]: DEBUG oslo_concurrency.lockutils [req-b068b50f-a640-41d9-bdcf-ab4eb4f9e38e req-13b19410-6dca-43b5-a151-28c69944800b service nova] Acquired lock "compute-rpcapi-router" {{(pid=60461) lock /opt/stack/data/venv/lib/python3.12/site-packages/oslo_concurrency/lockutils.py:399}}
Aug 29 13:09:10 devstack devstack@n-api.service[60461]: DEBUG oslo_concurrency.lockutils [None req-1668479a-645b-4891-a0f2-560745dda7f5 None None] Acquiring lock "00000000-0000-0000-0000-000000000000" by "nova.context.set_target_cell..get_or_set_cached_cell_and_set_connections" {{(pid=60461) inner /opt/stack/data/venv/lib/python3.12/site-packages/oslo_concurrency/lockutils.py:512}}
Aug 29 13:09:10 devstack devstack@n-api.service[60461]: DEBUG oslo_concurrency.lockutils [None req-1668479a-645b-4891-a0f2-560745dda7f5 None None] Lock "00000000-0000-0000-0000-000000000000" acquired by "nova.context.set_target_cell..get_or_set_cached_cell_and_set_connections" :: waited 0.009s {{(pid=60461) inner /opt/stack/data/venv/lib/python3.12/site-packages/oslo_concurrency/lockutils.py:525}}
Aug 29 13:09:10 devstack devstack@n-api.service[60461]: DEBUG oslo_concurrency.lockutils [None req-1668479a-645b-4891-a0f2-560745dda7f5 None None] Lock "00000000-0000-0000-0000-000000000000" "released" by "nova.context.set_target_cell..get_or_set_cached_cell_and_set_connections" :: held 0.000s {{(pid=60461) inner /opt/stack/data/venv/lib/python3.12/site-packages/oslo_concurrency/lockutils.py:544}}
Aug 29 13:09:10 devstack devstack@n-api.service[60461]: DEBUG oslo_concurrency.lockutils [None req-1668479a-645b-4891-a0f2-560745dda7f5 None None] Acquiring lock "1864c2cc-dd19-48df-9452-9737cca815ee" by "nova.context.set_target_cell..get_or_set_cached_cell_and_set_connections" {{(pid=60461) inner /opt/stack/data/venv/lib/python3.12/site-packages/oslo_concurrency/lockutils.py:512}}
