Jul 30 20:23:36 devstack devstack@n-api.service[63266]: DEBUG nova.virt.hardware [None req-ac4a5949-48eb-4b3b-a0e0-30cd65cef858 tempest-ServerRescueNegativeTestJSON-1380420888 tempest-ServerRescueNegativeTestJSON-1380420888-project-member] Image pref 0:0:0 {{(pid=63266) get_cpu_topology_constraints /opt/stack/nova/nova/virt/hardware.py:560}}
Jul 30 20:23:36 devstack devstack@n-api.service[63266]: DEBUG nova.virt.hardware [None req-ac4a5949-48eb-4b3b-a0e0-30cd65cef858 tempest-ServerRescueNegativeTestJSON-1380420888 tempest-ServerRescueNegativeTestJSON-1380420888-project-member] Chose sockets=0, cores=0, threads=0; limits were sockets=65536, cores=65536, threads=65536 {{(pid=63266) get_cpu_topology_constraints /opt/stack/nova/nova/virt/hardware.py:598}}
Jul 30 20:23:36 devstack devstack@n-api.service[63266]: DEBUG oslo_concurrency.lockutils [None req-ac4a5949-48eb-4b3b-a0e0-30cd65cef858 tempest-ServerRescueNegativeTestJSON-1380420888 tempest-ServerRescueNegativeTestJSON-1380420888-project-member] Acquiring lock "00000000-0000-0000-0000-000000000000" by "nova.context.set_target_cell..get_or_set_cached_cell_and_set_connections" {{(pid=63266) inner /opt/stack/data/venv/lib/python3.12/site-packages/oslo_concurrency/lockutils.py:512}}
Jul 30 20:23:36 devstack devstack@n-api.service[63266]: DEBUG oslo_concurrency.lockutils [None req-ac4a5949-48eb-4b3b-a0e0-30cd65cef858 tempest-ServerRescueNegativeTestJSON-1380420888 tempest-ServerRescueNegativeTestJSON-1380420888-project-member] Lock "00000000-0000-0000-0000-000000000000" acquired by "nova.context.set_target_cell..get_or_set_cached_cell_and_set_connections" :: waited 0.001s {{(pid=63266) inner /opt/stack/data/venv/lib/python3.12/site-packages/oslo_concurrency/lockutils.py:525}}
Jul 30 20:23:36 devstack devstack@n-api.service[63266]: DEBUG oslo_concurrency.lockutils [None req-ac4a5949-48eb-4b3b-a0e0-30cd65cef858 tempest-ServerRescueNegativeTestJSON-1380420888 tempest-ServerRescueNegativeTestJSON-1380420888-project-member] Lock "00000000-0000-0000-0000-000000000000" "released" by "nova.context.set_target_cell..get_or_set_cached_cell_and_set_connections" :: held 0.001s {{(pid=63266) inner /opt/stack/data/venv/lib/python3.12/site-packages/oslo_concurrency/lockutils.py:544}}
Jul 30 20:23:36 devstack devstack@n-api.service[63266]: DEBUG oslo_concurrency.lockutils [None req-ac4a5949-48eb-4b3b-a0e0-30cd65cef858 tempest-ServerRescueNegativeTestJSON-1380420888 tempest-ServerRescueNegativeTestJSON-1380420888-project-member] Acquiring lock "1801e588-c976-46db-a5c1-bb082e4eaddc" by "nova.context.set_target_cell..get_or_set_cached_cell_and_set_connections" {{(pid=63266) inner /opt/stack/data/venv/lib/python3.12/site-packages/oslo_concurrency/lockutils.py:512}}
Jul 30 20:23:36 devstack devstack@n-api.service[63266]: DEBUG oslo_concurrency.lockutils [None req-ac4a5949-48eb-4b3b-a0e0-30cd65cef858 tempest-ServerRescueNegativeTestJSON-1380420888 tempest-ServerRescueNegativeTestJSON-1380420888-project-member] Lock "1801e588-c976-46db-a5c1-bb082e4eaddc" acquired by "nova.context.set_target_cell..get_or_set_cached_cell_and_set_connections" :: waited 0.000s {{(pid=63266) inner /opt/stack/data/venv/lib/python3.12/site-packages/oslo_concurrency/lockutils.py:525}}
Jul 30 20:23:36 devstack devstack@n-api.service[63266]: DEBUG oslo_concurrency.lockutils [None req-ac4a5949-48eb-4b3b-a0e0-30cd65cef858 tempest-ServerRescueNegativeTestJSON-1380420888 tempest-ServerRescueNegativeTestJSON-1380420888-project-member] Lock "1801e588-c976-46db-a5c1-bb082e4eaddc" "released" by "nova.context.set_target_cell..get_or_set_cached_cell_and_set_connections" :: held 0.001s {{(pid=63266) inner /opt/stack/data/venv/lib/python3.12/site-packages/oslo_concurrency/lockutils.py:544}}
Jul 30 20:23:36 devstack devstack@n-api.service[63266]: DEBUG nova.quota [None req-ac4a5949-48eb-4b3b-a0e0-30cd65cef858 tempest-ServerRescueNegativeTestJSON-1380420888 tempest-ServerRescueNegativeTestJSON-1380420888-project-member] Getting quotas for project ef2baaaf02b1492e86969d87cbb94b01. Resources: {'instances', 'ram', 'cores'} {{(pid=63266) _get_quotas /opt/stack/nova/nova/quota.py:389}}
Jul 30 20:23:36 devstack devstack@n-api.service[63266]: DEBUG nova.quota [None req-ac4a5949-48eb-4b3b-a0e0-30cd65cef858 tempest-ServerRescueNegativeTestJSON-1380420888 tempest-ServerRescueNegativeTestJSON-1380420888-project-member] Getting quotas for user 5caec2ae6c38428e8b15894fbadd1897 and project ef2baaaf02b1492e86969d87cbb94b01. Resources: {'instances', 'ram', 'cores'} {{(pid=63266) _get_quotas /opt/stack/nova/nova/quota.py:379}}
Jul 30 20:23:36 devstack devstack@n-api.service[63266]: DEBUG nova.compute.api [None req-ac4a5949-48eb-4b3b-a0e0-30cd65cef858 tempest-ServerRescueNegativeTestJSON-1380420888 tempest-ServerRescueNegativeTestJSON-1380420888-project-member] Going to run 1 instances... {{(pid=63266) _provision_instances /opt/stack/nova/nova/compute/api.py:1480}}
Jul 30 20:23:36 devstack devstack@n-api.service[63266]: DEBUG nova.compute.api [None req-ac4a5949-48eb-4b3b-a0e0-30cd65cef858 tempest-ServerRescueNegativeTestJSON-1380420888 tempest-ServerRescueNegativeTestJSON-1380420888-project-member] [instance: 0ee01af2-6ea7-491a-85c3-db3aa835b027] block_device_mapping [BlockDeviceMapping(attachment_id=,boot_index=0,connection_info=None,created_at=,delete_on_termination=True,deleted=,deleted_at=,destination_type='local',device_name=None,device_type='disk',disk_bus=None,encrypted=False,encryption_format=None,encryption_options=None,encryption_secret_uuid=None,guest_format=None,id=,image_id='1ed21181-aca9-4608-89cf-131c66236dc1',instance=,instance_uuid=,no_device=False,snapshot_id=None,source_type='image',tag=None,updated_at=,uuid=,volume_id=None,volume_size=None,volume_type=None)] {{(pid=63266) _bdm_validate_set_size_and_instance /opt/stack/nova/nova/compute/api.py:1942}}
Jul 30 20:23:36 devstack devstack@n-api.service[63266]: INFO nova.api.openstack.requestlog [None req-ac4a5949-48eb-4b3b-a0e0-30cd65cef858 tempest-ServerRescueNegativeTestJSON-1380420888 tempest-ServerRescueNegativeTestJSON-1380420888-project-member] 192.168.122.98 "POST /compute/v2.1/servers" status: 202 len: 389 microversion: 2.1 time: 0.882097
Jul 30 20:23:36 devstack devstack@n-api.service[63266]: [pid: 63266|app: 0|req: 50/97] 192.168.122.98 () {60 vars in 1144 bytes} [Thu Jul 30 20:23:36 2026] POST /compute/v2.1/servers => generated 389 bytes in 886 msecs (HTTP/1.1 202) 10 headers in 454 bytes (1 switches on core 0)
Jul 30 20:23:36 devstack devstack@n-api.service[63267]: DEBUG nova.api.openstack.wsgi [None req-612cdf03-5782-41af-8d06-9ea91a98cb09 tempest-ServerRescueNegativeTestJSON-1380420888 tempest-ServerRescueNegativeTestJSON-1380420888-project-member] Calling method '>' {{(pid=63267) _process_stack /opt/stack/nova/nova/api/openstack/wsgi.py:551}}
Jul 30 20:23:36 devstack devstack@n-api.service[63267]: DEBUG nova.compute.api [None req-612cdf03-5782-41af-8d06-9ea91a98cb09 tempest-ServerRescueNegativeTestJSON-1380420888 tempest-ServerRescueNegativeTestJSON-1380420888-project-member] [instance: 0ee01af2-6ea7-491a-85c3-db3aa835b027] Fetching instance by UUID {{(pid=63267) get /opt/stack/nova/nova/compute/api.py:3068}}
Jul 30 20:23:36 devstack devstack@n-api.service[63267]: WARNING neutronclient.v2_0.client [None req-612cdf03-5782-41af-8d06-9ea91a98cb09 tempest-ServerRescueNegativeTestJSON-1380420888 tempest-ServerRescueNegativeTestJSON-1380420888-project-member] The python binding code in neutronclient is deprecated in favor of OpenstackSDK, please use that as this will be removed in a future release.
Jul 30 20:23:37 devstack devstack@n-api.service[63267]: DEBUG nova.policy [None req-612cdf03-5782-41af-8d06-9ea91a98cb09 tempest-ServerRescueNegativeTestJSON-1380420888 tempest-ServerRescueNegativeTestJSON-1380420888-project-member] Policy check for os_compute_api:os-extended-server-attributes failed with credentials {'is_admin': False, 'user_id': '5caec2ae6c38428e8b15894fbadd1897', 'user_domain_id': 'default', 'system_scope': None, 'domain_id': None, 'project_id': 'ef2baaaf02b1492e86969d87cbb94b01', 'project_domain_id': 'default', 'roles': ['reader', 'member'], 'is_admin_project': True, 'service_user_id': None, 'service_user_domain_id': None, 'service_project_id': None, 'service_project_domain_id': None, 'service_roles': []} {{(pid=63267) authorize /opt/stack/nova/nova/policy.py:202}}
Jul 30 20:23:37 devstack devstack@n-api.service[63267]: INFO nova.api.openstack.requestlog [None req-612cdf03-5782-41af-8d06-9ea91a98cb09 tempest-ServerRescueNegativeTestJSON-1380420888 tempest-ServerRescueNegativeTestJSON-1380420888-project-member] 192.168.122.98 "GET /compute/v2.1/servers/0ee01af2-6ea7-491a-85c3-db3aa835b027" status: 200 len: 1232 microversion: 2.1 time: 0.109827
Jul 30 20:23:37 devstack devstack@n-api.service[63267]: [pid: 63267|app: 0|req: 48/98] 192.168.122.98 () {58 vars in 1233 bytes} [Thu Jul 30 20:23:36 2026] GET /compute/v2.1/servers/0ee01af2-6ea7-491a-85c3-db3aa835b027 => generated 1232 bytes in 112 msecs (HTTP/1.1 200) 9 headers in 358 bytes (1 switches on core 0)
Jul 30 20:23:37 devstack devstack@n-api.service[63266]: DEBUG nova.api.openstack.wsgi [None req-0bad2bbd-132b-416b-b050-4c1f9895c838 tempest-ServerRescueNegativeTestJSON-1380420888 tempest-ServerRescueNegativeTestJSON-1380420888-project-member] Action: 'create', calling method: >, body: {"server": {"name": "tempest-ServerRescueNegativeTestJSON-server-427311717", "imageRef": "1ed21181-aca9-4608-89cf-131c66236dc1", "flavorRef": "42", "adminPass": "***", "networks": [{"uuid": "}]}} {{(pid=63266) _process_stack /opt/stack/nova/nova/api/openstack/wsgi.py:549}}
Jul 30 20:23:37 devstack devstack@n-api.service[63266]: DEBUG oslo_concurrency.lockutils [None req-0bad2bbd-132b-416b-b050-4c1f9895c838 tempest-ServerRescueNegativeTestJSON-1380420888 tempest-ServerRescueNegativeTestJSON-1380420888-project-member] Acquiring lock "00000000-0000-0000-0000-000000000000" by "nova.context.set_target_cell..get_or_set_cached_cell_and_set_connections" {{(pid=63266) inner /opt/stack/data/venv/lib/python3.12/site-packages/oslo_concurrency/lockutils.py:512}}
Jul 30 20:23:37 devstack devstack@n-api.service[63266]: DEBUG oslo_concurrency.lockutils [None req-0bad2bbd-132b-416b-b050-4c1f9895c838 tempest-ServerRescueNegativeTestJSON-1380420888 tempest-ServerRescueNegativeTestJSON-1380420888-project-member] Lock "00000000-0000-0000-0000-000000000000" acquired by "nova.context.set_target_cell..get_or_set_cached_cell_and_set_connections" :: waited 0.003s {{(pid=63266) inner /opt/stack/data/venv/lib/python3.12/site-packages/oslo_concurrency/lockutils.py:525}}
Jul 30 20:23:37 devstack devstack@n-api.service[63266]: DEBUG oslo_concurrency.lockutils [None req-0bad2bbd-132b-416b-b050-4c1f9895c838 tempest-ServerRescueNegativeTestJSON-1380420888 tempest-ServerRescueNegativeTestJSON-1380420888-project-member] Lock "00000000-0000-0000-0000-000000000000" "released" by "nova.context.set_target_cell..get_or_set_cached_cell_and_set_connections" :: held 0.004s {{(pid=63266) inner /opt/stack/data/venv/lib/python3.12/site-packages/oslo_concurrency/lockutils.py:544}}
Jul 30 20:23:37 devstack devstack@n-api.service[63266]: DEBUG oslo_concurrency.lockutils [None req-0bad2bbd-132b-416b-b050-4c1f9895c838 tempest-ServerRescueNegativeTestJSON-1380420888 tempest-ServerRescueNegativeTestJSON-1380420888-project-member] Acquiring lock "1801e588-c976-46db-a5c1-bb082e4eaddc" by "nova.context.set_target_cell..get_or_set_cached_cell_and_set_connections" {{(pid=63266) inner /opt/stack/data/venv/lib/python3.12/site-packages/oslo_concurrency/lockutils.py:512}}
Jul 30 20:23:37 devstack devstack@n-api.service[63266]: DEBUG oslo_concurrency.lockutils [None req-0bad2bbd-132b-416b-b050-4c1f9895c838 tempest-ServerRescueNegativeTestJSON-1380420888 tempest-ServerRescueNegativeTestJSON-1380420888-project-member] Lock "1801e588-c976-46db-a5c1-bb082e4eaddc" acquired by "nova.context.set_target_cell..get_or_set_cached_cell_and_set_connections" :: waited 0.001s {{(pid=63266) inner /opt/stack/data/venv/lib/python3.12/site-packages/oslo_concurrency/lockutils.py:525}}
Jul 30 20:23:37 devstack devstack@n-api.service[63266]: DEBUG oslo_concurrency.lockutils [None req-0bad2bbd-132b-416b-b050-4c1f9895c838 tempest-ServerRescueNegativeTestJSON-1380420888 tempest-ServerRescueNegativeTestJSON-1380420888-project-member] Lock "1801e588-c976-46db-a5c1-bb082e4eaddc" "released" by "nova.context.set_target_cell..get_or_set_cached_cell_and_set_connections" :: held 0.005s {{(pid=63266) inner /opt/stack/data/venv/lib/python3.12/site-packages/oslo_concurrency/lockutils.py:544}}
Jul 30 20:23:37 devstack devstack@n-api.service[63266]: DEBUG nova.network.neutron [None req-0bad2bbd-132b-416b-b050-4c1f9895c838 tempest-ServerRescueNegativeTestJSON-1380420888 tempest-ServerRescueNegativeTestJSON-1380420888-project-member] validate_networks() for [('19c27838-b453-41d3-ac45-7c073e4c73e5', None, None, None, None, None)] {{(pid=63266) validate_networks /opt/stack/nova/nova/network/neutron.py:2686}}
Jul 30 20:23:37 devstack devstack@n-api.service[63266]: WARNING neutronclient.v2_0.client [None req-0bad2bbd-132b-416b-b050-4c1f9895c838 tempest-ServerRescueNegativeTestJSON-1380420888 tempest-ServerRescueNegativeTestJSON-1380420888-project-member] The python binding code in neutronclient is deprecated in favor of OpenstackSDK, please use that as this will be removed in a future release.
Jul 30 20:23:37 devstack devstack@n-api.service[63266]: WARNING neutronclient.v2_0.client [None req-0bad2bbd-132b-416b-b050-4c1f9895c838 tempest-ServerRescueNegativeTestJSON-1380420888 tempest-ServerRescueNegativeTestJSON-1380420888-project-member] The python binding code in neutronclient is deprecated in favor of OpenstackSDK, please use that as this will be removed in a future release.
Jul 30 20:23:37 devstack devstack@n-api.service[63266]: DEBUG nova.virt.hardware [None req-0bad2bbd-132b-416b-b050-4c1f9895c838 tempest-ServerRescueNegativeTestJSON-1380420888 tempest-ServerRescueNegativeTestJSON-1380420888-project-member] Flavor limits 0:0:0 {{(pid=63266) get_cpu_topology_constraints /opt/stack/nova/nova/virt/hardware.py:516}}
Jul 30 20:23:37 devstack devstack@n-api.service[63266]: DEBUG nova.virt.hardware [None req-0bad2bbd-132b-416b-b050-4c1f9895c838 tempest-ServerRescueNegativeTestJSON-1380420888 tempest-ServerRescueNegativeTestJSON-1380420888-project-member] Image limits 0:0:0 {{(pid=63266) get_cpu_topology_constraints /opt/stack/nova/nova/virt/hardware.py:520}}
Jul 30 20:23:37 devstack devstack@n-api.service[63266]: DEBUG nova.virt.hardware [None req-0bad2bbd-132b-416b-b050-4c1f9895c838 tempest-ServerRescueNegativeTestJSON-1380420888 tempest-ServerRescueNegativeTestJSON-1380420888-project-member] Flavor pref 0:0:0 {{(pid=63266) get_cpu_topology_constraints /opt/stack/nova/nova/virt/hardware.py:556}}
Jul 30 20:23:37 devstack devstack@n-api.service[63266]: DEBUG nova.virt.hardware [None req-0bad2bbd-132b-416b-b050-4c1f9895c838 tempest-ServerRescueNegativeTestJSON-1380420888 tempest-ServerRescueNegativeTestJSON-1380420888-project-member] Image pref 0:0:0 {{(pid=63266) get_cpu_topology_constraints /opt/stack/nova/nova/virt/hardware.py:560}}
Jul 30 20:23:37 devstack devstack@n-api.service[63266]: DEBUG nova.virt.hardware [None req-0bad2bbd-132b-416b-b050-4c1f9895c838 tempest-ServerRescueNegativeTestJSON-1380420888 tempest-ServerRescueNegativeTestJSON-1380420888-project-member] Chose sockets=0, cores=0, threads=0; limits were sockets=65536, cores=65536, threads=65536 {{(pid=63266) get_cpu_topology_constraints /opt/stack/nova/nova/virt/hardware.py:598}}
Jul 30 20:23:37 devstack devstack@n-api.service[63266]: DEBUG oslo_concurrency.lockutils [None req-0bad2bbd-132b-416b-b050-4c1f9895c838 tempest-ServerRescueNegativeTestJSON-1380420888 tempest-ServerRescueNegativeTestJSON-1380420888-project-member] Acquiring lock "00000000-0000-0000-0000-000000000000" by "nova.context.set_target_cell..get_or_set_cached_cell_and_set_connections" {{(pid=63266) inner /opt/stack/data/venv/lib/python3.12/site-packages/oslo_concurrency/lockutils.py:512}}
Jul 30 20:23:37 devstack devstack@n-api.service[63266]: DEBUG oslo_concurrency.lockutils [None req-0bad2bbd-132b-416b-b050-4c1f9895c838 tempest-ServerRescueNegativeTestJSON-1380420888 tempest-ServerRescueNegativeTestJSON-1380420888-project-member] Lock "00000000-0000-0000-0000-000000000000" acquired by "nova.context.set_target_cell..get_or_set_cached_cell_and_set_connections" :: waited 0.001s {{(pid=63266) inner /opt/stack/data/venv/lib/python3.12/site-packages/oslo_concurrency/lockutils.py:525}}
Jul 30 20:23:37 devstack devstack@n-api.service[63266]: DEBUG oslo_concurrency.lockutils [None req-0bad2bbd-132b-416b-b050-4c1f9895c838 tempest-ServerRescueNegativeTestJSON-1380420888 tempest-ServerRescueNegativeTestJSON-1380420888-project-member] Lock "00000000-0000-0000-0000-000000000000" "released" by "nova.context.set_target_cell..get_or_set_cached_cell_and_set_connections" :: held 0.001s {{(pid=63266) inner /opt/stack/data/venv/lib/python3.12/site-packages/oslo_concurrency/lockutils.py:544}}
Jul 30 20:23:37 devstack devstack@n-api.service[63266]: DEBUG oslo_concurrency.lockutils [None req-0bad2bbd-132b-416b-b050-4c1f9895c838 tempest-ServerRescueNegativeTestJSON-1380420888 tempest-ServerRescueNegativeTestJSON-1380420888-project-member] Acquiring lock "1801e588-c976-46db-a5c1-bb082e4eaddc" by "nova.context.set_target_cell..get_or_set_cached_cell_and_set_connections" {{(pid=63266) inner /opt/stack/data/venv/lib/python3.12/site-packages/oslo_concurrency/lockutils.py:512}}
Jul 30 20:23:37 devstack devstack@n-api.service[63266]: DEBUG oslo_concurrency.lockutils [None req-0bad2bbd-132b-416b-b050-4c1f9895c838 tempest-ServerRescueNegativeTestJSON-1380420888 tempest-ServerRescueNegativeTestJSON-1380420888-project-member] Lock "1801e588-c976-46db-a5c1-bb082e4eaddc" acquired by "nova.context.set_target_cell..get_or_set_cached_cell_and_set_connections" :: waited 0.001s {{(pid=63266) inner /opt/stack/data/venv/lib/python3.12/site-packages/oslo_concurrency/lockutils.py:525}}
Jul 30 20:23:37 devstack devstack@n-api.service[63266]: DEBUG oslo_concurrency.lockutils [None req-0bad2bbd-132b-416b-b050-4c1f9895c838 tempest-ServerRescueNegativeTestJSON-1380420888 tempest-ServerRescueNegativeTestJSON-1380420888-project-member] Lock "1801e588-c976-46db-a5c1-bb082e4eaddc" "released" by "nova.context.set_target_cell..get_or_set_cached_cell_and_set_connections" :: held 0.003s {{(pid=63266) inner /opt/stack/data/venv/lib/python3.12/site-packages/oslo_concurrency/lockutils.py:544}}
Jul 30 20:23:38 devstack devstack@n-api.service[63266]: DEBUG nova.quota [None req-0bad2bbd-132b-416b-b050-4c1f9895c838 tempest-ServerRescueNegativeTestJSON-1380420888 tempest-ServerRescueNegativeTestJSON-1380420888-project-member] Getting quotas for project ef2baaaf02b1492e86969d87cbb94b01. Resources: {'instances', 'ram', 'cores'} {{(pid=63266) _get_quotas /opt/stack/nova/nova/quota.py:389}}
Jul 30 20:23:38 devstack devstack@n-api.service[63266]: DEBUG nova.quota [None req-0bad2bbd-132b-416b-b050-4c1f9895c838 tempest-ServerRescueNegativeTestJSON-1380420888 tempest-ServerRescueNegativeTestJSON-1380420888-project-member] Getting quotas for user 5caec2ae6c38428e8b15894fbadd1897 and project ef2baaaf02b1492e86969d87cbb94b01. Resources: {'instances', 'ram', 'cores'} {{(pid=63266) _get_quotas /opt/stack/nova/nova/quota.py:379}}
Jul 30 20:23:38 devstack devstack@n-api.service[63266]: DEBUG nova.compute.api [None req-0bad2bbd-132b-416b-b050-4c1f9895c838 tempest-ServerRescueNegativeTestJSON-1380420888 tempest-ServerRescueNegativeTestJSON-1380420888-project-member] Going to run 1 instances... {{(pid=63266) _provision_instances /opt/stack/nova/nova/compute/api.py:1480}}
Jul 30 20:23:38 devstack devstack@n-api.service[63266]: DEBUG nova.compute.api [None req-0bad2bbd-132b-416b-b050-4c1f9895c838 tempest-ServerRescueNegativeTestJSON-1380420888 tempest-ServerRescueNegativeTestJSON-1380420888-project-member] [instance: d9e452bd-1454-4a36-b621-be95e8d79c10] block_device_mapping [BlockDeviceMapping(attachment_id=,boot_index=0,connection_info=None,created_at=,delete_on_termination=True,deleted=,deleted_at=,destination_type='local',device_name=None,device_type='disk',disk_bus=None,encrypted=False,encryption_format=None,encryption_options=None,encryption_secret_uuid=None,guest_format=None,id=,image_id='1ed21181-aca9-4608-89cf-131c66236dc1',instance=,instance_uuid=,no_device=False,snapshot_id=None,source_type='image',tag=None,updated_at=,uuid=,volume_id=None,volume_size=None,volume_type=None)] {{(pid=63266) _bdm_validate_set_size_and_instance /opt/stack/nova/nova/compute/api.py:1942}}
Jul 30 20:23:38 devstack devstack@n-api.service[63266]: INFO nova.api.openstack.requestlog [None req-0bad2bbd-132b-416b-b050-4c1f9895c838 tempest-ServerRescueNegativeTestJSON-1380420888 tempest-ServerRescueNegativeTestJSON-1380420888-project-member] 192.168.122.98 "POST /compute/v2.1/servers" status: 202 len: 389 microversion: 2.1 time: 0.922657
Jul 30 20:23:38 devstack devstack@n-api.service[63266]: [pid: 63266|app: 0|req: 51/99] 192.168.122.98 () {60 vars in 1144 bytes} [Thu Jul 30 20:23:37 2026] POST /compute/v2.1/servers => generated 389 bytes in 924 msecs (HTTP/1.1 202) 10 headers in 454 bytes (1 switches on core 0)
Jul 30 20:23:38 devstack devstack@n-api.service[63267]: DEBUG nova.api.openstack.wsgi [None req-c2a0d1fa-b0e9-4756-bfc1-1dd5bae9901b tempest-ServerRescueNegativeTestJSON-1380420888 tempest-ServerRescueNegativeTestJSON-1380420888-project-member] Calling method '>' {{(pid=63267) _process_stack /opt/stack/nova/nova/api/openstack/wsgi.py:551}}
Jul 30 20:23:38 devstack devstack@n-api.service[63267]: DEBUG nova.compute.api [None req-c2a0d1fa-b0e9-4756-bfc1-1dd5bae9901b tempest-ServerRescueNegativeTestJSON-1380420888 tempest-ServerRescueNegativeTestJSON-1380420888-project-member] [instance: d9e452bd-1454-4a36-b621-be95e8d79c10] Fetching instance by UUID {{(pid=63267) get /opt/stack/nova/nova/compute/api.py:3068}}
Jul 30 20:23:38 devstack devstack@n-api.service[63267]: WARNING neutronclient.v2_0.client [None req-c2a0d1fa-b0e9-4756-bfc1-1dd5bae9901b tempest-ServerRescueNegativeTestJSON-1380420888 tempest-ServerRescueNegativeTestJSON-1380420888-project-member] The python binding code in neutronclient is deprecated in favor of OpenstackSDK, please use that as this will be removed in a future release.
Jul 30 20:23:38 devstack devstack@n-api.service[63266]: DEBUG nova.api.openstack.wsgi [None req-9d2a6277-38d4-4083-816c-21b8fb76f23b tempest-ServerActionsTestOtherA-940473852 tempest-ServerActionsTestOtherA-940473852-project-member] Calling method '>' {{(pid=63266) _process_stack /opt/stack/nova/nova/api/openstack/wsgi.py:551}}
Jul 30 20:23:38 devstack devstack@n-api.service[63266]: DEBUG nova.compute.api [None req-9d2a6277-38d4-4083-816c-21b8fb76f23b tempest-ServerActionsTestOtherA-940473852 tempest-ServerActionsTestOtherA-940473852-project-member] [instance: 6a4acb3b-4ff0-4dff-bc00-8a8cfd7c0552] Fetching instance by UUID {{(pid=63266) get /opt/stack/nova/nova/compute/api.py:3068}}
Jul 30 20:23:38 devstack devstack@n-api.service[63267]: DEBUG nova.policy [None req-c2a0d1fa-b0e9-4756-bfc1-1dd5bae9901b tempest-ServerRescueNegativeTestJSON-1380420888 tempest-ServerRescueNegativeTestJSON-1380420888-project-member] Policy check for os_compute_api:os-extended-server-attributes failed with credentials {'is_admin': False, 'user_id': '5caec2ae6c38428e8b15894fbadd1897', 'user_domain_id': 'default', 'system_scope': None, 'domain_id': None, 'project_id': 'ef2baaaf02b1492e86969d87cbb94b01', 'project_domain_id': 'default', 'roles': ['reader', 'member'], 'is_admin_project': True, 'service_user_id': None, 'service_user_domain_id': None, 'service_project_id': None, 'service_project_domain_id': None, 'service_roles': []} {{(pid=63267) authorize /opt/stack/nova/nova/policy.py:202}}
Jul 30 20:23:38 devstack devstack@n-api.service[63266]: DEBUG oslo_concurrency.lockutils [None req-9d2a6277-38d4-4083-816c-21b8fb76f23b tempest-ServerActionsTestOtherA-940473852 tempest-ServerActionsTestOtherA-940473852-project-member] Acquiring lock "1801e588-c976-46db-a5c1-bb082e4eaddc" by "nova.context.set_target_cell..get_or_set_cached_cell_and_set_connections" {{(pid=63266) inner /opt/stack/data/venv/lib/python3.12/site-packages/oslo_concurrency/lockutils.py:512}}
Jul 30 20:23:38 devstack devstack@n-api.service[63266]: DEBUG oslo_concurrency.lockutils [None req-9d2a6277-38d4-4083-816c-21b8fb76f23b tempest-ServerActionsTestOtherA-940473852 tempest-ServerActionsTestOtherA-940473852-project-member] Lock "1801e588-c976-46db-a5c1-bb082e4eaddc" acquired by "nova.context.set_target_cell..get_or_set_cached_cell_and_set_connections" :: waited 0.001s {{(pid=63266) inner /opt/stack/data/venv/lib/python3.12/site-packages/oslo_concurrency/lockutils.py:525}}
Jul 30 20:23:38 devstack devstack@n-api.service[63266]: DEBUG oslo_concurrency.lockutils [None req-9d2a6277-38d4-4083-816c-21b8fb76f23b tempest-ServerActionsTestOtherA-940473852 tempest-ServerActionsTestOtherA-940473852-project-member] Lock "1801e588-c976-46db-a5c1-bb082e4eaddc" "released" by "nova.context.set_target_cell..get_or_set_cached_cell_and_set_connections" :: held 0.000s {{(pid=63266) inner /opt/stack/data/venv/lib/python3.12/site-packages/oslo_concurrency/lockutils.py:544}}
Jul 30 20:23:38 devstack devstack@n-api.service[63266]: DEBUG oslo_concurrency.lockutils [None req-9d2a6277-38d4-4083-816c-21b8fb76f23b tempest-ServerActionsTestOtherA-940473852 tempest-ServerActionsTestOtherA-940473852-project-member] Acquiring lock "1801e588-c976-46db-a5c1-bb082e4eaddc" by "nova.context.set_target_cell..get_or_set_cached_cell_and_set_connections" {{(pid=63266) inner /opt/stack/data/venv/lib/python3.12/site-packages/oslo_concurrency/lockutils.py:512}}
Jul 30 20:23:38 devstack devstack@n-api.service[63266]: DEBUG oslo_concurrency.lockutils [None req-9d2a6277-38d4-4083-816c-21b8fb76f23b tempest-ServerActionsTestOtherA-940473852 tempest-ServerActionsTestOtherA-940473852-project-member] Lock "1801e588-c976-46db-a5c1-bb082e4eaddc" acquired by "nova.context.set_target_cell..get_or_set_cached_cell_and_set_connections" :: waited 0.003s {{(pid=63266) inner /opt/stack/data/venv/lib/python3.12/site-packages/oslo_concurrency/lockutils.py:525}}
Jul 30 20:23:38 devstack devstack@n-api.service[63266]: DEBUG oslo_concurrency.lockutils [None req-9d2a6277-38d4-4083-816c-21b8fb76f23b tempest-ServerActionsTestOtherA-940473852 tempest-ServerActionsTestOtherA-940473852-project-member] Lock "1801e588-c976-46db-a5c1-bb082e4eaddc" "released" by "nova.context.set_target_cell..get_or_set_cached_cell_and_set_connections" :: held 0.003s {{(pid=63266) inner /opt/stack/data/venv/lib/python3.12/site-packages/oslo_concurrency/lockutils.py:544}}
Jul 30 20:23:38 devstack devstack@n-api.service[63267]: INFO nova.api.openstack.requestlog [None req-c2a0d1fa-b0e9-4756-bfc1-1dd5bae9901b tempest-ServerRescueNegativeTestJSON-1380420888 tempest-ServerRescueNegativeTestJSON-1380420888-project-member] 192.168.122.98 "GET /compute/v2.1/servers/d9e452bd-1454-4a36-b621-be95e8d79c10" status: 200 len: 1231 microversion: 2.1 time: 0.181625
Jul 30 20:23:38 devstack devstack@n-api.service[63267]: [pid: 63267|app: 0|req: 49/100] 192.168.122.98 () {58 vars in 1233 bytes} [Thu Jul 30 20:23:38 2026] GET /compute/v2.1/servers/d9e452bd-1454-4a36-b621-be95e8d79c10 => generated 1231 bytes in 183 msecs (HTTP/1.1 200) 9 headers in 358 bytes (1 switches on core 0)
Jul 30 20:23:38 devstack devstack@n-api.service[63266]: WARNING neutronclient.v2_0.client [None req-9d2a6277-38d4-4083-816c-21b8fb76f23b tempest-ServerActionsTestOtherA-940473852 tempest-ServerActionsTestOtherA-940473852-project-member] The python binding code in neutronclient is deprecated in favor of OpenstackSDK, please use that as this will be removed in a future release.
Jul 30 20:23:38 devstack devstack@n-api.service[63266]: DEBUG nova.policy [None req-9d2a6277-38d4-4083-816c-21b8fb76f23b tempest-ServerActionsTestOtherA-940473852 tempest-ServerActionsTestOtherA-940473852-project-member] Policy check for os_compute_api:os-extended-server-attributes failed with credentials {'is_admin': False, 'user_id': 'e23dff6da0bd449da39a7a044515da5b', 'user_domain_id': 'default', 'system_scope': None, 'domain_id': None, 'project_id': 'c82cb68187b54e71bcb57fbc8e8dc037', 'project_domain_id': 'default', 'roles': ['reader', 'member'], 'is_admin_project': True, 'service_user_id': None, 'service_user_domain_id': None, 'service_project_id': None, 'service_project_domain_id': None, 'service_roles': []} {{(pid=63266) authorize /opt/stack/nova/nova/policy.py:202}}
Jul 30 20:23:38 devstack devstack@n-api.service[63266]: INFO nova.api.openstack.requestlog [None req-9d2a6277-38d4-4083-816c-21b8fb76f23b tempest-ServerActionsTestOtherA-940473852 tempest-ServerActionsTestOtherA-940473852-project-member] 192.168.122.98 "GET /compute/v2.1/servers/6a4acb3b-4ff0-4dff-bc00-8a8cfd7c0552" status: 200 len: 1677 microversion: 2.1 time: 0.518586
Jul 30 20:23:38 devstack devstack@n-api.service[63266]: [pid: 63266|app: 0|req: 52/101] 192.168.122.98 () {58 vars in 1233 bytes} [Thu Jul 30 20:23:38 2026] GET /compute/v2.1/servers/6a4acb3b-4ff0-4dff-bc00-8a8cfd7c0552 => generated 1677 bytes in 520 msecs (HTTP/1.1 200) 9 headers in 358 bytes (1 switches on core 0)
Jul 30 20:23:39 devstack devstack@n-api.service[63267]: DEBUG dbcounter [-] [63267] Writing DB stats nova_cell1:SELECT=64 {{(pid=63267) stat_writer /opt/stack/data/venv/lib/python3.12/site-packages/dbcounter.py:115}}
Jul 30 20:23:39 devstack devstack@n-api.service[63267]: DEBUG nova.api.openstack.wsgi [None req-82a7619d-38c3-475e-8e53-82ded0b9ded7 tempest-ServerRescueNegativeTestJSON-1380420888 tempest-ServerRescueNegativeTestJSON-1380420888-project-member] Calling method '>' {{(pid=63267) _process_stack /opt/stack/nova/nova/api/openstack/wsgi.py:551}}
Jul 30 20:23:39 devstack devstack@n-api.service[63267]: DEBUG nova.compute.api [None req-82a7619d-38c3-475e-8e53-82ded0b9ded7 tempest-ServerRescueNegativeTestJSON-1380420888 tempest-ServerRescueNegativeTestJSON-1380420888-project-member] [instance: d9e452bd-1454-4a36-b621-be95e8d79c10] Fetching instance by UUID {{(pid=63267) get /opt/stack/nova/nova/compute/api.py:3068}}
Jul 30 20:23:39 devstack devstack@n-api.service[63267]: DEBUG oslo_concurrency.lockutils [None req-82a7619d-38c3-475e-8e53-82ded0b9ded7 tempest-ServerRescueNegativeTestJSON-1380420888 tempest-ServerRescueNegativeTestJSON-1380420888-project-member] Acquiring lock "1801e588-c976-46db-a5c1-bb082e4eaddc" by "nova.context.set_target_cell..get_or_set_cached_cell_and_set_connections" {{(pid=63267) inner /opt/stack/data/venv/lib/python3.12/site-packages/oslo_concurrency/lockutils.py:512}}
Jul 30 20:23:39 devstack devstack@n-api.service[63267]: DEBUG oslo_concurrency.lockutils [None req-82a7619d-38c3-475e-8e53-82ded0b9ded7 tempest-ServerRescueNegativeTestJSON-1380420888 tempest-ServerRescueNegativeTestJSON-1380420888-project-member] Lock "1801e588-c976-46db-a5c1-bb082e4eaddc" acquired by "nova.context.set_target_cell..get_or_set_cached_cell_and_set_connections" :: waited 0.001s {{(pid=63267) inner /opt/stack/data/venv/lib/python3.12/site-packages/oslo_concurrency/lockutils.py:525}}
Jul 30 20:23:39 devstack devstack@n-api.service[63267]: DEBUG oslo_concurrency.lockutils [None req-82a7619d-38c3-475e-8e53-82ded0b9ded7 tempest-ServerRescueNegativeTestJSON-1380420888 tempest-ServerRescueNegativeTestJSON-1380420888-project-member] Lock "1801e588-c976-46db-a5c1-bb082e4eaddc" "released" by "nova.context.set_target_cell..get_or_set_cached_cell_and_set_connections" :: held 0.001s {{(pid=63267) inner /opt/stack/data/venv/lib/python3.12/site-packages/oslo_concurrency/lockutils.py:544}}
Jul 30 20:23:39 devstack devstack@n-api.service[63267]: DEBUG oslo_concurrency.lockutils [None req-82a7619d-38c3-475e-8e53-82ded0b9ded7 tempest-ServerRescueNegativeTestJSON-1380420888 tempest-ServerRescueNegativeTestJSON-1380420888-project-member] Acquiring lock "1801e588-c976-46db-a5c1-bb082e4eaddc" by "nova.context.set_target_cell..get_or_set_cached_cell_and_set_connections" {{(pid=63267) inner /opt/stack/data/venv/lib/python3.12/site-packages/oslo_concurrency/lockutils.py:512}}
Jul 30 20:23:39 devstack devstack@n-api.service[63267]: DEBUG oslo_concurrency.lockutils [None req-82a7619d-38c3-475e-8e53-82ded0b9ded7 tempest-ServerRescueNegativeTestJSON-1380420888 tempest-ServerRescueNegativeTestJSON-1380420888-project-member] Lock "1801e588-c976-46db-a5c1-bb082e4eaddc" acquired by "nova.context.set_target_cell..get_or_set_cached_cell_and_set_connections" :: waited 0.008s {{(pid=63267) inner /opt/stack/data/venv/lib/python3.12/site-packages/oslo_concurrency/lockutils.py:525}}
Jul 30 20:23:39 devstack devstack@n-api.service[63267]: DEBUG oslo_concurrency.lockutils [None req-82a7619d-38c3-475e-8e53-82ded0b9ded7 tempest-ServerRescueNegativeTestJSON-1380420888 tempest-ServerRescueNegativeTestJSON-1380420888-project-member] Lock "1801e588-c976-46db-a5c1-bb082e4eaddc" "released" by "nova.context.set_target_cell..get_or_set_cached_cell_and_set_connections" :: held 0.001s {{(pid=63267) inner /opt/stack/data/venv/lib/python3.12/site-packages/oslo_concurrency/lockutils.py:544}}
Jul 30 20:23:39 devstack devstack@n-api.service[63267]: WARNING neutronclient.v2_0.client [None req-82a7619d-38c3-475e-8e53-82ded0b9ded7 tempest-ServerRescueNegativeTestJSON-1380420888 tempest-ServerRescueNegativeTestJSON-1380420888-project-member] The python binding code in neutronclient is deprecated in favor of OpenstackSDK, please use that as this will be removed in a future release.
Jul 30 20:23:40 devstack devstack@n-api.service[63266]: DEBUG nova.api.openstack.wsgi [None req-84c2088c-2b5b-477f-b07b-413a259646ac tempest-ServerActionsTestOtherA-940473852 tempest-ServerActionsTestOtherA-940473852-project-member] Action: 'create', calling method: >, body: {"keypair": {"name": "tempest-keypair-2070110957", "public_key": "ecdsa-sha2-nistp384 AAAAE2VjZHNhLXNoYTItbmlzdHAzODQAAAAIbmlzdHAzODQAAABhBOIdVmnsnsrJziw5aBpgj6MOEnCBQ5YcRRzVTSEig4b2BJjRyPoQ4MIn5RzkPQpMHg3/AJEAhWi6VSYIZlrpgqWSlIx5EnO6+rJfrpWDYFGl7UNgruwpzXdLbD1G0fvLHw=="}} {{(pid=63266) _process_stack /opt/stack/nova/nova/api/openstack/wsgi.py:549}}
Jul 30 20:23:40 devstack devstack@n-api.service[63267]: DEBUG nova.policy [None req-82a7619d-38c3-475e-8e53-82ded0b9ded7 tempest-ServerRescueNegativeTestJSON-1380420888 tempest-ServerRescueNegativeTestJSON-1380420888-project-member] Policy check for os_compute_api:os-extended-server-attributes failed with credentials {'is_admin': False, 'user_id': '5caec2ae6c38428e8b15894fbadd1897', 'user_domain_id': 'default', 'system_scope': None, 'domain_id': None, 'project_id': 'ef2baaaf02b1492e86969d87cbb94b01', 'project_domain_id': 'default', 'roles': ['reader', 'member'], 'is_admin_project': True, 'service_user_id': None, 'service_user_domain_id': None, 'service_project_id': None, 'service_project_domain_id': None, 'service_roles': []} {{(pid=63267) authorize /opt/stack/nova/nova/policy.py:202}}
Jul 30 20:23:40 devstack devstack@n-api.service[63266]: DEBUG nova.quota [None req-84c2088c-2b5b-477f-b07b-413a259646ac tempest-ServerActionsTestOtherA-940473852 tempest-ServerActionsTestOtherA-940473852-project-member] Getting quotas for project c82cb68187b54e71bcb57fbc8e8dc037. Resources: {'key_pairs'} {{(pid=63266) _get_quotas /opt/stack/nova/nova/quota.py:389}}
Jul 30 20:23:40 devstack devstack@n-api.service[63267]: INFO nova.api.openstack.requestlog [None req-82a7619d-38c3-475e-8e53-82ded0b9ded7 tempest-ServerRescueNegativeTestJSON-1380420888 tempest-ServerRescueNegativeTestJSON-1380420888-project-member] 192.168.122.98 "GET /compute/v2.1/servers/d9e452bd-1454-4a36-b621-be95e8d79c10" status: 200 len: 1283 microversion: 2.1 time: 0.875789
Jul 30 20:23:40 devstack devstack@n-api.service[63267]: [pid: 63267|app: 0|req: 50/102] 192.168.122.98 () {58 vars in 1233 bytes} [Thu Jul 30 20:23:39 2026] GET /compute/v2.1/servers/d9e452bd-1454-4a36-b621-be95e8d79c10 => generated 1283 bytes in 877 msecs (HTTP/1.1 200) 9 headers in 358 bytes (1 switches on core 0)
Jul 30 20:23:40 devstack devstack@n-api.service[63266]: DEBUG nova.quota [None req-84c2088c-2b5b-477f-b07b-413a259646ac tempest-ServerActionsTestOtherA-940473852 tempest-ServerActionsTestOtherA-940473852-project-member] Getting quotas for user e23dff6da0bd449da39a7a044515da5b and project c82cb68187b54e71bcb57fbc8e8dc037. Resources: {'key_pairs'} {{(pid=63266) _get_quotas /opt/stack/nova/nova/quota.py:379}}
Jul 30 20:23:40 devstack devstack@n-api.service[63266]: INFO nova.api.openstack.requestlog [None req-84c2088c-2b5b-477f-b07b-413a259646ac tempest-ServerActionsTestOtherA-940473852 tempest-ServerActionsTestOtherA-940473852-project-member] 192.168.122.98 "POST /compute/v2.1/os-keypairs" status: 200 len: 386 microversion: 2.1 time: 0.174612
Jul 30 20:23:40 devstack devstack@n-api.service[63266]: [pid: 63266|app: 0|req: 53/103] 192.168.122.98 () {60 vars in 1156 bytes} [Thu Jul 30 20:23:40 2026] POST /compute/v2.1/os-keypairs => generated 386 bytes in 177 msecs (HTTP/1.1 200) 9 headers in 357 bytes (1 switches on core 0)
Jul 30 20:23:41 devstack devstack@n-api.service[63267]: DEBUG nova.api.openstack.wsgi [None req-9638f79b-9acf-4327-9da6-a6417efcfcd5 tempest-ServerRescueNegativeTestJSON-1380420888 tempest-ServerRescueNegativeTestJSON-1380420888-project-member] Calling method '>' {{(pid=63267) _process_stack /opt/stack/nova/nova/api/openstack/wsgi.py:551}}
Jul 30 20:23:41 devstack devstack@n-api.service[63267]: DEBUG nova.compute.api [None req-9638f79b-9acf-4327-9da6-a6417efcfcd5 tempest-ServerRescueNegativeTestJSON-1380420888 tempest-ServerRescueNegativeTestJSON-1380420888-project-member] [instance: d9e452bd-1454-4a36-b621-be95e8d79c10] Fetching instance by UUID {{(pid=63267) get /opt/stack/nova/nova/compute/api.py:3068}}
Jul 30 20:23:41 devstack devstack@n-api.service[63267]: DEBUG oslo_concurrency.lockutils [None req-9638f79b-9acf-4327-9da6-a6417efcfcd5 tempest-ServerRescueNegativeTestJSON-1380420888 tempest-ServerRescueNegativeTestJSON-1380420888-project-member] Acquiring lock "1801e588-c976-46db-a5c1-bb082e4eaddc" by "nova.context.set_target_cell..get_or_set_cached_cell_and_set_connections" {{(pid=63267) inner /opt/stack/data/venv/lib/python3.12/site-packages/oslo_concurrency/lockutils.py:512}}
Jul 30 20:23:41 devstack devstack@n-api.service[63267]: DEBUG oslo_concurrency.lockutils [None req-9638f79b-9acf-4327-9da6-a6417efcfcd5 tempest-ServerRescueNegativeTestJSON-1380420888 tempest-ServerRescueNegativeTestJSON-1380420888-project-member] Lock "1801e588-c976-46db-a5c1-bb082e4eaddc" acquired by "nova.context.set_target_cell..get_or_set_cached_cell_and_set_connections" :: waited 0.003s {{(pid=63267) inner /opt/stack/data/venv/lib/python3.12/site-packages/oslo_concurrency/lockutils.py:525}}
Jul 30 20:23:41 devstack devstack@n-api.service[63267]: DEBUG oslo_concurrency.lockutils [None req-9638f79b-9acf-4327-9da6-a6417efcfcd5 tempest-ServerRescueNegativeTestJSON-1380420888 tempest-ServerRescueNegativeTestJSON-1380420888-project-member] Lock "1801e588-c976-46db-a5c1-bb082e4eaddc" "released" by "nova.context.set_target_cell..get_or_set_cached_cell_and_set_connections" :: held 0.001s {{(pid=63267) inner /opt/stack/data/venv/lib/python3.12/site-packages/oslo_concurrency/lockutils.py:544}}
Jul 30 20:23:41 devstack devstack@n-api.service[63267]: DEBUG oslo_concurrency.lockutils [None req-9638f79b-9acf-4327-9da6-a6417efcfcd5 tempest-ServerRescueNegativeTestJSON-1380420888 tempest-ServerRescueNegativeTestJSON-1380420888-project-member] Acquiring lock "1801e588-c976-46db-a5c1-bb082e4eaddc" by "nova.context.set_target_cell..get_or_set_cached_cell_and_set_connections" {{(pid=63267) inner /opt/stack/data/venv/lib/python3.12/site-packages/oslo_concurrency/lockutils.py:512}}
Jul 30 20:23:41 devstack devstack@n-api.service[63267]: DEBUG oslo_concurrency.lockutils [None req-9638f79b-9acf-4327-9da6-a6417efcfcd5 tempest-ServerRescueNegativeTestJSON-1380420888 tempest-ServerRescueNegativeTestJSON-1380420888-project-member] Lock "1801e588-c976-46db-a5c1-bb082e4eaddc" acquired by "nova.context.set_target_cell..get_or_set_cached_cell_and_set_connections" :: waited 0.001s {{(pid=63267) inner /opt/stack/data/venv/lib/python3.12/site-packages/oslo_concurrency/lockutils.py:525}}
Jul 30 20:23:41 devstack devstack@n-api.service[63267]: DEBUG oslo_concurrency.lockutils [None req-9638f79b-9acf-4327-9da6-a6417efcfcd5 tempest-ServerRescueNegativeTestJSON-1380420888 tempest-ServerRescueNegativeTestJSON-1380420888-project-member] Lock "1801e588-c976-46db-a5c1-bb082e4eaddc" "released" by "nova.context.set_target_cell..get_or_set_cached_cell_and_set_connections" :: held 0.003s {{(pid=63267) inner /opt/stack/data/venv/lib/python3.12/site-packages/oslo_concurrency/lockutils.py:544}}
Jul 30 20:23:41 devstack devstack@n-api.service[63267]: WARNING neutronclient.v2_0.client [None req-9638f79b-9acf-4327-9da6-a6417efcfcd5 tempest-ServerRescueNegativeTestJSON-1380420888 tempest-ServerRescueNegativeTestJSON-1380420888-project-member] The python binding code in neutronclient is deprecated in favor of OpenstackSDK, please use that as this will be removed in a future release.
Jul 30 20:23:41 devstack devstack@n-api.service[63266]: DEBUG nova.api.openstack.wsgi [req-c4dd0e20-b969-4395-9993-e7d664910f86 req-d3de725d-9f57-4433-8b3d-7362ead43a1a service nova] Action: 'create', calling method: >, body: {"events": [{"name": "network-changed", "server_uuid": "0ee01af2-6ea7-491a-85c3-db3aa835b027", "tag": "012c5149-a896-4741-be59-06e998de7c8f"}]} {{(pid=63266) _process_stack /opt/stack/nova/nova/api/openstack/wsgi.py:549}}
Jul 30 20:23:41 devstack devstack@n-api.service[63266]: DEBUG oslo_concurrency.lockutils [req-c4dd0e20-b969-4395-9993-e7d664910f86 req-d3de725d-9f57-4433-8b3d-7362ead43a1a service nova] Acquiring lock "1801e588-c976-46db-a5c1-bb082e4eaddc" by "nova.context.set_target_cell..get_or_set_cached_cell_and_set_connections" {{(pid=63266) inner /opt/stack/data/venv/lib/python3.12/site-packages/oslo_concurrency/lockutils.py:512}}
Jul 30 20:23:41 devstack devstack@n-api.service[63266]: DEBUG oslo_concurrency.lockutils [req-c4dd0e20-b969-4395-9993-e7d664910f86 req-d3de725d-9f57-4433-8b3d-7362ead43a1a service nova] Lock "1801e588-c976-46db-a5c1-bb082e4eaddc" acquired by "nova.context.set_target_cell..get_or_set_cached_cell_and_set_connections" :: waited 0.001s {{(pid=63266) inner /opt/stack/data/venv/lib/python3.12/site-packages/oslo_concurrency/lockutils.py:525}}
Jul 30 20:23:41 devstack devstack@n-api.service[63266]: DEBUG oslo_concurrency.lockutils [req-c4dd0e20-b969-4395-9993-e7d664910f86 req-d3de725d-9f57-4433-8b3d-7362ead43a1a service nova] Lock "1801e588-c976-46db-a5c1-bb082e4eaddc" "released" by "nova.context.set_target_cell..get_or_set_cached_cell_and_set_connections" :: held 0.002s {{(pid=63266) inner /opt/stack/data/venv/lib/python3.12/site-packages/oslo_concurrency/lockutils.py:544}}
Jul 30 20:23:41 devstack devstack@n-api.service[63266]: INFO nova.api.openstack.compute.server_external_events [req-c4dd0e20-b969-4395-9993-e7d664910f86 req-d3de725d-9f57-4433-8b3d-7362ead43a1a service nova] Creating event network-changed:012c5149-a896-4741-be59-06e998de7c8f for instance 0ee01af2-6ea7-491a-85c3-db3aa835b027 on devstack
Jul 30 20:23:41 devstack devstack@n-api.service[63266]: DEBUG nova.compute.rpcapi [req-c4dd0e20-b969-4395-9993-e7d664910f86 req-d3de725d-9f57-4433-8b3d-7362ead43a1a service nova] RPC: Sending the message to topic: compute-alt {{(pid=63266) prepare_for_alt_rpcserver /opt/stack/nova/nova/compute/rpcapi.py:595}}
Jul 30 20:23:41 devstack devstack@n-api.service[63266]: INFO nova.api.openstack.requestlog [req-c4dd0e20-b969-4395-9993-e7d664910f86 req-d3de725d-9f57-4433-8b3d-7362ead43a1a service nova] 192.168.122.98 "POST /compute/v2.1/os-server-external-events" status: 200 len: 179 microversion: 2.1 time: 0.076255
Jul 30 20:23:41 devstack devstack@n-api.service[63266]: [pid: 63266|app: 0|req: 54/104] 192.168.122.98 () {64 vars in 1316 bytes} [Thu Jul 30 20:23:41 2026] POST /compute/v2.1/os-server-external-events => generated 179 bytes in 77 msecs (HTTP/1.1 200) 9 headers in 357 bytes (1 switches on core 0)
Jul 30 20:23:41 devstack devstack@n-api.service[63267]: DEBUG nova.policy [None req-9638f79b-9acf-4327-9da6-a6417efcfcd5 tempest-ServerRescueNegativeTestJSON-1380420888 tempest-ServerRescueNegativeTestJSON-1380420888-project-member] Policy check for os_compute_api:os-extended-server-attributes failed with credentials {'is_admin': False, 'user_id': '5caec2ae6c38428e8b15894fbadd1897', 'user_domain_id': 'default', 'system_scope': None, 'domain_id': None, 'project_id': 'ef2baaaf02b1492e86969d87cbb94b01', 'project_domain_id': 'default', 'roles': ['reader', 'member'], 'is_admin_project': True, 'service_user_id': None, 'service_user_domain_id': None, 'service_project_id': None, 'service_project_domain_id': None, 'service_roles': []} {{(pid=63267) authorize /opt/stack/nova/nova/policy.py:202}}
Jul 30 20:23:41 devstack devstack@n-api.service[63267]: INFO nova.api.openstack.requestlog [None req-9638f79b-9acf-4327-9da6-a6417efcfcd5 tempest-ServerRescueNegativeTestJSON-1380420888 tempest-ServerRescueNegativeTestJSON-1380420888-project-member] 192.168.122.98 "GET /compute/v2.1/servers/d9e452bd-1454-4a36-b621-be95e8d79c10" status: 200 len: 1289 microversion: 2.1 time: 0.687594
Jul 30 20:23:41 devstack devstack@n-api.service[63267]: [pid: 63267|app: 0|req: 51/105] 192.168.122.98 () {58 vars in 1233 bytes} [Thu Jul 30 20:23:41 2026] GET /compute/v2.1/servers/d9e452bd-1454-4a36-b621-be95e8d79c10 => generated 1289 bytes in 689 msecs (HTTP/1.1 200) 9 headers in 358 bytes (1 switches on core 0)
Jul 30 20:23:43 devstack devstack@n-api.service[63266]: DEBUG nova.api.openstack.wsgi [None req-0cc31dfc-5a02-466f-9974-c7d0d7311603 tempest-ServerRescueNegativeTestJSON-1380420888 tempest-ServerRescueNegativeTestJSON-1380420888-project-member] Calling method '>' {{(pid=63266) _process_stack /opt/stack/nova/nova/api/openstack/wsgi.py:551}}
Jul 30 20:23:43 devstack devstack@n-api.service[63266]: DEBUG nova.compute.api [None req-0cc31dfc-5a02-466f-9974-c7d0d7311603 tempest-ServerRescueNegativeTestJSON-1380420888 tempest-ServerRescueNegativeTestJSON-1380420888-project-member] [instance: d9e452bd-1454-4a36-b621-be95e8d79c10] Fetching instance by UUID {{(pid=63266) get /opt/stack/nova/nova/compute/api.py:3068}}
Jul 30 20:23:43 devstack devstack@n-api.service[63266]: DEBUG oslo_concurrency.lockutils [None req-0cc31dfc-5a02-466f-9974-c7d0d7311603 tempest-ServerRescueNegativeTestJSON-1380420888 tempest-ServerRescueNegativeTestJSON-1380420888-project-member] Acquiring lock "1801e588-c976-46db-a5c1-bb082e4eaddc" by "nova.context.set_target_cell..get_or_set_cached_cell_and_set_connections" {{(pid=63266) inner /opt/stack/data/venv/lib/python3.12/site-packages/oslo_concurrency/lockutils.py:512}}
Jul 30 20:23:43 devstack devstack@n-api.service[63266]: DEBUG oslo_concurrency.lockutils [None req-0cc31dfc-5a02-466f-9974-c7d0d7311603 tempest-ServerRescueNegativeTestJSON-1380420888 tempest-ServerRescueNegativeTestJSON-1380420888-project-member] Lock "1801e588-c976-46db-a5c1-bb082e4eaddc" acquired by "nova.context.set_target_cell..get_or_set_cached_cell_and_set_connections" :: waited 0.001s {{(pid=63266) inner /opt/stack/data/venv/lib/python3.12/site-packages/oslo_concurrency/lockutils.py:525}}
Jul 30 20:23:43 devstack devstack@n-api.service[63266]: DEBUG oslo_concurrency.lockutils [None req-0cc31dfc-5a02-466f-9974-c7d0d7311603 tempest-ServerRescueNegativeTestJSON-1380420888 tempest-ServerRescueNegativeTestJSON-1380420888-project-member] Lock "1801e588-c976-46db-a5c1-bb082e4eaddc" "released" by "nova.context.set_target_cell..get_or_set_cached_cell_and_set_connections" :: held 0.001s {{(pid=63266) inner /opt/stack/data/venv/lib/python3.12/site-packages/oslo_concurrency/lockutils.py:544}}
Jul 30 20:23:43 devstack devstack@n-api.service[63266]: DEBUG oslo_concurrency.lockutils [None req-0cc31dfc-5a02-466f-9974-c7d0d7311603 tempest-ServerRescueNegativeTestJSON-1380420888 tempest-ServerRescueNegativeTestJSON-1380420888-project-member] Acquiring lock "1801e588-c976-46db-a5c1-bb082e4eaddc" by "nova.context.set_target_cell..get_or_set_cached_cell_and_set_connections" {{(pid=63266) inner /opt/stack/data/venv/lib/python3.12/site-packages/oslo_concurrency/lockutils.py:512}}
Jul 30 20:23:43 devstack devstack@n-api.service[63266]: DEBUG oslo_concurrency.lockutils [None req-0cc31dfc-5a02-466f-9974-c7d0d7311603 tempest-ServerRescueNegativeTestJSON-1380420888 tempest-ServerRescueNegativeTestJSON-1380420888-project-member] Lock "1801e588-c976-46db-a5c1-bb082e4eaddc" acquired by "nova.context.set_target_cell..get_or_set_cached_cell_and_set_connections" :: waited 0.001s {{(pid=63266) inner /opt/stack/data/venv/lib/python3.12/site-packages/oslo_concurrency/lockutils.py:525}}
Jul 30 20:23:43 devstack devstack@n-api.service[63266]: DEBUG oslo_concurrency.lockutils [None req-0cc31dfc-5a02-466f-9974-c7d0d7311603 tempest-ServerRescueNegativeTestJSON-1380420888 tempest-ServerRescueNegativeTestJSON-1380420888-project-member] Lock "1801e588-c976-46db-a5c1-bb082e4eaddc" "released" by "nova.context.set_target_cell..get_or_set_cached_cell_and_set_connections" :: held 0.001s {{(pid=63266) inner /opt/stack/data/venv/lib/python3.12/site-packages/oslo_concurrency/lockutils.py:544}}
Jul 30 20:23:43 devstack devstack@n-api.service[63266]: WARNING neutronclient.v2_0.client [None req-0cc31dfc-5a02-466f-9974-c7d0d7311603 tempest-ServerRescueNegativeTestJSON-1380420888 tempest-ServerRescueNegativeTestJSON-1380420888-project-member] The python binding code in neutronclient is deprecated in favor of OpenstackSDK, please use that as this will be removed in a future release.
