Aug 26 14:27:05 devstack cinder-volume[94394]: DEBUG cinder.volume.manager [req-0855d771-d17f-4c1d-9373-80d3efd57b40 req-745fd2fc-843e-4fd6-aef1-bb48f0ed6c82 tempest-VolumesSnapshotsTestJSON-910827177 None] Task 'cinder.volume.flows.manager.create_volume.ExtractVolumeRefTask;volume:create' (61bcbec3-2085-4cc5-8392-ca9db56ef364) transitioned into state 'SUCCESS' from state 'RUNNING' with result 'Volume(_name_id=None,admin_metadata=,attach_status='detached',availability_zone='nova',bootable=False,cluster=,cluster_name=None,consistencygroup=,consistencygroup_id=None,created_at=2026-08-26T12:27:05Z,deleted=False,deleted_at=None,display_description=None,display_name='tempest-VolumesSnapshotsTestJSON-volume-1465669049',ec2_id=None,encryption_key_id=None,glance_metadata=,group=,group_id=None,host='devstack@QuobyteHD#QuobyteHD',id=fc2c76e4-592a-4ec6-8bb5-b309307dba60,launched_at=None,metadata={},migration_status=None,multiattach=False,previous_status=None,project_id='47f8136858e343a28620620de7e99957',provider_auth=None,provider_geometry=None,provider_id=None,provider_location=None,replication_driver_data=None,replication_extended_status=None,replication_status=None,scheduled_at=2026-08-26T12:27:06Z,service_uuid=None,shared_targets=True,size=1,snapshot_id=None,snapshots=,source_volid=None,status='creating',terminated_at=None,updated_at=2026-08-26T12:27:06Z,use_quota=True,user_id='05181dc8fe78405c8b81aa66b90403ca',volume_attachment=VolumeAttachmentList,volume_type=VolumeType(79621726-e41a-45b9-9862-cc690aefd710),volume_type_id=79621726-e41a-45b9-9862-cc690aefd710)' {{(pid=94394) _task_receiver /opt/stack/data/venv/lib/python3.12/site-packages/taskflow/listeners/logging.py:218}}
Aug 26 14:27:05 devstack cinder-volume[94394]: DEBUG cinder.volume.manager [req-0855d771-d17f-4c1d-9373-80d3efd57b40 req-745fd2fc-843e-4fd6-aef1-bb48f0ed6c82 tempest-VolumesSnapshotsTestJSON-910827177 None] Task 'cinder.volume.flows.manager.create_volume.OnFailureRescheduleTask;volume:create' (393f0f49-eb7c-42db-9727-cf1f0f15f7a5) transitioned into state 'RUNNING' from state 'PENDING' {{(pid=94394) _task_receiver /opt/stack/data/venv/lib/python3.12/site-packages/taskflow/listeners/logging.py:242}}
Aug 26 14:27:05 devstack cinder-volume[94394]: DEBUG cinder.volume.manager [req-0855d771-d17f-4c1d-9373-80d3efd57b40 req-745fd2fc-843e-4fd6-aef1-bb48f0ed6c82 tempest-VolumesSnapshotsTestJSON-910827177 None] Task 'cinder.volume.flows.manager.create_volume.OnFailureRescheduleTask;volume:create' (393f0f49-eb7c-42db-9727-cf1f0f15f7a5) transitioned into state 'SUCCESS' from state 'RUNNING' with result 'None' {{(pid=94394) _task_receiver /opt/stack/data/venv/lib/python3.12/site-packages/taskflow/listeners/logging.py:218}}
Aug 26 14:27:05 devstack cinder-volume[94394]: DEBUG cinder.volume.manager [req-0855d771-d17f-4c1d-9373-80d3efd57b40 req-745fd2fc-843e-4fd6-aef1-bb48f0ed6c82 tempest-VolumesSnapshotsTestJSON-910827177 None] Task 'cinder.volume.flows.manager.create_volume.ExtractVolumeSpecTask;volume:create' (f8ccb418-0797-40d5-8841-73334bb08e54) transitioned into state 'RUNNING' from state 'PENDING' {{(pid=94394) _task_receiver /opt/stack/data/venv/lib/python3.12/site-packages/taskflow/listeners/logging.py:242}}
Aug 26 14:27:05 devstack cinder-volume[94394]: DEBUG cinder.volume.manager [req-0855d771-d17f-4c1d-9373-80d3efd57b40 req-745fd2fc-843e-4fd6-aef1-bb48f0ed6c82 tempest-VolumesSnapshotsTestJSON-910827177 None] Task 'cinder.volume.flows.manager.create_volume.ExtractVolumeSpecTask;volume:create' (f8ccb418-0797-40d5-8841-73334bb08e54) transitioned into state 'SUCCESS' from state 'RUNNING' with result '{'status': 'creating', 'type': 'raw', 'volume_id': 'fc2c76e4-592a-4ec6-8bb5-b309307dba60', 'volume_name': 'volume-fc2c76e4-592a-4ec6-8bb5-b309307dba60', 'volume_size': 1}' {{(pid=94394) _task_receiver /opt/stack/data/venv/lib/python3.12/site-packages/taskflow/listeners/logging.py:218}}
Aug 26 14:27:05 devstack cinder-volume[94394]: DEBUG cinder.volume.manager [req-0855d771-d17f-4c1d-9373-80d3efd57b40 req-745fd2fc-843e-4fd6-aef1-bb48f0ed6c82 tempest-VolumesSnapshotsTestJSON-910827177 None] Task 'cinder.volume.flows.manager.create_volume.NotifyVolumeActionTask;volume:create, create.start' (0580e951-ee31-4786-a336-6ec05844b4f6) transitioned into state 'RUNNING' from state 'PENDING' {{(pid=94394) _task_receiver /opt/stack/data/venv/lib/python3.12/site-packages/taskflow/listeners/logging.py:242}}
Aug 26 14:27:05 devstack cinder-volume[94394]: DEBUG cinder.volume.manager [req-0855d771-d17f-4c1d-9373-80d3efd57b40 req-745fd2fc-843e-4fd6-aef1-bb48f0ed6c82 tempest-VolumesSnapshotsTestJSON-910827177 None] Task 'cinder.volume.flows.manager.create_volume.NotifyVolumeActionTask;volume:create, create.start' (0580e951-ee31-4786-a336-6ec05844b4f6) transitioned into state 'SUCCESS' from state 'RUNNING' with result 'None' {{(pid=94394) _task_receiver /opt/stack/data/venv/lib/python3.12/site-packages/taskflow/listeners/logging.py:218}}
Aug 26 14:27:05 devstack cinder-volume[94394]: DEBUG cinder.volume.manager [req-0855d771-d17f-4c1d-9373-80d3efd57b40 req-745fd2fc-843e-4fd6-aef1-bb48f0ed6c82 tempest-VolumesSnapshotsTestJSON-910827177 None] Task 'cinder.volume.flows.manager.create_volume.CreateVolumeFromSpecTask;volume:create' (9f56f6a1-524d-4962-b58b-f3ca74c05e52) transitioned into state 'RUNNING' from state 'PENDING' {{(pid=94394) _task_receiver /opt/stack/data/venv/lib/python3.12/site-packages/taskflow/listeners/logging.py:242}}
Aug 26 14:27:05 devstack cinder-volume[94394]: INFO cinder.volume.flows.manager.create_volume [req-0855d771-d17f-4c1d-9373-80d3efd57b40 req-745fd2fc-843e-4fd6-aef1-bb48f0ed6c82 tempest-VolumesSnapshotsTestJSON-910827177 None] Volume fc2c76e4-592a-4ec6-8bb5-b309307dba60: being created as raw with specification: {'status': 'creating', 'volume_name': 'volume-fc2c76e4-592a-4ec6-8bb5-b309307dba60', 'volume_size': 1}
Aug 26 14:27:05 devstack cinder-volume[94394]: DEBUG oslo_concurrency.lockutils [req-0855d771-d17f-4c1d-9373-80d3efd57b40 req-745fd2fc-843e-4fd6-aef1-bb48f0ed6c82 tempest-VolumesSnapshotsTestJSON-910827177 None] Acquiring lock "quobyte" by "cinder.volume.drivers.quobyte.QuobyteDriver.create_volume" {{(pid=94394) inner /opt/stack/data/venv/lib/python3.12/site-packages/oslo_concurrency/lockutils.py:512}}
Aug 26 14:27:05 devstack cinder-volume[94394]: DEBUG oslo_concurrency.lockutils [req-0855d771-d17f-4c1d-9373-80d3efd57b40 req-745fd2fc-843e-4fd6-aef1-bb48f0ed6c82 tempest-VolumesSnapshotsTestJSON-910827177 None] Lock "quobyte" acquired by "cinder.volume.drivers.quobyte.QuobyteDriver.create_volume" :: waited 0.002s {{(pid=94394) inner /opt/stack/data/venv/lib/python3.12/site-packages/oslo_concurrency/lockutils.py:525}}
Aug 26 14:27:05 devstack cinder-volume[94394]: DEBUG cinder.volume.drivers.quobyte [req-0855d771-d17f-4c1d-9373-80d3efd57b40 req-745fd2fc-843e-4fd6-aef1-bb48f0ed6c82 tempest-VolumesSnapshotsTestJSON-910827177 None] ==> create_volume: call "{'self': , 'volume': Volume(_name_id=None,admin_metadata=,attach_status='detached',availability_zone='nova',bootable=False,cluster=,cluster_name=None,consistencygroup=,consistencygroup_id=None,created_at=2026-08-26T12:27:05Z,deleted=False,deleted_at=None,display_description=None,display_name='tempest-VolumesSnapshotsTestJSON-volume-1465669049',ec2_id=None,encryption_key_id=None,glance_metadata=,group=,group_id=None,host='devstack@QuobyteHD#QuobyteHD',id=fc2c76e4-592a-4ec6-8bb5-b309307dba60,launched_at=None,metadata={},migration_status=None,multiattach=False,previous_status=None,project_id='47f8136858e343a28620620de7e99957',provider_auth=None,provider_geometry=None,provider_id=None,provider_location=None,replication_driver_data=None,replication_extended_status=None,replication_status=None,scheduled_at=2026-08-26T12:27:06Z,service_uuid=None,shared_targets=True,size=1,snapshot_id=None,snapshots=,source_volid=None,status='creating',terminated_at=None,updated_at=2026-08-26T12:27:06Z,use_quota=True,user_id='05181dc8fe78405c8b81aa66b90403ca',volume_attachment=VolumeAttachmentList,volume_type=VolumeType(79621726-e41a-45b9-9862-cc690aefd710),volume_type_id=79621726-e41a-45b9-9862-cc690aefd710)}" {{(pid=94394) trace_logging_wrapper /opt/stack/cinder/cinder/volume/volume_utils.py:1497}}
Aug 26 14:27:05 devstack cinder-volume[94394]: DEBUG cinder.volume.drivers.remotefs [req-0855d771-d17f-4c1d-9373-80d3efd57b40 req-745fd2fc-843e-4fd6-aef1-bb48f0ed6c82 tempest-VolumesSnapshotsTestJSON-910827177 None] Creating volume fc2c76e4-592a-4ec6-8bb5-b309307dba60 {{(pid=94394) create_volume /opt/stack/cinder/cinder/volume/drivers/remotefs.py:292}}
Aug 26 14:27:05 devstack cinder-volume[94394]: DEBUG oslo_concurrency.lockutils [req-0855d771-d17f-4c1d-9373-80d3efd57b40 req-745fd2fc-843e-4fd6-aef1-bb48f0ed6c82 tempest-VolumesSnapshotsTestJSON-910827177 None] Acquiring lock "quobyte_ensure" by "cinder.volume.drivers.quobyte.QuobyteDriver._ensure_shares_mounted" {{(pid=94394) inner /opt/stack/data/venv/lib/python3.12/site-packages/oslo_concurrency/lockutils.py:512}}
Aug 26 14:27:05 devstack cinder-volume[94394]: DEBUG oslo_concurrency.lockutils [req-0855d771-d17f-4c1d-9373-80d3efd57b40 req-745fd2fc-843e-4fd6-aef1-bb48f0ed6c82 tempest-VolumesSnapshotsTestJSON-910827177 None] Lock "quobyte_ensure" acquired by "cinder.volume.drivers.quobyte.QuobyteDriver._ensure_shares_mounted" :: waited 0.000s {{(pid=94394) inner /opt/stack/data/venv/lib/python3.12/site-packages/oslo_concurrency/lockutils.py:525}}
Aug 26 14:27:05 devstack cinder-volume[94394]: DEBUG cinder.volume.drivers.quobyte [req-0855d771-d17f-4c1d-9373-80d3efd57b40 req-745fd2fc-843e-4fd6-aef1-bb48f0ed6c82 tempest-VolumesSnapshotsTestJSON-910827177 None] Quobyte Volume URL set to: {'osci02.corp.quobyte.com/cinder-vol-5c6b70ec-9417-4cc3-beaa-4126eac71f3b': None} {{(pid=94394) _load_shares_config /opt/stack/cinder/cinder/volume/drivers/quobyte.py:662}}
Aug 26 14:27:05 devstack cinder-volume[94394]: DEBUG cinder.volume.drivers.quobyte [req-0855d771-d17f-4c1d-9373-80d3efd57b40 req-745fd2fc-843e-4fd6-aef1-bb48f0ed6c82 tempest-VolumesSnapshotsTestJSON-910827177 None] Available shares ['osci02.corp.quobyte.com/cinder-vol-5c6b70ec-9417-4cc3-beaa-4126eac71f3b'] {{(pid=94394) _ensure_shares_mounted /opt/stack/cinder/cinder/volume/drivers/quobyte.py:692}}
Aug 26 14:27:05 devstack cinder-volume[94394]: DEBUG oslo_concurrency.lockutils [req-0855d771-d17f-4c1d-9373-80d3efd57b40 req-745fd2fc-843e-4fd6-aef1-bb48f0ed6c82 tempest-VolumesSnapshotsTestJSON-910827177 None] Lock "quobyte_ensure" "released" by "cinder.volume.drivers.quobyte.QuobyteDriver._ensure_shares_mounted" :: held 0.011s {{(pid=94394) inner /opt/stack/data/venv/lib/python3.12/site-packages/oslo_concurrency/lockutils.py:544}}
Aug 26 14:27:05 devstack cinder-volume[94394]: DEBUG cinder.volume.drivers.quobyte [req-0855d771-d17f-4c1d-9373-80d3efd57b40 req-745fd2fc-843e-4fd6-aef1-bb48f0ed6c82 tempest-VolumesSnapshotsTestJSON-910827177 None] Selected osci02.corp.quobyte.com/cinder-vol-5c6b70ec-9417-4cc3-beaa-4126eac71f3b as target Quobyte volume. {{(pid=94394) _find_share /opt/stack/cinder/cinder/volume/drivers/quobyte.py:713}}
Aug 26 14:27:05 devstack cinder-volume[94394]: INFO cinder.volume.drivers.remotefs [req-0855d771-d17f-4c1d-9373-80d3efd57b40 req-745fd2fc-843e-4fd6-aef1-bb48f0ed6c82 tempest-VolumesSnapshotsTestJSON-910827177 None] casted to osci02.corp.quobyte.com/cinder-vol-5c6b70ec-9417-4cc3-beaa-4126eac71f3b
Aug 26 14:27:05 devstack cinder-volume[94394]: DEBUG oslo_concurrency.processutils [req-0855d771-d17f-4c1d-9373-80d3efd57b40 req-745fd2fc-843e-4fd6-aef1-bb48f0ed6c82 tempest-VolumesSnapshotsTestJSON-910827177 None] Running cmd (subprocess): sudo cinder-rootwrap /etc/cinder/rootwrap.conf qemu-img create -f qcow2 -o preallocation=metadata /opt/stack/data/cinder/mnt/249da68d11d8308e641a6e4308ba09e4/volume-fc2c76e4-592a-4ec6-8bb5-b309307dba60 1073741824 {{(pid=94394) execute /opt/stack/data/venv/lib/python3.12/site-packages/oslo_concurrency/processutils.py:440}}
Aug 26 14:27:06 devstack sudo[101850]: quobyte : PWD=/ ; USER=root ; COMMAND=/opt/stack/data/venv/bin/cinder-rootwrap /etc/cinder/rootwrap.conf qemu-img create -f qcow2 -o preallocation=metadata /opt/stack/data/cinder/mnt/249da68d11d8308e641a6e4308ba09e4/volume-fc2c76e4-592a-4ec6-8bb5-b309307dba60 1073741824
Aug 26 14:27:06 devstack sudo[101850]: pam_unix(sudo:session): session opened for user root(uid=0) by (uid=1000)
Aug 26 14:27:06 devstack cinder-volume[94394]: INFO cinder.volume.manager [None req-4e3336da-7ffb-4d14-8060-defeb6803da6 tempest-GroupSnapshotsTest-1811106974 None] GroupSnapshot 68122192-bc66-41bc-b449-8659220519c3: creating.
Aug 26 14:27:06 devstack cinder-volume[94394]: DEBUG cinder.volume.manager [None req-4e3336da-7ffb-4d14-8060-defeb6803da6 tempest-GroupSnapshotsTest-1811106974 None] Group snapshot 68122192-bc66-41bc-b449-8659220519c3: creating. {{(pid=94394) create_group_snapshot /opt/stack/cinder/cinder/volume/manager.py:4175}}
Aug 26 14:27:06 devstack cinder-volume[94394]: DEBUG oslo_concurrency.lockutils [None req-4e3336da-7ffb-4d14-8060-defeb6803da6 tempest-GroupSnapshotsTest-1811106974 None] Acquiring lock "quobyte" by "cinder.volume.drivers.quobyte.QuobyteDriver.create_snapshot" {{(pid=94394) inner /opt/stack/data/venv/lib/python3.12/site-packages/oslo_concurrency/lockutils.py:512}}
Aug 26 14:27:06 devstack sudo[101850]: pam_unix(sudo:session): session closed for user root
Aug 26 14:27:06 devstack cinder-volume[94394]: DEBUG oslo_concurrency.processutils [req-0855d771-d17f-4c1d-9373-80d3efd57b40 req-745fd2fc-843e-4fd6-aef1-bb48f0ed6c82 tempest-VolumesSnapshotsTestJSON-910827177 None] CMD "sudo cinder-rootwrap /etc/cinder/rootwrap.conf qemu-img create -f qcow2 -o preallocation=metadata /opt/stack/data/cinder/mnt/249da68d11d8308e641a6e4308ba09e4/volume-fc2c76e4-592a-4ec6-8bb5-b309307dba60 1073741824" returned: 0 in 0.849s {{(pid=94394) execute /opt/stack/data/venv/lib/python3.12/site-packages/oslo_concurrency/processutils.py:468}}
Aug 26 14:27:06 devstack cinder-volume[94394]: DEBUG oslo_concurrency.processutils [req-0855d771-d17f-4c1d-9373-80d3efd57b40 req-745fd2fc-843e-4fd6-aef1-bb48f0ed6c82 tempest-VolumesSnapshotsTestJSON-910827177 None] Running cmd (subprocess): sudo cinder-rootwrap /etc/cinder/rootwrap.conf chmod ugo+rw /opt/stack/data/cinder/mnt/249da68d11d8308e641a6e4308ba09e4/volume-fc2c76e4-592a-4ec6-8bb5-b309307dba60 {{(pid=94394) execute /opt/stack/data/venv/lib/python3.12/site-packages/oslo_concurrency/processutils.py:440}}
Aug 26 14:27:06 devstack sudo[101879]: quobyte : PWD=/ ; USER=root ; COMMAND=/opt/stack/data/venv/bin/cinder-rootwrap /etc/cinder/rootwrap.conf chmod ugo+rw /opt/stack/data/cinder/mnt/249da68d11d8308e641a6e4308ba09e4/volume-fc2c76e4-592a-4ec6-8bb5-b309307dba60
Aug 26 14:27:06 devstack sudo[101879]: pam_unix(sudo:session): session opened for user root(uid=0) by (uid=1000)
Aug 26 14:27:07 devstack sudo[101879]: pam_unix(sudo:session): session closed for user root
Aug 26 14:27:07 devstack cinder-volume[94394]: DEBUG oslo_concurrency.processutils [req-0855d771-d17f-4c1d-9373-80d3efd57b40 req-745fd2fc-843e-4fd6-aef1-bb48f0ed6c82 tempest-VolumesSnapshotsTestJSON-910827177 None] CMD "sudo cinder-rootwrap /etc/cinder/rootwrap.conf chmod ugo+rw /opt/stack/data/cinder/mnt/249da68d11d8308e641a6e4308ba09e4/volume-fc2c76e4-592a-4ec6-8bb5-b309307dba60" returned: 0 in 0.315s {{(pid=94394) execute /opt/stack/data/venv/lib/python3.12/site-packages/oslo_concurrency/processutils.py:468}}
Aug 26 14:27:07 devstack cinder-volume[94394]: DEBUG cinder.volume.drivers.quobyte [req-0855d771-d17f-4c1d-9373-80d3efd57b40 req-745fd2fc-843e-4fd6-aef1-bb48f0ed6c82 tempest-VolumesSnapshotsTestJSON-910827177 None] <== create_volume: return (1240ms) {'provider_location': 'osci02.corp.quobyte.com/cinder-vol-5c6b70ec-9417-4cc3-beaa-4126eac71f3b'} {{(pid=94394) trace_logging_wrapper /opt/stack/cinder/cinder/volume/volume_utils.py:1522}}
Aug 26 14:27:07 devstack cinder-volume[94394]: DEBUG oslo_concurrency.lockutils [req-0855d771-d17f-4c1d-9373-80d3efd57b40 req-745fd2fc-843e-4fd6-aef1-bb48f0ed6c82 tempest-VolumesSnapshotsTestJSON-910827177 None] Lock "quobyte" "released" by "cinder.volume.drivers.quobyte.QuobyteDriver.create_volume" :: held 1.243s {{(pid=94394) inner /opt/stack/data/venv/lib/python3.12/site-packages/oslo_concurrency/lockutils.py:544}}
Aug 26 14:27:07 devstack cinder-volume[94394]: DEBUG oslo_concurrency.lockutils [None req-4e3336da-7ffb-4d14-8060-defeb6803da6 tempest-GroupSnapshotsTest-1811106974 None] Lock "quobyte" acquired by "cinder.volume.drivers.quobyte.QuobyteDriver.create_snapshot" :: waited 0.497s {{(pid=94394) inner /opt/stack/data/venv/lib/python3.12/site-packages/oslo_concurrency/lockutils.py:525}}
Aug 26 14:27:07 devstack cinder-volume[94394]: DEBUG cinder.volume.manager [req-0855d771-d17f-4c1d-9373-80d3efd57b40 req-745fd2fc-843e-4fd6-aef1-bb48f0ed6c82 tempest-VolumesSnapshotsTestJSON-910827177 None] Task 'cinder.volume.flows.manager.create_volume.CreateVolumeFromSpecTask;volume:create' (9f56f6a1-524d-4962-b58b-f3ca74c05e52) transitioned into state 'SUCCESS' from state 'RUNNING' with result '{'status': 'creating', 'volume_name': 'volume-fc2c76e4-592a-4ec6-8bb5-b309307dba60', 'volume_size': 1}' {{(pid=94394) _task_receiver /opt/stack/data/venv/lib/python3.12/site-packages/taskflow/listeners/logging.py:218}}
Aug 26 14:27:07 devstack cinder-volume[94394]: DEBUG cinder.volume.manager [req-0855d771-d17f-4c1d-9373-80d3efd57b40 req-745fd2fc-843e-4fd6-aef1-bb48f0ed6c82 tempest-VolumesSnapshotsTestJSON-910827177 None] Task 'cinder.volume.flows.manager.create_volume.CreateVolumeOnFinishTask;volume:create, create.end' (288c3b0d-a4ae-4dcf-9b61-b0fa4a93d431) transitioned into state 'RUNNING' from state 'PENDING' {{(pid=94394) _task_receiver /opt/stack/data/venv/lib/python3.12/site-packages/taskflow/listeners/logging.py:242}}
Aug 26 14:27:07 devstack cinder-volume[94394]: DEBUG cinder.volume.drivers.remotefs [None req-4e3336da-7ffb-4d14-8060-defeb6803da6 tempest-GroupSnapshotsTest-1811106974 None] Creating offline snapshot 46bea4ec-fec0-4833-8a38-dcd39022a967 of volume b44871b2-5bd4-4b98-90ba-222a38cc4cdf {{(pid=94394) _create_snapshot /opt/stack/cinder/cinder/volume/drivers/remotefs.py:1816}}
Aug 26 14:27:07 devstack cinder-volume[94394]: INFO cinder.volume.flows.manager.create_volume [req-0855d771-d17f-4c1d-9373-80d3efd57b40 req-745fd2fc-843e-4fd6-aef1-bb48f0ed6c82 tempest-VolumesSnapshotsTestJSON-910827177 None] Volume volume-fc2c76e4-592a-4ec6-8bb5-b309307dba60 (fc2c76e4-592a-4ec6-8bb5-b309307dba60): created successfully
Aug 26 14:27:07 devstack cinder-volume[94394]: DEBUG cinder.volume.manager [req-0855d771-d17f-4c1d-9373-80d3efd57b40 req-745fd2fc-843e-4fd6-aef1-bb48f0ed6c82 tempest-VolumesSnapshotsTestJSON-910827177 None] Task 'cinder.volume.flows.manager.create_volume.CreateVolumeOnFinishTask;volume:create, create.end' (288c3b0d-a4ae-4dcf-9b61-b0fa4a93d431) transitioned into state 'SUCCESS' from state 'RUNNING' with result 'None' {{(pid=94394) _task_receiver /opt/stack/data/venv/lib/python3.12/site-packages/taskflow/listeners/logging.py:218}}
Aug 26 14:27:07 devstack cinder-volume[94394]: DEBUG cinder.volume.manager [req-0855d771-d17f-4c1d-9373-80d3efd57b40 req-745fd2fc-843e-4fd6-aef1-bb48f0ed6c82 tempest-VolumesSnapshotsTestJSON-910827177 None] Flow 'volume_create_manager' (ccf30400-d059-40a6-af16-e66a105aa713) transitioned into state 'SUCCESS' from state 'RUNNING' {{(pid=94394) _flow_receiver /opt/stack/data/venv/lib/python3.12/site-packages/taskflow/listeners/logging.py:160}}
Aug 26 14:27:07 devstack cinder-volume[94394]: DEBUG oslo.privsep.daemon [-] privsep: reply[2cc73621-73ce-40ab-86e2-215ac2d3920d]: (4, 'qcow2') {{(pid=95755) _call_back /opt/stack/data/venv/lib/python3.12/site-packages/oslo_privsep/daemon.py:580}}
Aug 26 14:27:07 devstack cinder-volume[94394]: DEBUG oslo_concurrency.processutils [None req-4e3336da-7ffb-4d14-8060-defeb6803da6 tempest-GroupSnapshotsTest-1811106974 None] Running cmd (subprocess): /opt/stack/data/venv/bin/python3.12 -m oslo_concurrency.prlimit --as=1073741824 --cpu=60 -- sudo cinder-rootwrap /etc/cinder/rootwrap.conf env LC_ALL=C qemu-img info -f qcow2 --output=json --force-share /opt/stack/data/cinder/mnt/249da68d11d8308e641a6e4308ba09e4/volume-b44871b2-5bd4-4b98-90ba-222a38cc4cdf {{(pid=94394) execute /opt/stack/data/venv/lib/python3.12/site-packages/oslo_concurrency/processutils.py:440}}
Aug 26 14:27:07 devstack cinder-volume[94394]: INFO cinder.volume.manager [req-0855d771-d17f-4c1d-9373-80d3efd57b40 req-745fd2fc-843e-4fd6-aef1-bb48f0ed6c82 tempest-VolumesSnapshotsTestJSON-910827177 None] Created volume successfully.
Aug 26 14:27:07 devstack sudo[101894]: quobyte : PWD=/ ; USER=root ; COMMAND=/opt/stack/data/venv/bin/cinder-rootwrap /etc/cinder/rootwrap.conf env LC_ALL=C qemu-img info -f qcow2 --output=json --force-share /opt/stack/data/cinder/mnt/249da68d11d8308e641a6e4308ba09e4/volume-b44871b2-5bd4-4b98-90ba-222a38cc4cdf
Aug 26 14:27:07 devstack sudo[101894]: pam_unix(sudo:session): session opened for user root(uid=0) by (uid=1000)
Aug 26 14:27:08 devstack sudo[101894]: pam_unix(sudo:session): session closed for user root
Aug 26 14:27:08 devstack cinder-volume[94394]: DEBUG oslo_concurrency.processutils [None req-4e3336da-7ffb-4d14-8060-defeb6803da6 tempest-GroupSnapshotsTest-1811106974 None] CMD "/opt/stack/data/venv/bin/python3.12 -m oslo_concurrency.prlimit --as=1073741824 --cpu=60 -- sudo cinder-rootwrap /etc/cinder/rootwrap.conf env LC_ALL=C qemu-img info -f qcow2 --output=json --force-share /opt/stack/data/cinder/mnt/249da68d11d8308e641a6e4308ba09e4/volume-b44871b2-5bd4-4b98-90ba-222a38cc4cdf" returned: 0 in 0.754s {{(pid=94394) execute /opt/stack/data/venv/lib/python3.12/site-packages/oslo_concurrency/processutils.py:468}}
Aug 26 14:27:08 devstack cinder-volume[94394]: DEBUG oslo_concurrency.processutils [None req-4e3336da-7ffb-4d14-8060-defeb6803da6 tempest-GroupSnapshotsTest-1811106974 None] Running cmd (subprocess): sudo cinder-rootwrap /etc/cinder/rootwrap.conf qemu-img create -f qcow2 -o backing_file=/opt/stack/data/cinder/mnt/249da68d11d8308e641a6e4308ba09e4/volume-b44871b2-5bd4-4b98-90ba-222a38cc4cdf,backing_fmt=qcow2 /opt/stack/data/cinder/mnt/249da68d11d8308e641a6e4308ba09e4/volume-b44871b2-5bd4-4b98-90ba-222a38cc4cdf.46bea4ec-fec0-4833-8a38-dcd39022a967 1G {{(pid=94394) execute /opt/stack/data/venv/lib/python3.12/site-packages/oslo_concurrency/processutils.py:440}}
Aug 26 14:27:08 devstack sudo[101920]: quobyte : PWD=/ ; USER=root ; COMMAND=/opt/stack/data/venv/bin/cinder-rootwrap /etc/cinder/rootwrap.conf qemu-img create -f qcow2 -o backing_file=/opt/stack/data/cinder/mnt/249da68d11d8308e641a6e4308ba09e4/volume-b44871b2-5bd4-4b98-90ba-222a38cc4cdf,backing_fmt=qcow2 /opt/stack/data/cinder/mnt/249da68d11d8308e641a6e4308ba09e4/volume-b44871b2-5bd4-4b98-90ba-222a38cc4cdf.46bea4ec-fec0-4833-8a38-dcd39022a967 1G
Aug 26 14:27:08 devstack sudo[101920]: pam_unix(sudo:session): session opened for user root(uid=0) by (uid=1000)
Aug 26 14:27:08 devstack cinder-volume[94394]: DEBUG oslo_concurrency.lockutils [req-f0ab8a2f-e777-4b95-9dcf-c5b1fb1d5b03 req-c1991d5a-38ec-471a-8288-6e744f509e36 tempest-VolumesSnapshotsTestJSON-910827177 None] Acquiring lock "quobyte" by "cinder.volume.drivers.quobyte.QuobyteDriver.create_snapshot" {{(pid=94394) inner /opt/stack/data/venv/lib/python3.12/site-packages/oslo_concurrency/lockutils.py:512}}
Aug 26 14:27:09 devstack sudo[101920]: pam_unix(sudo:session): session closed for user root
Aug 26 14:27:09 devstack cinder-volume[94394]: DEBUG oslo_concurrency.processutils [None req-4e3336da-7ffb-4d14-8060-defeb6803da6 tempest-GroupSnapshotsTest-1811106974 None] CMD "sudo cinder-rootwrap /etc/cinder/rootwrap.conf qemu-img create -f qcow2 -o backing_file=/opt/stack/data/cinder/mnt/249da68d11d8308e641a6e4308ba09e4/volume-b44871b2-5bd4-4b98-90ba-222a38cc4cdf,backing_fmt=qcow2 /opt/stack/data/cinder/mnt/249da68d11d8308e641a6e4308ba09e4/volume-b44871b2-5bd4-4b98-90ba-222a38cc4cdf.46bea4ec-fec0-4833-8a38-dcd39022a967 1G" returned: 0 in 1.020s {{(pid=94394) execute /opt/stack/data/venv/lib/python3.12/site-packages/oslo_concurrency/processutils.py:468}}
Aug 26 14:27:09 devstack cinder-volume[94394]: DEBUG oslo_concurrency.processutils [None req-4e3336da-7ffb-4d14-8060-defeb6803da6 tempest-GroupSnapshotsTest-1811106974 None] Running cmd (subprocess): sudo cinder-rootwrap /etc/cinder/rootwrap.conf qemu-img rebase -u -b volume-b44871b2-5bd4-4b98-90ba-222a38cc4cdf -F qcow2 /opt/stack/data/cinder/mnt/249da68d11d8308e641a6e4308ba09e4/volume-b44871b2-5bd4-4b98-90ba-222a38cc4cdf.46bea4ec-fec0-4833-8a38-dcd39022a967 {{(pid=94394) execute /opt/stack/data/venv/lib/python3.12/site-packages/oslo_concurrency/processutils.py:440}}
Aug 26 14:27:09 devstack sudo[101939]: quobyte : PWD=/ ; USER=root ; COMMAND=/opt/stack/data/venv/bin/cinder-rootwrap /etc/cinder/rootwrap.conf qemu-img rebase -u -b volume-b44871b2-5bd4-4b98-90ba-222a38cc4cdf -F qcow2 /opt/stack/data/cinder/mnt/249da68d11d8308e641a6e4308ba09e4/volume-b44871b2-5bd4-4b98-90ba-222a38cc4cdf.46bea4ec-fec0-4833-8a38-dcd39022a967
Aug 26 14:27:09 devstack sudo[101939]: pam_unix(sudo:session): session opened for user root(uid=0) by (uid=1000)
Aug 26 14:27:09 devstack sudo[101939]: pam_unix(sudo:session): session closed for user root
Aug 26 14:27:09 devstack cinder-volume[94394]: DEBUG oslo_concurrency.processutils [None req-4e3336da-7ffb-4d14-8060-defeb6803da6 tempest-GroupSnapshotsTest-1811106974 None] CMD "sudo cinder-rootwrap /etc/cinder/rootwrap.conf qemu-img rebase -u -b volume-b44871b2-5bd4-4b98-90ba-222a38cc4cdf -F qcow2 /opt/stack/data/cinder/mnt/249da68d11d8308e641a6e4308ba09e4/volume-b44871b2-5bd4-4b98-90ba-222a38cc4cdf.46bea4ec-fec0-4833-8a38-dcd39022a967" returned: 0 in 0.489s {{(pid=94394) execute /opt/stack/data/venv/lib/python3.12/site-packages/oslo_concurrency/processutils.py:468}}
Aug 26 14:27:09 devstack cinder-volume[94394]: WARNING cinder.volume.drivers.remotefs [None req-4e3336da-7ffb-4d14-8060-defeb6803da6 tempest-GroupSnapshotsTest-1811106974 None] /opt/stack/data/cinder/mnt/249da68d11d8308e641a6e4308ba09e4/volume-b44871b2-5bd4-4b98-90ba-222a38cc4cdf.46bea4ec-fec0-4833-8a38-dcd39022a967 is being set with open permissions: ugo+rw: NotImplementedError
Aug 26 14:27:09 devstack cinder-volume[94394]: DEBUG oslo_concurrency.processutils [None req-4e3336da-7ffb-4d14-8060-defeb6803da6 tempest-GroupSnapshotsTest-1811106974 None] Running cmd (subprocess): sudo cinder-rootwrap /etc/cinder/rootwrap.conf chmod ugo+rw /opt/stack/data/cinder/mnt/249da68d11d8308e641a6e4308ba09e4/volume-b44871b2-5bd4-4b98-90ba-222a38cc4cdf.46bea4ec-fec0-4833-8a38-dcd39022a967 {{(pid=94394) execute /opt/stack/data/venv/lib/python3.12/site-packages/oslo_concurrency/processutils.py:440}}
Aug 26 14:27:09 devstack sudo[101958]: quobyte : PWD=/ ; USER=root ; COMMAND=/opt/stack/data/venv/bin/cinder-rootwrap /etc/cinder/rootwrap.conf chmod ugo+rw /opt/stack/data/cinder/mnt/249da68d11d8308e641a6e4308ba09e4/volume-b44871b2-5bd4-4b98-90ba-222a38cc4cdf.46bea4ec-fec0-4833-8a38-dcd39022a967
Aug 26 14:27:09 devstack sudo[101958]: pam_unix(sudo:session): session opened for user root(uid=0) by (uid=1000)
Aug 26 14:27:09 devstack sudo[101958]: pam_unix(sudo:session): session closed for user root
Aug 26 14:27:09 devstack cinder-volume[94394]: DEBUG oslo_concurrency.processutils [None req-4e3336da-7ffb-4d14-8060-defeb6803da6 tempest-GroupSnapshotsTest-1811106974 None] CMD "sudo cinder-rootwrap /etc/cinder/rootwrap.conf chmod ugo+rw /opt/stack/data/cinder/mnt/249da68d11d8308e641a6e4308ba09e4/volume-b44871b2-5bd4-4b98-90ba-222a38cc4cdf.46bea4ec-fec0-4833-8a38-dcd39022a967" returned: 0 in 0.338s {{(pid=94394) execute /opt/stack/data/venv/lib/python3.12/site-packages/oslo_concurrency/processutils.py:468}}
Aug 26 14:27:09 devstack cinder-volume[94394]: DEBUG oslo_concurrency.processutils [None req-4e3336da-7ffb-4d14-8060-defeb6803da6 tempest-GroupSnapshotsTest-1811106974 None] Running cmd (subprocess): sudo cinder-rootwrap /etc/cinder/rootwrap.conf truncate -s0 /opt/stack/data/cinder/mnt/249da68d11d8308e641a6e4308ba09e4/volume-b44871b2-5bd4-4b98-90ba-222a38cc4cdf.info {{(pid=94394) execute /opt/stack/data/venv/lib/python3.12/site-packages/oslo_concurrency/processutils.py:440}}
Aug 26 14:27:09 devstack sudo[101969]: quobyte : PWD=/ ; USER=root ; COMMAND=/opt/stack/data/venv/bin/cinder-rootwrap /etc/cinder/rootwrap.conf truncate -s0 /opt/stack/data/cinder/mnt/249da68d11d8308e641a6e4308ba09e4/volume-b44871b2-5bd4-4b98-90ba-222a38cc4cdf.info
Aug 26 14:27:09 devstack sudo[101969]: pam_unix(sudo:session): session opened for user root(uid=0) by (uid=1000)
Aug 26 14:27:10 devstack sudo[101969]: pam_unix(sudo:session): session closed for user root
Aug 26 14:27:10 devstack cinder-volume[94394]: DEBUG oslo_concurrency.processutils [None req-4e3336da-7ffb-4d14-8060-defeb6803da6 tempest-GroupSnapshotsTest-1811106974 None] CMD "sudo cinder-rootwrap /etc/cinder/rootwrap.conf truncate -s0 /opt/stack/data/cinder/mnt/249da68d11d8308e641a6e4308ba09e4/volume-b44871b2-5bd4-4b98-90ba-222a38cc4cdf.info" returned: 0 in 0.272s {{(pid=94394) execute /opt/stack/data/venv/lib/python3.12/site-packages/oslo_concurrency/processutils.py:468}}
Aug 26 14:27:10 devstack cinder-volume[94394]: WARNING cinder.volume.drivers.remotefs [None req-4e3336da-7ffb-4d14-8060-defeb6803da6 tempest-GroupSnapshotsTest-1811106974 None] /opt/stack/data/cinder/mnt/249da68d11d8308e641a6e4308ba09e4/volume-b44871b2-5bd4-4b98-90ba-222a38cc4cdf.info is being set with open permissions: ugo+rw: NotImplementedError
Aug 26 14:27:10 devstack cinder-volume[94394]: DEBUG oslo_concurrency.processutils [None req-4e3336da-7ffb-4d14-8060-defeb6803da6 tempest-GroupSnapshotsTest-1811106974 None] Running cmd (subprocess): sudo cinder-rootwrap /etc/cinder/rootwrap.conf chmod ugo+rw /opt/stack/data/cinder/mnt/249da68d11d8308e641a6e4308ba09e4/volume-b44871b2-5bd4-4b98-90ba-222a38cc4cdf.info {{(pid=94394) execute /opt/stack/data/venv/lib/python3.12/site-packages/oslo_concurrency/processutils.py:440}}
Aug 26 14:27:10 devstack sudo[101972]: quobyte : PWD=/ ; USER=root ; COMMAND=/opt/stack/data/venv/bin/cinder-rootwrap /etc/cinder/rootwrap.conf chmod ugo+rw /opt/stack/data/cinder/mnt/249da68d11d8308e641a6e4308ba09e4/volume-b44871b2-5bd4-4b98-90ba-222a38cc4cdf.info
Aug 26 14:27:10 devstack sudo[101972]: pam_unix(sudo:session): session opened for user root(uid=0) by (uid=1000)
Aug 26 14:27:10 devstack sudo[101972]: pam_unix(sudo:session): session closed for user root
Aug 26 14:27:10 devstack cinder-volume[94394]: DEBUG oslo_concurrency.processutils [None req-4e3336da-7ffb-4d14-8060-defeb6803da6 tempest-GroupSnapshotsTest-1811106974 None] CMD "sudo cinder-rootwrap /etc/cinder/rootwrap.conf chmod ugo+rw /opt/stack/data/cinder/mnt/249da68d11d8308e641a6e4308ba09e4/volume-b44871b2-5bd4-4b98-90ba-222a38cc4cdf.info" returned: 0 in 0.270s {{(pid=94394) execute /opt/stack/data/venv/lib/python3.12/site-packages/oslo_concurrency/processutils.py:468}}
Aug 26 14:27:10 devstack cinder-volume[94394]: DEBUG oslo_concurrency.lockutils [None req-4e3336da-7ffb-4d14-8060-defeb6803da6 tempest-GroupSnapshotsTest-1811106974 None] Lock "quobyte" "released" by "cinder.volume.drivers.quobyte.QuobyteDriver.create_snapshot" :: held 3.279s {{(pid=94394) inner /opt/stack/data/venv/lib/python3.12/site-packages/oslo_concurrency/lockutils.py:544}}
Aug 26 14:27:10 devstack cinder-volume[94394]: DEBUG oslo_concurrency.lockutils [None req-4e3336da-7ffb-4d14-8060-defeb6803da6 tempest-GroupSnapshotsTest-1811106974 None] Acquiring lock "quobyte" by "cinder.volume.drivers.quobyte.QuobyteDriver.create_snapshot" {{(pid=94394) inner /opt/stack/data/venv/lib/python3.12/site-packages/oslo_concurrency/lockutils.py:512}}
Aug 26 14:27:10 devstack cinder-volume[94394]: DEBUG oslo_concurrency.lockutils [None req-4e3336da-7ffb-4d14-8060-defeb6803da6 tempest-GroupSnapshotsTest-1811106974 None] Lock "quobyte" acquired by "cinder.volume.drivers.quobyte.QuobyteDriver.create_snapshot" :: waited 0.001s {{(pid=94394) inner /opt/stack/data/venv/lib/python3.12/site-packages/oslo_concurrency/lockutils.py:525}}
Aug 26 14:27:10 devstack cinder-volume[94394]: DEBUG cinder.volume.drivers.remotefs [None req-4e3336da-7ffb-4d14-8060-defeb6803da6 tempest-GroupSnapshotsTest-1811106974 None] Creating offline snapshot b6fa13ce-7a0c-4b20-8fa3-211acef71e54 of volume 2faed028-96f9-4b02-9b1e-ad8327a75340 {{(pid=94394) _create_snapshot /opt/stack/cinder/cinder/volume/drivers/remotefs.py:1816}}
Aug 26 14:27:10 devstack cinder-volume[94394]: DEBUG oslo.privsep.daemon [-] privsep: reply[d205ba84-39d6-4204-a777-3c28eceef2d8]: (4, 'qcow2') {{(pid=95755) _call_back /opt/stack/data/venv/lib/python3.12/site-packages/oslo_privsep/daemon.py:580}}
Aug 26 14:27:10 devstack cinder-volume[94394]: DEBUG oslo_concurrency.processutils [None req-4e3336da-7ffb-4d14-8060-defeb6803da6 tempest-GroupSnapshotsTest-1811106974 None] Running cmd (subprocess): /opt/stack/data/venv/bin/python3.12 -m oslo_concurrency.prlimit --as=1073741824 --cpu=60 -- sudo cinder-rootwrap /etc/cinder/rootwrap.conf env LC_ALL=C qemu-img info -f qcow2 --output=json --force-share /opt/stack/data/cinder/mnt/249da68d11d8308e641a6e4308ba09e4/volume-2faed028-96f9-4b02-9b1e-ad8327a75340 {{(pid=94394) execute /opt/stack/data/venv/lib/python3.12/site-packages/oslo_concurrency/processutils.py:440}}
Aug 26 14:27:10 devstack sudo[101976]: quobyte : PWD=/ ; USER=root ; COMMAND=/opt/stack/data/venv/bin/cinder-rootwrap /etc/cinder/rootwrap.conf env LC_ALL=C qemu-img info -f qcow2 --output=json --force-share /opt/stack/data/cinder/mnt/249da68d11d8308e641a6e4308ba09e4/volume-2faed028-96f9-4b02-9b1e-ad8327a75340
Aug 26 14:27:10 devstack sudo[101976]: pam_unix(sudo:session): session opened for user root(uid=0) by (uid=1000)
Aug 26 14:27:11 devstack sudo[101976]: pam_unix(sudo:session): session closed for user root
Aug 26 14:27:11 devstack cinder-volume[94394]: DEBUG oslo_concurrency.processutils [None req-4e3336da-7ffb-4d14-8060-defeb6803da6 tempest-GroupSnapshotsTest-1811106974 None] CMD "/opt/stack/data/venv/bin/python3.12 -m oslo_concurrency.prlimit --as=1073741824 --cpu=60 -- sudo cinder-rootwrap /etc/cinder/rootwrap.conf env LC_ALL=C qemu-img info -f qcow2 --output=json --force-share /opt/stack/data/cinder/mnt/249da68d11d8308e641a6e4308ba09e4/volume-2faed028-96f9-4b02-9b1e-ad8327a75340" returned: 0 in 0.718s {{(pid=94394) execute /opt/stack/data/venv/lib/python3.12/site-packages/oslo_concurrency/processutils.py:468}}
Aug 26 14:27:11 devstack cinder-volume[94394]: DEBUG oslo_concurrency.processutils [None req-4e3336da-7ffb-4d14-8060-defeb6803da6 tempest-GroupSnapshotsTest-1811106974 None] Running cmd (subprocess): sudo cinder-rootwrap /etc/cinder/rootwrap.conf qemu-img create -f qcow2 -o backing_file=/opt/stack/data/cinder/mnt/249da68d11d8308e641a6e4308ba09e4/volume-2faed028-96f9-4b02-9b1e-ad8327a75340,backing_fmt=qcow2 /opt/stack/data/cinder/mnt/249da68d11d8308e641a6e4308ba09e4/volume-2faed028-96f9-4b02-9b1e-ad8327a75340.b6fa13ce-7a0c-4b20-8fa3-211acef71e54 1G {{(pid=94394) execute /opt/stack/data/venv/lib/python3.12/site-packages/oslo_concurrency/processutils.py:440}}
Aug 26 14:27:11 devstack sudo[101983]: quobyte : PWD=/ ; USER=root ; COMMAND=/opt/stack/data/venv/bin/cinder-rootwrap /etc/cinder/rootwrap.conf qemu-img create -f qcow2 -o backing_file=/opt/stack/data/cinder/mnt/249da68d11d8308e641a6e4308ba09e4/volume-2faed028-96f9-4b02-9b1e-ad8327a75340,backing_fmt=qcow2 /opt/stack/data/cinder/mnt/249da68d11d8308e641a6e4308ba09e4/volume-2faed028-96f9-4b02-9b1e-ad8327a75340.b6fa13ce-7a0c-4b20-8fa3-211acef71e54 1G
Aug 26 14:27:11 devstack sudo[101983]: pam_unix(sudo:session): session opened for user root(uid=0) by (uid=1000)
Aug 26 14:27:11 devstack sudo[101983]: pam_unix(sudo:session): session closed for user root
Aug 26 14:27:11 devstack cinder-volume[94394]: DEBUG oslo_concurrency.processutils [None req-4e3336da-7ffb-4d14-8060-defeb6803da6 tempest-GroupSnapshotsTest-1811106974 None] CMD "sudo cinder-rootwrap /etc/cinder/rootwrap.conf qemu-img create -f qcow2 -o backing_file=/opt/stack/data/cinder/mnt/249da68d11d8308e641a6e4308ba09e4/volume-2faed028-96f9-4b02-9b1e-ad8327a75340,backing_fmt=qcow2 /opt/stack/data/cinder/mnt/249da68d11d8308e641a6e4308ba09e4/volume-2faed028-96f9-4b02-9b1e-ad8327a75340.b6fa13ce-7a0c-4b20-8fa3-211acef71e54 1G" returned: 0 in 0.459s {{(pid=94394) execute /opt/stack/data/venv/lib/python3.12/site-packages/oslo_concurrency/processutils.py:468}}
Aug 26 14:27:11 devstack cinder-volume[94394]: DEBUG oslo_concurrency.processutils [None req-4e3336da-7ffb-4d14-8060-defeb6803da6 tempest-GroupSnapshotsTest-1811106974 None] Running cmd (subprocess): sudo cinder-rootwrap /etc/cinder/rootwrap.conf qemu-img rebase -u -b volume-2faed028-96f9-4b02-9b1e-ad8327a75340 -F qcow2 /opt/stack/data/cinder/mnt/249da68d11d8308e641a6e4308ba09e4/volume-2faed028-96f9-4b02-9b1e-ad8327a75340.b6fa13ce-7a0c-4b20-8fa3-211acef71e54 {{(pid=94394) execute /opt/stack/data/venv/lib/python3.12/site-packages/oslo_concurrency/processutils.py:440}}
Aug 26 14:27:11 devstack sudo[101988]: quobyte : PWD=/ ; USER=root ; COMMAND=/opt/stack/data/venv/bin/cinder-rootwrap /etc/cinder/rootwrap.conf qemu-img rebase -u -b volume-2faed028-96f9-4b02-9b1e-ad8327a75340 -F qcow2 /opt/stack/data/cinder/mnt/249da68d11d8308e641a6e4308ba09e4/volume-2faed028-96f9-4b02-9b1e-ad8327a75340.b6fa13ce-7a0c-4b20-8fa3-211acef71e54
Aug 26 14:27:11 devstack sudo[101988]: pam_unix(sudo:session): session opened for user root(uid=0) by (uid=1000)
Aug 26 14:27:12 devstack sudo[101988]: pam_unix(sudo:session): session closed for user root
Aug 26 14:27:12 devstack cinder-volume[94394]: DEBUG oslo_concurrency.processutils [None req-4e3336da-7ffb-4d14-8060-defeb6803da6 tempest-GroupSnapshotsTest-1811106974 None] CMD "sudo cinder-rootwrap /etc/cinder/rootwrap.conf qemu-img rebase -u -b volume-2faed028-96f9-4b02-9b1e-ad8327a75340 -F qcow2 /opt/stack/data/cinder/mnt/249da68d11d8308e641a6e4308ba09e4/volume-2faed028-96f9-4b02-9b1e-ad8327a75340.b6fa13ce-7a0c-4b20-8fa3-211acef71e54" returned: 0 in 0.379s {{(pid=94394) execute /opt/stack/data/venv/lib/python3.12/site-packages/oslo_concurrency/processutils.py:468}}
Aug 26 14:27:12 devstack cinder-volume[94394]: WARNING cinder.volume.drivers.remotefs [None req-4e3336da-7ffb-4d14-8060-defeb6803da6 tempest-GroupSnapshotsTest-1811106974 None] /opt/stack/data/cinder/mnt/249da68d11d8308e641a6e4308ba09e4/volume-2faed028-96f9-4b02-9b1e-ad8327a75340.b6fa13ce-7a0c-4b20-8fa3-211acef71e54 is being set with open permissions: ugo+rw: NotImplementedError
Aug 26 14:27:12 devstack cinder-volume[94394]: DEBUG oslo_concurrency.processutils [None req-4e3336da-7ffb-4d14-8060-defeb6803da6 tempest-GroupSnapshotsTest-1811106974 None] Running cmd (subprocess): sudo cinder-rootwrap /etc/cinder/rootwrap.conf chmod ugo+rw /opt/stack/data/cinder/mnt/249da68d11d8308e641a6e4308ba09e4/volume-2faed028-96f9-4b02-9b1e-ad8327a75340.b6fa13ce-7a0c-4b20-8fa3-211acef71e54 {{(pid=94394) execute /opt/stack/data/venv/lib/python3.12/site-packages/oslo_concurrency/processutils.py:440}}
Aug 26 14:27:12 devstack sudo[101993]: quobyte : PWD=/ ; USER=root ; COMMAND=/opt/stack/data/venv/bin/cinder-rootwrap /etc/cinder/rootwrap.conf chmod ugo+rw /opt/stack/data/cinder/mnt/249da68d11d8308e641a6e4308ba09e4/volume-2faed028-96f9-4b02-9b1e-ad8327a75340.b6fa13ce-7a0c-4b20-8fa3-211acef71e54
Aug 26 14:27:12 devstack sudo[101993]: pam_unix(sudo:session): session opened for user root(uid=0) by (uid=1000)
Aug 26 14:27:12 devstack sudo[101993]: pam_unix(sudo:session): session closed for user root
Aug 26 14:27:12 devstack cinder-volume[94394]: DEBUG oslo_concurrency.processutils [None req-4e3336da-7ffb-4d14-8060-defeb6803da6 tempest-GroupSnapshotsTest-1811106974 None] CMD "sudo cinder-rootwrap /etc/cinder/rootwrap.conf chmod ugo+rw /opt/stack/data/cinder/mnt/249da68d11d8308e641a6e4308ba09e4/volume-2faed028-96f9-4b02-9b1e-ad8327a75340.b6fa13ce-7a0c-4b20-8fa3-211acef71e54" returned: 0 in 0.261s {{(pid=94394) execute /opt/stack/data/venv/lib/python3.12/site-packages/oslo_concurrency/processutils.py:468}}
Aug 26 14:27:12 devstack cinder-volume[94394]: DEBUG oslo_concurrency.processutils [None req-4e3336da-7ffb-4d14-8060-defeb6803da6 tempest-GroupSnapshotsTest-1811106974 None] Running cmd (subprocess): sudo cinder-rootwrap /etc/cinder/rootwrap.conf truncate -s0 /opt/stack/data/cinder/mnt/249da68d11d8308e641a6e4308ba09e4/volume-2faed028-96f9-4b02-9b1e-ad8327a75340.info {{(pid=94394) execute /opt/stack/data/venv/lib/python3.12/site-packages/oslo_concurrency/processutils.py:440}}
Aug 26 14:27:12 devstack sudo[101996]: quobyte : PWD=/ ; USER=root ; COMMAND=/opt/stack/data/venv/bin/cinder-rootwrap /etc/cinder/rootwrap.conf truncate -s0 /opt/stack/data/cinder/mnt/249da68d11d8308e641a6e4308ba09e4/volume-2faed028-96f9-4b02-9b1e-ad8327a75340.info
Aug 26 14:27:12 devstack sudo[101996]: pam_unix(sudo:session): session opened for user root(uid=0) by (uid=1000)
Aug 26 14:27:12 devstack sudo[101996]: pam_unix(sudo:session): session closed for user root
Aug 26 14:27:12 devstack cinder-volume[94394]: DEBUG oslo_concurrency.processutils [None req-4e3336da-7ffb-4d14-8060-defeb6803da6 tempest-GroupSnapshotsTest-1811106974 None] CMD "sudo cinder-rootwrap /etc/cinder/rootwrap.conf truncate -s0 /opt/stack/data/cinder/mnt/249da68d11d8308e641a6e4308ba09e4/volume-2faed028-96f9-4b02-9b1e-ad8327a75340.info" returned: 0 in 0.300s {{(pid=94394) execute /opt/stack/data/venv/lib/python3.12/site-packages/oslo_concurrency/processutils.py:468}}
Aug 26 14:27:12 devstack cinder-volume[94394]: WARNING cinder.volume.drivers.remotefs [None req-4e3336da-7ffb-4d14-8060-defeb6803da6 tempest-GroupSnapshotsTest-1811106974 None] /opt/stack/data/cinder/mnt/249da68d11d8308e641a6e4308ba09e4/volume-2faed028-96f9-4b02-9b1e-ad8327a75340.info is being set with open permissions: ugo+rw: NotImplementedError
Aug 26 14:27:12 devstack cinder-volume[94394]: DEBUG oslo_concurrency.processutils [None req-4e3336da-7ffb-4d14-8060-defeb6803da6 tempest-GroupSnapshotsTest-1811106974 None] Running cmd (subprocess): sudo cinder-rootwrap /etc/cinder/rootwrap.conf chmod ugo+rw /opt/stack/data/cinder/mnt/249da68d11d8308e641a6e4308ba09e4/volume-2faed028-96f9-4b02-9b1e-ad8327a75340.info {{(pid=94394) execute /opt/stack/data/venv/lib/python3.12/site-packages/oslo_concurrency/processutils.py:440}}
Aug 26 14:27:12 devstack sudo[101999]: quobyte : PWD=/ ; USER=root ; COMMAND=/opt/stack/data/venv/bin/cinder-rootwrap /etc/cinder/rootwrap.conf chmod ugo+rw /opt/stack/data/cinder/mnt/249da68d11d8308e641a6e4308ba09e4/volume-2faed028-96f9-4b02-9b1e-ad8327a75340.info
Aug 26 14:27:12 devstack sudo[101999]: pam_unix(sudo:session): session opened for user root(uid=0) by (uid=1000)
Aug 26 14:27:13 devstack sudo[101999]: pam_unix(sudo:session): session closed for user root
Aug 26 14:27:13 devstack cinder-volume[94394]: DEBUG oslo_concurrency.processutils [None req-4e3336da-7ffb-4d14-8060-defeb6803da6 tempest-GroupSnapshotsTest-1811106974 None] CMD "sudo cinder-rootwrap /etc/cinder/rootwrap.conf chmod ugo+rw /opt/stack/data/cinder/mnt/249da68d11d8308e641a6e4308ba09e4/volume-2faed028-96f9-4b02-9b1e-ad8327a75340.info" returned: 0 in 0.316s {{(pid=94394) execute /opt/stack/data/venv/lib/python3.12/site-packages/oslo_concurrency/processutils.py:468}}
Aug 26 14:27:13 devstack cinder-volume[94394]: DEBUG oslo_concurrency.lockutils [None req-4e3336da-7ffb-4d14-8060-defeb6803da6 tempest-GroupSnapshotsTest-1811106974 None] Lock "quobyte" "released" by "cinder.volume.drivers.quobyte.QuobyteDriver.create_snapshot" :: held 2.574s {{(pid=94394) inner /opt/stack/data/venv/lib/python3.12/site-packages/oslo_concurrency/lockutils.py:544}}
Aug 26 14:27:13 devstack cinder-volume[94394]: DEBUG oslo_concurrency.lockutils [req-f0ab8a2f-e777-4b95-9dcf-c5b1fb1d5b03 req-c1991d5a-38ec-471a-8288-6e744f509e36 tempest-VolumesSnapshotsTestJSON-910827177 None] Lock "quobyte" acquired by "cinder.volume.drivers.quobyte.QuobyteDriver.create_snapshot" :: waited 4.207s {{(pid=94394) inner /opt/stack/data/venv/lib/python3.12/site-packages/oslo_concurrency/lockutils.py:525}}
Aug 26 14:27:13 devstack cinder-volume[94394]: DEBUG cinder.volume.drivers.remotefs [req-f0ab8a2f-e777-4b95-9dcf-c5b1fb1d5b03 req-c1991d5a-38ec-471a-8288-6e744f509e36 tempest-VolumesSnapshotsTestJSON-910827177 None] Creating offline snapshot 4d29c337-45c1-4493-9fa9-c7b35cdc1849 of volume fc2c76e4-592a-4ec6-8bb5-b309307dba60 {{(pid=94394) _create_snapshot /opt/stack/cinder/cinder/volume/drivers/remotefs.py:1816}}
Aug 26 14:27:13 devstack cinder-volume[94394]: DEBUG oslo.privsep.daemon [-] privsep: reply[ac5a9faa-ccfb-4d99-b9e8-f3f8eb3c3d4b]: (4, 'qcow2') {{(pid=95755) _call_back /opt/stack/data/venv/lib/python3.12/site-packages/oslo_privsep/daemon.py:580}}
Aug 26 14:27:13 devstack cinder-volume[94394]: DEBUG oslo_concurrency.processutils [req-f0ab8a2f-e777-4b95-9dcf-c5b1fb1d5b03 req-c1991d5a-38ec-471a-8288-6e744f509e36 tempest-VolumesSnapshotsTestJSON-910827177 None] Running cmd (subprocess): /opt/stack/data/venv/bin/python3.12 -m oslo_concurrency.prlimit --as=1073741824 --cpu=60 -- sudo cinder-rootwrap /etc/cinder/rootwrap.conf env LC_ALL=C qemu-img info -f qcow2 --output=json --force-share /opt/stack/data/cinder/mnt/249da68d11d8308e641a6e4308ba09e4/volume-fc2c76e4-592a-4ec6-8bb5-b309307dba60 {{(pid=94394) execute /opt/stack/data/venv/lib/python3.12/site-packages/oslo_concurrency/processutils.py:440}}
Aug 26 14:27:13 devstack cinder-volume[94394]: INFO cinder.volume.manager [None req-4e3336da-7ffb-4d14-8060-defeb6803da6 tempest-GroupSnapshotsTest-1811106974 None] group_snapshot 68122192-bc66-41bc-b449-8659220519c3: created successfully
Aug 26 14:27:13 devstack sudo[102002]: quobyte : PWD=/ ; USER=root ; COMMAND=/opt/stack/data/venv/bin/cinder-rootwrap /etc/cinder/rootwrap.conf env LC_ALL=C qemu-img info -f qcow2 --output=json --force-share /opt/stack/data/cinder/mnt/249da68d11d8308e641a6e4308ba09e4/volume-fc2c76e4-592a-4ec6-8bb5-b309307dba60
Aug 26 14:27:13 devstack sudo[102002]: pam_unix(sudo:session): session opened for user root(uid=0) by (uid=1000)
Aug 26 14:27:13 devstack sudo[102002]: pam_unix(sudo:session): session closed for user root
Aug 26 14:27:13 devstack cinder-volume[94394]: DEBUG oslo_concurrency.processutils [req-f0ab8a2f-e777-4b95-9dcf-c5b1fb1d5b03 req-c1991d5a-38ec-471a-8288-6e744f509e36 tempest-VolumesSnapshotsTestJSON-910827177 None] CMD "/opt/stack/data/venv/bin/python3.12 -m oslo_concurrency.prlimit --as=1073741824 --cpu=60 -- sudo cinder-rootwrap /etc/cinder/rootwrap.conf env LC_ALL=C qemu-img info -f qcow2 --output=json --force-share /opt/stack/data/cinder/mnt/249da68d11d8308e641a6e4308ba09e4/volume-fc2c76e4-592a-4ec6-8bb5-b309307dba60" returned: 0 in 0.541s {{(pid=94394) execute /opt/stack/data/venv/lib/python3.12/site-packages/oslo_concurrency/processutils.py:468}}
Aug 26 14:27:13 devstack cinder-volume[94394]: DEBUG oslo_concurrency.processutils [req-f0ab8a2f-e777-4b95-9dcf-c5b1fb1d5b03 req-c1991d5a-38ec-471a-8288-6e744f509e36 tempest-VolumesSnapshotsTestJSON-910827177 None] Running cmd (subprocess): sudo cinder-rootwrap /etc/cinder/rootwrap.conf qemu-img create -f qcow2 -o backing_file=/opt/stack/data/cinder/mnt/249da68d11d8308e641a6e4308ba09e4/volume-fc2c76e4-592a-4ec6-8bb5-b309307dba60,backing_fmt=qcow2 /opt/stack/data/cinder/mnt/249da68d11d8308e641a6e4308ba09e4/volume-fc2c76e4-592a-4ec6-8bb5-b309307dba60.4d29c337-45c1-4493-9fa9-c7b35cdc1849 1G {{(pid=94394) execute /opt/stack/data/venv/lib/python3.12/site-packages/oslo_concurrency/processutils.py:440}}
Aug 26 14:27:13 devstack sudo[102007]: quobyte : PWD=/ ; USER=root ; COMMAND=/opt/stack/data/venv/bin/cinder-rootwrap /etc/cinder/rootwrap.conf qemu-img create -f qcow2 -o backing_file=/opt/stack/data/cinder/mnt/249da68d11d8308e641a6e4308ba09e4/volume-fc2c76e4-592a-4ec6-8bb5-b309307dba60,backing_fmt=qcow2 /opt/stack/data/cinder/mnt/249da68d11d8308e641a6e4308ba09e4/volume-fc2c76e4-592a-4ec6-8bb5-b309307dba60.4d29c337-45c1-4493-9fa9-c7b35cdc1849 1G
Aug 26 14:27:13 devstack sudo[102007]: pam_unix(sudo:session): session opened for user root(uid=0) by (uid=1000)
Aug 26 14:27:14 devstack sudo[102007]: pam_unix(sudo:session): session closed for user root
Aug 26 14:27:14 devstack cinder-volume[94394]: DEBUG oslo_concurrency.processutils [req-f0ab8a2f-e777-4b95-9dcf-c5b1fb1d5b03 req-c1991d5a-38ec-471a-8288-6e744f509e36 tempest-VolumesSnapshotsTestJSON-910827177 None] CMD "sudo cinder-rootwrap /etc/cinder/rootwrap.conf qemu-img create -f qcow2 -o backing_file=/opt/stack/data/cinder/mnt/249da68d11d8308e641a6e4308ba09e4/volume-fc2c76e4-592a-4ec6-8bb5-b309307dba60,backing_fmt=qcow2 /opt/stack/data/cinder/mnt/249da68d11d8308e641a6e4308ba09e4/volume-fc2c76e4-592a-4ec6-8bb5-b309307dba60.4d29c337-45c1-4493-9fa9-c7b35cdc1849 1G" returned: 0 in 0.714s {{(pid=94394) execute /opt/stack/data/venv/lib/python3.12/site-packages/oslo_concurrency/processutils.py:468}}
Aug 26 14:27:14 devstack cinder-volume[94394]: DEBUG oslo_concurrency.processutils [req-f0ab8a2f-e777-4b95-9dcf-c5b1fb1d5b03 req-c1991d5a-38ec-471a-8288-6e744f509e36 tempest-VolumesSnapshotsTestJSON-910827177 None] Running cmd (subprocess): sudo cinder-rootwrap /etc/cinder/rootwrap.conf qemu-img rebase -u -b volume-fc2c76e4-592a-4ec6-8bb5-b309307dba60 -F qcow2 /opt/stack/data/cinder/mnt/249da68d11d8308e641a6e4308ba09e4/volume-fc2c76e4-592a-4ec6-8bb5-b309307dba60.4d29c337-45c1-4493-9fa9-c7b35cdc1849 {{(pid=94394) execute /opt/stack/data/venv/lib/python3.12/site-packages/oslo_concurrency/processutils.py:440}}
Aug 26 14:27:14 devstack sudo[102015]: quobyte : PWD=/ ; USER=root ; COMMAND=/opt/stack/data/venv/bin/cinder-rootwrap /etc/cinder/rootwrap.conf qemu-img rebase -u -b volume-fc2c76e4-592a-4ec6-8bb5-b309307dba60 -F qcow2 /opt/stack/data/cinder/mnt/249da68d11d8308e641a6e4308ba09e4/volume-fc2c76e4-592a-4ec6-8bb5-b309307dba60.4d29c337-45c1-4493-9fa9-c7b35cdc1849
