Jul 10 13:36:06 devstack devstack@g-api.service[77038]: DEBUG glance.common.config [None req-acfac983-13b7-42a4-8902-ab96545dfbea None None] barbican_service_user.keyfile = None {{(pid=77038) log_opt_values /opt/stack/data/venv/lib/python3.12/site-packages/oslo_config/cfg.py:3253}}
Jul 10 13:36:06 devstack devstack@g-api.service[77038]: DEBUG glance.common.config [None req-acfac983-13b7-42a4-8902-ab96545dfbea None None] barbican_service_user.split_loggers = False {{(pid=77038) log_opt_values /opt/stack/data/venv/lib/python3.12/site-packages/oslo_config/cfg.py:3253}}
Jul 10 13:36:06 devstack devstack@g-api.service[77038]: DEBUG glance.common.config [None req-acfac983-13b7-42a4-8902-ab96545dfbea None None] barbican_service_user.timeout = None {{(pid=77038) log_opt_values /opt/stack/data/venv/lib/python3.12/site-packages/oslo_config/cfg.py:3253}}
Jul 10 13:36:06 devstack devstack@g-api.service[77038]: DEBUG glance.common.config [None req-acfac983-13b7-42a4-8902-ab96545dfbea None None] database.asyncio_connection = **** {{(pid=77038) log_opt_values /opt/stack/data/venv/lib/python3.12/site-packages/oslo_config/cfg.py:3253}}
Jul 10 13:36:06 devstack devstack@g-api.service[77038]: DEBUG glance.common.config [None req-acfac983-13b7-42a4-8902-ab96545dfbea None None] database.asyncio_slave_connection = **** {{(pid=77038) log_opt_values /opt/stack/data/venv/lib/python3.12/site-packages/oslo_config/cfg.py:3253}}
Jul 10 13:36:06 devstack devstack@g-api.service[77038]: DEBUG glance.common.config [None req-acfac983-13b7-42a4-8902-ab96545dfbea None None] database.backend = sqlalchemy {{(pid=77038) log_opt_values /opt/stack/data/venv/lib/python3.12/site-packages/oslo_config/cfg.py:3253}}
Jul 10 13:36:06 devstack devstack@g-api.service[77038]: DEBUG glance.common.config [None req-acfac983-13b7-42a4-8902-ab96545dfbea None None] database.connection = **** {{(pid=77038) log_opt_values /opt/stack/data/venv/lib/python3.12/site-packages/oslo_config/cfg.py:3253}}
Jul 10 13:36:06 devstack devstack@g-api.service[77038]: DEBUG glance.common.config [None req-acfac983-13b7-42a4-8902-ab96545dfbea None None] database.connection_debug = 0 {{(pid=77038) log_opt_values /opt/stack/data/venv/lib/python3.12/site-packages/oslo_config/cfg.py:3253}}
Jul 10 13:36:06 devstack devstack@g-api.service[77038]: DEBUG glance.common.config [None req-acfac983-13b7-42a4-8902-ab96545dfbea None None] database.connection_parameters = {{(pid=77038) log_opt_values /opt/stack/data/venv/lib/python3.12/site-packages/oslo_config/cfg.py:3253}}
Jul 10 13:36:06 devstack devstack@g-api.service[77038]: DEBUG glance.common.config [None req-acfac983-13b7-42a4-8902-ab96545dfbea None None] database.connection_recycle_time = 3600 {{(pid=77038) log_opt_values /opt/stack/data/venv/lib/python3.12/site-packages/oslo_config/cfg.py:3253}}
Jul 10 13:36:06 devstack devstack@g-api.service[77038]: DEBUG glance.common.config [None req-acfac983-13b7-42a4-8902-ab96545dfbea None None] database.connection_trace = False {{(pid=77038) log_opt_values /opt/stack/data/venv/lib/python3.12/site-packages/oslo_config/cfg.py:3253}}
Jul 10 13:36:06 devstack devstack@g-api.service[77038]: DEBUG glance.common.config [None req-acfac983-13b7-42a4-8902-ab96545dfbea None None] database.db_inc_retry_interval = True {{(pid=77038) log_opt_values /opt/stack/data/venv/lib/python3.12/site-packages/oslo_config/cfg.py:3253}}
Jul 10 13:36:06 devstack devstack@g-api.service[77038]: DEBUG glance.common.config [None req-acfac983-13b7-42a4-8902-ab96545dfbea None None] database.db_max_retries = 20 {{(pid=77038) log_opt_values /opt/stack/data/venv/lib/python3.12/site-packages/oslo_config/cfg.py:3253}}
Jul 10 13:36:06 devstack devstack@g-api.service[77038]: DEBUG glance.common.config [None req-acfac983-13b7-42a4-8902-ab96545dfbea None None] database.db_max_retry_interval = 10 {{(pid=77038) log_opt_values /opt/stack/data/venv/lib/python3.12/site-packages/oslo_config/cfg.py:3253}}
Jul 10 13:36:06 devstack devstack@g-api.service[77038]: DEBUG glance.common.config [None req-acfac983-13b7-42a4-8902-ab96545dfbea None None] database.db_retry_interval = 1 {{(pid=77038) log_opt_values /opt/stack/data/venv/lib/python3.12/site-packages/oslo_config/cfg.py:3253}}
Jul 10 13:36:06 devstack devstack@g-api.service[77038]: DEBUG glance.common.config [None req-acfac983-13b7-42a4-8902-ab96545dfbea None None] database.max_overflow = 50 {{(pid=77038) log_opt_values /opt/stack/data/venv/lib/python3.12/site-packages/oslo_config/cfg.py:3253}}
Jul 10 13:36:06 devstack devstack@g-api.service[77038]: DEBUG glance.common.config [None req-acfac983-13b7-42a4-8902-ab96545dfbea None None] database.max_pool_size = 5 {{(pid=77038) log_opt_values /opt/stack/data/venv/lib/python3.12/site-packages/oslo_config/cfg.py:3253}}
Jul 10 13:36:06 devstack devstack@g-api.service[77038]: DEBUG glance.common.config [None req-acfac983-13b7-42a4-8902-ab96545dfbea None None] database.max_retries = 10 {{(pid=77038) log_opt_values /opt/stack/data/venv/lib/python3.12/site-packages/oslo_config/cfg.py:3253}}
Jul 10 13:36:06 devstack devstack@g-api.service[77038]: DEBUG glance.common.config [None req-acfac983-13b7-42a4-8902-ab96545dfbea None None] database.mysql_sql_mode = TRADITIONAL {{(pid=77038) log_opt_values /opt/stack/data/venv/lib/python3.12/site-packages/oslo_config/cfg.py:3253}}
Jul 10 13:36:06 devstack devstack@g-api.service[77038]: DEBUG glance.common.config [None req-acfac983-13b7-42a4-8902-ab96545dfbea None None] database.mysql_wsrep_sync_wait = None {{(pid=77038) log_opt_values /opt/stack/data/venv/lib/python3.12/site-packages/oslo_config/cfg.py:3253}}
Jul 10 13:36:06 devstack devstack@g-api.service[77038]: DEBUG glance.common.config [None req-acfac983-13b7-42a4-8902-ab96545dfbea None None] database.pool_timeout = None {{(pid=77038) log_opt_values /opt/stack/data/venv/lib/python3.12/site-packages/oslo_config/cfg.py:3253}}
Jul 10 13:36:06 devstack devstack@g-api.service[77038]: DEBUG glance.common.config [None req-acfac983-13b7-42a4-8902-ab96545dfbea None None] database.retry_interval = 10 {{(pid=77038) log_opt_values /opt/stack/data/venv/lib/python3.12/site-packages/oslo_config/cfg.py:3253}}
Jul 10 13:36:06 devstack devstack@g-api.service[77038]: DEBUG glance.common.config [None req-acfac983-13b7-42a4-8902-ab96545dfbea None None] database.slave_connection = **** {{(pid=77038) log_opt_values /opt/stack/data/venv/lib/python3.12/site-packages/oslo_config/cfg.py:3253}}
Jul 10 13:36:06 devstack devstack@g-api.service[77038]: DEBUG glance.common.config [None req-acfac983-13b7-42a4-8902-ab96545dfbea None None] database.sqlite_synchronous = True {{(pid=77038) log_opt_values /opt/stack/data/venv/lib/python3.12/site-packages/oslo_config/cfg.py:3253}}
Jul 10 13:36:06 devstack devstack@g-api.service[77038]: DEBUG glance.common.config [None req-acfac983-13b7-42a4-8902-ab96545dfbea None None] database.synchronous_reader = True {{(pid=77038) log_opt_values /opt/stack/data/venv/lib/python3.12/site-packages/oslo_config/cfg.py:3253}}
Jul 10 13:36:06 devstack devstack@g-api.service[77038]: DEBUG glance.common.config [None req-acfac983-13b7-42a4-8902-ab96545dfbea None None] database.use_db_reconnect = False {{(pid=77038) log_opt_values /opt/stack/data/venv/lib/python3.12/site-packages/oslo_config/cfg.py:3253}}
Jul 10 13:36:06 devstack devstack@g-api.service[77038]: DEBUG glance.common.config [None req-acfac983-13b7-42a4-8902-ab96545dfbea None None] healthcheck.allowed_source_ranges = [] {{(pid=77038) log_opt_values /opt/stack/data/venv/lib/python3.12/site-packages/oslo_config/cfg.py:3253}}
Jul 10 13:36:06 devstack devstack@g-api.service[77038]: DEBUG glance.common.config [None req-acfac983-13b7-42a4-8902-ab96545dfbea None None] healthcheck.backends = ['disable_by_file'] {{(pid=77038) log_opt_values /opt/stack/data/venv/lib/python3.12/site-packages/oslo_config/cfg.py:3253}}
Jul 10 13:36:06 devstack devstack@g-api.service[77038]: DEBUG glance.common.config [None req-acfac983-13b7-42a4-8902-ab96545dfbea None None] healthcheck.detailed = False {{(pid=77038) log_opt_values /opt/stack/data/venv/lib/python3.12/site-packages/oslo_config/cfg.py:3253}}
Jul 10 13:36:06 devstack devstack@g-api.service[77038]: DEBUG glance.common.config [None req-acfac983-13b7-42a4-8902-ab96545dfbea None None] healthcheck.disable_by_file_path = None {{(pid=77038) log_opt_values /opt/stack/data/venv/lib/python3.12/site-packages/oslo_config/cfg.py:3253}}
Jul 10 13:36:06 devstack devstack@g-api.service[77038]: DEBUG glance.common.config [None req-acfac983-13b7-42a4-8902-ab96545dfbea None None] healthcheck.ignore_proxied_requests = False {{(pid=77038) log_opt_values /opt/stack/data/venv/lib/python3.12/site-packages/oslo_config/cfg.py:3253}}
Jul 10 13:36:06 devstack devstack@g-api.service[77038]: DEBUG glance.common.config [None req-acfac983-13b7-42a4-8902-ab96545dfbea None None] ******************************************************************************** {{(pid=77038) log_opt_values /opt/stack/data/venv/lib/python3.12/site-packages/oslo_config/cfg.py:3260}}
Jul 10 13:36:06 devstack devstack@g-api.service[77038]: WSGI app 0 (mountpoint='') ready in 6 seconds on interpreter 0x73d673ca4668 pid: 77038 (default app)
Jul 10 13:36:09 devstack devstack@g-api.service[77039]: DEBUG glance.api.middleware.version_negotiation [None req-f17d9b9a-ff66-4d95-a29e-e7caa10e91b3 None None] Determining version of request: GET / Accept: application/json {{(pid=77039) process_request /opt/stack/glance/glance/api/middleware/version_negotiation.py:44}}
Jul 10 13:36:09 devstack devstack@g-api.service[77039]: DEBUG glance.api.middleware.version_negotiation [None req-f17d9b9a-ff66-4d95-a29e-e7caa10e91b3 None None] Using url versioning {{(pid=77039) process_request /opt/stack/glance/glance/api/middleware/version_negotiation.py:57}}
Jul 10 13:36:09 devstack devstack@g-api.service[77039]: DEBUG glance.api.middleware.version_negotiation [None req-f17d9b9a-ff66-4d95-a29e-e7caa10e91b3 None None] Unknown version. Returning version choices. {{(pid=77039) process_request /opt/stack/glance/glance/api/middleware/version_negotiation.py:64}}
Jul 10 13:36:09 devstack devstack@g-api.service[77039]: [pid: 77039|app: 0|req: 2/2] 127.0.0.1 () {34 vars in 513 bytes} [Fri Jul 10 13:36:09 2026] GET / => generated 1543 bytes in 6 msecs (HTTP/1.1 300) 3 headers in 106 bytes (1 switches on core 0)
Jul 10 13:36:09 devstack devstack@g-api.service[77038]: DEBUG glance.api.middleware.version_negotiation [None req-acfac983-13b7-42a4-8902-ab96545dfbea None None] Determining version of request: POST /v2/images Accept: */* {{(pid=77038) process_request /opt/stack/glance/glance/api/middleware/version_negotiation.py:44}}
Jul 10 13:36:09 devstack devstack@g-api.service[77038]: DEBUG glance.api.middleware.version_negotiation [None req-acfac983-13b7-42a4-8902-ab96545dfbea None None] Using url versioning {{(pid=77038) process_request /opt/stack/glance/glance/api/middleware/version_negotiation.py:57}}
Jul 10 13:36:09 devstack devstack@g-api.service[77038]: DEBUG glance.api.middleware.version_negotiation [None req-acfac983-13b7-42a4-8902-ab96545dfbea None None] Matched version: v2 {{(pid=77038) process_request /opt/stack/glance/glance/api/middleware/version_negotiation.py:69}}
Jul 10 13:36:09 devstack devstack@g-api.service[77038]: DEBUG glance.api.middleware.version_negotiation [None req-acfac983-13b7-42a4-8902-ab96545dfbea None None] new path /v2/images {{(pid=77038) process_request /opt/stack/glance/glance/api/middleware/version_negotiation.py:70}}
Jul 10 13:36:11 devstack devstack@g-api.service[77038]: [pid: 77038|app: 0|req: 1/3] 127.0.0.1 () {40 vars in 776 bytes} [Fri Jul 10 13:36:09 2026] POST /v2/images => generated 807 bytes in 1220 msecs (HTTP/1.1 201) 6 headers in 314 bytes (1 switches on core 0)
Jul 10 13:36:11 devstack devstack@g-api.service[77039]: DEBUG glance.api.middleware.version_negotiation [None req-f17d9b9a-ff66-4d95-a29e-e7caa10e91b3 None None] Determining version of request: PUT /v2/images/59f82fa0-81b1-484d-8efd-79233bf94402/file Accept: {{(pid=77039) process_request /opt/stack/glance/glance/api/middleware/version_negotiation.py:44}}
Jul 10 13:36:11 devstack devstack@g-api.service[77039]: DEBUG glance.api.middleware.version_negotiation [None req-f17d9b9a-ff66-4d95-a29e-e7caa10e91b3 None None] Using url versioning {{(pid=77039) process_request /opt/stack/glance/glance/api/middleware/version_negotiation.py:57}}
Jul 10 13:36:11 devstack devstack@g-api.service[77039]: DEBUG glance.api.middleware.version_negotiation [None req-f17d9b9a-ff66-4d95-a29e-e7caa10e91b3 None None] Matched version: v2 {{(pid=77039) process_request /opt/stack/glance/glance/api/middleware/version_negotiation.py:69}}
Jul 10 13:36:11 devstack devstack@g-api.service[77039]: DEBUG glance.api.middleware.version_negotiation [None req-f17d9b9a-ff66-4d95-a29e-e7caa10e91b3 None None] new path /v2/images/59f82fa0-81b1-484d-8efd-79233bf94402/file {{(pid=77039) process_request /opt/stack/glance/glance/api/middleware/version_negotiation.py:70}}
Jul 10 13:36:11 devstack devstack@g-api.service[77039]: INFO glance.api.v2.image_data [None req-d2542f1e-3125-4457-a4bb-69500426779f admin admin] Unable to create trust: no such option collect_timing in group [keystone_authtoken] Use the existing user token.
Jul 10 13:36:12 devstack devstack@g-api.service[77039]: DEBUG glance.location [None req-d2542f1e-3125-4457-a4bb-69500426779f admin admin] Enabling in-flight format inspection for qcow2 {{(pid=77039) set_data /opt/stack/glance/glance/location.py:596}}
Jul 10 13:36:12 devstack devstack@g-api.service[77039]: DEBUG oslo_utils.imageutils.format_inspector [None req-d2542f1e-3125-4457-a4bb-69500426779f admin admin] Format inspector for vmdk does not match, excluding from consideration (Signature KDMV not found: b'QFI\xfb') {{(pid=77039) _process_chunk /opt/stack/data/venv/lib/python3.12/site-packages/oslo_utils/imageutils/format_inspector.py:1758}}
Jul 10 13:36:12 devstack devstack@g-api.service[77039]: DEBUG oslo_utils.imageutils.format_inspector [None req-d2542f1e-3125-4457-a4bb-69500426779f admin admin] Format inspector for vhdx does not match, excluding from consideration (Region signature not found at 30000) {{(pid=77039) _process_chunk /opt/stack/data/venv/lib/python3.12/site-packages/oslo_utils/imageutils/format_inspector.py:1758}}
Jul 10 13:36:12 devstack devstack@g-api.service[77039]: DEBUG glance_store._drivers.filesystem [None req-d2542f1e-3125-4457-a4bb-69500426779f admin admin] Wrote 21692416 bytes to /opt/stack/data/glance/images/59f82fa0-81b1-484d-8efd-79233bf94402 with checksum 87617e24a5e30cb3b87fda8c0764838f and multihash 9a9bce0083a00939ec17c11febbfc767aa211aaa54f51e75c5a8b271a9b5637c77205a518b7a2007cb391d23cceb01e0e4e8d64832317151bc85b734b92a7be0 {{(pid=77039) add /opt/stack/data/venv/lib/python3.12/site-packages/glance_store/_drivers/filesystem.py:899}}
Jul 10 13:36:12 devstack devstack@g-api.service[77039]: INFO glance.location [None req-d2542f1e-3125-4457-a4bb-69500426779f admin admin] Image format matched and virtual size computed: 117440512
Jul 10 13:36:12 devstack devstack@g-api.service[77039]: DEBUG glance_store.backend [None req-d2542f1e-3125-4457-a4bb-69500426779f admin admin] Skipping store.set_acls... not implemented. {{(pid=77039) set_acls /opt/stack/data/venv/lib/python3.12/site-packages/glance_store/backend.py:507}}
Jul 10 13:36:12 devstack devstack@g-api.service[77039]: [pid: 77039|app: 0|req: 3/4] 127.0.0.1 () {40 vars in 869 bytes} [Fri Jul 10 13:36:11 2026] PUT /v2/images/59f82fa0-81b1-484d-8efd-79233bf94402/file => generated 0 bytes in 1838 msecs (HTTP/1.1 204) 4 headers in 171 bytes (1 switches on core 0)
Jul 10 13:36:12 devstack devstack@g-api.service[77038]: DEBUG glance.api.middleware.version_negotiation [None req-cc9d38f1-6eae-4022-b208-f622197c0611 admin admin] Determining version of request: GET /v2/images/59f82fa0-81b1-484d-8efd-79233bf94402 Accept: */* {{(pid=77038) process_request /opt/stack/glance/glance/api/middleware/version_negotiation.py:44}}
Jul 10 13:36:12 devstack devstack@g-api.service[77038]: DEBUG glance.api.middleware.version_negotiation [None req-cc9d38f1-6eae-4022-b208-f622197c0611 admin admin] Using url versioning {{(pid=77038) process_request /opt/stack/glance/glance/api/middleware/version_negotiation.py:57}}
Jul 10 13:36:12 devstack devstack@g-api.service[77038]: DEBUG glance.api.middleware.version_negotiation [None req-cc9d38f1-6eae-4022-b208-f622197c0611 admin admin] Matched version: v2 {{(pid=77038) process_request /opt/stack/glance/glance/api/middleware/version_negotiation.py:69}}
Jul 10 13:36:12 devstack devstack@g-api.service[77038]: DEBUG glance.api.middleware.version_negotiation [None req-cc9d38f1-6eae-4022-b208-f622197c0611 admin admin] new path /v2/images/59f82fa0-81b1-484d-8efd-79233bf94402 {{(pid=77038) process_request /opt/stack/glance/glance/api/middleware/version_negotiation.py:70}}
Jul 10 13:36:13 devstack devstack@g-api.service[77038]: [pid: 77038|app: 0|req: 2/5] 127.0.0.1 () {36 vars in 796 bytes} [Fri Jul 10 13:36:12 2026] GET /v2/images/59f82fa0-81b1-484d-8efd-79233bf94402 => generated 976 bytes in 22 msecs (HTTP/1.1 200) 4 headers in 157 bytes (1 switches on core 0)
Jul 10 13:36:22 devstack devstack@g-api.service[77039]: DEBUG dbcounter [-] [77039] Writing DB stats glance:INSERT=5,glance:SELECT=16,glance:UPDATE=2 {{(pid=77039) stat_writer /opt/stack/data/venv/lib/python3.12/site-packages/dbcounter.py:115}}
Jul 10 13:36:23 devstack devstack@g-api.service[77038]: DEBUG dbcounter [-] [77038] Writing DB stats glance:INSERT=9,glance:SELECT=6 {{(pid=77038) stat_writer /opt/stack/data/venv/lib/python3.12/site-packages/dbcounter.py:115}}
Jul 10 13:36:58 devstack devstack@g-api.service[77039]: DEBUG glance.api.middleware.version_negotiation [None req-d2542f1e-3125-4457-a4bb-69500426779f admin admin] Determining version of request: GET / Accept: application/json {{(pid=77039) process_request /opt/stack/glance/glance/api/middleware/version_negotiation.py:44}}
Jul 10 13:36:58 devstack devstack@g-api.service[77039]: DEBUG glance.api.middleware.version_negotiation [None req-d2542f1e-3125-4457-a4bb-69500426779f admin admin] Using url versioning {{(pid=77039) process_request /opt/stack/glance/glance/api/middleware/version_negotiation.py:57}}
Jul 10 13:36:58 devstack devstack@g-api.service[77039]: DEBUG glance.api.middleware.version_negotiation [None req-d2542f1e-3125-4457-a4bb-69500426779f admin admin] Unknown version. Returning version choices. {{(pid=77039) process_request /opt/stack/glance/glance/api/middleware/version_negotiation.py:64}}
Jul 10 13:36:58 devstack devstack@g-api.service[77039]: [pid: 77039|app: 0|req: 4/6] 127.0.0.1 () {34 vars in 513 bytes} [Fri Jul 10 13:36:58 2026] GET / => generated 1543 bytes in 2 msecs (HTTP/1.1 300) 3 headers in 106 bytes (1 switches on core 0)
Jul 10 13:36:58 devstack devstack@g-api.service[77038]: DEBUG glance.api.middleware.version_negotiation [None req-60c5fc60-9ae3-4812-8e83-1cfddc964838 admin admin] Determining version of request: GET /v2/images Accept: application/json {{(pid=77038) process_request /opt/stack/glance/glance/api/middleware/version_negotiation.py:44}}
Jul 10 13:36:58 devstack devstack@g-api.service[77038]: DEBUG glance.api.middleware.version_negotiation [None req-60c5fc60-9ae3-4812-8e83-1cfddc964838 admin admin] Using url versioning {{(pid=77038) process_request /opt/stack/glance/glance/api/middleware/version_negotiation.py:57}}
Jul 10 13:36:58 devstack devstack@g-api.service[77038]: DEBUG glance.api.middleware.version_negotiation [None req-60c5fc60-9ae3-4812-8e83-1cfddc964838 admin admin] Matched version: v2 {{(pid=77038) process_request /opt/stack/glance/glance/api/middleware/version_negotiation.py:69}}
Jul 10 13:36:58 devstack devstack@g-api.service[77038]: DEBUG glance.api.middleware.version_negotiation [None req-60c5fc60-9ae3-4812-8e83-1cfddc964838 admin admin] new path /v2/images {{(pid=77038) process_request /opt/stack/glance/glance/api/middleware/version_negotiation.py:70}}
Jul 10 13:36:58 devstack devstack@g-api.service[77038]: [pid: 77038|app: 0|req: 3/7] 127.0.0.1 () {36 vars in 735 bytes} [Fri Jul 10 13:36:58 2026] GET /v2/images => generated 1045 bytes in 91 msecs (HTTP/1.1 200) 4 headers in 158 bytes (1 switches on core 0)
Jul 10 13:37:08 devstack devstack@g-api.service[77038]: DEBUG dbcounter [-] [77038] Writing DB stats glance:SELECT=1 {{(pid=77038) stat_writer /opt/stack/data/venv/lib/python3.12/site-packages/dbcounter.py:115}}
Jul 10 13:37:08 devstack devstack@g-api.service[77039]: DEBUG glance.api.middleware.version_negotiation [None req-d2542f1e-3125-4457-a4bb-69500426779f admin admin] Determining version of request: GET / Accept: application/json {{(pid=77039) process_request /opt/stack/glance/glance/api/middleware/version_negotiation.py:44}}
Jul 10 13:37:08 devstack devstack@g-api.service[77039]: DEBUG glance.api.middleware.version_negotiation [None req-d2542f1e-3125-4457-a4bb-69500426779f admin admin] Using url versioning {{(pid=77039) process_request /opt/stack/glance/glance/api/middleware/version_negotiation.py:57}}
Jul 10 13:37:08 devstack devstack@g-api.service[77039]: DEBUG glance.api.middleware.version_negotiation [None req-d2542f1e-3125-4457-a4bb-69500426779f admin admin] Unknown version. Returning version choices. {{(pid=77039) process_request /opt/stack/glance/glance/api/middleware/version_negotiation.py:64}}
Jul 10 13:37:08 devstack devstack@g-api.service[77039]: [pid: 77039|app: 0|req: 5/8] 127.0.0.1 () {34 vars in 513 bytes} [Fri Jul 10 13:37:08 2026] GET / => generated 1543 bytes in 2 msecs (HTTP/1.1 300) 3 headers in 106 bytes (1 switches on core 0)
Jul 10 13:37:08 devstack devstack@g-api.service[77038]: DEBUG glance.api.middleware.version_negotiation [None req-8efcb2dd-d15f-4921-8ff1-2ecfae2a16d1 admin admin] Determining version of request: GET /v2/images/59f82fa0-81b1-484d-8efd-79233bf94402 Accept: */* {{(pid=77038) process_request /opt/stack/glance/glance/api/middleware/version_negotiation.py:44}}
Jul 10 13:37:08 devstack devstack@g-api.service[77038]: DEBUG glance.api.middleware.version_negotiation [None req-8efcb2dd-d15f-4921-8ff1-2ecfae2a16d1 admin admin] Using url versioning {{(pid=77038) process_request /opt/stack/glance/glance/api/middleware/version_negotiation.py:57}}
Jul 10 13:37:08 devstack devstack@g-api.service[77038]: DEBUG glance.api.middleware.version_negotiation [None req-8efcb2dd-d15f-4921-8ff1-2ecfae2a16d1 admin admin] Matched version: v2 {{(pid=77038) process_request /opt/stack/glance/glance/api/middleware/version_negotiation.py:69}}
Jul 10 13:37:08 devstack devstack@g-api.service[77038]: DEBUG glance.api.middleware.version_negotiation [None req-8efcb2dd-d15f-4921-8ff1-2ecfae2a16d1 admin admin] new path /v2/images/59f82fa0-81b1-484d-8efd-79233bf94402 {{(pid=77038) process_request /opt/stack/glance/glance/api/middleware/version_negotiation.py:70}}
Jul 10 13:37:08 devstack devstack@g-api.service[77038]: [pid: 77038|app: 0|req: 4/9] 127.0.0.1 () {36 vars in 796 bytes} [Fri Jul 10 13:37:08 2026] GET /v2/images/59f82fa0-81b1-484d-8efd-79233bf94402 => generated 976 bytes in 66 msecs (HTTP/1.1 200) 4 headers in 157 bytes (1 switches on core 0)
Jul 10 13:37:15 devstack devstack@g-api.service[77039]: DEBUG glance.api.middleware.version_negotiation [None req-d2542f1e-3125-4457-a4bb-69500426779f admin admin] Determining version of request: GET / Accept: application/json {{(pid=77039) process_request /opt/stack/glance/glance/api/middleware/version_negotiation.py:44}}
Jul 10 13:37:15 devstack devstack@g-api.service[77039]: DEBUG glance.api.middleware.version_negotiation [None req-d2542f1e-3125-4457-a4bb-69500426779f admin admin] Using url versioning {{(pid=77039) process_request /opt/stack/glance/glance/api/middleware/version_negotiation.py:57}}
Jul 10 13:37:15 devstack devstack@g-api.service[77039]: DEBUG glance.api.middleware.version_negotiation [None req-d2542f1e-3125-4457-a4bb-69500426779f admin admin] Unknown version. Returning version choices. {{(pid=77039) process_request /opt/stack/glance/glance/api/middleware/version_negotiation.py:64}}
Jul 10 13:37:15 devstack devstack@g-api.service[77039]: [pid: 77039|app: 0|req: 6/10] 127.0.0.1 () {34 vars in 513 bytes} [Fri Jul 10 13:37:15 2026] GET / => generated 1543 bytes in 2 msecs (HTTP/1.1 300) 3 headers in 106 bytes (1 switches on core 0)
Jul 10 13:37:15 devstack devstack@g-api.service[77038]: DEBUG glance.api.middleware.version_negotiation [None req-4fcb2ba4-aaa9-4b90-a955-d5e8b02fce05 admin admin] Determining version of request: GET /v2/images/59f82fa0-81b1-484d-8efd-79233bf94402 Accept: */* {{(pid=77038) process_request /opt/stack/glance/glance/api/middleware/version_negotiation.py:44}}
Jul 10 13:37:15 devstack devstack@g-api.service[77038]: DEBUG glance.api.middleware.version_negotiation [None req-4fcb2ba4-aaa9-4b90-a955-d5e8b02fce05 admin admin] Using url versioning {{(pid=77038) process_request /opt/stack/glance/glance/api/middleware/version_negotiation.py:57}}
Jul 10 13:37:15 devstack devstack@g-api.service[77038]: DEBUG glance.api.middleware.version_negotiation [None req-4fcb2ba4-aaa9-4b90-a955-d5e8b02fce05 admin admin] Matched version: v2 {{(pid=77038) process_request /opt/stack/glance/glance/api/middleware/version_negotiation.py:69}}
Jul 10 13:37:15 devstack devstack@g-api.service[77038]: DEBUG glance.api.middleware.version_negotiation [None req-4fcb2ba4-aaa9-4b90-a955-d5e8b02fce05 admin admin] new path /v2/images/59f82fa0-81b1-484d-8efd-79233bf94402 {{(pid=77038) process_request /opt/stack/glance/glance/api/middleware/version_negotiation.py:70}}
Jul 10 13:37:15 devstack devstack@g-api.service[77038]: [pid: 77038|app: 0|req: 5/11] 127.0.0.1 () {36 vars in 796 bytes} [Fri Jul 10 13:37:15 2026] GET /v2/images/59f82fa0-81b1-484d-8efd-79233bf94402 => generated 976 bytes in 71 msecs (HTTP/1.1 200) 4 headers in 157 bytes (1 switches on core 0)
Jul 10 13:37:25 devstack devstack@g-api.service[77038]: DEBUG dbcounter [-] [77038] Writing DB stats glance:SELECT=4 {{(pid=77038) stat_writer /opt/stack/data/venv/lib/python3.12/site-packages/dbcounter.py:115}}
Jul 10 13:38:29 devstack devstack@g-api.service[77039]: DEBUG glance.api.middleware.version_negotiation [None req-d2542f1e-3125-4457-a4bb-69500426779f admin admin] Determining version of request: GET / Accept: application/json {{(pid=77039) process_request /opt/stack/glance/glance/api/middleware/version_negotiation.py:44}}
Jul 10 13:38:29 devstack devstack@g-api.service[77039]: DEBUG glance.api.middleware.version_negotiation [None req-d2542f1e-3125-4457-a4bb-69500426779f admin admin] Using url versioning {{(pid=77039) process_request /opt/stack/glance/glance/api/middleware/version_negotiation.py:57}}
Jul 10 13:38:29 devstack devstack@g-api.service[77039]: DEBUG glance.api.middleware.version_negotiation [None req-d2542f1e-3125-4457-a4bb-69500426779f admin admin] Unknown version. Returning version choices. {{(pid=77039) process_request /opt/stack/glance/glance/api/middleware/version_negotiation.py:64}}
Jul 10 13:38:29 devstack devstack@g-api.service[77039]: [pid: 77039|app: 0|req: 7/12] 127.0.0.1 () {36 vars in 482 bytes} [Fri Jul 10 13:38:29 2026] GET / => generated 1543 bytes in 4 msecs (HTTP/1.1 300) 3 headers in 106 bytes (1 switches on core 0)
Jul 10 13:41:27 devstack devstack@g-api.service[77038]: DEBUG glance.api.middleware.version_negotiation [None req-2710fc0a-b800-47b4-b031-862478e90c24 admin admin] Determining version of request: GET / Accept: application/json {{(pid=77038) process_request /opt/stack/glance/glance/api/middleware/version_negotiation.py:44}}
Jul 10 13:41:27 devstack devstack@g-api.service[77038]: DEBUG glance.api.middleware.version_negotiation [None req-2710fc0a-b800-47b4-b031-862478e90c24 admin admin] Using url versioning {{(pid=77038) process_request /opt/stack/glance/glance/api/middleware/version_negotiation.py:57}}
Jul 10 13:41:27 devstack devstack@g-api.service[77038]: DEBUG glance.api.middleware.version_negotiation [None req-2710fc0a-b800-47b4-b031-862478e90c24 admin admin] Unknown version. Returning version choices. {{(pid=77038) process_request /opt/stack/glance/glance/api/middleware/version_negotiation.py:64}}
Jul 10 13:41:27 devstack devstack@g-api.service[77038]: [pid: 77038|app: 0|req: 6/13] 127.0.0.1 () {34 vars in 499 bytes} [Fri Jul 10 13:41:27 2026] GET / => generated 1543 bytes in 5 msecs (HTTP/1.1 300) 3 headers in 106 bytes (1 switches on core 0)
Jul 10 13:41:27 devstack devstack@g-api.service[77039]: DEBUG glance.api.middleware.version_negotiation [None req-d2542f1e-3125-4457-a4bb-69500426779f admin admin] Determining version of request: GET /v2/images/59f82fa0-81b1-484d-8efd-79233bf94402 Accept: */* {{(pid=77039) process_request /opt/stack/glance/glance/api/middleware/version_negotiation.py:44}}
Jul 10 13:41:27 devstack devstack@g-api.service[77039]: DEBUG glance.api.middleware.version_negotiation [None req-d2542f1e-3125-4457-a4bb-69500426779f admin admin] Using url versioning {{(pid=77039) process_request /opt/stack/glance/glance/api/middleware/version_negotiation.py:57}}
Jul 10 13:41:27 devstack devstack@g-api.service[77039]: DEBUG glance.api.middleware.version_negotiation [None req-d2542f1e-3125-4457-a4bb-69500426779f admin admin] Matched version: v2 {{(pid=77039) process_request /opt/stack/glance/glance/api/middleware/version_negotiation.py:69}}
Jul 10 13:41:27 devstack devstack@g-api.service[77039]: DEBUG glance.api.middleware.version_negotiation [None req-d2542f1e-3125-4457-a4bb-69500426779f admin admin] new path /v2/images/59f82fa0-81b1-484d-8efd-79233bf94402 {{(pid=77039) process_request /opt/stack/glance/glance/api/middleware/version_negotiation.py:70}}
Jul 10 13:41:27 devstack devstack@g-api.service[77039]: [pid: 77039|app: 0|req: 8/14] 127.0.0.1 () {42 vars in 1055 bytes} [Fri Jul 10 13:41:27 2026] GET /v2/images/59f82fa0-81b1-484d-8efd-79233bf94402 => generated 976 bytes in 332 msecs (HTTP/1.1 200) 4 headers in 157 bytes (1 switches on core 0)
Jul 10 13:41:27 devstack devstack@g-api.service[77038]: DEBUG glance.api.middleware.version_negotiation [None req-2710fc0a-b800-47b4-b031-862478e90c24 admin admin] Determining version of request: GET /v2/schemas/image Accept: */* {{(pid=77038) process_request /opt/stack/glance/glance/api/middleware/version_negotiation.py:44}}
Jul 10 13:41:27 devstack devstack@g-api.service[77038]: DEBUG glance.api.middleware.version_negotiation [None req-2710fc0a-b800-47b4-b031-862478e90c24 admin admin] Using url versioning {{(pid=77038) process_request /opt/stack/glance/glance/api/middleware/version_negotiation.py:57}}
Jul 10 13:41:27 devstack devstack@g-api.service[77038]: DEBUG glance.api.middleware.version_negotiation [None req-2710fc0a-b800-47b4-b031-862478e90c24 admin admin] Matched version: v2 {{(pid=77038) process_request /opt/stack/glance/glance/api/middleware/version_negotiation.py:69}}
Jul 10 13:41:27 devstack devstack@g-api.service[77038]: DEBUG glance.api.middleware.version_negotiation [None req-2710fc0a-b800-47b4-b031-862478e90c24 admin admin] new path /v2/schemas/image {{(pid=77038) process_request /opt/stack/glance/glance/api/middleware/version_negotiation.py:70}}
Jul 10 13:41:27 devstack devstack@g-api.service[77038]: [pid: 77038|app: 0|req: 7/15] 127.0.0.1 () {42 vars in 995 bytes} [Fri Jul 10 13:41:27 2026] GET /v2/schemas/image => generated 6083 bytes in 10 msecs (HTTP/1.1 200) 4 headers in 158 bytes (1 switches on core 0)
Jul 10 13:41:31 devstack devstack@g-api.service[77039]: DEBUG glance.api.middleware.version_negotiation [None req-1963c9bb-a0d0-4aec-a62d-66fe11a0ce44 tempest-DeleteServersTestJSON-203012518 tempest-DeleteServersTestJSON-203012518-project-member] Determining version of request: GET / Accept: application/json {{(pid=77039) process_request /opt/stack/glance/glance/api/middleware/version_negotiation.py:44}}
Jul 10 13:41:31 devstack devstack@g-api.service[77039]: DEBUG glance.api.middleware.version_negotiation [None req-1963c9bb-a0d0-4aec-a62d-66fe11a0ce44 tempest-DeleteServersTestJSON-203012518 tempest-DeleteServersTestJSON-203012518-project-member] Using url versioning {{(pid=77039) process_request /opt/stack/glance/glance/api/middleware/version_negotiation.py:57}}
Jul 10 13:41:31 devstack devstack@g-api.service[77039]: DEBUG glance.api.middleware.version_negotiation [None req-1963c9bb-a0d0-4aec-a62d-66fe11a0ce44 tempest-DeleteServersTestJSON-203012518 tempest-DeleteServersTestJSON-203012518-project-member] Unknown version. Returning version choices. {{(pid=77039) process_request /opt/stack/glance/glance/api/middleware/version_negotiation.py:64}}
Jul 10 13:41:31 devstack devstack@g-api.service[77039]: [pid: 77039|app: 0|req: 9/16] 127.0.0.1 () {34 vars in 499 bytes} [Fri Jul 10 13:41:31 2026] GET / => generated 1543 bytes in 5 msecs (HTTP/1.1 300) 3 headers in 106 bytes (1 switches on core 0)
Jul 10 13:41:31 devstack devstack@g-api.service[77038]: DEBUG glance.api.middleware.version_negotiation [None req-1963c9bb-a0d0-4aec-a62d-66fe11a0ce44 tempest-DeleteServersTestJSON-203012518 tempest-DeleteServersTestJSON-203012518-project-member] Determining version of request: GET /v2/images/59f82fa0-81b1-484d-8efd-79233bf94402 Accept: */* {{(pid=77038) process_request /opt/stack/glance/glance/api/middleware/version_negotiation.py:44}}
Jul 10 13:41:31 devstack devstack@g-api.service[77038]: DEBUG glance.api.middleware.version_negotiation [None req-1963c9bb-a0d0-4aec-a62d-66fe11a0ce44 tempest-DeleteServersTestJSON-203012518 tempest-DeleteServersTestJSON-203012518-project-member] Using url versioning {{(pid=77038) process_request /opt/stack/glance/glance/api/middleware/version_negotiation.py:57}}
Jul 10 13:41:31 devstack devstack@g-api.service[77038]: DEBUG glance.api.middleware.version_negotiation [None req-1963c9bb-a0d0-4aec-a62d-66fe11a0ce44 tempest-DeleteServersTestJSON-203012518 tempest-DeleteServersTestJSON-203012518-project-member] Matched version: v2 {{(pid=77038) process_request /opt/stack/glance/glance/api/middleware/version_negotiation.py:69}}
Jul 10 13:41:31 devstack devstack@g-api.service[77038]: DEBUG glance.api.middleware.version_negotiation [None req-1963c9bb-a0d0-4aec-a62d-66fe11a0ce44 tempest-DeleteServersTestJSON-203012518 tempest-DeleteServersTestJSON-203012518-project-member] new path /v2/images/59f82fa0-81b1-484d-8efd-79233bf94402 {{(pid=77038) process_request /opt/stack/glance/glance/api/middleware/version_negotiation.py:70}}
Jul 10 13:41:32 devstack devstack@g-api.service[77038]: [pid: 77038|app: 0|req: 8/17] 127.0.0.1 () {42 vars in 1055 bytes} [Fri Jul 10 13:41:31 2026] GET /v2/images/59f82fa0-81b1-484d-8efd-79233bf94402 => generated 976 bytes in 226 msecs (HTTP/1.1 200) 4 headers in 157 bytes (1 switches on core 0)
Jul 10 13:41:32 devstack devstack@g-api.service[77039]: DEBUG glance.api.middleware.version_negotiation [None req-1963c9bb-a0d0-4aec-a62d-66fe11a0ce44 tempest-DeleteServersTestJSON-203012518 tempest-DeleteServersTestJSON-203012518-project-member] Determining version of request: GET /v2/schemas/image Accept: */* {{(pid=77039) process_request /opt/stack/glance/glance/api/middleware/version_negotiation.py:44}}
Jul 10 13:41:32 devstack devstack@g-api.service[77039]: DEBUG glance.api.middleware.version_negotiation [None req-1963c9bb-a0d0-4aec-a62d-66fe11a0ce44 tempest-DeleteServersTestJSON-203012518 tempest-DeleteServersTestJSON-203012518-project-member] Using url versioning {{(pid=77039) process_request /opt/stack/glance/glance/api/middleware/version_negotiation.py:57}}
Jul 10 13:41:32 devstack devstack@g-api.service[77039]: DEBUG glance.api.middleware.version_negotiation [None req-1963c9bb-a0d0-4aec-a62d-66fe11a0ce44 tempest-DeleteServersTestJSON-203012518 tempest-DeleteServersTestJSON-203012518-project-member] Matched version: v2 {{(pid=77039) process_request /opt/stack/glance/glance/api/middleware/version_negotiation.py:69}}
Jul 10 13:41:32 devstack devstack@g-api.service[77039]: DEBUG glance.api.middleware.version_negotiation [None req-1963c9bb-a0d0-4aec-a62d-66fe11a0ce44 tempest-DeleteServersTestJSON-203012518 tempest-DeleteServersTestJSON-203012518-project-member] new path /v2/schemas/image {{(pid=77039) process_request /opt/stack/glance/glance/api/middleware/version_negotiation.py:70}}
Jul 10 13:41:32 devstack devstack@g-api.service[77039]: [pid: 77039|app: 0|req: 10/18] 127.0.0.1 () {42 vars in 995 bytes} [Fri Jul 10 13:41:32 2026] GET /v2/schemas/image => generated 6083 bytes in 20 msecs (HTTP/1.1 200) 4 headers in 158 bytes (1 switches on core 0)
Jul 10 13:41:37 devstack devstack@g-api.service[77039]: DEBUG dbcounter [-] [77039] Writing DB stats glance:SELECT=2 {{(pid=77039) stat_writer /opt/stack/data/venv/lib/python3.12/site-packages/dbcounter.py:115}}
Jul 10 13:41:42 devstack devstack@g-api.service[77038]: DEBUG dbcounter [-] [77038] Writing DB stats glance:SELECT=2 {{(pid=77038) stat_writer /opt/stack/data/venv/lib/python3.12/site-packages/dbcounter.py:115}}
Jul 10 13:41:44 devstack devstack@g-api.service[77038]: DEBUG glance.api.middleware.version_negotiation [None req-e6390f71-b68c-4134-9c55-e18362a47b80 tempest-ServerActionsTestOtherA-542003333 tempest-ServerActionsTestOtherA-542003333-project-member] Determining version of request: GET /v2/images/59f82fa0-81b1-484d-8efd-79233bf94402 Accept: */* {{(pid=77038) process_request /opt/stack/glance/glance/api/middleware/version_negotiation.py:44}}
Jul 10 13:41:44 devstack devstack@g-api.service[77038]: DEBUG glance.api.middleware.version_negotiation [None req-e6390f71-b68c-4134-9c55-e18362a47b80 tempest-ServerActionsTestOtherA-542003333 tempest-ServerActionsTestOtherA-542003333-project-member] Using url versioning {{(pid=77038) process_request /opt/stack/glance/glance/api/middleware/version_negotiation.py:57}}
Jul 10 13:41:44 devstack devstack@g-api.service[77038]: DEBUG glance.api.middleware.version_negotiation [None req-e6390f71-b68c-4134-9c55-e18362a47b80 tempest-ServerActionsTestOtherA-542003333 tempest-ServerActionsTestOtherA-542003333-project-member] Matched version: v2 {{(pid=77038) process_request /opt/stack/glance/glance/api/middleware/version_negotiation.py:69}}
Jul 10 13:41:44 devstack devstack@g-api.service[77038]: DEBUG glance.api.middleware.version_negotiation [None req-e6390f71-b68c-4134-9c55-e18362a47b80 tempest-ServerActionsTestOtherA-542003333 tempest-ServerActionsTestOtherA-542003333-project-member] new path /v2/images/59f82fa0-81b1-484d-8efd-79233bf94402 {{(pid=77038) process_request /opt/stack/glance/glance/api/middleware/version_negotiation.py:70}}
Jul 10 13:41:44 devstack devstack@g-api.service[77038]: [pid: 77038|app: 0|req: 9/19] 127.0.0.1 () {42 vars in 1055 bytes} [Fri Jul 10 13:41:44 2026] GET /v2/images/59f82fa0-81b1-484d-8efd-79233bf94402 => generated 976 bytes in 29 msecs (HTTP/1.1 200) 4 headers in 157 bytes (1 switches on core 0)
Jul 10 13:41:44 devstack devstack@g-api.service[77039]: DEBUG glance.api.middleware.version_negotiation [None req-e6390f71-b68c-4134-9c55-e18362a47b80 tempest-ServerActionsTestOtherA-542003333 tempest-ServerActionsTestOtherA-542003333-project-member] Determining version of request: GET /v2/images/59f82fa0-81b1-484d-8efd-79233bf94402/file Accept: */* {{(pid=77039) process_request /opt/stack/glance/glance/api/middleware/version_negotiation.py:44}}
Jul 10 13:41:44 devstack devstack@g-api.service[77039]: DEBUG glance.api.middleware.version_negotiation [None req-e6390f71-b68c-4134-9c55-e18362a47b80 tempest-ServerActionsTestOtherA-542003333 tempest-ServerActionsTestOtherA-542003333-project-member] Using url versioning {{(pid=77039) process_request /opt/stack/glance/glance/api/middleware/version_negotiation.py:57}}
Jul 10 13:41:44 devstack devstack@g-api.service[77039]: DEBUG glance.api.middleware.version_negotiation [None req-e6390f71-b68c-4134-9c55-e18362a47b80 tempest-ServerActionsTestOtherA-542003333 tempest-ServerActionsTestOtherA-542003333-project-member] Matched version: v2 {{(pid=77039) process_request /opt/stack/glance/glance/api/middleware/version_negotiation.py:69}}
Jul 10 13:41:44 devstack devstack@g-api.service[77039]: DEBUG glance.api.middleware.version_negotiation [None req-e6390f71-b68c-4134-9c55-e18362a47b80 tempest-ServerActionsTestOtherA-542003333 tempest-ServerActionsTestOtherA-542003333-project-member] new path /v2/images/59f82fa0-81b1-484d-8efd-79233bf94402/file {{(pid=77039) process_request /opt/stack/glance/glance/api/middleware/version_negotiation.py:70}}
Jul 10 13:41:44 devstack devstack@g-api.service[77039]: DEBUG glance_store._drivers.filesystem [None req-1963c9bb-a0d0-4aec-a62d-66fe11a0ce44 tempest-DeleteServersTestJSON-203012518 tempest-DeleteServersTestJSON-203012518-project-member] Found image at /opt/stack/data/glance/images/59f82fa0-81b1-484d-8efd-79233bf94402. Returning in ChunkedFile. {{(pid=77039) get /opt/stack/data/venv/lib/python3.12/site-packages/glance_store/_drivers/filesystem.py:724}}
Jul 10 13:41:44 devstack devstack@g-api.service[77039]: DEBUG glance.image_cache [None req-1963c9bb-a0d0-4aec-a62d-66fe11a0ce44 tempest-DeleteServersTestJSON-203012518 tempest-DeleteServersTestJSON-203012518-project-member] Tee'ing image '59f82fa0-81b1-484d-8efd-79233bf94402' into cache {{(pid=77039) get_caching_iter /opt/stack/glance/glance/image_cache/__init__.py:356}}
Jul 10 13:41:45 devstack devstack@g-api.service[77039]: DEBUG glance.image_cache.drivers.centralized_db [None req-1963c9bb-a0d0-4aec-a62d-66fe11a0ce44 tempest-DeleteServersTestJSON-203012518 tempest-DeleteServersTestJSON-203012518-project-member] Fetch finished, moving '/opt/stack/data/glance/cache/incomplete/59f82fa0-81b1-484d-8efd-79233bf94402' to '/opt/stack/data/glance/cache/59f82fa0-81b1-484d-8efd-79233bf94402' {{(pid=77039) commit /opt/stack/glance/glance/image_cache/drivers/centralized_db.py:243}}
Jul 10 13:41:45 devstack devstack@g-api.service[77039]: DEBUG glance.image_cache.drivers.centralized_db [None req-1963c9bb-a0d0-4aec-a62d-66fe11a0ce44 tempest-DeleteServersTestJSON-203012518 tempest-DeleteServersTestJSON-203012518-project-member] Image cached successfully. {{(pid=77039) commit /opt/stack/glance/glance/image_cache/drivers/centralized_db.py:258}}
Jul 10 13:41:45 devstack devstack@g-api.service[77039]: [pid: 77039|app: 0|req: 11/20] 127.0.0.1 () {42 vars in 1065 bytes} [Fri Jul 10 13:41:44 2026] GET /v2/images/59f82fa0-81b1-484d-8efd-79233bf94402/file => generated 21692416 bytes in 528 msecs (HTTP/1.1 200) 4 headers in 191 bytes (338 switches on core 0)
Jul 10 13:41:45 devstack devstack@g-api.service[77038]: DEBUG glance.api.middleware.version_negotiation [None req-1963c9bb-a0d0-4aec-a62d-66fe11a0ce44 tempest-DeleteServersTestJSON-203012518 tempest-DeleteServersTestJSON-203012518-project-member] Determining version of request: GET /v2/images/59f82fa0-81b1-484d-8efd-79233bf94402 Accept: */* {{(pid=77038) process_request /opt/stack/glance/glance/api/middleware/version_negotiation.py:44}}
Jul 10 13:41:45 devstack devstack@g-api.service[77038]: DEBUG glance.api.middleware.version_negotiation [None req-1963c9bb-a0d0-4aec-a62d-66fe11a0ce44 tempest-DeleteServersTestJSON-203012518 tempest-DeleteServersTestJSON-203012518-project-member] Using url versioning {{(pid=77038) process_request /opt/stack/glance/glance/api/middleware/version_negotiation.py:57}}
Jul 10 13:41:45 devstack devstack@g-api.service[77038]: DEBUG glance.api.middleware.version_negotiation [None req-1963c9bb-a0d0-4aec-a62d-66fe11a0ce44 tempest-DeleteServersTestJSON-203012518 tempest-DeleteServersTestJSON-203012518-project-member] Matched version: v2 {{(pid=77038) process_request /opt/stack/glance/glance/api/middleware/version_negotiation.py:69}}
Jul 10 13:41:45 devstack devstack@g-api.service[77038]: DEBUG glance.api.middleware.version_negotiation [None req-1963c9bb-a0d0-4aec-a62d-66fe11a0ce44 tempest-DeleteServersTestJSON-203012518 tempest-DeleteServersTestJSON-203012518-project-member] new path /v2/images/59f82fa0-81b1-484d-8efd-79233bf94402 {{(pid=77038) process_request /opt/stack/glance/glance/api/middleware/version_negotiation.py:70}}
Jul 10 13:41:45 devstack devstack@g-api.service[77038]: [pid: 77038|app: 0|req: 10/21] 127.0.0.1 () {42 vars in 1055 bytes} [Fri Jul 10 13:41:45 2026] GET /v2/images/59f82fa0-81b1-484d-8efd-79233bf94402 => generated 976 bytes in 27 msecs (HTTP/1.1 200) 4 headers in 157 bytes (1 switches on core 0)
Jul 10 13:41:45 devstack devstack@g-api.service[77039]: DEBUG glance.api.middleware.version_negotiation [None req-1963c9bb-a0d0-4aec-a62d-66fe11a0ce44 tempest-DeleteServersTestJSON-203012518 tempest-DeleteServersTestJSON-203012518-project-member] Determining version of request: GET /v2/schemas/image Accept: */* {{(pid=77039) process_request /opt/stack/glance/glance/api/middleware/version_negotiation.py:44}}
Jul 10 13:41:45 devstack devstack@g-api.service[77039]: DEBUG glance.api.middleware.version_negotiation [None req-1963c9bb-a0d0-4aec-a62d-66fe11a0ce44 tempest-DeleteServersTestJSON-203012518 tempest-DeleteServersTestJSON-203012518-project-member] Using url versioning {{(pid=77039) process_request /opt/stack/glance/glance/api/middleware/version_negotiation.py:57}}
Jul 10 13:41:45 devstack devstack@g-api.service[77039]: DEBUG glance.api.middleware.version_negotiation [None req-1963c9bb-a0d0-4aec-a62d-66fe11a0ce44 tempest-DeleteServersTestJSON-203012518 tempest-DeleteServersTestJSON-203012518-project-member] Matched version: v2 {{(pid=77039) process_request /opt/stack/glance/glance/api/middleware/version_negotiation.py:69}}
Jul 10 13:41:45 devstack devstack@g-api.service[77039]: DEBUG glance.api.middleware.version_negotiation [None req-1963c9bb-a0d0-4aec-a62d-66fe11a0ce44 tempest-DeleteServersTestJSON-203012518 tempest-DeleteServersTestJSON-203012518-project-member] new path /v2/schemas/image {{(pid=77039) process_request /opt/stack/glance/glance/api/middleware/version_negotiation.py:70}}
Jul 10 13:41:45 devstack devstack@g-api.service[77039]: [pid: 77039|app: 0|req: 12/22] 127.0.0.1 () {42 vars in 995 bytes} [Fri Jul 10 13:41:45 2026] GET /v2/schemas/image => generated 6083 bytes in 17 msecs (HTTP/1.1 200) 4 headers in 158 bytes (1 switches on core 0)
Jul 10 13:41:55 devstack devstack@g-api.service[77039]: DEBUG dbcounter [-] [77039] Writing DB stats glance:SELECT=5,glance:INSERT=1 {{(pid=77039) stat_writer /opt/stack/data/venv/lib/python3.12/site-packages/dbcounter.py:115}}
Jul 10 13:41:55 devstack devstack@g-api.service[77038]: DEBUG dbcounter [-] [77038] Writing DB stats glance:SELECT=4 {{(pid=77038) stat_writer /opt/stack/data/venv/lib/python3.12/site-packages/dbcounter.py:115}}
Jul 10 13:41:56 devstack devstack@g-api.service[77038]: DEBUG glance.api.middleware.version_negotiation [None req-1963c9bb-a0d0-4aec-a62d-66fe11a0ce44 tempest-DeleteServersTestJSON-203012518 tempest-DeleteServersTestJSON-203012518-project-member] Determining version of request: GET /v2/images/59f82fa0-81b1-484d-8efd-79233bf94402 Accept: */* {{(pid=77038) process_request /opt/stack/glance/glance/api/middleware/version_negotiation.py:44}}
Jul 10 13:41:56 devstack devstack@g-api.service[77038]: DEBUG glance.api.middleware.version_negotiation [None req-1963c9bb-a0d0-4aec-a62d-66fe11a0ce44 tempest-DeleteServersTestJSON-203012518 tempest-DeleteServersTestJSON-203012518-project-member] Using url versioning {{(pid=77038) process_request /opt/stack/glance/glance/api/middleware/version_negotiation.py:57}}
Jul 10 13:41:56 devstack devstack@g-api.service[77038]: DEBUG glance.api.middleware.version_negotiation [None req-1963c9bb-a0d0-4aec-a62d-66fe11a0ce44 tempest-DeleteServersTestJSON-203012518 tempest-DeleteServersTestJSON-203012518-project-member] Matched version: v2 {{(pid=77038) process_request /opt/stack/glance/glance/api/middleware/version_negotiation.py:69}}
Jul 10 13:41:56 devstack devstack@g-api.service[77038]: DEBUG glance.api.middleware.version_negotiation [None req-1963c9bb-a0d0-4aec-a62d-66fe11a0ce44 tempest-DeleteServersTestJSON-203012518 tempest-DeleteServersTestJSON-203012518-project-member] new path /v2/images/59f82fa0-81b1-484d-8efd-79233bf94402 {{(pid=77038) process_request /opt/stack/glance/glance/api/middleware/version_negotiation.py:70}}
Jul 10 13:41:56 devstack devstack@g-api.service[77038]: [pid: 77038|app: 0|req: 11/23] 127.0.0.1 () {42 vars in 1055 bytes} [Fri Jul 10 13:41:56 2026] GET /v2/images/59f82fa0-81b1-484d-8efd-79233bf94402 => generated 976 bytes in 23 msecs (HTTP/1.1 200) 4 headers in 157 bytes (1 switches on core 0)
Jul 10 13:41:56 devstack devstack@g-api.service[77039]: DEBUG glance.api.middleware.version_negotiation [None req-1963c9bb-a0d0-4aec-a62d-66fe11a0ce44 tempest-DeleteServersTestJSON-203012518 tempest-DeleteServersTestJSON-203012518-project-member] Determining version of request: GET /v2/schemas/image Accept: */* {{(pid=77039) process_request /opt/stack/glance/glance/api/middleware/version_negotiation.py:44}}
Jul 10 13:41:56 devstack devstack@g-api.service[77039]: DEBUG glance.api.middleware.version_negotiation [None req-1963c9bb-a0d0-4aec-a62d-66fe11a0ce44 tempest-DeleteServersTestJSON-203012518 tempest-DeleteServersTestJSON-203012518-project-member] Using url versioning {{(pid=77039) process_request /opt/stack/glance/glance/api/middleware/version_negotiation.py:57}}
Jul 10 13:41:56 devstack devstack@g-api.service[77039]: DEBUG glance.api.middleware.version_negotiation [None req-1963c9bb-a0d0-4aec-a62d-66fe11a0ce44 tempest-DeleteServersTestJSON-203012518 tempest-DeleteServersTestJSON-203012518-project-member] Matched version: v2 {{(pid=77039) process_request /opt/stack/glance/glance/api/middleware/version_negotiation.py:69}}
Jul 10 13:41:56 devstack devstack@g-api.service[77039]: DEBUG glance.api.middleware.version_negotiation [None req-1963c9bb-a0d0-4aec-a62d-66fe11a0ce44 tempest-DeleteServersTestJSON-203012518 tempest-DeleteServersTestJSON-203012518-project-member] new path /v2/schemas/image {{(pid=77039) process_request /opt/stack/glance/glance/api/middleware/version_negotiation.py:70}}
