Aug 26 20:19:35 devstack devstack@g-api.service[83750]: DEBUG glance.common.config [None req-fb8fbdd1-ed5c-4836-909d-2446f5ad21a6 None None] barbican_service_user.certfile = None {{(pid=83750) log_opt_values /opt/stack/data/venv/lib/python3.12/site-packages/oslo_config/cfg.py:3560}}
Aug 26 20:19:35 devstack devstack@g-api.service[83750]: DEBUG glance.common.config [None req-fb8fbdd1-ed5c-4836-909d-2446f5ad21a6 None None] barbican_service_user.collect_timing = False {{(pid=83750) log_opt_values /opt/stack/data/venv/lib/python3.12/site-packages/oslo_config/cfg.py:3560}}
Aug 26 20:19:35 devstack devstack@g-api.service[83750]: DEBUG glance.common.config [None req-fb8fbdd1-ed5c-4836-909d-2446f5ad21a6 None None] barbican_service_user.insecure = False {{(pid=83750) log_opt_values /opt/stack/data/venv/lib/python3.12/site-packages/oslo_config/cfg.py:3560}}
Aug 26 20:19:35 devstack devstack@g-api.service[83750]: DEBUG glance.common.config [None req-fb8fbdd1-ed5c-4836-909d-2446f5ad21a6 None None] barbican_service_user.keyfile = None {{(pid=83750) log_opt_values /opt/stack/data/venv/lib/python3.12/site-packages/oslo_config/cfg.py:3560}}
Aug 26 20:19:35 devstack devstack@g-api.service[83750]: DEBUG glance.common.config [None req-fb8fbdd1-ed5c-4836-909d-2446f5ad21a6 None None] barbican_service_user.split_loggers = False {{(pid=83750) log_opt_values /opt/stack/data/venv/lib/python3.12/site-packages/oslo_config/cfg.py:3560}}
Aug 26 20:19:35 devstack devstack@g-api.service[83750]: DEBUG glance.common.config [None req-fb8fbdd1-ed5c-4836-909d-2446f5ad21a6 None None] barbican_service_user.timeout = None {{(pid=83750) log_opt_values /opt/stack/data/venv/lib/python3.12/site-packages/oslo_config/cfg.py:3560}}
Aug 26 20:19:35 devstack devstack@g-api.service[83750]: DEBUG glance.common.config [None req-fb8fbdd1-ed5c-4836-909d-2446f5ad21a6 None None] database.asyncio_connection = **** {{(pid=83750) log_opt_values /opt/stack/data/venv/lib/python3.12/site-packages/oslo_config/cfg.py:3560}}
Aug 26 20:19:35 devstack devstack@g-api.service[83750]: DEBUG glance.common.config [None req-fb8fbdd1-ed5c-4836-909d-2446f5ad21a6 None None] database.asyncio_slave_connection = **** {{(pid=83750) log_opt_values /opt/stack/data/venv/lib/python3.12/site-packages/oslo_config/cfg.py:3560}}
Aug 26 20:19:35 devstack devstack@g-api.service[83750]: DEBUG glance.common.config [None req-fb8fbdd1-ed5c-4836-909d-2446f5ad21a6 None None] database.backend = sqlalchemy {{(pid=83750) log_opt_values /opt/stack/data/venv/lib/python3.12/site-packages/oslo_config/cfg.py:3560}}
Aug 26 20:19:35 devstack devstack@g-api.service[83750]: DEBUG glance.common.config [None req-fb8fbdd1-ed5c-4836-909d-2446f5ad21a6 None None] database.connection = **** {{(pid=83750) log_opt_values /opt/stack/data/venv/lib/python3.12/site-packages/oslo_config/cfg.py:3560}}
Aug 26 20:19:35 devstack devstack@g-api.service[83750]: DEBUG glance.common.config [None req-fb8fbdd1-ed5c-4836-909d-2446f5ad21a6 None None] database.connection_debug = 0 {{(pid=83750) log_opt_values /opt/stack/data/venv/lib/python3.12/site-packages/oslo_config/cfg.py:3560}}
Aug 26 20:19:35 devstack devstack@g-api.service[83750]: DEBUG glance.common.config [None req-fb8fbdd1-ed5c-4836-909d-2446f5ad21a6 None None] database.connection_parameters = {{(pid=83750) log_opt_values /opt/stack/data/venv/lib/python3.12/site-packages/oslo_config/cfg.py:3560}}
Aug 26 20:19:35 devstack devstack@g-api.service[83750]: DEBUG glance.common.config [None req-fb8fbdd1-ed5c-4836-909d-2446f5ad21a6 None None] database.connection_recycle_time = 3600 {{(pid=83750) log_opt_values /opt/stack/data/venv/lib/python3.12/site-packages/oslo_config/cfg.py:3560}}
Aug 26 20:19:35 devstack devstack@g-api.service[83750]: DEBUG glance.common.config [None req-fb8fbdd1-ed5c-4836-909d-2446f5ad21a6 None None] database.connection_trace = False {{(pid=83750) log_opt_values /opt/stack/data/venv/lib/python3.12/site-packages/oslo_config/cfg.py:3560}}
Aug 26 20:19:35 devstack devstack@g-api.service[83750]: DEBUG glance.common.config [None req-fb8fbdd1-ed5c-4836-909d-2446f5ad21a6 None None] database.db_inc_retry_interval = True {{(pid=83750) log_opt_values /opt/stack/data/venv/lib/python3.12/site-packages/oslo_config/cfg.py:3560}}
Aug 26 20:19:35 devstack devstack@g-api.service[83750]: DEBUG glance.common.config [None req-fb8fbdd1-ed5c-4836-909d-2446f5ad21a6 None None] database.db_max_retries = 20 {{(pid=83750) log_opt_values /opt/stack/data/venv/lib/python3.12/site-packages/oslo_config/cfg.py:3560}}
Aug 26 20:19:35 devstack devstack@g-api.service[83750]: DEBUG glance.common.config [None req-fb8fbdd1-ed5c-4836-909d-2446f5ad21a6 None None] database.db_max_retry_interval = 10 {{(pid=83750) log_opt_values /opt/stack/data/venv/lib/python3.12/site-packages/oslo_config/cfg.py:3560}}
Aug 26 20:19:35 devstack devstack@g-api.service[83750]: DEBUG glance.common.config [None req-fb8fbdd1-ed5c-4836-909d-2446f5ad21a6 None None] database.db_retry_interval = 1 {{(pid=83750) log_opt_values /opt/stack/data/venv/lib/python3.12/site-packages/oslo_config/cfg.py:3560}}
Aug 26 20:19:35 devstack devstack@g-api.service[83750]: DEBUG glance.common.config [None req-fb8fbdd1-ed5c-4836-909d-2446f5ad21a6 None None] database.max_overflow = 50 {{(pid=83750) log_opt_values /opt/stack/data/venv/lib/python3.12/site-packages/oslo_config/cfg.py:3560}}
Aug 26 20:19:35 devstack devstack@g-api.service[83750]: DEBUG glance.common.config [None req-fb8fbdd1-ed5c-4836-909d-2446f5ad21a6 None None] database.max_pool_size = 5 {{(pid=83750) log_opt_values /opt/stack/data/venv/lib/python3.12/site-packages/oslo_config/cfg.py:3560}}
Aug 26 20:19:35 devstack devstack@g-api.service[83750]: DEBUG glance.common.config [None req-fb8fbdd1-ed5c-4836-909d-2446f5ad21a6 None None] database.max_retries = 10 {{(pid=83750) log_opt_values /opt/stack/data/venv/lib/python3.12/site-packages/oslo_config/cfg.py:3560}}
Aug 26 20:19:35 devstack devstack@g-api.service[83750]: DEBUG glance.common.config [None req-fb8fbdd1-ed5c-4836-909d-2446f5ad21a6 None None] database.mysql_sql_mode = TRADITIONAL {{(pid=83750) log_opt_values /opt/stack/data/venv/lib/python3.12/site-packages/oslo_config/cfg.py:3560}}
Aug 26 20:19:35 devstack devstack@g-api.service[83750]: DEBUG glance.common.config [None req-fb8fbdd1-ed5c-4836-909d-2446f5ad21a6 None None] database.mysql_wsrep_sync_wait = None {{(pid=83750) log_opt_values /opt/stack/data/venv/lib/python3.12/site-packages/oslo_config/cfg.py:3560}}
Aug 26 20:19:35 devstack devstack@g-api.service[83750]: DEBUG glance.common.config [None req-fb8fbdd1-ed5c-4836-909d-2446f5ad21a6 None None] database.pool_timeout = None {{(pid=83750) log_opt_values /opt/stack/data/venv/lib/python3.12/site-packages/oslo_config/cfg.py:3560}}
Aug 26 20:19:35 devstack devstack@g-api.service[83750]: DEBUG glance.common.config [None req-fb8fbdd1-ed5c-4836-909d-2446f5ad21a6 None None] database.retry_interval = 10 {{(pid=83750) log_opt_values /opt/stack/data/venv/lib/python3.12/site-packages/oslo_config/cfg.py:3560}}
Aug 26 20:19:35 devstack devstack@g-api.service[83750]: DEBUG glance.common.config [None req-fb8fbdd1-ed5c-4836-909d-2446f5ad21a6 None None] database.slave_connection = **** {{(pid=83750) log_opt_values /opt/stack/data/venv/lib/python3.12/site-packages/oslo_config/cfg.py:3560}}
Aug 26 20:19:35 devstack devstack@g-api.service[83750]: DEBUG glance.common.config [None req-fb8fbdd1-ed5c-4836-909d-2446f5ad21a6 None None] database.sqlite_synchronous = True {{(pid=83750) log_opt_values /opt/stack/data/venv/lib/python3.12/site-packages/oslo_config/cfg.py:3560}}
Aug 26 20:19:35 devstack devstack@g-api.service[83750]: DEBUG glance.common.config [None req-fb8fbdd1-ed5c-4836-909d-2446f5ad21a6 None None] database.synchronous_reader = True {{(pid=83750) log_opt_values /opt/stack/data/venv/lib/python3.12/site-packages/oslo_config/cfg.py:3560}}
Aug 26 20:19:35 devstack devstack@g-api.service[83750]: DEBUG glance.common.config [None req-fb8fbdd1-ed5c-4836-909d-2446f5ad21a6 None None] database.use_db_reconnect = False {{(pid=83750) log_opt_values /opt/stack/data/venv/lib/python3.12/site-packages/oslo_config/cfg.py:3560}}
Aug 26 20:19:35 devstack devstack@g-api.service[83750]: DEBUG glance.common.config [None req-fb8fbdd1-ed5c-4836-909d-2446f5ad21a6 None None] healthcheck.allowed_source_ranges = [] {{(pid=83750) log_opt_values /opt/stack/data/venv/lib/python3.12/site-packages/oslo_config/cfg.py:3560}}
Aug 26 20:19:35 devstack devstack@g-api.service[83750]: DEBUG glance.common.config [None req-fb8fbdd1-ed5c-4836-909d-2446f5ad21a6 None None] healthcheck.backends = ['disable_by_file'] {{(pid=83750) log_opt_values /opt/stack/data/venv/lib/python3.12/site-packages/oslo_config/cfg.py:3560}}
Aug 26 20:19:35 devstack devstack@g-api.service[83750]: DEBUG glance.common.config [None req-fb8fbdd1-ed5c-4836-909d-2446f5ad21a6 None None] healthcheck.detailed = False {{(pid=83750) log_opt_values /opt/stack/data/venv/lib/python3.12/site-packages/oslo_config/cfg.py:3560}}
Aug 26 20:19:35 devstack devstack@g-api.service[83750]: DEBUG glance.common.config [None req-fb8fbdd1-ed5c-4836-909d-2446f5ad21a6 None None] healthcheck.disable_by_file_path = None {{(pid=83750) log_opt_values /opt/stack/data/venv/lib/python3.12/site-packages/oslo_config/cfg.py:3560}}
Aug 26 20:19:35 devstack devstack@g-api.service[83750]: DEBUG glance.common.config [None req-fb8fbdd1-ed5c-4836-909d-2446f5ad21a6 None None] healthcheck.ignore_proxied_requests = False {{(pid=83750) log_opt_values /opt/stack/data/venv/lib/python3.12/site-packages/oslo_config/cfg.py:3560}}
Aug 26 20:19:35 devstack devstack@g-api.service[83750]: DEBUG glance.common.config [None req-fb8fbdd1-ed5c-4836-909d-2446f5ad21a6 None None] ******************************************************************************** {{(pid=83750) log_opt_values /opt/stack/data/venv/lib/python3.12/site-packages/oslo_config/cfg.py:3567}}
Aug 26 20:19:35 devstack devstack@g-api.service[83750]: WSGI app 0 (mountpoint='') ready in 6 seconds on interpreter 0x733e9daa4668 pid: 83750 (default app)
Aug 26 20:19:38 devstack devstack@g-api.service[83751]: DEBUG glance.api.middleware.version_negotiation [None req-8ee0454c-6b36-417d-b25b-e1d025c08bd8 None None] Determining version of request: GET / Accept: application/json {{(pid=83751) process_request /opt/stack/glance/glance/api/middleware/version_negotiation.py:44}}
Aug 26 20:19:38 devstack devstack@g-api.service[83751]: DEBUG glance.api.middleware.version_negotiation [None req-8ee0454c-6b36-417d-b25b-e1d025c08bd8 None None] Using url versioning {{(pid=83751) process_request /opt/stack/glance/glance/api/middleware/version_negotiation.py:57}}
Aug 26 20:19:38 devstack devstack@g-api.service[83751]: DEBUG glance.api.middleware.version_negotiation [None req-8ee0454c-6b36-417d-b25b-e1d025c08bd8 None None] Unknown version. Returning version choices. {{(pid=83751) process_request /opt/stack/glance/glance/api/middleware/version_negotiation.py:64}}
Aug 26 20:19:38 devstack devstack@g-api.service[83751]: [pid: 83751|app: 0|req: 2/2] 127.0.0.1 () {34 vars in 516 bytes} [Wed Aug 26 20:19:38 2026] GET / => generated 1557 bytes in 2 msecs (HTTP/1.1 300) 3 headers in 106 bytes (1 switches on core 0)
Aug 26 20:19:38 devstack devstack@g-api.service[83750]: DEBUG glance.api.middleware.version_negotiation [None req-fb8fbdd1-ed5c-4836-909d-2446f5ad21a6 None None] Determining version of request: POST /v2/images Accept: */* {{(pid=83750) process_request /opt/stack/glance/glance/api/middleware/version_negotiation.py:44}}
Aug 26 20:19:38 devstack devstack@g-api.service[83750]: DEBUG glance.api.middleware.version_negotiation [None req-fb8fbdd1-ed5c-4836-909d-2446f5ad21a6 None None] Using url versioning {{(pid=83750) process_request /opt/stack/glance/glance/api/middleware/version_negotiation.py:57}}
Aug 26 20:19:38 devstack devstack@g-api.service[83750]: DEBUG glance.api.middleware.version_negotiation [None req-fb8fbdd1-ed5c-4836-909d-2446f5ad21a6 None None] Matched version: v2 {{(pid=83750) process_request /opt/stack/glance/glance/api/middleware/version_negotiation.py:69}}
Aug 26 20:19:38 devstack devstack@g-api.service[83750]: DEBUG glance.api.middleware.version_negotiation [None req-fb8fbdd1-ed5c-4836-909d-2446f5ad21a6 None None] new path /v2/images {{(pid=83750) process_request /opt/stack/glance/glance/api/middleware/version_negotiation.py:70}}
Aug 26 20:19:40 devstack devstack@g-api.service[83750]: [pid: 83750|app: 0|req: 1/3] 127.0.0.1 () {40 vars in 779 bytes} [Wed Aug 26 20:19:38 2026] POST /v2/images => generated 807 bytes in 1134 msecs (HTTP/1.1 201) 6 headers in 314 bytes (1 switches on core 0)
Aug 26 20:19:40 devstack devstack@g-api.service[83751]: DEBUG glance.api.middleware.version_negotiation [None req-8ee0454c-6b36-417d-b25b-e1d025c08bd8 None None] Determining version of request: PUT /v2/images/ab5dd248-de7e-464a-8adc-3adc5f7a7d0a/file Accept: {{(pid=83751) process_request /opt/stack/glance/glance/api/middleware/version_negotiation.py:44}}
Aug 26 20:19:40 devstack devstack@g-api.service[83751]: DEBUG glance.api.middleware.version_negotiation [None req-8ee0454c-6b36-417d-b25b-e1d025c08bd8 None None] Using url versioning {{(pid=83751) process_request /opt/stack/glance/glance/api/middleware/version_negotiation.py:57}}
Aug 26 20:19:40 devstack devstack@g-api.service[83751]: DEBUG glance.api.middleware.version_negotiation [None req-8ee0454c-6b36-417d-b25b-e1d025c08bd8 None None] Matched version: v2 {{(pid=83751) process_request /opt/stack/glance/glance/api/middleware/version_negotiation.py:69}}
Aug 26 20:19:40 devstack devstack@g-api.service[83751]: DEBUG glance.api.middleware.version_negotiation [None req-8ee0454c-6b36-417d-b25b-e1d025c08bd8 None None] new path /v2/images/ab5dd248-de7e-464a-8adc-3adc5f7a7d0a/file {{(pid=83751) process_request /opt/stack/glance/glance/api/middleware/version_negotiation.py:70}}
Aug 26 20:19:40 devstack devstack@g-api.service[83751]: INFO glance.api.v2.image_data [None req-4d687bce-0ff7-40f6-8281-13a50e9cbfb4 admin admin] Unable to create trust: no such option collect_timing in group [keystone_authtoken] Use the existing user token.
Aug 26 20:19:41 devstack devstack@g-api.service[83751]: DEBUG glance.location [None req-4d687bce-0ff7-40f6-8281-13a50e9cbfb4 admin admin] Enabling in-flight format inspection for qcow2 {{(pid=83751) set_data /opt/stack/glance/glance/location.py:596}}
Aug 26 20:19:41 devstack devstack@g-api.service[83751]: DEBUG oslo_utils.imageutils.format_inspector [None req-4d687bce-0ff7-40f6-8281-13a50e9cbfb4 admin admin] Format inspector for vmdk does not match, excluding from consideration (Signature KDMV not found: b'QFI\xfb') {{(pid=83751) _process_chunk /opt/stack/data/venv/lib/python3.12/site-packages/oslo_utils/imageutils/format_inspector.py:1758}}
Aug 26 20:19:41 devstack devstack@g-api.service[83751]: DEBUG oslo_utils.imageutils.format_inspector [None req-4d687bce-0ff7-40f6-8281-13a50e9cbfb4 admin admin] Format inspector for vhdx does not match, excluding from consideration (Region signature not found at 30000) {{(pid=83751) _process_chunk /opt/stack/data/venv/lib/python3.12/site-packages/oslo_utils/imageutils/format_inspector.py:1758}}
Aug 26 20:19:41 devstack devstack@g-api.service[83751]: DEBUG glance_store._drivers.filesystem [None req-4d687bce-0ff7-40f6-8281-13a50e9cbfb4 admin admin] Wrote 21692416 bytes to /opt/stack/data/glance/images/ab5dd248-de7e-464a-8adc-3adc5f7a7d0a with checksum 87617e24a5e30cb3b87fda8c0764838f and multihash 9a9bce0083a00939ec17c11febbfc767aa211aaa54f51e75c5a8b271a9b5637c77205a518b7a2007cb391d23cceb01e0e4e8d64832317151bc85b734b92a7be0 {{(pid=83751) add /opt/stack/data/venv/lib/python3.12/site-packages/glance_store/_drivers/filesystem.py:899}}
Aug 26 20:19:41 devstack devstack@g-api.service[83751]: INFO glance.location [None req-4d687bce-0ff7-40f6-8281-13a50e9cbfb4 admin admin] Image format matched and virtual size computed: 117440512
Aug 26 20:19:41 devstack devstack@g-api.service[83751]: DEBUG glance_store.backend [None req-4d687bce-0ff7-40f6-8281-13a50e9cbfb4 admin admin] Skipping store.set_acls... not implemented. {{(pid=83751) set_acls /opt/stack/data/venv/lib/python3.12/site-packages/glance_store/backend.py:507}}
Aug 26 20:19:41 devstack devstack@g-api.service[83751]: [pid: 83751|app: 0|req: 3/4] 127.0.0.1 () {42 vars in 911 bytes} [Wed Aug 26 20:19:40 2026] PUT /v2/images/ab5dd248-de7e-464a-8adc-3adc5f7a7d0a/file => generated 0 bytes in 1628 msecs (HTTP/1.1 204) 4 headers in 171 bytes (1 switches on core 0)
Aug 26 20:19:41 devstack devstack@g-api.service[83750]: DEBUG glance.api.middleware.version_negotiation [None req-08c51fc2-5162-4d43-8cbd-f39884674017 admin admin] Determining version of request: GET /v2/images/ab5dd248-de7e-464a-8adc-3adc5f7a7d0a Accept: */* {{(pid=83750) process_request /opt/stack/glance/glance/api/middleware/version_negotiation.py:44}}
Aug 26 20:19:41 devstack devstack@g-api.service[83750]: DEBUG glance.api.middleware.version_negotiation [None req-08c51fc2-5162-4d43-8cbd-f39884674017 admin admin] Using url versioning {{(pid=83750) process_request /opt/stack/glance/glance/api/middleware/version_negotiation.py:57}}
Aug 26 20:19:41 devstack devstack@g-api.service[83750]: DEBUG glance.api.middleware.version_negotiation [None req-08c51fc2-5162-4d43-8cbd-f39884674017 admin admin] Matched version: v2 {{(pid=83750) process_request /opt/stack/glance/glance/api/middleware/version_negotiation.py:69}}
Aug 26 20:19:41 devstack devstack@g-api.service[83750]: DEBUG glance.api.middleware.version_negotiation [None req-08c51fc2-5162-4d43-8cbd-f39884674017 admin admin] new path /v2/images/ab5dd248-de7e-464a-8adc-3adc5f7a7d0a {{(pid=83750) process_request /opt/stack/glance/glance/api/middleware/version_negotiation.py:70}}
Aug 26 20:19:41 devstack devstack@g-api.service[83750]: [pid: 83750|app: 0|req: 2/5] 127.0.0.1 () {36 vars in 799 bytes} [Wed Aug 26 20:19:41 2026] GET /v2/images/ab5dd248-de7e-464a-8adc-3adc5f7a7d0a => generated 976 bytes in 25 msecs (HTTP/1.1 200) 4 headers in 157 bytes (1 switches on core 0)
Aug 26 20:19:51 devstack devstack@g-api.service[83751]: DEBUG dbcounter [-] [83751] Writing DB stats glance:INSERT=5,glance:SELECT=16,glance:UPDATE=2 {{(pid=83751) stat_writer /opt/stack/data/venv/lib/python3.12/site-packages/dbcounter.py:115}}
Aug 26 20:19:51 devstack devstack@g-api.service[83750]: DEBUG dbcounter [-] [83750] Writing DB stats glance:INSERT=9,glance:SELECT=6 {{(pid=83750) stat_writer /opt/stack/data/venv/lib/python3.12/site-packages/dbcounter.py:115}}
Aug 26 20:20:22 devstack devstack@g-api.service[83751]: DEBUG glance.api.middleware.version_negotiation [None req-4d687bce-0ff7-40f6-8281-13a50e9cbfb4 admin admin] Determining version of request: GET / Accept: application/json {{(pid=83751) process_request /opt/stack/glance/glance/api/middleware/version_negotiation.py:44}}
Aug 26 20:20:22 devstack devstack@g-api.service[83751]: DEBUG glance.api.middleware.version_negotiation [None req-4d687bce-0ff7-40f6-8281-13a50e9cbfb4 admin admin] Using url versioning {{(pid=83751) process_request /opt/stack/glance/glance/api/middleware/version_negotiation.py:57}}
Aug 26 20:20:22 devstack devstack@g-api.service[83751]: DEBUG glance.api.middleware.version_negotiation [None req-4d687bce-0ff7-40f6-8281-13a50e9cbfb4 admin admin] Unknown version. Returning version choices. {{(pid=83751) process_request /opt/stack/glance/glance/api/middleware/version_negotiation.py:64}}
Aug 26 20:20:22 devstack devstack@g-api.service[83751]: [pid: 83751|app: 0|req: 4/6] 127.0.0.1 () {34 vars in 516 bytes} [Wed Aug 26 20:20:22 2026] GET / => generated 1557 bytes in 2 msecs (HTTP/1.1 300) 3 headers in 106 bytes (1 switches on core 0)
Aug 26 20:20:22 devstack devstack@g-api.service[83750]: DEBUG glance.api.middleware.version_negotiation [None req-61e0dd00-2729-4251-a112-b23a292eb9ab admin admin] Determining version of request: GET /v2/images Accept: application/json {{(pid=83750) process_request /opt/stack/glance/glance/api/middleware/version_negotiation.py:44}}
Aug 26 20:20:22 devstack devstack@g-api.service[83750]: DEBUG glance.api.middleware.version_negotiation [None req-61e0dd00-2729-4251-a112-b23a292eb9ab admin admin] Using url versioning {{(pid=83750) process_request /opt/stack/glance/glance/api/middleware/version_negotiation.py:57}}
Aug 26 20:20:22 devstack devstack@g-api.service[83750]: DEBUG glance.api.middleware.version_negotiation [None req-61e0dd00-2729-4251-a112-b23a292eb9ab admin admin] Matched version: v2 {{(pid=83750) process_request /opt/stack/glance/glance/api/middleware/version_negotiation.py:69}}
Aug 26 20:20:22 devstack devstack@g-api.service[83750]: DEBUG glance.api.middleware.version_negotiation [None req-61e0dd00-2729-4251-a112-b23a292eb9ab admin admin] new path /v2/images {{(pid=83750) process_request /opt/stack/glance/glance/api/middleware/version_negotiation.py:70}}
Aug 26 20:20:22 devstack devstack@g-api.service[83750]: [pid: 83750|app: 0|req: 3/7] 127.0.0.1 () {36 vars in 738 bytes} [Wed Aug 26 20:20:22 2026] GET /v2/images => generated 1045 bytes in 89 msecs (HTTP/1.1 200) 4 headers in 158 bytes (1 switches on core 0)
Aug 26 20:20:31 devstack devstack@g-api.service[83751]: DEBUG glance.api.middleware.version_negotiation [None req-4d687bce-0ff7-40f6-8281-13a50e9cbfb4 admin admin] Determining version of request: GET / Accept: application/json {{(pid=83751) process_request /opt/stack/glance/glance/api/middleware/version_negotiation.py:44}}
Aug 26 20:20:31 devstack devstack@g-api.service[83751]: DEBUG glance.api.middleware.version_negotiation [None req-4d687bce-0ff7-40f6-8281-13a50e9cbfb4 admin admin] Using url versioning {{(pid=83751) process_request /opt/stack/glance/glance/api/middleware/version_negotiation.py:57}}
Aug 26 20:20:31 devstack devstack@g-api.service[83751]: DEBUG glance.api.middleware.version_negotiation [None req-4d687bce-0ff7-40f6-8281-13a50e9cbfb4 admin admin] Unknown version. Returning version choices. {{(pid=83751) process_request /opt/stack/glance/glance/api/middleware/version_negotiation.py:64}}
Aug 26 20:20:31 devstack devstack@g-api.service[83751]: [pid: 83751|app: 0|req: 5/8] 127.0.0.1 () {34 vars in 516 bytes} [Wed Aug 26 20:20:31 2026] GET / => generated 1557 bytes in 2 msecs (HTTP/1.1 300) 3 headers in 106 bytes (1 switches on core 0)
Aug 26 20:20:31 devstack devstack@g-api.service[83750]: DEBUG glance.api.middleware.version_negotiation [None req-51c100f7-063d-4460-8e18-c6b5f67bc2be admin admin] Determining version of request: GET /v2/images/ab5dd248-de7e-464a-8adc-3adc5f7a7d0a Accept: */* {{(pid=83750) process_request /opt/stack/glance/glance/api/middleware/version_negotiation.py:44}}
Aug 26 20:20:31 devstack devstack@g-api.service[83750]: DEBUG glance.api.middleware.version_negotiation [None req-51c100f7-063d-4460-8e18-c6b5f67bc2be admin admin] Using url versioning {{(pid=83750) process_request /opt/stack/glance/glance/api/middleware/version_negotiation.py:57}}
Aug 26 20:20:31 devstack devstack@g-api.service[83750]: DEBUG glance.api.middleware.version_negotiation [None req-51c100f7-063d-4460-8e18-c6b5f67bc2be admin admin] Matched version: v2 {{(pid=83750) process_request /opt/stack/glance/glance/api/middleware/version_negotiation.py:69}}
Aug 26 20:20:31 devstack devstack@g-api.service[83750]: DEBUG glance.api.middleware.version_negotiation [None req-51c100f7-063d-4460-8e18-c6b5f67bc2be admin admin] new path /v2/images/ab5dd248-de7e-464a-8adc-3adc5f7a7d0a {{(pid=83750) process_request /opt/stack/glance/glance/api/middleware/version_negotiation.py:70}}
Aug 26 20:20:31 devstack devstack@g-api.service[83750]: [pid: 83750|app: 0|req: 4/9] 127.0.0.1 () {36 vars in 799 bytes} [Wed Aug 26 20:20:31 2026] GET /v2/images/ab5dd248-de7e-464a-8adc-3adc5f7a7d0a => generated 976 bytes in 68 msecs (HTTP/1.1 200) 4 headers in 157 bytes (1 switches on core 0)
Aug 26 20:20:37 devstack devstack@g-api.service[83751]: DEBUG glance.api.middleware.version_negotiation [None req-4d687bce-0ff7-40f6-8281-13a50e9cbfb4 admin admin] Determining version of request: GET / Accept: application/json {{(pid=83751) process_request /opt/stack/glance/glance/api/middleware/version_negotiation.py:44}}
Aug 26 20:20:37 devstack devstack@g-api.service[83751]: DEBUG glance.api.middleware.version_negotiation [None req-4d687bce-0ff7-40f6-8281-13a50e9cbfb4 admin admin] Using url versioning {{(pid=83751) process_request /opt/stack/glance/glance/api/middleware/version_negotiation.py:57}}
Aug 26 20:20:37 devstack devstack@g-api.service[83751]: DEBUG glance.api.middleware.version_negotiation [None req-4d687bce-0ff7-40f6-8281-13a50e9cbfb4 admin admin] Unknown version. Returning version choices. {{(pid=83751) process_request /opt/stack/glance/glance/api/middleware/version_negotiation.py:64}}
Aug 26 20:20:37 devstack devstack@g-api.service[83751]: [pid: 83751|app: 0|req: 6/10] 127.0.0.1 () {34 vars in 516 bytes} [Wed Aug 26 20:20:37 2026] GET / => generated 1557 bytes in 2 msecs (HTTP/1.1 300) 3 headers in 106 bytes (1 switches on core 0)
Aug 26 20:20:37 devstack devstack@g-api.service[83750]: DEBUG glance.api.middleware.version_negotiation [None req-333b535f-d89c-489b-a65a-4b324b219484 admin admin] Determining version of request: GET /v2/images/ab5dd248-de7e-464a-8adc-3adc5f7a7d0a Accept: */* {{(pid=83750) process_request /opt/stack/glance/glance/api/middleware/version_negotiation.py:44}}
Aug 26 20:20:37 devstack devstack@g-api.service[83750]: DEBUG glance.api.middleware.version_negotiation [None req-333b535f-d89c-489b-a65a-4b324b219484 admin admin] Using url versioning {{(pid=83750) process_request /opt/stack/glance/glance/api/middleware/version_negotiation.py:57}}
Aug 26 20:20:37 devstack devstack@g-api.service[83750]: DEBUG glance.api.middleware.version_negotiation [None req-333b535f-d89c-489b-a65a-4b324b219484 admin admin] Matched version: v2 {{(pid=83750) process_request /opt/stack/glance/glance/api/middleware/version_negotiation.py:69}}
Aug 26 20:20:37 devstack devstack@g-api.service[83750]: DEBUG glance.api.middleware.version_negotiation [None req-333b535f-d89c-489b-a65a-4b324b219484 admin admin] new path /v2/images/ab5dd248-de7e-464a-8adc-3adc5f7a7d0a {{(pid=83750) process_request /opt/stack/glance/glance/api/middleware/version_negotiation.py:70}}
Aug 26 20:20:37 devstack devstack@g-api.service[83750]: [pid: 83750|app: 0|req: 5/11] 127.0.0.1 () {36 vars in 799 bytes} [Wed Aug 26 20:20:37 2026] GET /v2/images/ab5dd248-de7e-464a-8adc-3adc5f7a7d0a => generated 976 bytes in 69 msecs (HTTP/1.1 200) 4 headers in 157 bytes (1 switches on core 0)
Aug 26 20:20:47 devstack devstack@g-api.service[83750]: DEBUG dbcounter [-] [83750] Writing DB stats glance:SELECT=5 {{(pid=83750) stat_writer /opt/stack/data/venv/lib/python3.12/site-packages/dbcounter.py:115}}
Aug 26 20:21:51 devstack devstack@g-api.service[83751]: DEBUG glance.api.middleware.version_negotiation [None req-4d687bce-0ff7-40f6-8281-13a50e9cbfb4 admin admin] Determining version of request: GET / Accept: application/json {{(pid=83751) process_request /opt/stack/glance/glance/api/middleware/version_negotiation.py:44}}
Aug 26 20:21:51 devstack devstack@g-api.service[83751]: DEBUG glance.api.middleware.version_negotiation [None req-4d687bce-0ff7-40f6-8281-13a50e9cbfb4 admin admin] Using url versioning {{(pid=83751) process_request /opt/stack/glance/glance/api/middleware/version_negotiation.py:57}}
Aug 26 20:21:51 devstack devstack@g-api.service[83751]: DEBUG glance.api.middleware.version_negotiation [None req-4d687bce-0ff7-40f6-8281-13a50e9cbfb4 admin admin] Unknown version. Returning version choices. {{(pid=83751) process_request /opt/stack/glance/glance/api/middleware/version_negotiation.py:64}}
Aug 26 20:21:51 devstack devstack@g-api.service[83751]: [pid: 83751|app: 0|req: 7/12] 127.0.0.1 () {36 vars in 485 bytes} [Wed Aug 26 20:21:51 2026] GET / => generated 1557 bytes in 2 msecs (HTTP/1.1 300) 3 headers in 106 bytes (1 switches on core 0)
Aug 26 20:24:46 devstack devstack@g-api.service[83750]: DEBUG glance.api.middleware.version_negotiation [None req-659bccaf-fe2e-4328-89ba-3272307ffe9f admin admin] Determining version of request: GET / Accept: application/json {{(pid=83750) process_request /opt/stack/glance/glance/api/middleware/version_negotiation.py:44}}
Aug 26 20:24:46 devstack devstack@g-api.service[83750]: DEBUG glance.api.middleware.version_negotiation [None req-659bccaf-fe2e-4328-89ba-3272307ffe9f admin admin] Using url versioning {{(pid=83750) process_request /opt/stack/glance/glance/api/middleware/version_negotiation.py:57}}
Aug 26 20:24:46 devstack devstack@g-api.service[83750]: DEBUG glance.api.middleware.version_negotiation [None req-659bccaf-fe2e-4328-89ba-3272307ffe9f admin admin] Unknown version. Returning version choices. {{(pid=83750) process_request /opt/stack/glance/glance/api/middleware/version_negotiation.py:64}}
Aug 26 20:24:46 devstack devstack@g-api.service[83750]: [pid: 83750|app: 0|req: 6/13] 127.0.0.1 () {34 vars in 502 bytes} [Wed Aug 26 20:24:46 2026] GET / => generated 1557 bytes in 4 msecs (HTTP/1.1 300) 3 headers in 106 bytes (1 switches on core 0)
Aug 26 20:24:46 devstack devstack@g-api.service[83751]: DEBUG glance.api.middleware.version_negotiation [None req-4d687bce-0ff7-40f6-8281-13a50e9cbfb4 admin admin] Determining version of request: GET /v2/images/ab5dd248-de7e-464a-8adc-3adc5f7a7d0a Accept: */* {{(pid=83751) process_request /opt/stack/glance/glance/api/middleware/version_negotiation.py:44}}
Aug 26 20:24:46 devstack devstack@g-api.service[83751]: DEBUG glance.api.middleware.version_negotiation [None req-4d687bce-0ff7-40f6-8281-13a50e9cbfb4 admin admin] Using url versioning {{(pid=83751) process_request /opt/stack/glance/glance/api/middleware/version_negotiation.py:57}}
Aug 26 20:24:46 devstack devstack@g-api.service[83751]: DEBUG glance.api.middleware.version_negotiation [None req-4d687bce-0ff7-40f6-8281-13a50e9cbfb4 admin admin] Matched version: v2 {{(pid=83751) process_request /opt/stack/glance/glance/api/middleware/version_negotiation.py:69}}
Aug 26 20:24:46 devstack devstack@g-api.service[83751]: DEBUG glance.api.middleware.version_negotiation [None req-4d687bce-0ff7-40f6-8281-13a50e9cbfb4 admin admin] new path /v2/images/ab5dd248-de7e-464a-8adc-3adc5f7a7d0a {{(pid=83751) process_request /opt/stack/glance/glance/api/middleware/version_negotiation.py:70}}
Aug 26 20:24:46 devstack devstack@g-api.service[83750]: DEBUG glance.api.middleware.version_negotiation [None req-659bccaf-fe2e-4328-89ba-3272307ffe9f admin admin] Determining version of request: GET / Accept: application/json {{(pid=83750) process_request /opt/stack/glance/glance/api/middleware/version_negotiation.py:44}}
Aug 26 20:24:46 devstack devstack@g-api.service[83750]: DEBUG glance.api.middleware.version_negotiation [None req-659bccaf-fe2e-4328-89ba-3272307ffe9f admin admin] Using url versioning {{(pid=83750) process_request /opt/stack/glance/glance/api/middleware/version_negotiation.py:57}}
Aug 26 20:24:46 devstack devstack@g-api.service[83750]: DEBUG glance.api.middleware.version_negotiation [None req-659bccaf-fe2e-4328-89ba-3272307ffe9f admin admin] Unknown version. Returning version choices. {{(pid=83750) process_request /opt/stack/glance/glance/api/middleware/version_negotiation.py:64}}
Aug 26 20:24:46 devstack devstack@g-api.service[83750]: [pid: 83750|app: 0|req: 7/14] 127.0.0.1 () {34 vars in 502 bytes} [Wed Aug 26 20:24:46 2026] GET / => generated 1557 bytes in 5 msecs (HTTP/1.1 300) 3 headers in 106 bytes (1 switches on core 0)
Aug 26 20:24:46 devstack devstack@g-api.service[83750]: DEBUG glance.api.middleware.version_negotiation [None req-659bccaf-fe2e-4328-89ba-3272307ffe9f admin admin] Determining version of request: GET /v2/images/ab5dd248-de7e-464a-8adc-3adc5f7a7d0a Accept: */* {{(pid=83750) process_request /opt/stack/glance/glance/api/middleware/version_negotiation.py:44}}
Aug 26 20:24:46 devstack devstack@g-api.service[83750]: DEBUG glance.api.middleware.version_negotiation [None req-659bccaf-fe2e-4328-89ba-3272307ffe9f admin admin] Using url versioning {{(pid=83750) process_request /opt/stack/glance/glance/api/middleware/version_negotiation.py:57}}
Aug 26 20:24:46 devstack devstack@g-api.service[83750]: DEBUG glance.api.middleware.version_negotiation [None req-659bccaf-fe2e-4328-89ba-3272307ffe9f admin admin] Matched version: v2 {{(pid=83750) process_request /opt/stack/glance/glance/api/middleware/version_negotiation.py:69}}
Aug 26 20:24:46 devstack devstack@g-api.service[83750]: DEBUG glance.api.middleware.version_negotiation [None req-659bccaf-fe2e-4328-89ba-3272307ffe9f admin admin] new path /v2/images/ab5dd248-de7e-464a-8adc-3adc5f7a7d0a {{(pid=83750) process_request /opt/stack/glance/glance/api/middleware/version_negotiation.py:70}}
Aug 26 20:24:46 devstack devstack@g-api.service[83751]: [pid: 83751|app: 0|req: 8/15] 127.0.0.1 () {42 vars in 1058 bytes} [Wed Aug 26 20:24:46 2026] GET /v2/images/ab5dd248-de7e-464a-8adc-3adc5f7a7d0a => generated 976 bytes in 430 msecs (HTTP/1.1 200) 4 headers in 157 bytes (1 switches on core 0)
Aug 26 20:24:46 devstack devstack@g-api.service[83751]: DEBUG glance.api.middleware.version_negotiation [None req-7e0b87cc-ee8e-43ae-aca1-3927f8c0bed9 tempest-ServerRescueNegativeTestJSON-201721136 tempest-ServerRescueNegativeTestJSON-201721136-project-member] Determining version of request: GET /v2/schemas/image Accept: */* {{(pid=83751) process_request /opt/stack/glance/glance/api/middleware/version_negotiation.py:44}}
Aug 26 20:24:46 devstack devstack@g-api.service[83751]: DEBUG glance.api.middleware.version_negotiation [None req-7e0b87cc-ee8e-43ae-aca1-3927f8c0bed9 tempest-ServerRescueNegativeTestJSON-201721136 tempest-ServerRescueNegativeTestJSON-201721136-project-member] Using url versioning {{(pid=83751) process_request /opt/stack/glance/glance/api/middleware/version_negotiation.py:57}}
Aug 26 20:24:46 devstack devstack@g-api.service[83751]: DEBUG glance.api.middleware.version_negotiation [None req-7e0b87cc-ee8e-43ae-aca1-3927f8c0bed9 tempest-ServerRescueNegativeTestJSON-201721136 tempest-ServerRescueNegativeTestJSON-201721136-project-member] Matched version: v2 {{(pid=83751) process_request /opt/stack/glance/glance/api/middleware/version_negotiation.py:69}}
Aug 26 20:24:46 devstack devstack@g-api.service[83751]: DEBUG glance.api.middleware.version_negotiation [None req-7e0b87cc-ee8e-43ae-aca1-3927f8c0bed9 tempest-ServerRescueNegativeTestJSON-201721136 tempest-ServerRescueNegativeTestJSON-201721136-project-member] new path /v2/schemas/image {{(pid=83751) process_request /opt/stack/glance/glance/api/middleware/version_negotiation.py:70}}
Aug 26 20:24:46 devstack devstack@g-api.service[83751]: [pid: 83751|app: 0|req: 9/16] 127.0.0.1 () {42 vars in 998 bytes} [Wed Aug 26 20:24:46 2026] GET /v2/schemas/image => generated 6083 bytes in 8 msecs (HTTP/1.1 200) 4 headers in 158 bytes (1 switches on core 0)
Aug 26 20:24:46 devstack devstack@g-api.service[83750]: [pid: 83750|app: 0|req: 8/17] 127.0.0.1 () {42 vars in 1058 bytes} [Wed Aug 26 20:24:46 2026] GET /v2/images/ab5dd248-de7e-464a-8adc-3adc5f7a7d0a => generated 976 bytes in 131 msecs (HTTP/1.1 200) 4 headers in 157 bytes (1 switches on core 0)
Aug 26 20:24:46 devstack devstack@g-api.service[83751]: DEBUG glance.api.middleware.version_negotiation [None req-7e0b87cc-ee8e-43ae-aca1-3927f8c0bed9 tempest-ServerRescueNegativeTestJSON-201721136 tempest-ServerRescueNegativeTestJSON-201721136-project-member] Determining version of request: GET /v2/schemas/image Accept: */* {{(pid=83751) process_request /opt/stack/glance/glance/api/middleware/version_negotiation.py:44}}
Aug 26 20:24:46 devstack devstack@g-api.service[83751]: DEBUG glance.api.middleware.version_negotiation [None req-7e0b87cc-ee8e-43ae-aca1-3927f8c0bed9 tempest-ServerRescueNegativeTestJSON-201721136 tempest-ServerRescueNegativeTestJSON-201721136-project-member] Using url versioning {{(pid=83751) process_request /opt/stack/glance/glance/api/middleware/version_negotiation.py:57}}
Aug 26 20:24:46 devstack devstack@g-api.service[83751]: DEBUG glance.api.middleware.version_negotiation [None req-7e0b87cc-ee8e-43ae-aca1-3927f8c0bed9 tempest-ServerRescueNegativeTestJSON-201721136 tempest-ServerRescueNegativeTestJSON-201721136-project-member] Matched version: v2 {{(pid=83751) process_request /opt/stack/glance/glance/api/middleware/version_negotiation.py:69}}
Aug 26 20:24:46 devstack devstack@g-api.service[83751]: DEBUG glance.api.middleware.version_negotiation [None req-7e0b87cc-ee8e-43ae-aca1-3927f8c0bed9 tempest-ServerRescueNegativeTestJSON-201721136 tempest-ServerRescueNegativeTestJSON-201721136-project-member] new path /v2/schemas/image {{(pid=83751) process_request /opt/stack/glance/glance/api/middleware/version_negotiation.py:70}}
Aug 26 20:24:46 devstack devstack@g-api.service[83751]: [pid: 83751|app: 0|req: 10/18] 127.0.0.1 () {42 vars in 998 bytes} [Wed Aug 26 20:24:46 2026] GET /v2/schemas/image => generated 6083 bytes in 9 msecs (HTTP/1.1 200) 4 headers in 158 bytes (1 switches on core 0)
Aug 26 20:24:56 devstack devstack@g-api.service[83751]: DEBUG dbcounter [-] [83751] Writing DB stats glance:SELECT=2 {{(pid=83751) stat_writer /opt/stack/data/venv/lib/python3.12/site-packages/dbcounter.py:115}}
Aug 26 20:24:56 devstack devstack@g-api.service[83750]: DEBUG dbcounter [-] [83750] Writing DB stats glance:SELECT=2 {{(pid=83750) stat_writer /opt/stack/data/venv/lib/python3.12/site-packages/dbcounter.py:115}}
Aug 26 20:24:58 devstack devstack@g-api.service[83750]: DEBUG glance.api.middleware.version_negotiation [None req-0031f0d2-46f6-4bf6-9316-b99b81abe12c tempest-ServerActionsTestOtherA-1314858986 tempest-ServerActionsTestOtherA-1314858986-project-member] Determining version of request: GET /v2/images/ab5dd248-de7e-464a-8adc-3adc5f7a7d0a Accept: */* {{(pid=83750) process_request /opt/stack/glance/glance/api/middleware/version_negotiation.py:44}}
Aug 26 20:24:58 devstack devstack@g-api.service[83750]: DEBUG glance.api.middleware.version_negotiation [None req-0031f0d2-46f6-4bf6-9316-b99b81abe12c tempest-ServerActionsTestOtherA-1314858986 tempest-ServerActionsTestOtherA-1314858986-project-member] Using url versioning {{(pid=83750) process_request /opt/stack/glance/glance/api/middleware/version_negotiation.py:57}}
Aug 26 20:24:58 devstack devstack@g-api.service[83750]: DEBUG glance.api.middleware.version_negotiation [None req-0031f0d2-46f6-4bf6-9316-b99b81abe12c tempest-ServerActionsTestOtherA-1314858986 tempest-ServerActionsTestOtherA-1314858986-project-member] Matched version: v2 {{(pid=83750) process_request /opt/stack/glance/glance/api/middleware/version_negotiation.py:69}}
Aug 26 20:24:58 devstack devstack@g-api.service[83750]: DEBUG glance.api.middleware.version_negotiation [None req-0031f0d2-46f6-4bf6-9316-b99b81abe12c tempest-ServerActionsTestOtherA-1314858986 tempest-ServerActionsTestOtherA-1314858986-project-member] new path /v2/images/ab5dd248-de7e-464a-8adc-3adc5f7a7d0a {{(pid=83750) process_request /opt/stack/glance/glance/api/middleware/version_negotiation.py:70}}
Aug 26 20:24:58 devstack devstack@g-api.service[83750]: [pid: 83750|app: 0|req: 9/19] 127.0.0.1 () {42 vars in 1058 bytes} [Wed Aug 26 20:24:58 2026] GET /v2/images/ab5dd248-de7e-464a-8adc-3adc5f7a7d0a => generated 976 bytes in 43 msecs (HTTP/1.1 200) 4 headers in 157 bytes (1 switches on core 0)
Aug 26 20:24:58 devstack devstack@g-api.service[83751]: DEBUG glance.api.middleware.version_negotiation [None req-0031f0d2-46f6-4bf6-9316-b99b81abe12c tempest-ServerActionsTestOtherA-1314858986 tempest-ServerActionsTestOtherA-1314858986-project-member] Determining version of request: GET /v2/schemas/image Accept: */* {{(pid=83751) process_request /opt/stack/glance/glance/api/middleware/version_negotiation.py:44}}
Aug 26 20:24:58 devstack devstack@g-api.service[83751]: DEBUG glance.api.middleware.version_negotiation [None req-0031f0d2-46f6-4bf6-9316-b99b81abe12c tempest-ServerActionsTestOtherA-1314858986 tempest-ServerActionsTestOtherA-1314858986-project-member] Using url versioning {{(pid=83751) process_request /opt/stack/glance/glance/api/middleware/version_negotiation.py:57}}
Aug 26 20:24:58 devstack devstack@g-api.service[83751]: DEBUG glance.api.middleware.version_negotiation [None req-0031f0d2-46f6-4bf6-9316-b99b81abe12c tempest-ServerActionsTestOtherA-1314858986 tempest-ServerActionsTestOtherA-1314858986-project-member] Matched version: v2 {{(pid=83751) process_request /opt/stack/glance/glance/api/middleware/version_negotiation.py:69}}
Aug 26 20:24:58 devstack devstack@g-api.service[83751]: DEBUG glance.api.middleware.version_negotiation [None req-0031f0d2-46f6-4bf6-9316-b99b81abe12c tempest-ServerActionsTestOtherA-1314858986 tempest-ServerActionsTestOtherA-1314858986-project-member] new path /v2/schemas/image {{(pid=83751) process_request /opt/stack/glance/glance/api/middleware/version_negotiation.py:70}}
Aug 26 20:24:58 devstack devstack@g-api.service[83751]: [pid: 83751|app: 0|req: 11/20] 127.0.0.1 () {42 vars in 998 bytes} [Wed Aug 26 20:24:58 2026] GET /v2/schemas/image => generated 6083 bytes in 10 msecs (HTTP/1.1 200) 4 headers in 158 bytes (1 switches on core 0)
Aug 26 20:25:01 devstack devstack@g-api.service[83750]: DEBUG glance.api.middleware.version_negotiation [None req-b057bf50-3702-4bd2-8b0b-9a8a630975dc tempest-ServerRescueNegativeTestJSON-201721136 tempest-ServerRescueNegativeTestJSON-201721136-project-member] Determining version of request: GET /v2/images/ab5dd248-de7e-464a-8adc-3adc5f7a7d0a Accept: */* {{(pid=83750) process_request /opt/stack/glance/glance/api/middleware/version_negotiation.py:44}}
Aug 26 20:25:01 devstack devstack@g-api.service[83750]: DEBUG glance.api.middleware.version_negotiation [None req-b057bf50-3702-4bd2-8b0b-9a8a630975dc tempest-ServerRescueNegativeTestJSON-201721136 tempest-ServerRescueNegativeTestJSON-201721136-project-member] Using url versioning {{(pid=83750) process_request /opt/stack/glance/glance/api/middleware/version_negotiation.py:57}}
Aug 26 20:25:01 devstack devstack@g-api.service[83750]: DEBUG glance.api.middleware.version_negotiation [None req-b057bf50-3702-4bd2-8b0b-9a8a630975dc tempest-ServerRescueNegativeTestJSON-201721136 tempest-ServerRescueNegativeTestJSON-201721136-project-member] Matched version: v2 {{(pid=83750) process_request /opt/stack/glance/glance/api/middleware/version_negotiation.py:69}}
Aug 26 20:25:01 devstack devstack@g-api.service[83750]: DEBUG glance.api.middleware.version_negotiation [None req-b057bf50-3702-4bd2-8b0b-9a8a630975dc tempest-ServerRescueNegativeTestJSON-201721136 tempest-ServerRescueNegativeTestJSON-201721136-project-member] new path /v2/images/ab5dd248-de7e-464a-8adc-3adc5f7a7d0a {{(pid=83750) process_request /opt/stack/glance/glance/api/middleware/version_negotiation.py:70}}
Aug 26 20:25:02 devstack devstack@g-api.service[83750]: [pid: 83750|app: 0|req: 10/21] 127.0.0.1 () {42 vars in 1058 bytes} [Wed Aug 26 20:25:01 2026] GET /v2/images/ab5dd248-de7e-464a-8adc-3adc5f7a7d0a => generated 976 bytes in 358 msecs (HTTP/1.1 200) 4 headers in 157 bytes (1 switches on core 0)
Aug 26 20:25:02 devstack devstack@g-api.service[83751]: DEBUG glance.api.middleware.version_negotiation [None req-b057bf50-3702-4bd2-8b0b-9a8a630975dc tempest-ServerRescueNegativeTestJSON-201721136 tempest-ServerRescueNegativeTestJSON-201721136-project-member] Determining version of request: GET /v2/images/ab5dd248-de7e-464a-8adc-3adc5f7a7d0a/file Accept: */* {{(pid=83751) process_request /opt/stack/glance/glance/api/middleware/version_negotiation.py:44}}
Aug 26 20:25:02 devstack devstack@g-api.service[83751]: DEBUG glance.api.middleware.version_negotiation [None req-b057bf50-3702-4bd2-8b0b-9a8a630975dc tempest-ServerRescueNegativeTestJSON-201721136 tempest-ServerRescueNegativeTestJSON-201721136-project-member] Using url versioning {{(pid=83751) process_request /opt/stack/glance/glance/api/middleware/version_negotiation.py:57}}
Aug 26 20:25:02 devstack devstack@g-api.service[83751]: DEBUG glance.api.middleware.version_negotiation [None req-b057bf50-3702-4bd2-8b0b-9a8a630975dc tempest-ServerRescueNegativeTestJSON-201721136 tempest-ServerRescueNegativeTestJSON-201721136-project-member] Matched version: v2 {{(pid=83751) process_request /opt/stack/glance/glance/api/middleware/version_negotiation.py:69}}
Aug 26 20:25:02 devstack devstack@g-api.service[83751]: DEBUG glance.api.middleware.version_negotiation [None req-b057bf50-3702-4bd2-8b0b-9a8a630975dc tempest-ServerRescueNegativeTestJSON-201721136 tempest-ServerRescueNegativeTestJSON-201721136-project-member] new path /v2/images/ab5dd248-de7e-464a-8adc-3adc5f7a7d0a/file {{(pid=83751) process_request /opt/stack/glance/glance/api/middleware/version_negotiation.py:70}}
Aug 26 20:25:02 devstack devstack@g-api.service[83751]: DEBUG glance_store._drivers.filesystem [None req-7e0b87cc-ee8e-43ae-aca1-3927f8c0bed9 tempest-ServerRescueNegativeTestJSON-201721136 tempest-ServerRescueNegativeTestJSON-201721136-project-member] Found image at /opt/stack/data/glance/images/ab5dd248-de7e-464a-8adc-3adc5f7a7d0a. Returning in ChunkedFile. {{(pid=83751) get /opt/stack/data/venv/lib/python3.12/site-packages/glance_store/_drivers/filesystem.py:724}}
Aug 26 20:25:02 devstack devstack@g-api.service[83751]: DEBUG glance.image_cache [None req-7e0b87cc-ee8e-43ae-aca1-3927f8c0bed9 tempest-ServerRescueNegativeTestJSON-201721136 tempest-ServerRescueNegativeTestJSON-201721136-project-member] Tee'ing image 'ab5dd248-de7e-464a-8adc-3adc5f7a7d0a' into cache {{(pid=83751) get_caching_iter /opt/stack/glance/glance/image_cache/__init__.py:356}}
Aug 26 20:25:02 devstack devstack@g-api.service[83751]: DEBUG glance.image_cache.drivers.centralized_db [None req-7e0b87cc-ee8e-43ae-aca1-3927f8c0bed9 tempest-ServerRescueNegativeTestJSON-201721136 tempest-ServerRescueNegativeTestJSON-201721136-project-member] Fetch finished, moving '/opt/stack/data/glance/cache/incomplete/ab5dd248-de7e-464a-8adc-3adc5f7a7d0a' to '/opt/stack/data/glance/cache/ab5dd248-de7e-464a-8adc-3adc5f7a7d0a' {{(pid=83751) commit /opt/stack/glance/glance/image_cache/drivers/centralized_db.py:243}}
Aug 26 20:25:02 devstack devstack@g-api.service[83751]: DEBUG glance.image_cache.drivers.centralized_db [None req-7e0b87cc-ee8e-43ae-aca1-3927f8c0bed9 tempest-ServerRescueNegativeTestJSON-201721136 tempest-ServerRescueNegativeTestJSON-201721136-project-member] Image cached successfully. {{(pid=83751) commit /opt/stack/glance/glance/image_cache/drivers/centralized_db.py:258}}
Aug 26 20:25:02 devstack devstack@g-api.service[83751]: [pid: 83751|app: 0|req: 12/22] 127.0.0.1 () {42 vars in 1068 bytes} [Wed Aug 26 20:25:02 2026] GET /v2/images/ab5dd248-de7e-464a-8adc-3adc5f7a7d0a/file => generated 21692416 bytes in 855 msecs (HTTP/1.1 200) 4 headers in 191 bytes (340 switches on core 0)
Aug 26 20:25:03 devstack devstack@g-api.service[83750]: DEBUG glance.api.middleware.version_negotiation [None req-7e0b87cc-ee8e-43ae-aca1-3927f8c0bed9 tempest-ServerRescueNegativeTestJSON-201721136 tempest-ServerRescueNegativeTestJSON-201721136-project-member] Determining version of request: GET /v2/images/ab5dd248-de7e-464a-8adc-3adc5f7a7d0a Accept: */* {{(pid=83750) process_request /opt/stack/glance/glance/api/middleware/version_negotiation.py:44}}
Aug 26 20:25:03 devstack devstack@g-api.service[83750]: DEBUG glance.api.middleware.version_negotiation [None req-7e0b87cc-ee8e-43ae-aca1-3927f8c0bed9 tempest-ServerRescueNegativeTestJSON-201721136 tempest-ServerRescueNegativeTestJSON-201721136-project-member] Using url versioning {{(pid=83750) process_request /opt/stack/glance/glance/api/middleware/version_negotiation.py:57}}
Aug 26 20:25:03 devstack devstack@g-api.service[83750]: DEBUG glance.api.middleware.version_negotiation [None req-7e0b87cc-ee8e-43ae-aca1-3927f8c0bed9 tempest-ServerRescueNegativeTestJSON-201721136 tempest-ServerRescueNegativeTestJSON-201721136-project-member] Matched version: v2 {{(pid=83750) process_request /opt/stack/glance/glance/api/middleware/version_negotiation.py:69}}
Aug 26 20:25:03 devstack devstack@g-api.service[83750]: DEBUG glance.api.middleware.version_negotiation [None req-7e0b87cc-ee8e-43ae-aca1-3927f8c0bed9 tempest-ServerRescueNegativeTestJSON-201721136 tempest-ServerRescueNegativeTestJSON-201721136-project-member] new path /v2/images/ab5dd248-de7e-464a-8adc-3adc5f7a7d0a {{(pid=83750) process_request /opt/stack/glance/glance/api/middleware/version_negotiation.py:70}}
Aug 26 20:25:03 devstack devstack@g-api.service[83750]: [pid: 83750|app: 0|req: 11/23] 127.0.0.1 () {42 vars in 1058 bytes} [Wed Aug 26 20:25:03 2026] GET /v2/images/ab5dd248-de7e-464a-8adc-3adc5f7a7d0a => generated 976 bytes in 45 msecs (HTTP/1.1 200) 4 headers in 157 bytes (1 switches on core 0)
Aug 26 20:25:03 devstack devstack@g-api.service[83751]: DEBUG glance.api.middleware.version_negotiation [None req-7e0b87cc-ee8e-43ae-aca1-3927f8c0bed9 tempest-ServerRescueNegativeTestJSON-201721136 tempest-ServerRescueNegativeTestJSON-201721136-project-member] Determining version of request: GET /v2/schemas/image Accept: */* {{(pid=83751) process_request /opt/stack/glance/glance/api/middleware/version_negotiation.py:44}}
Aug 26 20:25:03 devstack devstack@g-api.service[83751]: DEBUG glance.api.middleware.version_negotiation [None req-7e0b87cc-ee8e-43ae-aca1-3927f8c0bed9 tempest-ServerRescueNegativeTestJSON-201721136 tempest-ServerRescueNegativeTestJSON-201721136-project-member] Using url versioning {{(pid=83751) process_request /opt/stack/glance/glance/api/middleware/version_negotiation.py:57}}
Aug 26 20:25:03 devstack devstack@g-api.service[83751]: DEBUG glance.api.middleware.version_negotiation [None req-7e0b87cc-ee8e-43ae-aca1-3927f8c0bed9 tempest-ServerRescueNegativeTestJSON-201721136 tempest-ServerRescueNegativeTestJSON-201721136-project-member] Matched version: v2 {{(pid=83751) process_request /opt/stack/glance/glance/api/middleware/version_negotiation.py:69}}
