Feb 19 13:38:25 devstack devstack@c-api.service[81789]: INFO cinder.api.openstack.wsgi [None req-d05d9efe-ea18-4e19-b1db-8927c8161f85 tempest-GroupSnapshotsTest-1298339570 tempest-GroupSnapshotsTest-1298339570-project-member] http://192.168.122.21/volume/v3/snapshots/detail returned with HTTP 200
Feb 19 13:38:25 devstack devstack@c-api.service[81789]: [pid: 81789|app: 0|req: 186/336] 192.168.122.21 () {62 vars in 1242 bytes} [Thu Feb 19 13:38:25 2026] GET /volume/v3/snapshots/detail => generated 454 bytes in 54 msecs (HTTP/1.1 200) 7 headers in 285 bytes (1 switches on core 0)
Feb 19 13:38:25 devstack devstack@c-api.service[81788]: DEBUG cinder.api.middleware.request_id [None req-b5359047-d6e1-4f35-83ce-d6eb03d19d18 None None] RequestId filter calling following filter/app {{(pid=81788) _context_setter /opt/stack/cinder/cinder/api/middleware/request_id.py:62}}
Feb 19 13:38:25 devstack devstack@c-api.service[81788]: INFO cinder.api.openstack.wsgi [None req-b5359047-d6e1-4f35-83ce-d6eb03d19d18 tempest-GroupSnapshotsTest-1298339570 tempest-GroupSnapshotsTest-1298339570-project-member] GET http://192.168.122.21/volume/v3/snapshots/ad5be391-e265-4c83-a580-a02ac2f51b5e
Feb 19 13:38:25 devstack devstack@c-api.service[81788]: DEBUG cinder.api.openstack.wsgi [None req-b5359047-d6e1-4f35-83ce-d6eb03d19d18 tempest-GroupSnapshotsTest-1298339570 tempest-GroupSnapshotsTest-1298339570-project-member] Empty body provided in request {{(pid=81788) get_body /opt/stack/cinder/cinder/api/openstack/wsgi.py:725}}
Feb 19 13:38:25 devstack devstack@c-api.service[81788]: DEBUG cinder.api.openstack.wsgi [None req-b5359047-d6e1-4f35-83ce-d6eb03d19d18 tempest-GroupSnapshotsTest-1298339570 tempest-GroupSnapshotsTest-1298339570-project-member] Calling method 'show' {{(pid=81788) _process_stack /opt/stack/cinder/cinder/api/openstack/wsgi.py:878}}
Feb 19 13:38:25 devstack devstack@c-api.service[81788]: /opt/stack/data/venv/lib/python3.10/site-packages/oslo_context/context.py:101: DeprecationWarning: Policy enforcement is depending on the value of is_admin. This key is deprecated. Please update your policy file to use the standard policy values.
Feb 19 13:38:25 devstack devstack@c-api.service[81788]: warnings.warn(
Feb 19 13:38:25 devstack devstack@c-api.service[81788]: INFO cinder.volume.api [None req-b5359047-d6e1-4f35-83ce-d6eb03d19d18 tempest-GroupSnapshotsTest-1298339570 tempest-GroupSnapshotsTest-1298339570-project-member] Snapshot retrieved successfully.
Feb 19 13:38:25 devstack devstack@c-api.service[81788]: INFO cinder.api.openstack.wsgi [None req-b5359047-d6e1-4f35-83ce-d6eb03d19d18 tempest-GroupSnapshotsTest-1298339570 tempest-GroupSnapshotsTest-1298339570-project-member] http://192.168.122.21/volume/v3/snapshots/ad5be391-e265-4c83-a580-a02ac2f51b5e returned with HTTP 200
Feb 19 13:38:25 devstack devstack@c-api.service[81788]: [pid: 81788|app: 0|req: 151/337] 192.168.122.21 () {62 vars in 1332 bytes} [Thu Feb 19 13:38:25 2026] GET /volume/v3/snapshots/ad5be391-e265-4c83-a580-a02ac2f51b5e => generated 451 bytes in 17 msecs (HTTP/1.1 200) 7 headers in 285 bytes (1 switches on core 0)
Feb 19 13:38:25 devstack devstack@c-api.service[81789]: DEBUG cinder.api.middleware.request_id [None req-17e3d04c-ad09-45f2-b8a7-e41cbc292c0f None None] RequestId filter calling following filter/app {{(pid=81789) _context_setter /opt/stack/cinder/cinder/api/middleware/request_id.py:62}}
Feb 19 13:38:25 devstack devstack@c-api.service[81789]: INFO cinder.api.openstack.wsgi [None req-17e3d04c-ad09-45f2-b8a7-e41cbc292c0f tempest-GroupSnapshotsTest-1298339570 tempest-GroupSnapshotsTest-1298339570-project-member] GET http://192.168.122.21/volume/v3/group_snapshots/861c103c-1a63-44d4-b3f2-4aedba365860
Feb 19 13:38:25 devstack devstack@c-api.service[81789]: DEBUG cinder.api.openstack.wsgi [None req-17e3d04c-ad09-45f2-b8a7-e41cbc292c0f tempest-GroupSnapshotsTest-1298339570 tempest-GroupSnapshotsTest-1298339570-project-member] Empty body provided in request {{(pid=81789) get_body /opt/stack/cinder/cinder/api/openstack/wsgi.py:725}}
Feb 19 13:38:25 devstack devstack@c-api.service[81789]: DEBUG cinder.api.openstack.wsgi [None req-17e3d04c-ad09-45f2-b8a7-e41cbc292c0f tempest-GroupSnapshotsTest-1298339570 tempest-GroupSnapshotsTest-1298339570-project-member] Calling method 'version_select' {{(pid=81789) _process_stack /opt/stack/cinder/cinder/api/openstack/wsgi.py:878}}
Feb 19 13:38:25 devstack devstack@c-api.service[81789]: DEBUG cinder.api.v3.group_snapshots [None req-17e3d04c-ad09-45f2-b8a7-e41cbc292c0f tempest-GroupSnapshotsTest-1298339570 tempest-GroupSnapshotsTest-1298339570-project-member] show called for member 861c103c-1a63-44d4-b3f2-4aedba365860 {{(pid=81789) show /opt/stack/cinder/cinder/api/v3/group_snapshots.py:58}}
Feb 19 13:38:25 devstack devstack@c-api.service[81789]: /opt/stack/data/venv/lib/python3.10/site-packages/oslo_context/context.py:101: DeprecationWarning: Policy enforcement is depending on the value of is_admin. This key is deprecated. Please update your policy file to use the standard policy values.
Feb 19 13:38:25 devstack devstack@c-api.service[81789]: warnings.warn(
Feb 19 13:38:25 devstack devstack@c-api.service[81789]: INFO cinder.api.openstack.wsgi [None req-17e3d04c-ad09-45f2-b8a7-e41cbc292c0f tempest-GroupSnapshotsTest-1298339570 tempest-GroupSnapshotsTest-1298339570-project-member] http://192.168.122.21/volume/v3/group_snapshots/861c103c-1a63-44d4-b3f2-4aedba365860 returned with HTTP 200
Feb 19 13:38:25 devstack devstack@c-api.service[81789]: [pid: 81789|app: 0|req: 187/338] 192.168.122.21 () {64 vars in 1391 bytes} [Thu Feb 19 13:38:25 2026] GET /volume/v3/group_snapshots/861c103c-1a63-44d4-b3f2-4aedba365860 => generated 308 bytes in 22 msecs (HTTP/1.1 200) 7 headers in 286 bytes (1 switches on core 0)
Feb 19 13:38:25 devstack devstack@c-api.service[81788]: DEBUG cinder.api.middleware.request_id [None req-8b94cfc1-3ba0-422f-adcd-0c39c265ebca None None] RequestId filter calling following filter/app {{(pid=81788) _context_setter /opt/stack/cinder/cinder/api/middleware/request_id.py:62}}
Feb 19 13:38:25 devstack devstack@c-api.service[81788]: INFO cinder.api.openstack.wsgi [None req-8b94cfc1-3ba0-422f-adcd-0c39c265ebca tempest-GroupSnapshotsTest-1298339570 tempest-GroupSnapshotsTest-1298339570-project-member] GET http://192.168.122.21/volume/v3/group_snapshots/detail
Feb 19 13:38:25 devstack devstack@c-api.service[81788]: DEBUG cinder.api.openstack.wsgi [None req-8b94cfc1-3ba0-422f-adcd-0c39c265ebca tempest-GroupSnapshotsTest-1298339570 tempest-GroupSnapshotsTest-1298339570-project-member] Empty body provided in request {{(pid=81788) get_body /opt/stack/cinder/cinder/api/openstack/wsgi.py:725}}
Feb 19 13:38:25 devstack devstack@c-api.service[81788]: DEBUG cinder.api.openstack.wsgi [None req-8b94cfc1-3ba0-422f-adcd-0c39c265ebca tempest-GroupSnapshotsTest-1298339570 tempest-GroupSnapshotsTest-1298339570-project-member] Calling method 'version_select' {{(pid=81788) _process_stack /opt/stack/cinder/cinder/api/openstack/wsgi.py:878}}
Feb 19 13:38:25 devstack devstack@c-api.service[81788]: INFO cinder.api.openstack.wsgi [None req-8b94cfc1-3ba0-422f-adcd-0c39c265ebca tempest-GroupSnapshotsTest-1298339570 tempest-GroupSnapshotsTest-1298339570-project-member] http://192.168.122.21/volume/v3/group_snapshots/detail returned with HTTP 200
Feb 19 13:38:25 devstack devstack@c-api.service[81788]: [pid: 81788|app: 0|req: 152/339] 192.168.122.21 () {64 vars in 1301 bytes} [Thu Feb 19 13:38:25 2026] GET /volume/v3/group_snapshots/detail => generated 311 bytes in 27 msecs (HTTP/1.1 200) 7 headers in 286 bytes (1 switches on core 0)
Feb 19 13:38:25 devstack devstack@c-api.service[81789]: DEBUG cinder.api.middleware.request_id [None req-9fd38c7a-0bd4-4a61-b98d-f4fc2a63dc94 None None] RequestId filter calling following filter/app {{(pid=81789) _context_setter /opt/stack/cinder/cinder/api/middleware/request_id.py:62}}
Feb 19 13:38:25 devstack devstack@c-api.service[81789]: INFO cinder.api.openstack.wsgi [None req-9fd38c7a-0bd4-4a61-b98d-f4fc2a63dc94 tempest-GroupSnapshotsTest-1298339570 tempest-GroupSnapshotsTest-1298339570-project-member] DELETE http://192.168.122.21/volume/v3/group_snapshots/861c103c-1a63-44d4-b3f2-4aedba365860
Feb 19 13:38:25 devstack devstack@c-api.service[81789]: DEBUG cinder.api.openstack.wsgi [None req-9fd38c7a-0bd4-4a61-b98d-f4fc2a63dc94 tempest-GroupSnapshotsTest-1298339570 tempest-GroupSnapshotsTest-1298339570-project-member] Empty body provided in request {{(pid=81789) get_body /opt/stack/cinder/cinder/api/openstack/wsgi.py:725}}
Feb 19 13:38:25 devstack devstack@c-api.service[81789]: DEBUG cinder.api.openstack.wsgi [None req-9fd38c7a-0bd4-4a61-b98d-f4fc2a63dc94 tempest-GroupSnapshotsTest-1298339570 tempest-GroupSnapshotsTest-1298339570-project-member] Calling method 'version_select' {{(pid=81789) _process_stack /opt/stack/cinder/cinder/api/openstack/wsgi.py:878}}
Feb 19 13:38:25 devstack devstack@c-api.service[81789]: DEBUG cinder.api.v3.group_snapshots [None req-9fd38c7a-0bd4-4a61-b98d-f4fc2a63dc94 tempest-GroupSnapshotsTest-1298339570 tempest-GroupSnapshotsTest-1298339570-project-member] delete called for member 861c103c-1a63-44d4-b3f2-4aedba365860 {{(pid=81789) delete /opt/stack/cinder/cinder/api/v3/group_snapshots.py:72}}
Feb 19 13:38:25 devstack devstack@c-api.service[81789]: INFO cinder.api.v3.group_snapshots [None req-9fd38c7a-0bd4-4a61-b98d-f4fc2a63dc94 tempest-GroupSnapshotsTest-1298339570 tempest-GroupSnapshotsTest-1298339570-project-member] Delete group_snapshot with id: 861c103c-1a63-44d4-b3f2-4aedba365860
Feb 19 13:38:25 devstack devstack@c-api.service[81789]: /opt/stack/data/venv/lib/python3.10/site-packages/oslo_context/context.py:101: DeprecationWarning: Policy enforcement is depending on the value of is_admin. This key is deprecated. Please update your policy file to use the standard policy values.
Feb 19 13:38:25 devstack devstack@c-api.service[81789]: warnings.warn(
Feb 19 13:38:25 devstack devstack@c-api.service[81788]: DEBUG cinder.api.middleware.request_id [None req-ec2d93f1-f7e8-4e3d-9727-8b0704c0b3e6 None None] RequestId filter calling following filter/app {{(pid=81788) _context_setter /opt/stack/cinder/cinder/api/middleware/request_id.py:62}}
Feb 19 13:38:25 devstack devstack@c-api.service[81788]: INFO cinder.api.openstack.wsgi [None req-ec2d93f1-f7e8-4e3d-9727-8b0704c0b3e6 tempest-VolumesTestJSON-53176760 tempest-VolumesTestJSON-53176760-project-member] GET http://192.168.122.21/volume/v3/volumes/9937d979-266f-422d-ad81-27814fdf4107
Feb 19 13:38:25 devstack devstack@c-api.service[81788]: DEBUG cinder.api.openstack.wsgi [None req-ec2d93f1-f7e8-4e3d-9727-8b0704c0b3e6 tempest-VolumesTestJSON-53176760 tempest-VolumesTestJSON-53176760-project-member] Empty body provided in request {{(pid=81788) get_body /opt/stack/cinder/cinder/api/openstack/wsgi.py:725}}
Feb 19 13:38:25 devstack devstack@c-api.service[81788]: DEBUG cinder.api.openstack.wsgi [None req-ec2d93f1-f7e8-4e3d-9727-8b0704c0b3e6 tempest-VolumesTestJSON-53176760 tempest-VolumesTestJSON-53176760-project-member] Calling method 'show' {{(pid=81788) _process_stack /opt/stack/cinder/cinder/api/openstack/wsgi.py:878}}
Feb 19 13:38:25 devstack devstack@c-api.service[81789]: INFO cinder.api.openstack.wsgi [None req-9fd38c7a-0bd4-4a61-b98d-f4fc2a63dc94 tempest-GroupSnapshotsTest-1298339570 tempest-GroupSnapshotsTest-1298339570-project-member] http://192.168.122.21/volume/v3/group_snapshots/861c103c-1a63-44d4-b3f2-4aedba365860 returned with HTTP 202
Feb 19 13:38:25 devstack devstack@c-api.service[81789]: [pid: 81789|app: 0|req: 188/340] 192.168.122.21 () {64 vars in 1394 bytes} [Thu Feb 19 13:38:25 2026] DELETE /volume/v3/group_snapshots/861c103c-1a63-44d4-b3f2-4aedba365860 => generated 0 bytes in 64 msecs (HTTP/1.1 202) 6 headers in 234 bytes (1 switches on core 0)
Feb 19 13:38:25 devstack devstack@c-api.service[81789]: DEBUG cinder.api.middleware.request_id [None req-1f218d5c-478f-4356-bace-523c576e0ab1 None None] RequestId filter calling following filter/app {{(pid=81789) _context_setter /opt/stack/cinder/cinder/api/middleware/request_id.py:62}}
Feb 19 13:38:25 devstack devstack@c-api.service[81789]: INFO cinder.api.openstack.wsgi [None req-1f218d5c-478f-4356-bace-523c576e0ab1 tempest-GroupSnapshotsTest-1298339570 tempest-GroupSnapshotsTest-1298339570-project-member] GET http://192.168.122.21/volume/v3/volumes/detail
Feb 19 13:38:25 devstack devstack@c-api.service[81789]: DEBUG cinder.api.openstack.wsgi [None req-1f218d5c-478f-4356-bace-523c576e0ab1 tempest-GroupSnapshotsTest-1298339570 tempest-GroupSnapshotsTest-1298339570-project-member] Empty body provided in request {{(pid=81789) get_body /opt/stack/cinder/cinder/api/openstack/wsgi.py:725}}
Feb 19 13:38:25 devstack devstack@c-api.service[81789]: DEBUG cinder.api.openstack.wsgi [None req-1f218d5c-478f-4356-bace-523c576e0ab1 tempest-GroupSnapshotsTest-1298339570 tempest-GroupSnapshotsTest-1298339570-project-member] Calling method 'detail' {{(pid=81789) _process_stack /opt/stack/cinder/cinder/api/openstack/wsgi.py:878}}
Feb 19 13:38:25 devstack devstack@c-api.service[81789]: DEBUG cinder.api.api_utils [None req-1f218d5c-478f-4356-bace-523c576e0ab1 tempest-GroupSnapshotsTest-1298339570 tempest-GroupSnapshotsTest-1298339570-project-member] Removing options '' from query. {{(pid=81789) remove_invalid_filter_options /opt/stack/cinder/cinder/api/api_utils.py:81}}
Feb 19 13:38:25 devstack devstack@c-api.service[81789]: /opt/stack/data/venv/lib/python3.10/site-packages/oslo_context/context.py:101: DeprecationWarning: Policy enforcement is depending on the value of is_admin. This key is deprecated. Please update your policy file to use the standard policy values.
Feb 19 13:38:25 devstack devstack@c-api.service[81789]: warnings.warn(
Feb 19 13:38:25 devstack devstack@c-api.service[81788]: INFO cinder.api.openstack.wsgi [None req-ec2d93f1-f7e8-4e3d-9727-8b0704c0b3e6 tempest-VolumesTestJSON-53176760 tempest-VolumesTestJSON-53176760-project-member] http://192.168.122.21/volume/v3/volumes/9937d979-266f-422d-ad81-27814fdf4107 returned with HTTP 404
Feb 19 13:38:25 devstack devstack@c-api.service[81789]: DEBUG cinder.volume.api [None req-1f218d5c-478f-4356-bace-523c576e0ab1 tempest-GroupSnapshotsTest-1298339570 tempest-GroupSnapshotsTest-1298339570-project-member] Searching by: MultiDict([('no_migration_targets', True)]). {{(pid=81789) get_all /opt/stack/cinder/cinder/volume/api.py:663}}
Feb 19 13:38:25 devstack devstack@c-api.service[81788]: [pid: 81788|app: 0|req: 153/341] 192.168.122.21 () {62 vars in 1326 bytes} [Thu Feb 19 13:38:25 2026] GET /volume/v3/volumes/9937d979-266f-422d-ad81-27814fdf4107 => generated 109 bytes in 27 msecs (HTTP/1.1 404) 7 headers in 292 bytes (1 switches on core 0)
Feb 19 13:38:25 devstack devstack@c-api.service[81788]: DEBUG cinder.api.middleware.request_id [None req-ec3ee0b3-31f4-4baf-88c6-a3b2d315c047 None None] RequestId filter calling following filter/app {{(pid=81788) _context_setter /opt/stack/cinder/cinder/api/middleware/request_id.py:62}}
Feb 19 13:38:25 devstack devstack@c-api.service[81788]: INFO cinder.api.openstack.wsgi [None req-ec3ee0b3-31f4-4baf-88c6-a3b2d315c047 tempest-VolumesTestJSON-53176760 tempest-VolumesTestJSON-53176760-project-member] DELETE http://192.168.122.21/volume/v3/volumes/c7e1f0aa-0900-45df-b05a-c182fd18292a
Feb 19 13:38:25 devstack devstack@c-api.service[81788]: DEBUG cinder.api.openstack.wsgi [None req-ec3ee0b3-31f4-4baf-88c6-a3b2d315c047 tempest-VolumesTestJSON-53176760 tempest-VolumesTestJSON-53176760-project-member] Empty body provided in request {{(pid=81788) get_body /opt/stack/cinder/cinder/api/openstack/wsgi.py:725}}
Feb 19 13:38:25 devstack devstack@c-api.service[81788]: DEBUG cinder.api.openstack.wsgi [None req-ec3ee0b3-31f4-4baf-88c6-a3b2d315c047 tempest-VolumesTestJSON-53176760 tempest-VolumesTestJSON-53176760-project-member] Calling method 'delete' {{(pid=81788) _process_stack /opt/stack/cinder/cinder/api/openstack/wsgi.py:878}}
Feb 19 13:38:25 devstack devstack@c-api.service[81788]: INFO cinder.api.v3.volumes [None req-ec3ee0b3-31f4-4baf-88c6-a3b2d315c047 tempest-VolumesTestJSON-53176760 tempest-VolumesTestJSON-53176760-project-member] Delete volume with id: c7e1f0aa-0900-45df-b05a-c182fd18292a
Feb 19 13:38:25 devstack devstack@c-api.service[81789]: INFO cinder.volume.api [None req-1f218d5c-478f-4356-bace-523c576e0ab1 tempest-GroupSnapshotsTest-1298339570 tempest-GroupSnapshotsTest-1298339570-project-member] Get all volumes completed successfully.
Feb 19 13:38:25 devstack devstack@c-api.service[81789]: WARNING stevedore.named [None req-1f218d5c-478f-4356-bace-523c576e0ab1 tempest-GroupSnapshotsTest-1298339570 tempest-GroupSnapshotsTest-1298339570-project-member] Could not load cinder.keymgr.conf_key_mgr.ConfKeyManager
Feb 19 13:38:25 devstack devstack@c-api.service[81789]: WARNING castellan.key_manager [None req-1f218d5c-478f-4356-bace-523c576e0ab1 tempest-GroupSnapshotsTest-1298339570 tempest-GroupSnapshotsTest-1298339570-project-member] Deprecation Warning : cinder.keymgr.conf_key_mgr.ConfKeyManager is not a stevedore based driver, trying to load it as a class: stevedore.exception.NoMatches: No 'castellan.drivers' driver found, looking for 'cinder.keymgr.conf_key_mgr.ConfKeyManager'
Feb 19 13:38:25 devstack devstack@c-api.service[81789]: DEBUG oslo_db.sqlalchemy.engines [None req-1f218d5c-478f-4356-bace-523c576e0ab1 tempest-GroupSnapshotsTest-1298339570 tempest-GroupSnapshotsTest-1298339570-project-member] MySQL server mode set to STRICT_TRANS_TABLES,STRICT_ALL_TABLES,NO_ZERO_IN_DATE,NO_ZERO_DATE,ERROR_FOR_DIVISION_BY_ZERO,TRADITIONAL,NO_ENGINE_SUBSTITUTION {{(pid=81789) _check_effective_sql_mode /opt/stack/data/venv/lib/python3.10/site-packages/oslo_db/sqlalchemy/engines.py:397}}
Feb 19 13:38:25 devstack devstack@c-api.service[81789]: /opt/stack/data/venv/lib/python3.10/site-packages/oslo_context/context.py:101: DeprecationWarning: Policy enforcement is depending on the value of is_admin. This key is deprecated. Please update your policy file to use the standard policy values.
Feb 19 13:38:25 devstack devstack@c-api.service[81789]: warnings.warn(
Feb 19 13:38:25 devstack devstack@c-api.service[81788]: /opt/stack/data/venv/lib/python3.10/site-packages/oslo_context/context.py:101: DeprecationWarning: Policy enforcement is depending on the value of is_admin. This key is deprecated. Please update your policy file to use the standard policy values.
Feb 19 13:38:25 devstack devstack@c-api.service[81788]: warnings.warn(
Feb 19 13:38:25 devstack devstack@c-api.service[81788]: INFO cinder.volume.api [None req-ec3ee0b3-31f4-4baf-88c6-a3b2d315c047 tempest-VolumesTestJSON-53176760 tempest-VolumesTestJSON-53176760-project-member] Volume info retrieved successfully.
Feb 19 13:38:25 devstack devstack@c-api.service[81789]: INFO cinder.api.openstack.wsgi [None req-1f218d5c-478f-4356-bace-523c576e0ab1 tempest-GroupSnapshotsTest-1298339570 tempest-GroupSnapshotsTest-1298339570-project-member] http://192.168.122.21/volume/v3/volumes/detail returned with HTTP 200
Feb 19 13:38:25 devstack devstack@c-api.service[81789]: [pid: 81789|app: 0|req: 189/342] 192.168.122.21 () {64 vars in 1277 bytes} [Thu Feb 19 13:38:25 2026] GET /volume/v3/volumes/detail => generated 925 bytes in 84 msecs (HTTP/1.1 200) 7 headers in 286 bytes (1 switches on core 0)
Feb 19 13:38:25 devstack devstack@c-api.service[81788]: INFO cinder.volume.api [None req-ec3ee0b3-31f4-4baf-88c6-a3b2d315c047 tempest-VolumesTestJSON-53176760 tempest-VolumesTestJSON-53176760-project-member] Delete volume request issued successfully.
Feb 19 13:38:25 devstack devstack@c-api.service[81788]: INFO cinder.api.openstack.wsgi [None req-ec3ee0b3-31f4-4baf-88c6-a3b2d315c047 tempest-VolumesTestJSON-53176760 tempest-VolumesTestJSON-53176760-project-member] http://192.168.122.21/volume/v3/volumes/c7e1f0aa-0900-45df-b05a-c182fd18292a returned with HTTP 202
Feb 19 13:38:25 devstack devstack@c-api.service[81788]: [pid: 81788|app: 0|req: 154/343] 192.168.122.21 () {62 vars in 1329 bytes} [Thu Feb 19 13:38:25 2026] DELETE /volume/v3/volumes/c7e1f0aa-0900-45df-b05a-c182fd18292a => generated 0 bytes in 77 msecs (HTTP/1.1 202) 6 headers in 233 bytes (1 switches on core 0)
Feb 19 13:38:25 devstack devstack@c-api.service[81789]: DEBUG cinder.api.middleware.request_id [None req-46c888eb-c3e0-4d30-849c-3e2adea1be2d None None] RequestId filter calling following filter/app {{(pid=81789) _context_setter /opt/stack/cinder/cinder/api/middleware/request_id.py:62}}
Feb 19 13:38:25 devstack devstack@c-api.service[81788]: DEBUG cinder.api.middleware.request_id [None req-a50de1dc-4271-4907-b5c6-e3460eb91d67 None None] RequestId filter calling following filter/app {{(pid=81788) _context_setter /opt/stack/cinder/cinder/api/middleware/request_id.py:62}}
Feb 19 13:38:25 devstack devstack@c-api.service[81789]: INFO cinder.api.openstack.wsgi [None req-46c888eb-c3e0-4d30-849c-3e2adea1be2d tempest-VolumesTestJSON-53176760 tempest-VolumesTestJSON-53176760-project-member] GET http://192.168.122.21/volume/v3/volumes/c7e1f0aa-0900-45df-b05a-c182fd18292a
Feb 19 13:38:25 devstack devstack@c-api.service[81789]: DEBUG cinder.api.openstack.wsgi [None req-46c888eb-c3e0-4d30-849c-3e2adea1be2d tempest-VolumesTestJSON-53176760 tempest-VolumesTestJSON-53176760-project-member] Empty body provided in request {{(pid=81789) get_body /opt/stack/cinder/cinder/api/openstack/wsgi.py:725}}
Feb 19 13:38:25 devstack devstack@c-api.service[81789]: DEBUG cinder.api.openstack.wsgi [None req-46c888eb-c3e0-4d30-849c-3e2adea1be2d tempest-VolumesTestJSON-53176760 tempest-VolumesTestJSON-53176760-project-member] Calling method 'show' {{(pid=81789) _process_stack /opt/stack/cinder/cinder/api/openstack/wsgi.py:878}}
Feb 19 13:38:25 devstack devstack@c-api.service[81788]: INFO cinder.api.openstack.wsgi [None req-a50de1dc-4271-4907-b5c6-e3460eb91d67 tempest-GroupSnapshotsTest-1298339570 tempest-GroupSnapshotsTest-1298339570-project-member] GET http://192.168.122.21/volume/v3/snapshots/detail
Feb 19 13:38:25 devstack devstack@c-api.service[81788]: DEBUG cinder.api.openstack.wsgi [None req-a50de1dc-4271-4907-b5c6-e3460eb91d67 tempest-GroupSnapshotsTest-1298339570 tempest-GroupSnapshotsTest-1298339570-project-member] Empty body provided in request {{(pid=81788) get_body /opt/stack/cinder/cinder/api/openstack/wsgi.py:725}}
Feb 19 13:38:25 devstack devstack@c-api.service[81788]: DEBUG cinder.api.openstack.wsgi [None req-a50de1dc-4271-4907-b5c6-e3460eb91d67 tempest-GroupSnapshotsTest-1298339570 tempest-GroupSnapshotsTest-1298339570-project-member] Calling method 'detail' {{(pid=81788) _process_stack /opt/stack/cinder/cinder/api/openstack/wsgi.py:878}}
Feb 19 13:38:25 devstack devstack@c-api.service[81788]: DEBUG cinder.api.api_utils [None req-a50de1dc-4271-4907-b5c6-e3460eb91d67 tempest-GroupSnapshotsTest-1298339570 tempest-GroupSnapshotsTest-1298339570-project-member] Removing options '' from query. {{(pid=81788) remove_invalid_filter_options /opt/stack/cinder/cinder/api/api_utils.py:81}}
Feb 19 13:38:25 devstack devstack@c-api.service[81788]: DEBUG cinder.db.sqlalchemy.api [None req-a50de1dc-4271-4907-b5c6-e3460eb91d67 tempest-GroupSnapshotsTest-1298339570 tempest-GroupSnapshotsTest-1298339570-project-member] Building query based on filter {{(pid=81788) _process_snaps_filters /opt/stack/cinder/cinder/db/sqlalchemy/api.py:3943}}
Feb 19 13:38:25 devstack devstack@c-api.service[81788]: INFO cinder.volume.api [None req-a50de1dc-4271-4907-b5c6-e3460eb91d67 tempest-GroupSnapshotsTest-1298339570 tempest-GroupSnapshotsTest-1298339570-project-member] Get all snapshots completed successfully.
Feb 19 13:38:25 devstack devstack@c-api.service[81788]: /opt/stack/data/venv/lib/python3.10/site-packages/oslo_context/context.py:101: DeprecationWarning: Policy enforcement is depending on the value of is_admin. This key is deprecated. Please update your policy file to use the standard policy values.
Feb 19 13:38:25 devstack devstack@c-api.service[81788]: warnings.warn(
Feb 19 13:38:25 devstack devstack@c-api.service[81788]: INFO cinder.api.openstack.wsgi [None req-a50de1dc-4271-4907-b5c6-e3460eb91d67 tempest-GroupSnapshotsTest-1298339570 tempest-GroupSnapshotsTest-1298339570-project-member] http://192.168.122.21/volume/v3/snapshots/detail returned with HTTP 200
Feb 19 13:38:25 devstack devstack@c-api.service[81788]: [pid: 81788|app: 0|req: 155/344] 192.168.122.21 () {62 vars in 1242 bytes} [Thu Feb 19 13:38:25 2026] GET /volume/v3/snapshots/detail => generated 453 bytes in 16 msecs (HTTP/1.1 200) 7 headers in 285 bytes (1 switches on core 0)
Feb 19 13:38:25 devstack devstack@c-api.service[81789]: /opt/stack/data/venv/lib/python3.10/site-packages/oslo_context/context.py:101: DeprecationWarning: Policy enforcement is depending on the value of is_admin. This key is deprecated. Please update your policy file to use the standard policy values.
Feb 19 13:38:25 devstack devstack@c-api.service[81789]: warnings.warn(
Feb 19 13:38:25 devstack devstack@c-api.service[81788]: DEBUG cinder.api.middleware.request_id [None req-71752bdc-7f52-4c03-ad8a-ea1a821aaaa0 None None] RequestId filter calling following filter/app {{(pid=81788) _context_setter /opt/stack/cinder/cinder/api/middleware/request_id.py:62}}
Feb 19 13:38:25 devstack devstack@c-api.service[81788]: INFO cinder.api.openstack.wsgi [None req-71752bdc-7f52-4c03-ad8a-ea1a821aaaa0 tempest-GroupSnapshotsTest-1298339570 tempest-GroupSnapshotsTest-1298339570-project-member] GET http://192.168.122.21/volume/v3/snapshots/ad5be391-e265-4c83-a580-a02ac2f51b5e
Feb 19 13:38:25 devstack devstack@c-api.service[81788]: DEBUG cinder.api.openstack.wsgi [None req-71752bdc-7f52-4c03-ad8a-ea1a821aaaa0 tempest-GroupSnapshotsTest-1298339570 tempest-GroupSnapshotsTest-1298339570-project-member] Empty body provided in request {{(pid=81788) get_body /opt/stack/cinder/cinder/api/openstack/wsgi.py:725}}
Feb 19 13:38:25 devstack devstack@c-api.service[81788]: DEBUG cinder.api.openstack.wsgi [None req-71752bdc-7f52-4c03-ad8a-ea1a821aaaa0 tempest-GroupSnapshotsTest-1298339570 tempest-GroupSnapshotsTest-1298339570-project-member] Calling method 'show' {{(pid=81788) _process_stack /opt/stack/cinder/cinder/api/openstack/wsgi.py:878}}
Feb 19 13:38:25 devstack devstack@c-api.service[81789]: INFO cinder.volume.api [None req-46c888eb-c3e0-4d30-849c-3e2adea1be2d tempest-VolumesTestJSON-53176760 tempest-VolumesTestJSON-53176760-project-member] Volume info retrieved successfully.
Feb 19 13:38:25 devstack devstack@c-api.service[81789]: INFO cinder.api.openstack.wsgi [None req-46c888eb-c3e0-4d30-849c-3e2adea1be2d tempest-VolumesTestJSON-53176760 tempest-VolumesTestJSON-53176760-project-member] http://192.168.122.21/volume/v3/volumes/c7e1f0aa-0900-45df-b05a-c182fd18292a returned with HTTP 200
Feb 19 13:38:25 devstack devstack@c-api.service[81789]: [pid: 81789|app: 0|req: 190/345] 192.168.122.21 () {62 vars in 1326 bytes} [Thu Feb 19 13:38:25 2026] GET /volume/v3/volumes/c7e1f0aa-0900-45df-b05a-c182fd18292a => generated 858 bytes in 45 msecs (HTTP/1.1 200) 7 headers in 285 bytes (1 switches on core 0)
Feb 19 13:38:26 devstack devstack@c-api.service[81788]: /opt/stack/data/venv/lib/python3.10/site-packages/oslo_context/context.py:101: DeprecationWarning: Policy enforcement is depending on the value of is_admin. This key is deprecated. Please update your policy file to use the standard policy values.
Feb 19 13:38:26 devstack devstack@c-api.service[81788]: warnings.warn(
Feb 19 13:38:26 devstack devstack@c-api.service[81788]: INFO cinder.volume.api [None req-71752bdc-7f52-4c03-ad8a-ea1a821aaaa0 tempest-GroupSnapshotsTest-1298339570 tempest-GroupSnapshotsTest-1298339570-project-member] Snapshot retrieved successfully.
Feb 19 13:38:26 devstack devstack@c-api.service[81788]: INFO cinder.api.openstack.wsgi [None req-71752bdc-7f52-4c03-ad8a-ea1a821aaaa0 tempest-GroupSnapshotsTest-1298339570 tempest-GroupSnapshotsTest-1298339570-project-member] http://192.168.122.21/volume/v3/snapshots/ad5be391-e265-4c83-a580-a02ac2f51b5e returned with HTTP 200
Feb 19 13:38:26 devstack devstack@c-api.service[81788]: [pid: 81788|app: 0|req: 156/346] 192.168.122.21 () {62 vars in 1332 bytes} [Thu Feb 19 13:38:25 2026] GET /volume/v3/snapshots/ad5be391-e265-4c83-a580-a02ac2f51b5e => generated 450 bytes in 36 msecs (HTTP/1.1 200) 7 headers in 285 bytes (2 switches on core 0)
Feb 19 13:38:26 devstack devstack@c-api.service[81789]: DEBUG cinder.api.middleware.request_id [None req-09aeea33-5857-4912-a976-a94e8782d41d None None] RequestId filter calling following filter/app {{(pid=81789) _context_setter /opt/stack/cinder/cinder/api/middleware/request_id.py:62}}
Feb 19 13:38:26 devstack devstack@c-api.service[81789]: INFO cinder.api.openstack.wsgi [None req-09aeea33-5857-4912-a976-a94e8782d41d tempest-GroupSnapshotsV319Test-124949539 tempest-GroupSnapshotsV319Test-124949539-project-member] GET http://192.168.122.21/volume/v3/volumes/4bc9a236-9cbc-4589-8f6d-678c3143adec
Feb 19 13:38:26 devstack devstack@c-api.service[81789]: DEBUG cinder.api.openstack.wsgi [None req-09aeea33-5857-4912-a976-a94e8782d41d tempest-GroupSnapshotsV319Test-124949539 tempest-GroupSnapshotsV319Test-124949539-project-member] Empty body provided in request {{(pid=81789) get_body /opt/stack/cinder/cinder/api/openstack/wsgi.py:725}}
Feb 19 13:38:26 devstack devstack@c-api.service[81789]: DEBUG cinder.api.openstack.wsgi [None req-09aeea33-5857-4912-a976-a94e8782d41d tempest-GroupSnapshotsV319Test-124949539 tempest-GroupSnapshotsV319Test-124949539-project-member] Calling method 'show' {{(pid=81789) _process_stack /opt/stack/cinder/cinder/api/openstack/wsgi.py:878}}
Feb 19 13:38:26 devstack devstack@c-api.service[81789]: /opt/stack/data/venv/lib/python3.10/site-packages/oslo_context/context.py:101: DeprecationWarning: Policy enforcement is depending on the value of is_admin. This key is deprecated. Please update your policy file to use the standard policy values.
Feb 19 13:38:26 devstack devstack@c-api.service[81789]: warnings.warn(
Feb 19 13:38:26 devstack devstack@c-api.service[81789]: INFO cinder.volume.api [None req-09aeea33-5857-4912-a976-a94e8782d41d tempest-GroupSnapshotsV319Test-124949539 tempest-GroupSnapshotsV319Test-124949539-project-member] Volume info retrieved successfully.
Feb 19 13:38:26 devstack devstack@c-api.service[81789]: WARNING stevedore.named [None req-09aeea33-5857-4912-a976-a94e8782d41d tempest-GroupSnapshotsV319Test-124949539 tempest-GroupSnapshotsV319Test-124949539-project-member] Could not load cinder.keymgr.conf_key_mgr.ConfKeyManager
Feb 19 13:38:26 devstack devstack@c-api.service[81789]: WARNING castellan.key_manager [None req-09aeea33-5857-4912-a976-a94e8782d41d tempest-GroupSnapshotsV319Test-124949539 tempest-GroupSnapshotsV319Test-124949539-project-member] Deprecation Warning : cinder.keymgr.conf_key_mgr.ConfKeyManager is not a stevedore based driver, trying to load it as a class: stevedore.exception.NoMatches: No 'castellan.drivers' driver found, looking for 'cinder.keymgr.conf_key_mgr.ConfKeyManager'
Feb 19 13:38:26 devstack devstack@c-api.service[81789]: DEBUG oslo_db.sqlalchemy.engines [None req-09aeea33-5857-4912-a976-a94e8782d41d tempest-GroupSnapshotsV319Test-124949539 tempest-GroupSnapshotsV319Test-124949539-project-member] MySQL server mode set to STRICT_TRANS_TABLES,STRICT_ALL_TABLES,NO_ZERO_IN_DATE,NO_ZERO_DATE,ERROR_FOR_DIVISION_BY_ZERO,TRADITIONAL,NO_ENGINE_SUBSTITUTION {{(pid=81789) _check_effective_sql_mode /opt/stack/data/venv/lib/python3.10/site-packages/oslo_db/sqlalchemy/engines.py:397}}
Feb 19 13:38:26 devstack devstack@c-api.service[81789]: /opt/stack/data/venv/lib/python3.10/site-packages/oslo_context/context.py:101: DeprecationWarning: Policy enforcement is depending on the value of is_admin. This key is deprecated. Please update your policy file to use the standard policy values.
Feb 19 13:38:26 devstack devstack@c-api.service[81789]: warnings.warn(
Feb 19 13:38:26 devstack devstack@c-api.service[81789]: INFO cinder.api.openstack.wsgi [None req-09aeea33-5857-4912-a976-a94e8782d41d tempest-GroupSnapshotsV319Test-124949539 tempest-GroupSnapshotsV319Test-124949539-project-member] http://192.168.122.21/volume/v3/volumes/4bc9a236-9cbc-4589-8f6d-678c3143adec returned with HTTP 200
Feb 19 13:38:26 devstack devstack@c-api.service[81789]: [pid: 81789|app: 0|req: 191/347] 192.168.122.21 () {64 vars in 1367 bytes} [Thu Feb 19 13:38:26 2026] GET /volume/v3/volumes/4bc9a236-9cbc-4589-8f6d-678c3143adec => generated 924 bytes in 75 msecs (HTTP/1.1 200) 7 headers in 286 bytes (1 switches on core 0)
Feb 19 13:38:27 devstack devstack@c-api.service[81788]: DEBUG cinder.api.middleware.request_id [None req-d89c071a-a88a-426e-a9fa-443a32d32a59 None None] RequestId filter calling following filter/app {{(pid=81788) _context_setter /opt/stack/cinder/cinder/api/middleware/request_id.py:62}}
Feb 19 13:38:27 devstack devstack@c-api.service[81788]: INFO cinder.api.openstack.wsgi [None req-d89c071a-a88a-426e-a9fa-443a32d32a59 tempest-VolumesTestJSON-53176760 tempest-VolumesTestJSON-53176760-project-member] GET http://192.168.122.21/volume/v3/volumes/c7e1f0aa-0900-45df-b05a-c182fd18292a
Feb 19 13:38:27 devstack devstack@c-api.service[81788]: DEBUG cinder.api.openstack.wsgi [None req-d89c071a-a88a-426e-a9fa-443a32d32a59 tempest-VolumesTestJSON-53176760 tempest-VolumesTestJSON-53176760-project-member] Empty body provided in request {{(pid=81788) get_body /opt/stack/cinder/cinder/api/openstack/wsgi.py:725}}
Feb 19 13:38:27 devstack devstack@c-api.service[81788]: DEBUG cinder.api.openstack.wsgi [None req-d89c071a-a88a-426e-a9fa-443a32d32a59 tempest-VolumesTestJSON-53176760 tempest-VolumesTestJSON-53176760-project-member] Calling method 'show' {{(pid=81788) _process_stack /opt/stack/cinder/cinder/api/openstack/wsgi.py:878}}
Feb 19 13:38:27 devstack devstack@c-api.service[81789]: DEBUG cinder.api.middleware.request_id [None req-4a620a35-0345-4087-bdab-e1c4ea81621b None None] RequestId filter calling following filter/app {{(pid=81789) _context_setter /opt/stack/cinder/cinder/api/middleware/request_id.py:62}}
Feb 19 13:38:27 devstack devstack@c-api.service[81789]: INFO cinder.api.openstack.wsgi [None req-4a620a35-0345-4087-bdab-e1c4ea81621b tempest-GroupSnapshotsTest-1298339570 tempest-GroupSnapshotsTest-1298339570-project-member] GET http://192.168.122.21/volume/v3/snapshots/ad5be391-e265-4c83-a580-a02ac2f51b5e
Feb 19 13:38:27 devstack devstack@c-api.service[81789]: DEBUG cinder.api.openstack.wsgi [None req-4a620a35-0345-4087-bdab-e1c4ea81621b tempest-GroupSnapshotsTest-1298339570 tempest-GroupSnapshotsTest-1298339570-project-member] Empty body provided in request {{(pid=81789) get_body /opt/stack/cinder/cinder/api/openstack/wsgi.py:725}}
Feb 19 13:38:27 devstack devstack@c-api.service[81789]: DEBUG cinder.api.openstack.wsgi [None req-4a620a35-0345-4087-bdab-e1c4ea81621b tempest-GroupSnapshotsTest-1298339570 tempest-GroupSnapshotsTest-1298339570-project-member] Calling method 'show' {{(pid=81789) _process_stack /opt/stack/cinder/cinder/api/openstack/wsgi.py:878}}
Feb 19 13:38:27 devstack devstack@c-api.service[81789]: /opt/stack/data/venv/lib/python3.10/site-packages/oslo_context/context.py:101: DeprecationWarning: Policy enforcement is depending on the value of is_admin. This key is deprecated. Please update your policy file to use the standard policy values.
Feb 19 13:38:27 devstack devstack@c-api.service[81789]: warnings.warn(
Feb 19 13:38:27 devstack devstack@c-api.service[81789]: INFO cinder.volume.api [None req-4a620a35-0345-4087-bdab-e1c4ea81621b tempest-GroupSnapshotsTest-1298339570 tempest-GroupSnapshotsTest-1298339570-project-member] Snapshot retrieved successfully.
Feb 19 13:38:27 devstack devstack@c-api.service[81789]: INFO cinder.api.openstack.wsgi [None req-4a620a35-0345-4087-bdab-e1c4ea81621b tempest-GroupSnapshotsTest-1298339570 tempest-GroupSnapshotsTest-1298339570-project-member] http://192.168.122.21/volume/v3/snapshots/ad5be391-e265-4c83-a580-a02ac2f51b5e returned with HTTP 200
Feb 19 13:38:27 devstack devstack@c-api.service[81789]: [pid: 81789|app: 0|req: 192/348] 192.168.122.21 () {62 vars in 1332 bytes} [Thu Feb 19 13:38:27 2026] GET /volume/v3/snapshots/ad5be391-e265-4c83-a580-a02ac2f51b5e => generated 450 bytes in 21 msecs (HTTP/1.1 200) 7 headers in 285 bytes (1 switches on core 0)
Feb 19 13:38:27 devstack devstack@c-api.service[81788]: /opt/stack/data/venv/lib/python3.10/site-packages/oslo_context/context.py:101: DeprecationWarning: Policy enforcement is depending on the value of is_admin. This key is deprecated. Please update your policy file to use the standard policy values.
Feb 19 13:38:27 devstack devstack@c-api.service[81788]: warnings.warn(
Feb 19 13:38:27 devstack devstack@c-api.service[81788]: INFO cinder.volume.api [None req-d89c071a-a88a-426e-a9fa-443a32d32a59 tempest-VolumesTestJSON-53176760 tempest-VolumesTestJSON-53176760-project-member] Volume info retrieved successfully.
Feb 19 13:38:27 devstack devstack@c-api.service[81788]: INFO cinder.api.openstack.wsgi [None req-d89c071a-a88a-426e-a9fa-443a32d32a59 tempest-VolumesTestJSON-53176760 tempest-VolumesTestJSON-53176760-project-member] http://192.168.122.21/volume/v3/volumes/c7e1f0aa-0900-45df-b05a-c182fd18292a returned with HTTP 200
Feb 19 13:38:27 devstack devstack@c-api.service[81788]: [pid: 81788|app: 0|req: 157/349] 192.168.122.21 () {62 vars in 1326 bytes} [Thu Feb 19 13:38:27 2026] GET /volume/v3/volumes/c7e1f0aa-0900-45df-b05a-c182fd18292a => generated 858 bytes in 81 msecs (HTTP/1.1 200) 7 headers in 285 bytes (1 switches on core 0)
Feb 19 13:38:27 devstack devstack@c-api.service[81789]: DEBUG cinder.api.middleware.request_id [None req-b94111e7-c021-410e-816e-98f4f1229147 None None] RequestId filter calling following filter/app {{(pid=81789) _context_setter /opt/stack/cinder/cinder/api/middleware/request_id.py:62}}
Feb 19 13:38:27 devstack devstack@c-api.service[81789]: INFO cinder.api.openstack.wsgi [None req-b94111e7-c021-410e-816e-98f4f1229147 tempest-GroupSnapshotsV319Test-124949539 tempest-GroupSnapshotsV319Test-124949539-project-member] GET http://192.168.122.21/volume/v3/volumes/4bc9a236-9cbc-4589-8f6d-678c3143adec
Feb 19 13:38:27 devstack devstack@c-api.service[81789]: DEBUG cinder.api.openstack.wsgi [None req-b94111e7-c021-410e-816e-98f4f1229147 tempest-GroupSnapshotsV319Test-124949539 tempest-GroupSnapshotsV319Test-124949539-project-member] Empty body provided in request {{(pid=81789) get_body /opt/stack/cinder/cinder/api/openstack/wsgi.py:725}}
Feb 19 13:38:27 devstack devstack@c-api.service[81789]: DEBUG cinder.api.openstack.wsgi [None req-b94111e7-c021-410e-816e-98f4f1229147 tempest-GroupSnapshotsV319Test-124949539 tempest-GroupSnapshotsV319Test-124949539-project-member] Calling method 'show' {{(pid=81789) _process_stack /opt/stack/cinder/cinder/api/openstack/wsgi.py:878}}
Feb 19 13:38:27 devstack devstack@c-api.service[81789]: /opt/stack/data/venv/lib/python3.10/site-packages/oslo_context/context.py:101: DeprecationWarning: Policy enforcement is depending on the value of is_admin. This key is deprecated. Please update your policy file to use the standard policy values.
Feb 19 13:38:27 devstack devstack@c-api.service[81789]: warnings.warn(
Feb 19 13:38:27 devstack devstack@c-api.service[81789]: INFO cinder.volume.api [None req-b94111e7-c021-410e-816e-98f4f1229147 tempest-GroupSnapshotsV319Test-124949539 tempest-GroupSnapshotsV319Test-124949539-project-member] Volume info retrieved successfully.
Feb 19 13:38:27 devstack devstack@c-api.service[81789]: WARNING stevedore.named [None req-b94111e7-c021-410e-816e-98f4f1229147 tempest-GroupSnapshotsV319Test-124949539 tempest-GroupSnapshotsV319Test-124949539-project-member] Could not load cinder.keymgr.conf_key_mgr.ConfKeyManager
Feb 19 13:38:27 devstack devstack@c-api.service[81789]: WARNING castellan.key_manager [None req-b94111e7-c021-410e-816e-98f4f1229147 tempest-GroupSnapshotsV319Test-124949539 tempest-GroupSnapshotsV319Test-124949539-project-member] Deprecation Warning : cinder.keymgr.conf_key_mgr.ConfKeyManager is not a stevedore based driver, trying to load it as a class: stevedore.exception.NoMatches: No 'castellan.drivers' driver found, looking for 'cinder.keymgr.conf_key_mgr.ConfKeyManager'
Feb 19 13:38:27 devstack devstack@c-api.service[81789]: DEBUG oslo_db.sqlalchemy.engines [None req-b94111e7-c021-410e-816e-98f4f1229147 tempest-GroupSnapshotsV319Test-124949539 tempest-GroupSnapshotsV319Test-124949539-project-member] MySQL server mode set to STRICT_TRANS_TABLES,STRICT_ALL_TABLES,NO_ZERO_IN_DATE,NO_ZERO_DATE,ERROR_FOR_DIVISION_BY_ZERO,TRADITIONAL,NO_ENGINE_SUBSTITUTION {{(pid=81789) _check_effective_sql_mode /opt/stack/data/venv/lib/python3.10/site-packages/oslo_db/sqlalchemy/engines.py:397}}
Feb 19 13:38:27 devstack devstack@c-api.service[81789]: /opt/stack/data/venv/lib/python3.10/site-packages/oslo_context/context.py:101: DeprecationWarning: Policy enforcement is depending on the value of is_admin. This key is deprecated. Please update your policy file to use the standard policy values.
Feb 19 13:38:27 devstack devstack@c-api.service[81789]: warnings.warn(
Feb 19 13:38:27 devstack devstack@c-api.service[81789]: INFO cinder.api.openstack.wsgi [None req-b94111e7-c021-410e-816e-98f4f1229147 tempest-GroupSnapshotsV319Test-124949539 tempest-GroupSnapshotsV319Test-124949539-project-member] http://192.168.122.21/volume/v3/volumes/4bc9a236-9cbc-4589-8f6d-678c3143adec returned with HTTP 200
Feb 19 13:38:27 devstack devstack@c-api.service[81789]: [pid: 81789|app: 0|req: 193/350] 192.168.122.21 () {64 vars in 1367 bytes} [Thu Feb 19 13:38:27 2026] GET /volume/v3/volumes/4bc9a236-9cbc-4589-8f6d-678c3143adec => generated 925 bytes in 61 msecs (HTTP/1.1 200) 7 headers in 286 bytes (1 switches on core 0)
Feb 19 13:38:27 devstack devstack@c-api.service[81788]: DEBUG cinder.api.middleware.request_id [None req-1c0dfc57-4d99-4644-8b00-110e3500b0c0 None None] RequestId filter calling following filter/app {{(pid=81788) _context_setter /opt/stack/cinder/cinder/api/middleware/request_id.py:62}}
Feb 19 13:38:27 devstack devstack@c-api.service[81788]: INFO cinder.api.openstack.wsgi [None req-1c0dfc57-4d99-4644-8b00-110e3500b0c0 tempest-GroupSnapshotsV319Test-124949539 tempest-GroupSnapshotsV319Test-124949539-project-member] POST http://192.168.122.21/volume/v3/group_snapshots
Feb 19 13:38:27 devstack devstack@c-api.service[81788]: DEBUG cinder.api.openstack.wsgi [None req-1c0dfc57-4d99-4644-8b00-110e3500b0c0 tempest-GroupSnapshotsV319Test-124949539 tempest-GroupSnapshotsV319Test-124949539-project-member] Action: 'create', calling method: version_select, body: {"group_snapshot": {"group_id": "c508324b-ec5b-46ad-8aec-91f167a2c8d4", "name": "tempest-GroupSnapshotsV319Test-Group_Snapshot-1984339355"}} {{(pid=81788) _process_stack /opt/stack/cinder/cinder/api/openstack/wsgi.py:876}}
Feb 19 13:38:27 devstack devstack@c-api.service[81788]: DEBUG cinder.api.v3.group_snapshots [None req-1c0dfc57-4d99-4644-8b00-110e3500b0c0 tempest-GroupSnapshotsV319Test-124949539 tempest-GroupSnapshotsV319Test-124949539-project-member] Creating new group_snapshot {'group_snapshot': {'group_id': 'c508324b-ec5b-46ad-8aec-91f167a2c8d4', 'name': 'tempest-GroupSnapshotsV319Test-Group_Snapshot-1984339355'}} {{(pid=81788) create /opt/stack/cinder/cinder/api/v3/group_snapshots.py:154}}
Feb 19 13:38:27 devstack devstack@c-api.service[81788]: /opt/stack/data/venv/lib/python3.10/site-packages/oslo_context/context.py:101: DeprecationWarning: Policy enforcement is depending on the value of is_admin. This key is deprecated. Please update your policy file to use the standard policy values.
Feb 19 13:38:27 devstack devstack@c-api.service[81788]: warnings.warn(
Feb 19 13:38:27 devstack devstack@c-api.service[81788]: INFO cinder.api.v3.group_snapshots [None req-1c0dfc57-4d99-4644-8b00-110e3500b0c0 tempest-GroupSnapshotsV319Test-124949539 tempest-GroupSnapshotsV319Test-124949539-project-member] Creating group_snapshot tempest-GroupSnapshotsV319Test-Group_Snapshot-1984339355.
Feb 19 13:38:27 devstack devstack@c-api.service[81788]: /opt/stack/data/venv/lib/python3.10/site-packages/oslo_context/context.py:101: DeprecationWarning: Policy enforcement is depending on the value of is_admin. This key is deprecated. Please update your policy file to use the standard policy values.
Feb 19 13:38:27 devstack devstack@c-api.service[81788]: warnings.warn(
Feb 19 13:38:27 devstack devstack@c-api.service[81788]: WARNING cinder.quota [None req-1c0dfc57-4d99-4644-8b00-110e3500b0c0 tempest-GroupSnapshotsV319Test-124949539 tempest-GroupSnapshotsV319Test-124949539-project-member] Deprecated: Default quota for resource: gigabytes_tempest-GroupSnapshotsV319Test-volume-type-662509837 is set by the default quota flag: quota_gigabytes_tempest-GroupSnapshotsV319Test-volume-type-662509837, it is now deprecated. Please use the default quota class for default quota.
Feb 19 13:38:27 devstack devstack@c-api.service[81788]: WARNING cinder.quota [None req-1c0dfc57-4d99-4644-8b00-110e3500b0c0 tempest-GroupSnapshotsV319Test-124949539 tempest-GroupSnapshotsV319Test-124949539-project-member] Deprecated: Default quota for resource: snapshots_tempest-GroupSnapshotsV319Test-volume-type-662509837 is set by the default quota flag: quota_snapshots_tempest-GroupSnapshotsV319Test-volume-type-662509837, it is now deprecated. Please use the default quota class for default quota.
Feb 19 13:38:28 devstack devstack@c-api.service[81789]: DEBUG cinder.api.middleware.request_id [None req-6b42d8af-d6f5-4941-b5c0-e0c69b0188e3 None None] RequestId filter calling following filter/app {{(pid=81789) _context_setter /opt/stack/cinder/cinder/api/middleware/request_id.py:62}}
Feb 19 13:38:28 devstack devstack@c-api.service[81789]: INFO cinder.api.openstack.wsgi [None req-6b42d8af-d6f5-4941-b5c0-e0c69b0188e3 tempest-GroupSnapshotsTest-1298339570 tempest-GroupSnapshotsTest-1298339570-project-member] GET http://192.168.122.21/volume/v3/snapshots/ad5be391-e265-4c83-a580-a02ac2f51b5e
Feb 19 13:38:28 devstack devstack@c-api.service[81789]: DEBUG cinder.api.openstack.wsgi [None req-6b42d8af-d6f5-4941-b5c0-e0c69b0188e3 tempest-GroupSnapshotsTest-1298339570 tempest-GroupSnapshotsTest-1298339570-project-member] Empty body provided in request {{(pid=81789) get_body /opt/stack/cinder/cinder/api/openstack/wsgi.py:725}}
Feb 19 13:38:28 devstack devstack@c-api.service[81789]: DEBUG cinder.api.openstack.wsgi [None req-6b42d8af-d6f5-4941-b5c0-e0c69b0188e3 tempest-GroupSnapshotsTest-1298339570 tempest-GroupSnapshotsTest-1298339570-project-member] Calling method 'show' {{(pid=81789) _process_stack /opt/stack/cinder/cinder/api/openstack/wsgi.py:878}}
Feb 19 13:38:28 devstack devstack@c-api.service[81789]: /opt/stack/data/venv/lib/python3.10/site-packages/oslo_context/context.py:101: DeprecationWarning: Policy enforcement is depending on the value of is_admin. This key is deprecated. Please update your policy file to use the standard policy values.
Feb 19 13:38:28 devstack devstack@c-api.service[81789]: warnings.warn(
Feb 19 13:38:28 devstack devstack@c-api.service[81789]: INFO cinder.volume.api [None req-6b42d8af-d6f5-4941-b5c0-e0c69b0188e3 tempest-GroupSnapshotsTest-1298339570 tempest-GroupSnapshotsTest-1298339570-project-member] Snapshot retrieved successfully.
Feb 19 13:38:28 devstack devstack@c-api.service[81789]: INFO cinder.api.openstack.wsgi [None req-6b42d8af-d6f5-4941-b5c0-e0c69b0188e3 tempest-GroupSnapshotsTest-1298339570 tempest-GroupSnapshotsTest-1298339570-project-member] http://192.168.122.21/volume/v3/snapshots/ad5be391-e265-4c83-a580-a02ac2f51b5e returned with HTTP 200
Feb 19 13:38:28 devstack devstack@c-api.service[81789]: [pid: 81789|app: 0|req: 194/351] 192.168.122.21 () {62 vars in 1332 bytes} [Thu Feb 19 13:38:28 2026] GET /volume/v3/snapshots/ad5be391-e265-4c83-a580-a02ac2f51b5e => generated 450 bytes in 23 msecs (HTTP/1.1 200) 7 headers in 285 bytes (1 switches on core 0)
Feb 19 13:38:28 devstack devstack@c-api.service[81789]: DEBUG cinder.api.middleware.request_id [None req-b8350b17-4518-4637-bc56-9c52d449976a None None] RequestId filter calling following filter/app {{(pid=81789) _context_setter /opt/stack/cinder/cinder/api/middleware/request_id.py:62}}
Feb 19 13:38:28 devstack devstack@c-api.service[81789]: INFO cinder.api.openstack.wsgi [None req-b8350b17-4518-4637-bc56-9c52d449976a tempest-VolumesTestJSON-53176760 tempest-VolumesTestJSON-53176760-project-member] GET http://192.168.122.21/volume/v3/volumes/c7e1f0aa-0900-45df-b05a-c182fd18292a
Feb 19 13:38:28 devstack devstack@c-api.service[81789]: DEBUG cinder.api.openstack.wsgi [None req-b8350b17-4518-4637-bc56-9c52d449976a tempest-VolumesTestJSON-53176760 tempest-VolumesTestJSON-53176760-project-member] Empty body provided in request {{(pid=81789) get_body /opt/stack/cinder/cinder/api/openstack/wsgi.py:725}}
Feb 19 13:38:28 devstack devstack@c-api.service[81789]: DEBUG cinder.api.openstack.wsgi [None req-b8350b17-4518-4637-bc56-9c52d449976a tempest-VolumesTestJSON-53176760 tempest-VolumesTestJSON-53176760-project-member] Calling method 'show' {{(pid=81789) _process_stack /opt/stack/cinder/cinder/api/openstack/wsgi.py:878}}
Feb 19 13:38:28 devstack devstack@c-api.service[81789]: INFO cinder.api.openstack.wsgi [None req-b8350b17-4518-4637-bc56-9c52d449976a tempest-VolumesTestJSON-53176760 tempest-VolumesTestJSON-53176760-project-member] http://192.168.122.21/volume/v3/volumes/c7e1f0aa-0900-45df-b05a-c182fd18292a returned with HTTP 404
Feb 19 13:38:28 devstack devstack@c-api.service[81789]: [pid: 81789|app: 0|req: 195/352] 192.168.122.21 () {62 vars in 1326 bytes} [Thu Feb 19 13:38:28 2026] GET /volume/v3/volumes/c7e1f0aa-0900-45df-b05a-c182fd18292a => generated 109 bytes in 19 msecs (HTTP/1.1 404) 7 headers in 292 bytes (1 switches on core 0)
