Feb 19 13:37:46 devstack cinder-volume[81985]: DEBUG oslo_concurrency.processutils [None req-1bdf60c4-5e00-4249-908b-08ce71de1229 tempest-GroupSnapshotsTest-1298339570 None] Running cmd (subprocess): sudo cinder-rootwrap /etc/cinder/rootwrap.conf qemu-img create -f qcow2 -o preallocation=metadata /opt/stack/data/cinder/mnt/e79b1f12abd3f0f1c3b24bab978c82cf/volume-284d7a24-9134-4053-bfc8-5270583091cc 1073741824 {{(pid=81985) execute /opt/stack/data/venv/lib/python3.10/site-packages/oslo_concurrency/processutils.py:349}}
Feb 19 13:37:46 devstack sudo[83451]: quobyte : PWD=/ ; USER=root ; COMMAND=/opt/stack/data/venv/bin/cinder-rootwrap /etc/cinder/rootwrap.conf qemu-img create -f qcow2 -o preallocation=metadata /opt/stack/data/cinder/mnt/e79b1f12abd3f0f1c3b24bab978c82cf/volume-284d7a24-9134-4053-bfc8-5270583091cc 1073741824
Feb 19 13:37:46 devstack sudo[83451]: pam_unix(sudo:session): session opened for user root(uid=0) by (uid=1000)
Feb 19 13:37:46 devstack sudo[83451]: pam_unix(sudo:session): session closed for user root
Feb 19 13:37:46 devstack cinder-volume[81985]: DEBUG oslo_concurrency.processutils [None req-1bdf60c4-5e00-4249-908b-08ce71de1229 tempest-GroupSnapshotsTest-1298339570 None] CMD "sudo cinder-rootwrap /etc/cinder/rootwrap.conf qemu-img create -f qcow2 -o preallocation=metadata /opt/stack/data/cinder/mnt/e79b1f12abd3f0f1c3b24bab978c82cf/volume-284d7a24-9134-4053-bfc8-5270583091cc 1073741824" returned: 0 in 0.757s {{(pid=81985) execute /opt/stack/data/venv/lib/python3.10/site-packages/oslo_concurrency/processutils.py:372}}
Feb 19 13:37:46 devstack cinder-volume[81985]: DEBUG oslo_concurrency.processutils [None req-1bdf60c4-5e00-4249-908b-08ce71de1229 tempest-GroupSnapshotsTest-1298339570 None] Running cmd (subprocess): sudo cinder-rootwrap /etc/cinder/rootwrap.conf chmod ugo+rw /opt/stack/data/cinder/mnt/e79b1f12abd3f0f1c3b24bab978c82cf/volume-284d7a24-9134-4053-bfc8-5270583091cc {{(pid=81985) execute /opt/stack/data/venv/lib/python3.10/site-packages/oslo_concurrency/processutils.py:349}}
Feb 19 13:37:46 devstack sudo[83462]: quobyte : PWD=/ ; USER=root ; COMMAND=/opt/stack/data/venv/bin/cinder-rootwrap /etc/cinder/rootwrap.conf chmod ugo+rw /opt/stack/data/cinder/mnt/e79b1f12abd3f0f1c3b24bab978c82cf/volume-284d7a24-9134-4053-bfc8-5270583091cc
Feb 19 13:37:46 devstack sudo[83462]: pam_unix(sudo:session): session opened for user root(uid=0) by (uid=1000)
Feb 19 13:37:47 devstack sudo[83462]: pam_unix(sudo:session): session closed for user root
Feb 19 13:37:47 devstack cinder-volume[81985]: DEBUG oslo_concurrency.processutils [None req-1bdf60c4-5e00-4249-908b-08ce71de1229 tempest-GroupSnapshotsTest-1298339570 None] CMD "sudo cinder-rootwrap /etc/cinder/rootwrap.conf chmod ugo+rw /opt/stack/data/cinder/mnt/e79b1f12abd3f0f1c3b24bab978c82cf/volume-284d7a24-9134-4053-bfc8-5270583091cc" returned: 0 in 0.558s {{(pid=81985) execute /opt/stack/data/venv/lib/python3.10/site-packages/oslo_concurrency/processutils.py:372}}
Feb 19 13:37:47 devstack cinder-volume[81985]: DEBUG cinder.volume.drivers.quobyte [None req-1bdf60c4-5e00-4249-908b-08ce71de1229 tempest-GroupSnapshotsTest-1298339570 None] <== create_volume: return (1355ms) {'provider_location': 'osci02.corp.quobyte.com/cinder-vol-1d066b4a-233e-485d-88db-17d46dead3f9'} {{(pid=81985) trace_logging_wrapper /opt/stack/cinder/cinder/volume/volume_utils.py:1523}}
Feb 19 13:37:47 devstack cinder-volume[81985]: DEBUG oslo_concurrency.lockutils [None req-1bdf60c4-5e00-4249-908b-08ce71de1229 tempest-GroupSnapshotsTest-1298339570 None] Lock "quobyte" "released" by "cinder.volume.drivers.quobyte.QuobyteDriver.create_volume" :: held 1.357s {{(pid=81985) inner /opt/stack/data/venv/lib/python3.10/site-packages/oslo_concurrency/lockutils.py:424}}
Feb 19 13:37:47 devstack cinder-volume[81985]: DEBUG cinder.volume.manager [None req-1bdf60c4-5e00-4249-908b-08ce71de1229 tempest-GroupSnapshotsTest-1298339570 None] Task 'cinder.volume.flows.manager.create_volume.CreateVolumeFromSpecTask;volume:create' (7d3789da-6b0d-496a-a54c-204c8a3f9895) transitioned into state 'SUCCESS' from state 'RUNNING' with result '{'status': 'creating', 'volume_name': 'volume-284d7a24-9134-4053-bfc8-5270583091cc', 'volume_size': 1}' {{(pid=81985) _task_receiver /opt/stack/data/venv/lib/python3.10/site-packages/taskflow/listeners/logging.py:182}}
Feb 19 13:37:47 devstack cinder-volume[81985]: DEBUG cinder.volume.manager [None req-1bdf60c4-5e00-4249-908b-08ce71de1229 tempest-GroupSnapshotsTest-1298339570 None] Task 'cinder.volume.flows.manager.create_volume.CreateVolumeOnFinishTask;volume:create, create.end' (a74c2445-ebb8-4e5e-af4a-eb8eb1d8718e) transitioned into state 'RUNNING' from state 'PENDING' {{(pid=81985) _task_receiver /opt/stack/data/venv/lib/python3.10/site-packages/taskflow/listeners/logging.py:194}}
Feb 19 13:37:47 devstack cinder-volume[81985]: INFO cinder.volume.flows.manager.create_volume [None req-1bdf60c4-5e00-4249-908b-08ce71de1229 tempest-GroupSnapshotsTest-1298339570 None] Volume volume-284d7a24-9134-4053-bfc8-5270583091cc (284d7a24-9134-4053-bfc8-5270583091cc): created successfully
Feb 19 13:37:47 devstack cinder-volume[81985]: DEBUG cinder.volume.manager [None req-1bdf60c4-5e00-4249-908b-08ce71de1229 tempest-GroupSnapshotsTest-1298339570 None] Task 'cinder.volume.flows.manager.create_volume.CreateVolumeOnFinishTask;volume:create, create.end' (a74c2445-ebb8-4e5e-af4a-eb8eb1d8718e) transitioned into state 'SUCCESS' from state 'RUNNING' with result 'None' {{(pid=81985) _task_receiver /opt/stack/data/venv/lib/python3.10/site-packages/taskflow/listeners/logging.py:182}}
Feb 19 13:37:47 devstack cinder-volume[81985]: DEBUG cinder.volume.manager [None req-1bdf60c4-5e00-4249-908b-08ce71de1229 tempest-GroupSnapshotsTest-1298339570 None] Flow 'volume_create_manager' (cb5d184d-5bcf-4f5e-aabe-7f47afa259f8) transitioned into state 'SUCCESS' from state 'RUNNING' {{(pid=81985) _flow_receiver /opt/stack/data/venv/lib/python3.10/site-packages/taskflow/listeners/logging.py:145}}
Feb 19 13:37:47 devstack cinder-volume[81985]: INFO cinder.volume.manager [None req-1bdf60c4-5e00-4249-908b-08ce71de1229 tempest-GroupSnapshotsTest-1298339570 None] Created volume successfully.
Feb 19 13:37:48 devstack cinder-volume[81985]: INFO cinder.volume.manager [None req-ec23f419-5c3e-42be-ae33-90683fef1d37 tempest-GroupSnapshotsTest-1298339570 None] Update group completed successfully.
Feb 19 13:37:49 devstack cinder-volume[81985]: INFO cinder.volume.manager [None req-f9a8c378-91de-4eeb-bc50-e3ee3ffe12b6 tempest-GroupSnapshotsTest-1298339570 None] Update group completed successfully.
Feb 19 13:37:50 devstack cinder-volume[81985]: INFO cinder.volume.manager [None req-de28e38f-af11-4612-b93b-be515bf5a32a tempest-GroupSnapshotsTest-1298339570 None] Update group completed successfully.
Feb 19 13:37:51 devstack cinder-volume[81985]: DEBUG dbcounter [-] [81985] Writing DB stats cinder:SELECT=74,cinder:UPDATE=82,cinder:DELETE=4,cinder:INSERT=15 {{(pid=81985) stat_writer /opt/stack/data/venv/lib/python3.10/site-packages/dbcounter.py:115}}
Feb 19 13:37:51 devstack cinder-volume[81985]: INFO cinder.volume.manager [None req-ccfb3325-b4d4-4425-9fb5-fff6dd7e59be tempest-GroupSnapshotsTest-1298339570 None] Update group completed successfully.
Feb 19 13:37:53 devstack cinder-volume[81985]: INFO cinder.volume.manager [None req-84979bb6-1630-45e4-847b-64afe22f3d95 tempest-GroupSnapshotsTest-1298339570 None] GroupSnapshot 5253d657-5099-4ef6-af53-41196cd97d3a: creating.
Feb 19 13:37:53 devstack cinder-volume[81985]: DEBUG cinder.volume.manager [None req-84979bb6-1630-45e4-847b-64afe22f3d95 tempest-GroupSnapshotsTest-1298339570 None] Group snapshot 5253d657-5099-4ef6-af53-41196cd97d3a: creating. {{(pid=81985) create_group_snapshot /opt/stack/cinder/cinder/volume/manager.py:4175}}
Feb 19 13:37:53 devstack cinder-volume[81985]: DEBUG oslo_concurrency.lockutils [None req-84979bb6-1630-45e4-847b-64afe22f3d95 tempest-GroupSnapshotsTest-1298339570 None] Acquiring lock "quobyte" by "cinder.volume.drivers.quobyte.QuobyteDriver.create_snapshot" {{(pid=81985) inner /opt/stack/data/venv/lib/python3.10/site-packages/oslo_concurrency/lockutils.py:405}}
Feb 19 13:37:53 devstack cinder-volume[81985]: DEBUG oslo_concurrency.lockutils [None req-84979bb6-1630-45e4-847b-64afe22f3d95 tempest-GroupSnapshotsTest-1298339570 None] Lock "quobyte" acquired by "cinder.volume.drivers.quobyte.QuobyteDriver.create_snapshot" :: waited 0.001s {{(pid=81985) inner /opt/stack/data/venv/lib/python3.10/site-packages/oslo_concurrency/lockutils.py:410}}
Feb 19 13:37:53 devstack cinder-volume[81985]: DEBUG cinder.volume.drivers.remotefs [None req-84979bb6-1630-45e4-847b-64afe22f3d95 tempest-GroupSnapshotsTest-1298339570 None] Creating offline snapshot ba1b1382-7655-4d1a-aea6-dd77f12edfb6 of volume 1f14f77a-f544-4520-ba2b-29707a2da71a {{(pid=81985) _create_snapshot /opt/stack/cinder/cinder/volume/drivers/remotefs.py:1815}}
Feb 19 13:37:53 devstack cinder-volume[81985]: DEBUG oslo.privsep.daemon [-] privsep: reply[976589de-163c-4dab-b495-e23f99f4f1ad]: (4, 'qcow2') {{(pid=82798) _call_back /opt/stack/data/venv/lib/python3.10/site-packages/oslo_privsep/daemon.py:515}}
Feb 19 13:37:53 devstack cinder-volume[81985]: DEBUG oslo_concurrency.processutils [None req-84979bb6-1630-45e4-847b-64afe22f3d95 tempest-GroupSnapshotsTest-1298339570 None] Running cmd (subprocess): /opt/stack/data/venv/bin/python3.10 -m oslo_concurrency.prlimit --as=1073741824 --cpu=60 -- sudo cinder-rootwrap /etc/cinder/rootwrap.conf env LC_ALL=C qemu-img info -f qcow2 --output=json --force-share /opt/stack/data/cinder/mnt/e79b1f12abd3f0f1c3b24bab978c82cf/volume-1f14f77a-f544-4520-ba2b-29707a2da71a {{(pid=81985) execute /opt/stack/data/venv/lib/python3.10/site-packages/oslo_concurrency/processutils.py:349}}
Feb 19 13:37:53 devstack sudo[83503]: quobyte : PWD=/ ; USER=root ; COMMAND=/opt/stack/data/venv/bin/cinder-rootwrap /etc/cinder/rootwrap.conf env LC_ALL=C qemu-img info -f qcow2 --output=json --force-share /opt/stack/data/cinder/mnt/e79b1f12abd3f0f1c3b24bab978c82cf/volume-1f14f77a-f544-4520-ba2b-29707a2da71a
Feb 19 13:37:53 devstack sudo[83503]: pam_unix(sudo:session): session opened for user root(uid=0) by (uid=1000)
Feb 19 13:37:54 devstack sudo[83503]: pam_unix(sudo:session): session closed for user root
Feb 19 13:37:54 devstack cinder-volume[81985]: DEBUG oslo_concurrency.processutils [None req-84979bb6-1630-45e4-847b-64afe22f3d95 tempest-GroupSnapshotsTest-1298339570 None] CMD "/opt/stack/data/venv/bin/python3.10 -m oslo_concurrency.prlimit --as=1073741824 --cpu=60 -- sudo cinder-rootwrap /etc/cinder/rootwrap.conf env LC_ALL=C qemu-img info -f qcow2 --output=json --force-share /opt/stack/data/cinder/mnt/e79b1f12abd3f0f1c3b24bab978c82cf/volume-1f14f77a-f544-4520-ba2b-29707a2da71a" returned: 0 in 1.029s {{(pid=81985) execute /opt/stack/data/venv/lib/python3.10/site-packages/oslo_concurrency/processutils.py:372}}
Feb 19 13:37:54 devstack cinder-volume[81985]: DEBUG oslo_concurrency.processutils [None req-84979bb6-1630-45e4-847b-64afe22f3d95 tempest-GroupSnapshotsTest-1298339570 None] Running cmd (subprocess): sudo cinder-rootwrap /etc/cinder/rootwrap.conf qemu-img create -f qcow2 -o backing_file=/opt/stack/data/cinder/mnt/e79b1f12abd3f0f1c3b24bab978c82cf/volume-1f14f77a-f544-4520-ba2b-29707a2da71a,backing_fmt=qcow2 /opt/stack/data/cinder/mnt/e79b1f12abd3f0f1c3b24bab978c82cf/volume-1f14f77a-f544-4520-ba2b-29707a2da71a.ba1b1382-7655-4d1a-aea6-dd77f12edfb6 1G {{(pid=81985) execute /opt/stack/data/venv/lib/python3.10/site-packages/oslo_concurrency/processutils.py:349}}
Feb 19 13:37:54 devstack sudo[83508]: quobyte : PWD=/ ; USER=root ; COMMAND=/opt/stack/data/venv/bin/cinder-rootwrap /etc/cinder/rootwrap.conf qemu-img create -f qcow2 -o backing_file=/opt/stack/data/cinder/mnt/e79b1f12abd3f0f1c3b24bab978c82cf/volume-1f14f77a-f544-4520-ba2b-29707a2da71a,backing_fmt=qcow2 /opt/stack/data/cinder/mnt/e79b1f12abd3f0f1c3b24bab978c82cf/volume-1f14f77a-f544-4520-ba2b-29707a2da71a.ba1b1382-7655-4d1a-aea6-dd77f12edfb6 1G
Feb 19 13:37:54 devstack sudo[83508]: pam_unix(sudo:session): session opened for user root(uid=0) by (uid=1000)
Feb 19 13:37:56 devstack sudo[83508]: pam_unix(sudo:session): session closed for user root
Feb 19 13:37:56 devstack cinder-volume[81985]: DEBUG oslo_concurrency.processutils [None req-84979bb6-1630-45e4-847b-64afe22f3d95 tempest-GroupSnapshotsTest-1298339570 None] CMD "sudo cinder-rootwrap /etc/cinder/rootwrap.conf qemu-img create -f qcow2 -o backing_file=/opt/stack/data/cinder/mnt/e79b1f12abd3f0f1c3b24bab978c82cf/volume-1f14f77a-f544-4520-ba2b-29707a2da71a,backing_fmt=qcow2 /opt/stack/data/cinder/mnt/e79b1f12abd3f0f1c3b24bab978c82cf/volume-1f14f77a-f544-4520-ba2b-29707a2da71a.ba1b1382-7655-4d1a-aea6-dd77f12edfb6 1G" returned: 0 in 1.591s {{(pid=81985) execute /opt/stack/data/venv/lib/python3.10/site-packages/oslo_concurrency/processutils.py:372}}
Feb 19 13:37:56 devstack cinder-volume[81985]: DEBUG oslo_concurrency.processutils [None req-84979bb6-1630-45e4-847b-64afe22f3d95 tempest-GroupSnapshotsTest-1298339570 None] Running cmd (subprocess): sudo cinder-rootwrap /etc/cinder/rootwrap.conf qemu-img rebase -u -b volume-1f14f77a-f544-4520-ba2b-29707a2da71a -F qcow2 /opt/stack/data/cinder/mnt/e79b1f12abd3f0f1c3b24bab978c82cf/volume-1f14f77a-f544-4520-ba2b-29707a2da71a.ba1b1382-7655-4d1a-aea6-dd77f12edfb6 {{(pid=81985) execute /opt/stack/data/venv/lib/python3.10/site-packages/oslo_concurrency/processutils.py:349}}
Feb 19 13:37:56 devstack sudo[83546]: quobyte : PWD=/ ; USER=root ; COMMAND=/opt/stack/data/venv/bin/cinder-rootwrap /etc/cinder/rootwrap.conf qemu-img rebase -u -b volume-1f14f77a-f544-4520-ba2b-29707a2da71a -F qcow2 /opt/stack/data/cinder/mnt/e79b1f12abd3f0f1c3b24bab978c82cf/volume-1f14f77a-f544-4520-ba2b-29707a2da71a.ba1b1382-7655-4d1a-aea6-dd77f12edfb6
Feb 19 13:37:56 devstack sudo[83546]: pam_unix(sudo:session): session opened for user root(uid=0) by (uid=1000)
Feb 19 13:37:56 devstack cinder-volume[81985]: DEBUG cinder.volume.flows.manager.create_volume [req-e212618a-6ae7-4640-99b0-5e5574fc93a8 req-06eaef33-ac8f-45b4-b983-215104b6cd2e tempest-VolumesGetTestJSON-721892279 None] Volume reschedule parameters: True retry: {'num_attempts': 1, 'backends': ['devstack@QuobyteHD#QuobyteHD'], 'hosts': ['devstack@QuobyteHD#QuobyteHD']} {{(pid=81985) get_flow /opt/stack/cinder/cinder/volume/flows/manager/create_volume.py:1388}}
Feb 19 13:37:57 devstack cinder-volume[81985]: DEBUG cinder.volume.manager [req-e212618a-6ae7-4640-99b0-5e5574fc93a8 req-06eaef33-ac8f-45b4-b983-215104b6cd2e tempest-VolumesGetTestJSON-721892279 None] Flow 'volume_create_manager' (9c7596cc-3bca-4f74-a1c3-8a995a82620e) transitioned into state 'RUNNING' from state 'PENDING' {{(pid=81985) _flow_receiver /opt/stack/data/venv/lib/python3.10/site-packages/taskflow/listeners/logging.py:145}}
Feb 19 13:37:57 devstack cinder-volume[81985]: DEBUG cinder.volume.manager [req-e212618a-6ae7-4640-99b0-5e5574fc93a8 req-06eaef33-ac8f-45b4-b983-215104b6cd2e tempest-VolumesGetTestJSON-721892279 None] Task 'cinder.volume.flows.manager.create_volume.ExtractVolumeRefTask;volume:create' (e4f2faa9-8ef6-4b87-a76b-d10fe951a4c1) transitioned into state 'RUNNING' from state 'PENDING' {{(pid=81985) _task_receiver /opt/stack/data/venv/lib/python3.10/site-packages/taskflow/listeners/logging.py:194}}
Feb 19 13:37:57 devstack cinder-volume[81985]: DEBUG cinder.volume.manager [req-e212618a-6ae7-4640-99b0-5e5574fc93a8 req-06eaef33-ac8f-45b4-b983-215104b6cd2e tempest-VolumesGetTestJSON-721892279 None] Task 'cinder.volume.flows.manager.create_volume.ExtractVolumeRefTask;volume:create' (e4f2faa9-8ef6-4b87-a76b-d10fe951a4c1) transitioned into state 'SUCCESS' from state 'RUNNING' with result 'Volume(_name_id=None,admin_metadata=,attach_status='detached',availability_zone='nova',bootable=False,cluster=,cluster_name=None,consistencygroup=,consistencygroup_id=None,created_at=2026-02-19T12:37:57Z,deleted=False,deleted_at=None,display_description=None,display_name='tempest-VolumesGetTestJSON-Volume-2021565843',ec2_id=None,encryption_key_id=None,glance_metadata=,group=,group_id=None,host='devstack@QuobyteHD#QuobyteHD',id=58981791-7c70-4bc7-b3f1-fa492ae3f941,launched_at=None,metadata={Type='work'},migration_status=None,multiattach=False,previous_status=None,project_id='3c720a5d64654541ab21ee0bfcde279d',provider_auth=None,provider_geometry=None,provider_id=None,provider_location=None,replication_driver_data=None,replication_extended_status=None,replication_status=None,scheduled_at=2026-02-19T12:37:57Z,service_uuid=None,shared_targets=True,size=1,snapshot_id=None,snapshots=,source_volid=None,status='creating',terminated_at=None,updated_at=2026-02-19T12:37:57Z,use_quota=True,user_id='0b041e63d39a453a81fc9ebd9b36edcc',volume_attachment=VolumeAttachmentList,volume_type=VolumeType(d4ddb934-b595-4761-afa1-8804663d5470),volume_type_id=d4ddb934-b595-4761-afa1-8804663d5470)' {{(pid=81985) _task_receiver /opt/stack/data/venv/lib/python3.10/site-packages/taskflow/listeners/logging.py:182}}
Feb 19 13:37:57 devstack cinder-volume[81985]: DEBUG cinder.volume.manager [req-e212618a-6ae7-4640-99b0-5e5574fc93a8 req-06eaef33-ac8f-45b4-b983-215104b6cd2e tempest-VolumesGetTestJSON-721892279 None] Task 'cinder.volume.flows.manager.create_volume.OnFailureRescheduleTask;volume:create' (3b6dee2a-2c5b-486e-9c8c-b2671e17e3da) transitioned into state 'RUNNING' from state 'PENDING' {{(pid=81985) _task_receiver /opt/stack/data/venv/lib/python3.10/site-packages/taskflow/listeners/logging.py:194}}
Feb 19 13:37:57 devstack cinder-volume[81985]: DEBUG cinder.volume.manager [req-e212618a-6ae7-4640-99b0-5e5574fc93a8 req-06eaef33-ac8f-45b4-b983-215104b6cd2e tempest-VolumesGetTestJSON-721892279 None] Task 'cinder.volume.flows.manager.create_volume.OnFailureRescheduleTask;volume:create' (3b6dee2a-2c5b-486e-9c8c-b2671e17e3da) transitioned into state 'SUCCESS' from state 'RUNNING' with result 'None' {{(pid=81985) _task_receiver /opt/stack/data/venv/lib/python3.10/site-packages/taskflow/listeners/logging.py:182}}
Feb 19 13:37:57 devstack cinder-volume[81985]: DEBUG cinder.volume.manager [req-e212618a-6ae7-4640-99b0-5e5574fc93a8 req-06eaef33-ac8f-45b4-b983-215104b6cd2e tempest-VolumesGetTestJSON-721892279 None] Task 'cinder.volume.flows.manager.create_volume.ExtractVolumeSpecTask;volume:create' (ef9ea02d-50ee-4e10-8e5f-7b3589a5e59e) transitioned into state 'RUNNING' from state 'PENDING' {{(pid=81985) _task_receiver /opt/stack/data/venv/lib/python3.10/site-packages/taskflow/listeners/logging.py:194}}
Feb 19 13:37:57 devstack cinder-volume[81985]: DEBUG cinder.volume.manager [req-e212618a-6ae7-4640-99b0-5e5574fc93a8 req-06eaef33-ac8f-45b4-b983-215104b6cd2e tempest-VolumesGetTestJSON-721892279 None] Task 'cinder.volume.flows.manager.create_volume.ExtractVolumeSpecTask;volume:create' (ef9ea02d-50ee-4e10-8e5f-7b3589a5e59e) transitioned into state 'SUCCESS' from state 'RUNNING' with result '{'status': 'creating', 'type': 'raw', 'volume_id': '58981791-7c70-4bc7-b3f1-fa492ae3f941', 'volume_name': 'volume-58981791-7c70-4bc7-b3f1-fa492ae3f941', 'volume_size': 1}' {{(pid=81985) _task_receiver /opt/stack/data/venv/lib/python3.10/site-packages/taskflow/listeners/logging.py:182}}
Feb 19 13:37:57 devstack cinder-volume[81985]: DEBUG cinder.volume.manager [req-e212618a-6ae7-4640-99b0-5e5574fc93a8 req-06eaef33-ac8f-45b4-b983-215104b6cd2e tempest-VolumesGetTestJSON-721892279 None] Task 'cinder.volume.flows.manager.create_volume.NotifyVolumeActionTask;volume:create, create.start' (bc1f9f66-08b7-4961-b907-f50b780adea2) transitioned into state 'RUNNING' from state 'PENDING' {{(pid=81985) _task_receiver /opt/stack/data/venv/lib/python3.10/site-packages/taskflow/listeners/logging.py:194}}
Feb 19 13:37:57 devstack cinder-volume[81985]: DEBUG cinder.volume.manager [req-e212618a-6ae7-4640-99b0-5e5574fc93a8 req-06eaef33-ac8f-45b4-b983-215104b6cd2e tempest-VolumesGetTestJSON-721892279 None] Task 'cinder.volume.flows.manager.create_volume.NotifyVolumeActionTask;volume:create, create.start' (bc1f9f66-08b7-4961-b907-f50b780adea2) transitioned into state 'SUCCESS' from state 'RUNNING' with result 'None' {{(pid=81985) _task_receiver /opt/stack/data/venv/lib/python3.10/site-packages/taskflow/listeners/logging.py:182}}
Feb 19 13:37:57 devstack cinder-volume[81985]: DEBUG cinder.volume.manager [req-e212618a-6ae7-4640-99b0-5e5574fc93a8 req-06eaef33-ac8f-45b4-b983-215104b6cd2e tempest-VolumesGetTestJSON-721892279 None] Task 'cinder.volume.flows.manager.create_volume.CreateVolumeFromSpecTask;volume:create' (5e851d6c-03b6-49ec-b629-a26280c5decf) transitioned into state 'RUNNING' from state 'PENDING' {{(pid=81985) _task_receiver /opt/stack/data/venv/lib/python3.10/site-packages/taskflow/listeners/logging.py:194}}
Feb 19 13:37:57 devstack cinder-volume[81985]: INFO cinder.volume.flows.manager.create_volume [req-e212618a-6ae7-4640-99b0-5e5574fc93a8 req-06eaef33-ac8f-45b4-b983-215104b6cd2e tempest-VolumesGetTestJSON-721892279 None] Volume 58981791-7c70-4bc7-b3f1-fa492ae3f941: being created as raw with specification: {'status': 'creating', 'volume_name': 'volume-58981791-7c70-4bc7-b3f1-fa492ae3f941', 'volume_size': 1}
Feb 19 13:37:57 devstack cinder-volume[81985]: DEBUG oslo_concurrency.lockutils [req-e212618a-6ae7-4640-99b0-5e5574fc93a8 req-06eaef33-ac8f-45b4-b983-215104b6cd2e tempest-VolumesGetTestJSON-721892279 None] Acquiring lock "quobyte" by "cinder.volume.drivers.quobyte.QuobyteDriver.create_volume" {{(pid=81985) inner /opt/stack/data/venv/lib/python3.10/site-packages/oslo_concurrency/lockutils.py:405}}
Feb 19 13:37:57 devstack sudo[83546]: pam_unix(sudo:session): session closed for user root
Feb 19 13:37:57 devstack cinder-volume[81985]: DEBUG oslo_concurrency.processutils [None req-84979bb6-1630-45e4-847b-64afe22f3d95 tempest-GroupSnapshotsTest-1298339570 None] CMD "sudo cinder-rootwrap /etc/cinder/rootwrap.conf qemu-img rebase -u -b volume-1f14f77a-f544-4520-ba2b-29707a2da71a -F qcow2 /opt/stack/data/cinder/mnt/e79b1f12abd3f0f1c3b24bab978c82cf/volume-1f14f77a-f544-4520-ba2b-29707a2da71a.ba1b1382-7655-4d1a-aea6-dd77f12edfb6" returned: 0 in 1.133s {{(pid=81985) execute /opt/stack/data/venv/lib/python3.10/site-packages/oslo_concurrency/processutils.py:372}}
Feb 19 13:37:57 devstack cinder-volume[81985]: WARNING cinder.volume.drivers.remotefs [None req-84979bb6-1630-45e4-847b-64afe22f3d95 tempest-GroupSnapshotsTest-1298339570 None] /opt/stack/data/cinder/mnt/e79b1f12abd3f0f1c3b24bab978c82cf/volume-1f14f77a-f544-4520-ba2b-29707a2da71a.ba1b1382-7655-4d1a-aea6-dd77f12edfb6 is being set with open permissions: ugo+rw: NotImplementedError
Feb 19 13:37:57 devstack cinder-volume[81985]: DEBUG oslo_concurrency.processutils [None req-84979bb6-1630-45e4-847b-64afe22f3d95 tempest-GroupSnapshotsTest-1298339570 None] Running cmd (subprocess): sudo cinder-rootwrap /etc/cinder/rootwrap.conf chmod ugo+rw /opt/stack/data/cinder/mnt/e79b1f12abd3f0f1c3b24bab978c82cf/volume-1f14f77a-f544-4520-ba2b-29707a2da71a.ba1b1382-7655-4d1a-aea6-dd77f12edfb6 {{(pid=81985) execute /opt/stack/data/venv/lib/python3.10/site-packages/oslo_concurrency/processutils.py:349}}
Feb 19 13:37:57 devstack sudo[83583]: quobyte : PWD=/ ; USER=root ; COMMAND=/opt/stack/data/venv/bin/cinder-rootwrap /etc/cinder/rootwrap.conf chmod ugo+rw /opt/stack/data/cinder/mnt/e79b1f12abd3f0f1c3b24bab978c82cf/volume-1f14f77a-f544-4520-ba2b-29707a2da71a.ba1b1382-7655-4d1a-aea6-dd77f12edfb6
Feb 19 13:37:57 devstack sudo[83583]: pam_unix(sudo:session): session opened for user root(uid=0) by (uid=1000)
Feb 19 13:37:57 devstack sudo[83583]: pam_unix(sudo:session): session closed for user root
Feb 19 13:37:57 devstack cinder-volume[81985]: DEBUG oslo_concurrency.processutils [None req-84979bb6-1630-45e4-847b-64afe22f3d95 tempest-GroupSnapshotsTest-1298339570 None] CMD "sudo cinder-rootwrap /etc/cinder/rootwrap.conf chmod ugo+rw /opt/stack/data/cinder/mnt/e79b1f12abd3f0f1c3b24bab978c82cf/volume-1f14f77a-f544-4520-ba2b-29707a2da71a.ba1b1382-7655-4d1a-aea6-dd77f12edfb6" returned: 0 in 0.540s {{(pid=81985) execute /opt/stack/data/venv/lib/python3.10/site-packages/oslo_concurrency/processutils.py:372}}
Feb 19 13:37:57 devstack cinder-volume[81985]: DEBUG oslo_concurrency.processutils [None req-84979bb6-1630-45e4-847b-64afe22f3d95 tempest-GroupSnapshotsTest-1298339570 None] Running cmd (subprocess): sudo cinder-rootwrap /etc/cinder/rootwrap.conf truncate -s0 /opt/stack/data/cinder/mnt/e79b1f12abd3f0f1c3b24bab978c82cf/volume-1f14f77a-f544-4520-ba2b-29707a2da71a.info {{(pid=81985) execute /opt/stack/data/venv/lib/python3.10/site-packages/oslo_concurrency/processutils.py:349}}
Feb 19 13:37:57 devstack sudo[83587]: quobyte : PWD=/ ; USER=root ; COMMAND=/opt/stack/data/venv/bin/cinder-rootwrap /etc/cinder/rootwrap.conf truncate -s0 /opt/stack/data/cinder/mnt/e79b1f12abd3f0f1c3b24bab978c82cf/volume-1f14f77a-f544-4520-ba2b-29707a2da71a.info
Feb 19 13:37:57 devstack sudo[83587]: pam_unix(sudo:session): session opened for user root(uid=0) by (uid=1000)
Feb 19 13:37:58 devstack cinder-volume[81985]: DEBUG cinder.coordination [None req-04074a31-8b87-41ff-93e6-4e80204f69a5 tempest-ServerRescueNegativeTestJSON-1643609056 None] Acquiring lock "cinder-84850cd2-2cde-4306-9cf2-e7d890752cad-delete_volume" by "delete_volume" {{(pid=81985) __acquire /opt/stack/cinder/cinder/coordination.py:138}}
Feb 19 13:37:58 devstack cinder-volume[81985]: DEBUG cinder.coordination [None req-04074a31-8b87-41ff-93e6-4e80204f69a5 tempest-ServerRescueNegativeTestJSON-1643609056 None] Lock "cinder-84850cd2-2cde-4306-9cf2-e7d890752cad-delete_volume" acquired by "delete_volume" :: waited 0.012s {{(pid=81985) __acquire /opt/stack/cinder/cinder/coordination.py:141}}
Feb 19 13:37:58 devstack cinder-volume[81985]: DEBUG cinder.coordination [None req-04074a31-8b87-41ff-93e6-4e80204f69a5 tempest-ServerRescueNegativeTestJSON-1643609056 None] Acquiring lock "cinder-quobyte-84850cd2-2cde-4306-9cf2-e7d890752cad" by "delete_volume" {{(pid=81985) __acquire /opt/stack/cinder/cinder/coordination.py:138}}
Feb 19 13:37:58 devstack cinder-volume[81985]: DEBUG cinder.coordination [None req-04074a31-8b87-41ff-93e6-4e80204f69a5 tempest-ServerRescueNegativeTestJSON-1643609056 None] Lock "cinder-quobyte-84850cd2-2cde-4306-9cf2-e7d890752cad" acquired by "delete_volume" :: waited 0.016s {{(pid=81985) __acquire /opt/stack/cinder/cinder/coordination.py:141}}
Feb 19 13:37:58 devstack cinder-volume[81985]: DEBUG oslo.privsep.daemon [-] privsep: reply[a88507af-e8cd-4d55-9c9c-f6d7f5fd2a12]: (4, 'qcow2') {{(pid=82798) _call_back /opt/stack/data/venv/lib/python3.10/site-packages/oslo_privsep/daemon.py:515}}
Feb 19 13:37:58 devstack cinder-volume[81985]: DEBUG oslo_concurrency.processutils [None req-04074a31-8b87-41ff-93e6-4e80204f69a5 tempest-ServerRescueNegativeTestJSON-1643609056 None] Running cmd (subprocess): /opt/stack/data/venv/bin/python3.10 -m oslo_concurrency.prlimit --as=1073741824 --cpu=60 -- sudo cinder-rootwrap /etc/cinder/rootwrap.conf env LC_ALL=C qemu-img info -f qcow2 --output=json --force-share /opt/stack/data/cinder/mnt/e79b1f12abd3f0f1c3b24bab978c82cf/volume-84850cd2-2cde-4306-9cf2-e7d890752cad {{(pid=81985) execute /opt/stack/data/venv/lib/python3.10/site-packages/oslo_concurrency/processutils.py:349}}
Feb 19 13:37:58 devstack sudo[83589]: quobyte : PWD=/ ; USER=root ; COMMAND=/opt/stack/data/venv/bin/cinder-rootwrap /etc/cinder/rootwrap.conf env LC_ALL=C qemu-img info -f qcow2 --output=json --force-share /opt/stack/data/cinder/mnt/e79b1f12abd3f0f1c3b24bab978c82cf/volume-84850cd2-2cde-4306-9cf2-e7d890752cad
Feb 19 13:37:58 devstack sudo[83589]: pam_unix(sudo:session): session opened for user root(uid=0) by (uid=1000)
Feb 19 13:37:58 devstack sudo[83587]: pam_unix(sudo:session): session closed for user root
Feb 19 13:37:58 devstack cinder-volume[81985]: DEBUG oslo_concurrency.processutils [None req-84979bb6-1630-45e4-847b-64afe22f3d95 tempest-GroupSnapshotsTest-1298339570 None] CMD "sudo cinder-rootwrap /etc/cinder/rootwrap.conf truncate -s0 /opt/stack/data/cinder/mnt/e79b1f12abd3f0f1c3b24bab978c82cf/volume-1f14f77a-f544-4520-ba2b-29707a2da71a.info" returned: 0 in 0.643s {{(pid=81985) execute /opt/stack/data/venv/lib/python3.10/site-packages/oslo_concurrency/processutils.py:372}}
Feb 19 13:37:58 devstack cinder-volume[81985]: WARNING cinder.volume.drivers.remotefs [None req-84979bb6-1630-45e4-847b-64afe22f3d95 tempest-GroupSnapshotsTest-1298339570 None] /opt/stack/data/cinder/mnt/e79b1f12abd3f0f1c3b24bab978c82cf/volume-1f14f77a-f544-4520-ba2b-29707a2da71a.info is being set with open permissions: ugo+rw: NotImplementedError
Feb 19 13:37:58 devstack cinder-volume[81985]: DEBUG oslo_concurrency.processutils [None req-84979bb6-1630-45e4-847b-64afe22f3d95 tempest-GroupSnapshotsTest-1298339570 None] Running cmd (subprocess): sudo cinder-rootwrap /etc/cinder/rootwrap.conf chmod ugo+rw /opt/stack/data/cinder/mnt/e79b1f12abd3f0f1c3b24bab978c82cf/volume-1f14f77a-f544-4520-ba2b-29707a2da71a.info {{(pid=81985) execute /opt/stack/data/venv/lib/python3.10/site-packages/oslo_concurrency/processutils.py:349}}
Feb 19 13:37:58 devstack sudo[83593]: quobyte : PWD=/ ; USER=root ; COMMAND=/opt/stack/data/venv/bin/cinder-rootwrap /etc/cinder/rootwrap.conf chmod ugo+rw /opt/stack/data/cinder/mnt/e79b1f12abd3f0f1c3b24bab978c82cf/volume-1f14f77a-f544-4520-ba2b-29707a2da71a.info
Feb 19 13:37:58 devstack sudo[83593]: pam_unix(sudo:session): session opened for user root(uid=0) by (uid=1000)
Feb 19 13:37:59 devstack sudo[83593]: pam_unix(sudo:session): session closed for user root
Feb 19 13:37:59 devstack cinder-volume[81985]: DEBUG oslo_concurrency.processutils [None req-84979bb6-1630-45e4-847b-64afe22f3d95 tempest-GroupSnapshotsTest-1298339570 None] CMD "sudo cinder-rootwrap /etc/cinder/rootwrap.conf chmod ugo+rw /opt/stack/data/cinder/mnt/e79b1f12abd3f0f1c3b24bab978c82cf/volume-1f14f77a-f544-4520-ba2b-29707a2da71a.info" returned: 0 in 0.591s {{(pid=81985) execute /opt/stack/data/venv/lib/python3.10/site-packages/oslo_concurrency/processutils.py:372}}
Feb 19 13:37:59 devstack cinder-volume[81985]: DEBUG oslo_concurrency.lockutils [None req-84979bb6-1630-45e4-847b-64afe22f3d95 tempest-GroupSnapshotsTest-1298339570 None] Lock "quobyte" "released" by "cinder.volume.drivers.quobyte.QuobyteDriver.create_snapshot" :: held 5.646s {{(pid=81985) inner /opt/stack/data/venv/lib/python3.10/site-packages/oslo_concurrency/lockutils.py:424}}
Feb 19 13:37:59 devstack cinder-volume[81985]: DEBUG oslo_concurrency.lockutils [None req-84979bb6-1630-45e4-847b-64afe22f3d95 tempest-GroupSnapshotsTest-1298339570 None] Acquiring lock "quobyte" by "cinder.volume.drivers.quobyte.QuobyteDriver.create_snapshot" {{(pid=81985) inner /opt/stack/data/venv/lib/python3.10/site-packages/oslo_concurrency/lockutils.py:405}}
Feb 19 13:37:59 devstack cinder-volume[81985]: DEBUG oslo_concurrency.lockutils [None req-84979bb6-1630-45e4-847b-64afe22f3d95 tempest-GroupSnapshotsTest-1298339570 None] Lock "quobyte" acquired by "cinder.volume.drivers.quobyte.QuobyteDriver.create_snapshot" :: waited 0.000s {{(pid=81985) inner /opt/stack/data/venv/lib/python3.10/site-packages/oslo_concurrency/lockutils.py:410}}
Feb 19 13:37:59 devstack cinder-volume[81985]: DEBUG cinder.volume.drivers.remotefs [None req-84979bb6-1630-45e4-847b-64afe22f3d95 tempest-GroupSnapshotsTest-1298339570 None] Creating offline snapshot d02fea14-eb7c-4172-baa6-8ee1a0bc97ba of volume 284d7a24-9134-4053-bfc8-5270583091cc {{(pid=81985) _create_snapshot /opt/stack/cinder/cinder/volume/drivers/remotefs.py:1815}}
Feb 19 13:37:59 devstack cinder-volume[81985]: DEBUG oslo.privsep.daemon [-] privsep: reply[770f9a69-7f80-4a5c-936c-61eb785f73dd]: (4, 'qcow2') {{(pid=82798) _call_back /opt/stack/data/venv/lib/python3.10/site-packages/oslo_privsep/daemon.py:515}}
Feb 19 13:37:59 devstack cinder-volume[81985]: DEBUG oslo_concurrency.processutils [None req-84979bb6-1630-45e4-847b-64afe22f3d95 tempest-GroupSnapshotsTest-1298339570 None] Running cmd (subprocess): /opt/stack/data/venv/bin/python3.10 -m oslo_concurrency.prlimit --as=1073741824 --cpu=60 -- sudo cinder-rootwrap /etc/cinder/rootwrap.conf env LC_ALL=C qemu-img info -f qcow2 --output=json --force-share /opt/stack/data/cinder/mnt/e79b1f12abd3f0f1c3b24bab978c82cf/volume-284d7a24-9134-4053-bfc8-5270583091cc {{(pid=81985) execute /opt/stack/data/venv/lib/python3.10/site-packages/oslo_concurrency/processutils.py:349}}
Feb 19 13:37:59 devstack sudo[83589]: pam_unix(sudo:session): session closed for user root
Feb 19 13:37:59 devstack cinder-volume[81985]: DEBUG oslo_concurrency.processutils [None req-04074a31-8b87-41ff-93e6-4e80204f69a5 tempest-ServerRescueNegativeTestJSON-1643609056 None] CMD "/opt/stack/data/venv/bin/python3.10 -m oslo_concurrency.prlimit --as=1073741824 --cpu=60 -- sudo cinder-rootwrap /etc/cinder/rootwrap.conf env LC_ALL=C qemu-img info -f qcow2 --output=json --force-share /opt/stack/data/cinder/mnt/e79b1f12abd3f0f1c3b24bab978c82cf/volume-84850cd2-2cde-4306-9cf2-e7d890752cad" returned: 0 in 0.887s {{(pid=81985) execute /opt/stack/data/venv/lib/python3.10/site-packages/oslo_concurrency/processutils.py:372}}
Feb 19 13:37:59 devstack cinder-volume[81985]: DEBUG oslo_concurrency.processutils [None req-04074a31-8b87-41ff-93e6-4e80204f69a5 tempest-ServerRescueNegativeTestJSON-1643609056 None] Running cmd (subprocess): sudo cinder-rootwrap /etc/cinder/rootwrap.conf rm -f /opt/stack/data/cinder/mnt/e79b1f12abd3f0f1c3b24bab978c82cf/volume-84850cd2-2cde-4306-9cf2-e7d890752cad {{(pid=81985) execute /opt/stack/data/venv/lib/python3.10/site-packages/oslo_concurrency/processutils.py:349}}
Feb 19 13:37:59 devstack sudo[83600]: quobyte : PWD=/ ; USER=root ; COMMAND=/opt/stack/data/venv/bin/cinder-rootwrap /etc/cinder/rootwrap.conf rm -f /opt/stack/data/cinder/mnt/e79b1f12abd3f0f1c3b24bab978c82cf/volume-84850cd2-2cde-4306-9cf2-e7d890752cad
Feb 19 13:37:59 devstack sudo[83600]: pam_unix(sudo:session): session opened for user root(uid=0) by (uid=1000)
Feb 19 13:37:59 devstack sudo[83599]: quobyte : PWD=/ ; USER=root ; COMMAND=/opt/stack/data/venv/bin/cinder-rootwrap /etc/cinder/rootwrap.conf env LC_ALL=C qemu-img info -f qcow2 --output=json --force-share /opt/stack/data/cinder/mnt/e79b1f12abd3f0f1c3b24bab978c82cf/volume-284d7a24-9134-4053-bfc8-5270583091cc
Feb 19 13:37:59 devstack sudo[83599]: pam_unix(sudo:session): session opened for user root(uid=0) by (uid=1000)
Feb 19 13:37:59 devstack sudo[83600]: pam_unix(sudo:session): session closed for user root
Feb 19 13:37:59 devstack cinder-volume[81985]: DEBUG oslo_concurrency.processutils [None req-04074a31-8b87-41ff-93e6-4e80204f69a5 tempest-ServerRescueNegativeTestJSON-1643609056 None] CMD "sudo cinder-rootwrap /etc/cinder/rootwrap.conf rm -f /opt/stack/data/cinder/mnt/e79b1f12abd3f0f1c3b24bab978c82cf/volume-84850cd2-2cde-4306-9cf2-e7d890752cad" returned: 0 in 0.530s {{(pid=81985) execute /opt/stack/data/venv/lib/python3.10/site-packages/oslo_concurrency/processutils.py:372}}
Feb 19 13:37:59 devstack cinder-volume[81985]: DEBUG cinder.coordination [None req-04074a31-8b87-41ff-93e6-4e80204f69a5 tempest-ServerRescueNegativeTestJSON-1643609056 None] Lock "cinder-quobyte-84850cd2-2cde-4306-9cf2-e7d890752cad" released by "delete_volume" :: held 1.483s {{(pid=81985) __release /opt/stack/cinder/cinder/coordination.py:152}}
Feb 19 13:37:59 devstack cinder-volume[81985]: DEBUG cinder.quota [None req-04074a31-8b87-41ff-93e6-4e80204f69a5 tempest-ServerRescueNegativeTestJSON-1643609056 None] Created reservations ['54215415-8a88-4b7a-92b3-b4aaebad9242', 'dd2695a7-4878-4c09-ad62-b999ed9059bb', '169dc4cb-0e30-4233-9d4d-0136870d1314', '2ef7dc5e-474c-46dd-912c-1e747f15888b'] {{(pid=81985) reserve /opt/stack/cinder/cinder/quota.py:752}}
Feb 19 13:37:59 devstack cinder-volume[81985]: DEBUG oslo_concurrency.lockutils [None req-04074a31-8b87-41ff-93e6-4e80204f69a5 tempest-ServerRescueNegativeTestJSON-1643609056 None] Acquiring lock "quobyte_ensure" by "cinder.volume.drivers.quobyte.QuobyteDriver._ensure_shares_mounted" {{(pid=81985) inner /opt/stack/data/venv/lib/python3.10/site-packages/oslo_concurrency/lockutils.py:405}}
Feb 19 13:37:59 devstack cinder-volume[81985]: DEBUG oslo_concurrency.lockutils [None req-04074a31-8b87-41ff-93e6-4e80204f69a5 tempest-ServerRescueNegativeTestJSON-1643609056 None] Lock "quobyte_ensure" acquired by "cinder.volume.drivers.quobyte.QuobyteDriver._ensure_shares_mounted" :: waited 0.001s {{(pid=81985) inner /opt/stack/data/venv/lib/python3.10/site-packages/oslo_concurrency/lockutils.py:410}}
Feb 19 13:37:59 devstack cinder-volume[81985]: DEBUG cinder.volume.drivers.quobyte [None req-04074a31-8b87-41ff-93e6-4e80204f69a5 tempest-ServerRescueNegativeTestJSON-1643609056 None] Quobyte Volume URL set to: {'osci02.corp.quobyte.com/cinder-vol-1d066b4a-233e-485d-88db-17d46dead3f9': None} {{(pid=81985) _load_shares_config /opt/stack/cinder/cinder/volume/drivers/quobyte.py:617}}
Feb 19 13:37:59 devstack cinder-volume[81985]: DEBUG cinder.volume.drivers.quobyte [None req-04074a31-8b87-41ff-93e6-4e80204f69a5 tempest-ServerRescueNegativeTestJSON-1643609056 None] Available shares ['osci02.corp.quobyte.com/cinder-vol-1d066b4a-233e-485d-88db-17d46dead3f9'] {{(pid=81985) _ensure_shares_mounted /opt/stack/cinder/cinder/volume/drivers/quobyte.py:647}}
Feb 19 13:37:59 devstack cinder-volume[81985]: DEBUG oslo_concurrency.lockutils [None req-04074a31-8b87-41ff-93e6-4e80204f69a5 tempest-ServerRescueNegativeTestJSON-1643609056 None] Lock "quobyte_ensure" "released" by "cinder.volume.drivers.quobyte.QuobyteDriver._ensure_shares_mounted" :: held 0.005s {{(pid=81985) inner /opt/stack/data/venv/lib/python3.10/site-packages/oslo_concurrency/lockutils.py:424}}
Feb 19 13:37:59 devstack cinder-volume[81985]: DEBUG oslo_concurrency.processutils [None req-04074a31-8b87-41ff-93e6-4e80204f69a5 tempest-ServerRescueNegativeTestJSON-1643609056 None] Running cmd (subprocess): sudo cinder-rootwrap /etc/cinder/rootwrap.conf df --portability --block-size 1 /opt/stack/data/cinder/mnt/e79b1f12abd3f0f1c3b24bab978c82cf {{(pid=81985) execute /opt/stack/data/venv/lib/python3.10/site-packages/oslo_concurrency/processutils.py:349}}
Feb 19 13:37:59 devstack sudo[83607]: quobyte : PWD=/ ; USER=root ; COMMAND=/opt/stack/data/venv/bin/cinder-rootwrap /etc/cinder/rootwrap.conf df --portability --block-size 1 /opt/stack/data/cinder/mnt/e79b1f12abd3f0f1c3b24bab978c82cf
Feb 19 13:37:59 devstack sudo[83607]: pam_unix(sudo:session): session opened for user root(uid=0) by (uid=1000)
Feb 19 13:37:59 devstack sudo[83599]: pam_unix(sudo:session): session closed for user root
Feb 19 13:37:59 devstack cinder-volume[81985]: DEBUG oslo_concurrency.processutils [None req-84979bb6-1630-45e4-847b-64afe22f3d95 tempest-GroupSnapshotsTest-1298339570 None] CMD "/opt/stack/data/venv/bin/python3.10 -m oslo_concurrency.prlimit --as=1073741824 --cpu=60 -- sudo cinder-rootwrap /etc/cinder/rootwrap.conf env LC_ALL=C qemu-img info -f qcow2 --output=json --force-share /opt/stack/data/cinder/mnt/e79b1f12abd3f0f1c3b24bab978c82cf/volume-284d7a24-9134-4053-bfc8-5270583091cc" returned: 0 in 0.714s {{(pid=81985) execute /opt/stack/data/venv/lib/python3.10/site-packages/oslo_concurrency/processutils.py:372}}
Feb 19 13:37:59 devstack cinder-volume[81985]: DEBUG oslo_concurrency.processutils [None req-84979bb6-1630-45e4-847b-64afe22f3d95 tempest-GroupSnapshotsTest-1298339570 None] Running cmd (subprocess): sudo cinder-rootwrap /etc/cinder/rootwrap.conf qemu-img create -f qcow2 -o backing_file=/opt/stack/data/cinder/mnt/e79b1f12abd3f0f1c3b24bab978c82cf/volume-284d7a24-9134-4053-bfc8-5270583091cc,backing_fmt=qcow2 /opt/stack/data/cinder/mnt/e79b1f12abd3f0f1c3b24bab978c82cf/volume-284d7a24-9134-4053-bfc8-5270583091cc.d02fea14-eb7c-4172-baa6-8ee1a0bc97ba 1G {{(pid=81985) execute /opt/stack/data/venv/lib/python3.10/site-packages/oslo_concurrency/processutils.py:349}}
Feb 19 13:37:59 devstack sudo[83609]: quobyte : PWD=/ ; USER=root ; COMMAND=/opt/stack/data/venv/bin/cinder-rootwrap /etc/cinder/rootwrap.conf qemu-img create -f qcow2 -o backing_file=/opt/stack/data/cinder/mnt/e79b1f12abd3f0f1c3b24bab978c82cf/volume-284d7a24-9134-4053-bfc8-5270583091cc,backing_fmt=qcow2 /opt/stack/data/cinder/mnt/e79b1f12abd3f0f1c3b24bab978c82cf/volume-284d7a24-9134-4053-bfc8-5270583091cc.d02fea14-eb7c-4172-baa6-8ee1a0bc97ba 1G
Feb 19 13:37:59 devstack sudo[83609]: pam_unix(sudo:session): session opened for user root(uid=0) by (uid=1000)
Feb 19 13:38:00 devstack sudo[83607]: pam_unix(sudo:session): session closed for user root
Feb 19 13:38:00 devstack cinder-volume[81985]: DEBUG oslo_concurrency.processutils [None req-04074a31-8b87-41ff-93e6-4e80204f69a5 tempest-ServerRescueNegativeTestJSON-1643609056 None] CMD "sudo cinder-rootwrap /etc/cinder/rootwrap.conf df --portability --block-size 1 /opt/stack/data/cinder/mnt/e79b1f12abd3f0f1c3b24bab978c82cf" returned: 0 in 0.511s {{(pid=81985) execute /opt/stack/data/venv/lib/python3.10/site-packages/oslo_concurrency/processutils.py:372}}
Feb 19 13:38:00 devstack cinder-volume[81985]: DEBUG cinder.manager [None req-04074a31-8b87-41ff-93e6-4e80204f69a5 tempest-ServerRescueNegativeTestJSON-1643609056 None] Notifying Schedulers of capabilities ... {{(pid=81985) _publish_service_capabilities /opt/stack/cinder/cinder/manager.py:202}}
Feb 19 13:38:00 devstack cinder-volume[81985]: INFO cinder.volume.manager [None req-04074a31-8b87-41ff-93e6-4e80204f69a5 tempest-ServerRescueNegativeTestJSON-1643609056 None] Deleted volume successfully.
Feb 19 13:38:00 devstack cinder-volume[81985]: DEBUG cinder.coordination [None req-04074a31-8b87-41ff-93e6-4e80204f69a5 tempest-ServerRescueNegativeTestJSON-1643609056 None] Lock "cinder-84850cd2-2cde-4306-9cf2-e7d890752cad-delete_volume" released by "delete_volume" :: held 2.244s {{(pid=81985) __release /opt/stack/cinder/cinder/coordination.py:152}}
Feb 19 13:38:00 devstack sudo[83609]: pam_unix(sudo:session): session closed for user root
Feb 19 13:38:00 devstack cinder-volume[81985]: DEBUG oslo_concurrency.processutils [None req-84979bb6-1630-45e4-847b-64afe22f3d95 tempest-GroupSnapshotsTest-1298339570 None] CMD "sudo cinder-rootwrap /etc/cinder/rootwrap.conf qemu-img create -f qcow2 -o backing_file=/opt/stack/data/cinder/mnt/e79b1f12abd3f0f1c3b24bab978c82cf/volume-284d7a24-9134-4053-bfc8-5270583091cc,backing_fmt=qcow2 /opt/stack/data/cinder/mnt/e79b1f12abd3f0f1c3b24bab978c82cf/volume-284d7a24-9134-4053-bfc8-5270583091cc.d02fea14-eb7c-4172-baa6-8ee1a0bc97ba 1G" returned: 0 in 0.717s {{(pid=81985) execute /opt/stack/data/venv/lib/python3.10/site-packages/oslo_concurrency/processutils.py:372}}
Feb 19 13:38:00 devstack cinder-volume[81985]: DEBUG oslo_concurrency.processutils [None req-84979bb6-1630-45e4-847b-64afe22f3d95 tempest-GroupSnapshotsTest-1298339570 None] Running cmd (subprocess): sudo cinder-rootwrap /etc/cinder/rootwrap.conf qemu-img rebase -u -b volume-284d7a24-9134-4053-bfc8-5270583091cc -F qcow2 /opt/stack/data/cinder/mnt/e79b1f12abd3f0f1c3b24bab978c82cf/volume-284d7a24-9134-4053-bfc8-5270583091cc.d02fea14-eb7c-4172-baa6-8ee1a0bc97ba {{(pid=81985) execute /opt/stack/data/venv/lib/python3.10/site-packages/oslo_concurrency/processutils.py:349}}
Feb 19 13:38:00 devstack sudo[83616]: quobyte : PWD=/ ; USER=root ; COMMAND=/opt/stack/data/venv/bin/cinder-rootwrap /etc/cinder/rootwrap.conf qemu-img rebase -u -b volume-284d7a24-9134-4053-bfc8-5270583091cc -F qcow2 /opt/stack/data/cinder/mnt/e79b1f12abd3f0f1c3b24bab978c82cf/volume-284d7a24-9134-4053-bfc8-5270583091cc.d02fea14-eb7c-4172-baa6-8ee1a0bc97ba
Feb 19 13:38:00 devstack sudo[83616]: pam_unix(sudo:session): session opened for user root(uid=0) by (uid=1000)
Feb 19 13:38:01 devstack sudo[83616]: pam_unix(sudo:session): session closed for user root
Feb 19 13:38:01 devstack cinder-volume[81985]: DEBUG oslo_concurrency.processutils [None req-84979bb6-1630-45e4-847b-64afe22f3d95 tempest-GroupSnapshotsTest-1298339570 None] CMD "sudo cinder-rootwrap /etc/cinder/rootwrap.conf qemu-img rebase -u -b volume-284d7a24-9134-4053-bfc8-5270583091cc -F qcow2 /opt/stack/data/cinder/mnt/e79b1f12abd3f0f1c3b24bab978c82cf/volume-284d7a24-9134-4053-bfc8-5270583091cc.d02fea14-eb7c-4172-baa6-8ee1a0bc97ba" returned: 0 in 0.558s {{(pid=81985) execute /opt/stack/data/venv/lib/python3.10/site-packages/oslo_concurrency/processutils.py:372}}
Feb 19 13:38:01 devstack cinder-volume[81985]: WARNING cinder.volume.drivers.remotefs [None req-84979bb6-1630-45e4-847b-64afe22f3d95 tempest-GroupSnapshotsTest-1298339570 None] /opt/stack/data/cinder/mnt/e79b1f12abd3f0f1c3b24bab978c82cf/volume-284d7a24-9134-4053-bfc8-5270583091cc.d02fea14-eb7c-4172-baa6-8ee1a0bc97ba is being set with open permissions: ugo+rw: NotImplementedError
Feb 19 13:38:01 devstack cinder-volume[81985]: DEBUG oslo_concurrency.processutils [None req-84979bb6-1630-45e4-847b-64afe22f3d95 tempest-GroupSnapshotsTest-1298339570 None] Running cmd (subprocess): sudo cinder-rootwrap /etc/cinder/rootwrap.conf chmod ugo+rw /opt/stack/data/cinder/mnt/e79b1f12abd3f0f1c3b24bab978c82cf/volume-284d7a24-9134-4053-bfc8-5270583091cc.d02fea14-eb7c-4172-baa6-8ee1a0bc97ba {{(pid=81985) execute /opt/stack/data/venv/lib/python3.10/site-packages/oslo_concurrency/processutils.py:349}}
Feb 19 13:38:01 devstack sudo[83622]: quobyte : PWD=/ ; USER=root ; COMMAND=/opt/stack/data/venv/bin/cinder-rootwrap /etc/cinder/rootwrap.conf chmod ugo+rw /opt/stack/data/cinder/mnt/e79b1f12abd3f0f1c3b24bab978c82cf/volume-284d7a24-9134-4053-bfc8-5270583091cc.d02fea14-eb7c-4172-baa6-8ee1a0bc97ba
Feb 19 13:38:01 devstack sudo[83622]: pam_unix(sudo:session): session opened for user root(uid=0) by (uid=1000)
Feb 19 13:38:01 devstack cinder-volume[81985]: DEBUG dbcounter [-] [81985] Writing DB stats cinder:SELECT=89,cinder:UPDATE=87,cinder:INSERT=22,cinder:DELETE=6 {{(pid=81985) stat_writer /opt/stack/data/venv/lib/python3.10/site-packages/dbcounter.py:115}}
Feb 19 13:38:01 devstack sudo[83622]: pam_unix(sudo:session): session closed for user root
Feb 19 13:38:01 devstack cinder-volume[81985]: DEBUG oslo_concurrency.processutils [None req-84979bb6-1630-45e4-847b-64afe22f3d95 tempest-GroupSnapshotsTest-1298339570 None] CMD "sudo cinder-rootwrap /etc/cinder/rootwrap.conf chmod ugo+rw /opt/stack/data/cinder/mnt/e79b1f12abd3f0f1c3b24bab978c82cf/volume-284d7a24-9134-4053-bfc8-5270583091cc.d02fea14-eb7c-4172-baa6-8ee1a0bc97ba" returned: 0 in 0.712s {{(pid=81985) execute /opt/stack/data/venv/lib/python3.10/site-packages/oslo_concurrency/processutils.py:372}}
Feb 19 13:38:01 devstack cinder-volume[81985]: DEBUG oslo_concurrency.processutils [None req-84979bb6-1630-45e4-847b-64afe22f3d95 tempest-GroupSnapshotsTest-1298339570 None] Running cmd (subprocess): sudo cinder-rootwrap /etc/cinder/rootwrap.conf truncate -s0 /opt/stack/data/cinder/mnt/e79b1f12abd3f0f1c3b24bab978c82cf/volume-284d7a24-9134-4053-bfc8-5270583091cc.info {{(pid=81985) execute /opt/stack/data/venv/lib/python3.10/site-packages/oslo_concurrency/processutils.py:349}}
Feb 19 13:38:01 devstack sudo[83658]: quobyte : PWD=/ ; USER=root ; COMMAND=/opt/stack/data/venv/bin/cinder-rootwrap /etc/cinder/rootwrap.conf truncate -s0 /opt/stack/data/cinder/mnt/e79b1f12abd3f0f1c3b24bab978c82cf/volume-284d7a24-9134-4053-bfc8-5270583091cc.info
Feb 19 13:38:01 devstack sudo[83658]: pam_unix(sudo:session): session opened for user root(uid=0) by (uid=1000)
Feb 19 13:38:02 devstack sudo[83658]: pam_unix(sudo:session): session closed for user root
Feb 19 13:38:02 devstack cinder-volume[81985]: DEBUG oslo_concurrency.processutils [None req-84979bb6-1630-45e4-847b-64afe22f3d95 tempest-GroupSnapshotsTest-1298339570 None] CMD "sudo cinder-rootwrap /etc/cinder/rootwrap.conf truncate -s0 /opt/stack/data/cinder/mnt/e79b1f12abd3f0f1c3b24bab978c82cf/volume-284d7a24-9134-4053-bfc8-5270583091cc.info" returned: 0 in 0.710s {{(pid=81985) execute /opt/stack/data/venv/lib/python3.10/site-packages/oslo_concurrency/processutils.py:372}}
Feb 19 13:38:02 devstack cinder-volume[81985]: WARNING cinder.volume.drivers.remotefs [None req-84979bb6-1630-45e4-847b-64afe22f3d95 tempest-GroupSnapshotsTest-1298339570 None] /opt/stack/data/cinder/mnt/e79b1f12abd3f0f1c3b24bab978c82cf/volume-284d7a24-9134-4053-bfc8-5270583091cc.info is being set with open permissions: ugo+rw: NotImplementedError
Feb 19 13:38:02 devstack cinder-volume[81985]: DEBUG oslo_concurrency.processutils [None req-84979bb6-1630-45e4-847b-64afe22f3d95 tempest-GroupSnapshotsTest-1298339570 None] Running cmd (subprocess): sudo cinder-rootwrap /etc/cinder/rootwrap.conf chmod ugo+rw /opt/stack/data/cinder/mnt/e79b1f12abd3f0f1c3b24bab978c82cf/volume-284d7a24-9134-4053-bfc8-5270583091cc.info {{(pid=81985) execute /opt/stack/data/venv/lib/python3.10/site-packages/oslo_concurrency/processutils.py:349}}
Feb 19 13:38:02 devstack sudo[83662]: quobyte : PWD=/ ; USER=root ; COMMAND=/opt/stack/data/venv/bin/cinder-rootwrap /etc/cinder/rootwrap.conf chmod ugo+rw /opt/stack/data/cinder/mnt/e79b1f12abd3f0f1c3b24bab978c82cf/volume-284d7a24-9134-4053-bfc8-5270583091cc.info
Feb 19 13:38:02 devstack sudo[83662]: pam_unix(sudo:session): session opened for user root(uid=0) by (uid=1000)
Feb 19 13:38:03 devstack sudo[83662]: pam_unix(sudo:session): session closed for user root
Feb 19 13:38:03 devstack cinder-volume[81985]: DEBUG oslo_concurrency.processutils [None req-84979bb6-1630-45e4-847b-64afe22f3d95 tempest-GroupSnapshotsTest-1298339570 None] CMD "sudo cinder-rootwrap /etc/cinder/rootwrap.conf chmod ugo+rw /opt/stack/data/cinder/mnt/e79b1f12abd3f0f1c3b24bab978c82cf/volume-284d7a24-9134-4053-bfc8-5270583091cc.info" returned: 0 in 0.543s {{(pid=81985) execute /opt/stack/data/venv/lib/python3.10/site-packages/oslo_concurrency/processutils.py:372}}
