Feb 19 13:28:52 devstack devstack@n-api.service[59746]: DEBUG nova.api.openstack.wsgi_app [-] oslo_limit.cafile = None {{(pid=59746) log_opt_values /opt/stack/data/venv/lib/python3.10/site-packages/oslo_config/cfg.py:2824}}
Feb 19 13:28:52 devstack devstack@n-api.service[59746]: DEBUG nova.api.openstack.wsgi_app [-] oslo_limit.certfile = None {{(pid=59746) log_opt_values /opt/stack/data/venv/lib/python3.10/site-packages/oslo_config/cfg.py:2824}}
Feb 19 13:28:52 devstack devstack@n-api.service[59746]: DEBUG nova.api.openstack.wsgi_app [-] oslo_limit.collect_timing = False {{(pid=59746) log_opt_values /opt/stack/data/venv/lib/python3.10/site-packages/oslo_config/cfg.py:2824}}
Feb 19 13:28:52 devstack devstack@n-api.service[59746]: DEBUG nova.api.openstack.wsgi_app [-] oslo_limit.connect_retries = None {{(pid=59746) log_opt_values /opt/stack/data/venv/lib/python3.10/site-packages/oslo_config/cfg.py:2824}}
Feb 19 13:28:52 devstack devstack@n-api.service[59746]: DEBUG nova.api.openstack.wsgi_app [-] oslo_limit.connect_retry_delay = None {{(pid=59746) log_opt_values /opt/stack/data/venv/lib/python3.10/site-packages/oslo_config/cfg.py:2824}}
Feb 19 13:28:52 devstack devstack@n-api.service[59746]: DEBUG nova.api.openstack.wsgi_app [-] oslo_limit.endpoint_id = None {{(pid=59746) log_opt_values /opt/stack/data/venv/lib/python3.10/site-packages/oslo_config/cfg.py:2824}}
Feb 19 13:28:52 devstack devstack@n-api.service[59746]: DEBUG nova.api.openstack.wsgi_app [-] oslo_limit.endpoint_interface = publicURL {{(pid=59746) log_opt_values /opt/stack/data/venv/lib/python3.10/site-packages/oslo_config/cfg.py:2824}}
Feb 19 13:28:52 devstack devstack@n-api.service[59746]: DEBUG nova.api.openstack.wsgi_app [-] oslo_limit.endpoint_override = None {{(pid=59746) log_opt_values /opt/stack/data/venv/lib/python3.10/site-packages/oslo_config/cfg.py:2824}}
Feb 19 13:28:52 devstack devstack@n-api.service[59746]: DEBUG nova.api.openstack.wsgi_app [-] oslo_limit.endpoint_region_name = None {{(pid=59746) log_opt_values /opt/stack/data/venv/lib/python3.10/site-packages/oslo_config/cfg.py:2824}}
Feb 19 13:28:52 devstack devstack@n-api.service[59746]: DEBUG nova.api.openstack.wsgi_app [-] oslo_limit.endpoint_service_name = None {{(pid=59746) log_opt_values /opt/stack/data/venv/lib/python3.10/site-packages/oslo_config/cfg.py:2824}}
Feb 19 13:28:52 devstack devstack@n-api.service[59746]: DEBUG nova.api.openstack.wsgi_app [-] oslo_limit.endpoint_service_type = None {{(pid=59746) log_opt_values /opt/stack/data/venv/lib/python3.10/site-packages/oslo_config/cfg.py:2824}}
Feb 19 13:28:52 devstack devstack@n-api.service[59746]: DEBUG nova.api.openstack.wsgi_app [-] oslo_limit.insecure = False {{(pid=59746) log_opt_values /opt/stack/data/venv/lib/python3.10/site-packages/oslo_config/cfg.py:2824}}
Feb 19 13:28:52 devstack devstack@n-api.service[59746]: DEBUG nova.api.openstack.wsgi_app [-] oslo_limit.keyfile = None {{(pid=59746) log_opt_values /opt/stack/data/venv/lib/python3.10/site-packages/oslo_config/cfg.py:2824}}
Feb 19 13:28:52 devstack devstack@n-api.service[59746]: DEBUG nova.api.openstack.wsgi_app [-] oslo_limit.max_version = None {{(pid=59746) log_opt_values /opt/stack/data/venv/lib/python3.10/site-packages/oslo_config/cfg.py:2824}}
Feb 19 13:28:52 devstack devstack@n-api.service[59746]: DEBUG nova.api.openstack.wsgi_app [-] oslo_limit.min_version = None {{(pid=59746) log_opt_values /opt/stack/data/venv/lib/python3.10/site-packages/oslo_config/cfg.py:2824}}
Feb 19 13:28:52 devstack devstack@n-api.service[59746]: DEBUG nova.api.openstack.wsgi_app [-] oslo_limit.region_name = None {{(pid=59746) log_opt_values /opt/stack/data/venv/lib/python3.10/site-packages/oslo_config/cfg.py:2824}}
Feb 19 13:28:52 devstack devstack@n-api.service[59746]: DEBUG nova.api.openstack.wsgi_app [-] oslo_limit.retriable_status_codes = None {{(pid=59746) log_opt_values /opt/stack/data/venv/lib/python3.10/site-packages/oslo_config/cfg.py:2824}}
Feb 19 13:28:52 devstack devstack@n-api.service[59746]: DEBUG nova.api.openstack.wsgi_app [-] oslo_limit.service_name = None {{(pid=59746) log_opt_values /opt/stack/data/venv/lib/python3.10/site-packages/oslo_config/cfg.py:2824}}
Feb 19 13:28:52 devstack devstack@n-api.service[59746]: DEBUG nova.api.openstack.wsgi_app [-] oslo_limit.service_type = None {{(pid=59746) log_opt_values /opt/stack/data/venv/lib/python3.10/site-packages/oslo_config/cfg.py:2824}}
Feb 19 13:28:52 devstack devstack@n-api.service[59746]: DEBUG nova.api.openstack.wsgi_app [-] oslo_limit.split_loggers = False {{(pid=59746) log_opt_values /opt/stack/data/venv/lib/python3.10/site-packages/oslo_config/cfg.py:2824}}
Feb 19 13:28:52 devstack devstack@n-api.service[59746]: DEBUG nova.api.openstack.wsgi_app [-] oslo_limit.status_code_retries = None {{(pid=59746) log_opt_values /opt/stack/data/venv/lib/python3.10/site-packages/oslo_config/cfg.py:2824}}
Feb 19 13:28:52 devstack devstack@n-api.service[59746]: DEBUG nova.api.openstack.wsgi_app [-] oslo_limit.status_code_retry_delay = None {{(pid=59746) log_opt_values /opt/stack/data/venv/lib/python3.10/site-packages/oslo_config/cfg.py:2824}}
Feb 19 13:28:52 devstack devstack@n-api.service[59746]: DEBUG nova.api.openstack.wsgi_app [-] oslo_limit.timeout = None {{(pid=59746) log_opt_values /opt/stack/data/venv/lib/python3.10/site-packages/oslo_config/cfg.py:2824}}
Feb 19 13:28:52 devstack devstack@n-api.service[59746]: DEBUG nova.api.openstack.wsgi_app [-] oslo_limit.valid_interfaces = None {{(pid=59746) log_opt_values /opt/stack/data/venv/lib/python3.10/site-packages/oslo_config/cfg.py:2824}}
Feb 19 13:28:52 devstack devstack@n-api.service[59746]: DEBUG nova.api.openstack.wsgi_app [-] oslo_limit.version = None {{(pid=59746) log_opt_values /opt/stack/data/venv/lib/python3.10/site-packages/oslo_config/cfg.py:2824}}
Feb 19 13:28:52 devstack devstack@n-api.service[59746]: DEBUG nova.api.openstack.wsgi_app [-] oslo_messaging_rabbit.amqp_auto_delete = False {{(pid=59746) log_opt_values /opt/stack/data/venv/lib/python3.10/site-packages/oslo_config/cfg.py:2824}}
Feb 19 13:28:52 devstack devstack@n-api.service[59746]: DEBUG nova.api.openstack.wsgi_app [-] oslo_messaging_rabbit.amqp_durable_queues = False {{(pid=59746) log_opt_values /opt/stack/data/venv/lib/python3.10/site-packages/oslo_config/cfg.py:2824}}
Feb 19 13:28:52 devstack devstack@n-api.service[59746]: DEBUG nova.api.openstack.wsgi_app [-] oslo_messaging_rabbit.conn_pool_min_size = 2 {{(pid=59746) log_opt_values /opt/stack/data/venv/lib/python3.10/site-packages/oslo_config/cfg.py:2824}}
Feb 19 13:28:52 devstack devstack@n-api.service[59746]: DEBUG nova.api.openstack.wsgi_app [-] oslo_messaging_rabbit.conn_pool_ttl = 1200 {{(pid=59746) log_opt_values /opt/stack/data/venv/lib/python3.10/site-packages/oslo_config/cfg.py:2824}}
Feb 19 13:28:52 devstack devstack@n-api.service[59746]: DEBUG nova.api.openstack.wsgi_app [-] oslo_messaging_rabbit.direct_mandatory_flag = True {{(pid=59746) log_opt_values /opt/stack/data/venv/lib/python3.10/site-packages/oslo_config/cfg.py:2824}}
Feb 19 13:28:52 devstack devstack@n-api.service[59746]: DEBUG nova.api.openstack.wsgi_app [-] oslo_messaging_rabbit.enable_cancel_on_failover = False {{(pid=59746) log_opt_values /opt/stack/data/venv/lib/python3.10/site-packages/oslo_config/cfg.py:2824}}
Feb 19 13:28:52 devstack devstack@n-api.service[59746]: DEBUG nova.api.openstack.wsgi_app [-] oslo_messaging_rabbit.heartbeat_in_pthread = False {{(pid=59746) log_opt_values /opt/stack/data/venv/lib/python3.10/site-packages/oslo_config/cfg.py:2824}}
Feb 19 13:28:52 devstack devstack@n-api.service[59746]: DEBUG nova.api.openstack.wsgi_app [-] oslo_messaging_rabbit.heartbeat_rate = 3 {{(pid=59746) log_opt_values /opt/stack/data/venv/lib/python3.10/site-packages/oslo_config/cfg.py:2824}}
Feb 19 13:28:52 devstack devstack@n-api.service[59746]: DEBUG nova.api.openstack.wsgi_app [-] oslo_messaging_rabbit.heartbeat_timeout_threshold = 60 {{(pid=59746) log_opt_values /opt/stack/data/venv/lib/python3.10/site-packages/oslo_config/cfg.py:2824}}
Feb 19 13:28:52 devstack devstack@n-api.service[59746]: DEBUG nova.api.openstack.wsgi_app [-] oslo_messaging_rabbit.hostname = devstack {{(pid=59746) log_opt_values /opt/stack/data/venv/lib/python3.10/site-packages/oslo_config/cfg.py:2824}}
Feb 19 13:28:52 devstack devstack@n-api.service[59746]: DEBUG nova.api.openstack.wsgi_app [-] oslo_messaging_rabbit.kombu_compression = None {{(pid=59746) log_opt_values /opt/stack/data/venv/lib/python3.10/site-packages/oslo_config/cfg.py:2824}}
Feb 19 13:28:52 devstack devstack@n-api.service[59746]: DEBUG nova.api.openstack.wsgi_app [-] oslo_messaging_rabbit.kombu_failover_strategy = round-robin {{(pid=59746) log_opt_values /opt/stack/data/venv/lib/python3.10/site-packages/oslo_config/cfg.py:2824}}
Feb 19 13:28:52 devstack devstack@n-api.service[59746]: DEBUG nova.api.openstack.wsgi_app [-] oslo_messaging_rabbit.kombu_missing_consumer_retry_timeout = 60 {{(pid=59746) log_opt_values /opt/stack/data/venv/lib/python3.10/site-packages/oslo_config/cfg.py:2824}}
Feb 19 13:28:52 devstack devstack@n-api.service[59746]: DEBUG nova.api.openstack.wsgi_app [-] oslo_messaging_rabbit.kombu_reconnect_delay = 1.0 {{(pid=59746) log_opt_values /opt/stack/data/venv/lib/python3.10/site-packages/oslo_config/cfg.py:2824}}
Feb 19 13:28:52 devstack devstack@n-api.service[59746]: DEBUG nova.api.openstack.wsgi_app [-] oslo_messaging_rabbit.kombu_reconnect_splay = 0.0 {{(pid=59746) log_opt_values /opt/stack/data/venv/lib/python3.10/site-packages/oslo_config/cfg.py:2824}}
Feb 19 13:28:52 devstack devstack@n-api.service[59746]: DEBUG nova.api.openstack.wsgi_app [-] oslo_messaging_rabbit.processname = uwsgi {{(pid=59746) log_opt_values /opt/stack/data/venv/lib/python3.10/site-packages/oslo_config/cfg.py:2824}}
Feb 19 13:28:52 devstack devstack@n-api.service[59746]: DEBUG nova.api.openstack.wsgi_app [-] oslo_messaging_rabbit.rabbit_ha_queues = False {{(pid=59746) log_opt_values /opt/stack/data/venv/lib/python3.10/site-packages/oslo_config/cfg.py:2824}}
Feb 19 13:28:52 devstack devstack@n-api.service[59746]: DEBUG nova.api.openstack.wsgi_app [-] oslo_messaging_rabbit.rabbit_interval_max = 30 {{(pid=59746) log_opt_values /opt/stack/data/venv/lib/python3.10/site-packages/oslo_config/cfg.py:2824}}
Feb 19 13:28:52 devstack devstack@n-api.service[59746]: DEBUG nova.api.openstack.wsgi_app [-] oslo_messaging_rabbit.rabbit_login_method = AMQPLAIN {{(pid=59746) log_opt_values /opt/stack/data/venv/lib/python3.10/site-packages/oslo_config/cfg.py:2824}}
Feb 19 13:28:52 devstack devstack@n-api.service[59746]: DEBUG nova.api.openstack.wsgi_app [-] oslo_messaging_rabbit.rabbit_qos_prefetch_count = 0 {{(pid=59746) log_opt_values /opt/stack/data/venv/lib/python3.10/site-packages/oslo_config/cfg.py:2824}}
Feb 19 13:28:52 devstack devstack@n-api.service[59746]: DEBUG nova.api.openstack.wsgi_app [-] oslo_messaging_rabbit.rabbit_quorum_delivery_limit = 0 {{(pid=59746) log_opt_values /opt/stack/data/venv/lib/python3.10/site-packages/oslo_config/cfg.py:2824}}
Feb 19 13:28:52 devstack devstack@n-api.service[59746]: DEBUG nova.api.openstack.wsgi_app [-] oslo_messaging_rabbit.rabbit_quorum_max_memory_bytes = 0 {{(pid=59746) log_opt_values /opt/stack/data/venv/lib/python3.10/site-packages/oslo_config/cfg.py:2824}}
Feb 19 13:28:52 devstack devstack@n-api.service[59746]: DEBUG nova.api.openstack.wsgi_app [-] oslo_messaging_rabbit.rabbit_quorum_max_memory_length = 0 {{(pid=59746) log_opt_values /opt/stack/data/venv/lib/python3.10/site-packages/oslo_config/cfg.py:2824}}
Feb 19 13:28:52 devstack devstack@n-api.service[59746]: DEBUG nova.api.openstack.wsgi_app [-] oslo_messaging_rabbit.rabbit_quorum_queue = False {{(pid=59746) log_opt_values /opt/stack/data/venv/lib/python3.10/site-packages/oslo_config/cfg.py:2824}}
Feb 19 13:28:52 devstack devstack@n-api.service[59746]: DEBUG nova.api.openstack.wsgi_app [-] oslo_messaging_rabbit.rabbit_retry_backoff = 2 {{(pid=59746) log_opt_values /opt/stack/data/venv/lib/python3.10/site-packages/oslo_config/cfg.py:2824}}
Feb 19 13:28:52 devstack devstack@n-api.service[59746]: DEBUG nova.api.openstack.wsgi_app [-] oslo_messaging_rabbit.rabbit_retry_interval = 1 {{(pid=59746) log_opt_values /opt/stack/data/venv/lib/python3.10/site-packages/oslo_config/cfg.py:2824}}
Feb 19 13:28:52 devstack devstack@n-api.service[59746]: DEBUG nova.api.openstack.wsgi_app [-] oslo_messaging_rabbit.rabbit_stream_fanout = False {{(pid=59746) log_opt_values /opt/stack/data/venv/lib/python3.10/site-packages/oslo_config/cfg.py:2824}}
Feb 19 13:28:52 devstack devstack@n-api.service[59746]: DEBUG nova.api.openstack.wsgi_app [-] oslo_messaging_rabbit.rabbit_transient_queues_ttl = 1800 {{(pid=59746) log_opt_values /opt/stack/data/venv/lib/python3.10/site-packages/oslo_config/cfg.py:2824}}
Feb 19 13:28:52 devstack devstack@n-api.service[59746]: DEBUG nova.api.openstack.wsgi_app [-] oslo_messaging_rabbit.rabbit_transient_quorum_queue = False {{(pid=59746) log_opt_values /opt/stack/data/venv/lib/python3.10/site-packages/oslo_config/cfg.py:2824}}
Feb 19 13:28:52 devstack devstack@n-api.service[59746]: DEBUG nova.api.openstack.wsgi_app [-] oslo_messaging_rabbit.rpc_conn_pool_size = 30 {{(pid=59746) log_opt_values /opt/stack/data/venv/lib/python3.10/site-packages/oslo_config/cfg.py:2824}}
Feb 19 13:28:52 devstack devstack@n-api.service[59746]: DEBUG nova.api.openstack.wsgi_app [-] oslo_messaging_rabbit.ssl = False {{(pid=59746) log_opt_values /opt/stack/data/venv/lib/python3.10/site-packages/oslo_config/cfg.py:2824}}
Feb 19 13:28:52 devstack devstack@n-api.service[59746]: DEBUG nova.api.openstack.wsgi_app [-] oslo_messaging_rabbit.ssl_ca_file = {{(pid=59746) log_opt_values /opt/stack/data/venv/lib/python3.10/site-packages/oslo_config/cfg.py:2824}}
Feb 19 13:28:52 devstack devstack@n-api.service[59746]: DEBUG nova.api.openstack.wsgi_app [-] oslo_messaging_rabbit.ssl_cert_file = {{(pid=59746) log_opt_values /opt/stack/data/venv/lib/python3.10/site-packages/oslo_config/cfg.py:2824}}
Feb 19 13:28:52 devstack devstack@n-api.service[59746]: DEBUG nova.api.openstack.wsgi_app [-] oslo_messaging_rabbit.ssl_enforce_fips_mode = False {{(pid=59746) log_opt_values /opt/stack/data/venv/lib/python3.10/site-packages/oslo_config/cfg.py:2824}}
Feb 19 13:28:52 devstack devstack@n-api.service[59746]: DEBUG nova.api.openstack.wsgi_app [-] oslo_messaging_rabbit.ssl_key_file = {{(pid=59746) log_opt_values /opt/stack/data/venv/lib/python3.10/site-packages/oslo_config/cfg.py:2824}}
Feb 19 13:28:52 devstack devstack@n-api.service[59746]: DEBUG nova.api.openstack.wsgi_app [-] oslo_messaging_rabbit.ssl_version = {{(pid=59746) log_opt_values /opt/stack/data/venv/lib/python3.10/site-packages/oslo_config/cfg.py:2824}}
Feb 19 13:28:52 devstack devstack@n-api.service[59746]: DEBUG nova.api.openstack.wsgi_app [-] oslo_messaging_rabbit.use_queue_manager = False {{(pid=59746) log_opt_values /opt/stack/data/venv/lib/python3.10/site-packages/oslo_config/cfg.py:2824}}
Feb 19 13:28:52 devstack devstack@n-api.service[59746]: DEBUG nova.api.openstack.wsgi_app [-] oslo_messaging_notifications.driver = ['messagingv2'] {{(pid=59746) log_opt_values /opt/stack/data/venv/lib/python3.10/site-packages/oslo_config/cfg.py:2824}}
Feb 19 13:28:52 devstack devstack@n-api.service[59746]: DEBUG nova.api.openstack.wsgi_app [-] oslo_messaging_notifications.retry = -1 {{(pid=59746) log_opt_values /opt/stack/data/venv/lib/python3.10/site-packages/oslo_config/cfg.py:2824}}
Feb 19 13:28:52 devstack devstack@n-api.service[59746]: DEBUG nova.api.openstack.wsgi_app [-] oslo_messaging_notifications.topics = ['notifications'] {{(pid=59746) log_opt_values /opt/stack/data/venv/lib/python3.10/site-packages/oslo_config/cfg.py:2824}}
Feb 19 13:28:52 devstack devstack@n-api.service[59746]: DEBUG nova.api.openstack.wsgi_app [-] oslo_messaging_notifications.transport_url = **** {{(pid=59746) log_opt_values /opt/stack/data/venv/lib/python3.10/site-packages/oslo_config/cfg.py:2824}}
Feb 19 13:28:52 devstack devstack@n-api.service[59746]: DEBUG nova.api.openstack.wsgi_app [-] oslo_reports.file_event_handler = None {{(pid=59746) log_opt_values /opt/stack/data/venv/lib/python3.10/site-packages/oslo_config/cfg.py:2824}}
Feb 19 13:28:52 devstack devstack@n-api.service[59746]: DEBUG nova.api.openstack.wsgi_app [-] oslo_reports.file_event_handler_interval = 1 {{(pid=59746) log_opt_values /opt/stack/data/venv/lib/python3.10/site-packages/oslo_config/cfg.py:2824}}
Feb 19 13:28:52 devstack devstack@n-api.service[59746]: DEBUG nova.api.openstack.wsgi_app [-] oslo_reports.log_dir = None {{(pid=59746) log_opt_values /opt/stack/data/venv/lib/python3.10/site-packages/oslo_config/cfg.py:2824}}
Feb 19 13:28:52 devstack devstack@n-api.service[59746]: DEBUG nova.api.openstack.wsgi_app [-] ******************************************************************************** {{(pid=59746) log_opt_values /opt/stack/data/venv/lib/python3.10/site-packages/oslo_config/cfg.py:2828}}
Feb 19 13:28:53 devstack devstack@n-api.service[59747]: INFO dbcounter [None req-a0493a3a-a829-46f5-8e3f-b848ff8bbe2a None None] Registered counter for database nova_api
Feb 19 13:28:53 devstack devstack@n-api.service[59747]: DEBUG oslo_db.sqlalchemy.engines [None req-a0493a3a-a829-46f5-8e3f-b848ff8bbe2a None None] MySQL server mode set to STRICT_TRANS_TABLES,STRICT_ALL_TABLES,NO_ZERO_IN_DATE,NO_ZERO_DATE,ERROR_FOR_DIVISION_BY_ZERO,TRADITIONAL,NO_ENGINE_SUBSTITUTION {{(pid=59747) _check_effective_sql_mode /opt/stack/data/venv/lib/python3.10/site-packages/oslo_db/sqlalchemy/engines.py:397}}
Feb 19 13:28:53 devstack devstack@n-api.service[59746]: INFO dbcounter [None req-948d8947-7ba1-42cb-99d7-b7d6e9328593 None None] Registered counter for database nova_api
Feb 19 13:28:53 devstack devstack@n-api.service[59746]: DEBUG oslo_db.sqlalchemy.engines [None req-948d8947-7ba1-42cb-99d7-b7d6e9328593 None None] MySQL server mode set to STRICT_TRANS_TABLES,STRICT_ALL_TABLES,NO_ZERO_IN_DATE,NO_ZERO_DATE,ERROR_FOR_DIVISION_BY_ZERO,TRADITIONAL,NO_ENGINE_SUBSTITUTION {{(pid=59746) _check_effective_sql_mode /opt/stack/data/venv/lib/python3.10/site-packages/oslo_db/sqlalchemy/engines.py:397}}
Feb 19 13:28:53 devstack devstack@n-api.service[59747]: DEBUG dbcounter [-] [59747] Writer thread running {{(pid=59747) stat_writer /opt/stack/data/venv/lib/python3.10/site-packages/dbcounter.py:102}}
Feb 19 13:28:53 devstack devstack@n-api.service[59747]: DEBUG nova.context [None req-a0493a3a-a829-46f5-8e3f-b848ff8bbe2a None None] Found 2 cells: 00000000-0000-0000-0000-000000000000(cell0),d4e91490-e524-4b43-b35a-c08465cebd47(cell1) {{(pid=59747) load_cells /opt/stack/nova/nova/context.py:472}}
Feb 19 13:28:53 devstack devstack@n-api.service[59747]: INFO nova.utils [None req-a0493a3a-a829-46f5-8e3f-b848ff8bbe2a None None] The cell worker thread pool MainProcess.cell_worker is initialized
Feb 19 13:28:53 devstack devstack@n-api.service[59747]: DEBUG oslo_concurrency.lockutils [None req-a0493a3a-a829-46f5-8e3f-b848ff8bbe2a None None] Acquiring lock "00000000-0000-0000-0000-000000000000" by "nova.context.set_target_cell..get_or_set_cached_cell_and_set_connections" {{(pid=59747) inner /opt/stack/data/venv/lib/python3.10/site-packages/oslo_concurrency/lockutils.py:405}}
Feb 19 13:28:53 devstack devstack@n-api.service[59747]: DEBUG oslo_concurrency.lockutils [None req-a0493a3a-a829-46f5-8e3f-b848ff8bbe2a None None] Lock "00000000-0000-0000-0000-000000000000" acquired by "nova.context.set_target_cell..get_or_set_cached_cell_and_set_connections" :: waited 0.000s {{(pid=59747) inner /opt/stack/data/venv/lib/python3.10/site-packages/oslo_concurrency/lockutils.py:410}}
Feb 19 13:28:53 devstack devstack@n-api.service[59747]: DEBUG oslo_concurrency.lockutils [None req-a0493a3a-a829-46f5-8e3f-b848ff8bbe2a None None] Lock "00000000-0000-0000-0000-000000000000" "released" by "nova.context.set_target_cell..get_or_set_cached_cell_and_set_connections" :: held 0.001s {{(pid=59747) inner /opt/stack/data/venv/lib/python3.10/site-packages/oslo_concurrency/lockutils.py:424}}
Feb 19 13:28:53 devstack devstack@n-api.service[59747]: DEBUG oslo_concurrency.lockutils [None req-a0493a3a-a829-46f5-8e3f-b848ff8bbe2a None None] Acquiring lock "d4e91490-e524-4b43-b35a-c08465cebd47" by "nova.context.set_target_cell..get_or_set_cached_cell_and_set_connections" {{(pid=59747) inner /opt/stack/data/venv/lib/python3.10/site-packages/oslo_concurrency/lockutils.py:405}}
Feb 19 13:28:53 devstack devstack@n-api.service[59747]: DEBUG oslo_concurrency.lockutils [None req-a0493a3a-a829-46f5-8e3f-b848ff8bbe2a None None] Lock "d4e91490-e524-4b43-b35a-c08465cebd47" acquired by "nova.context.set_target_cell..get_or_set_cached_cell_and_set_connections" :: waited 0.000s {{(pid=59747) inner /opt/stack/data/venv/lib/python3.10/site-packages/oslo_concurrency/lockutils.py:410}}
Feb 19 13:28:53 devstack devstack@n-api.service[59747]: DEBUG oslo_concurrency.lockutils [None req-a0493a3a-a829-46f5-8e3f-b848ff8bbe2a None None] Lock "d4e91490-e524-4b43-b35a-c08465cebd47" "released" by "nova.context.set_target_cell..get_or_set_cached_cell_and_set_connections" :: held 0.002s {{(pid=59747) inner /opt/stack/data/venv/lib/python3.10/site-packages/oslo_concurrency/lockutils.py:424}}
Feb 19 13:28:53 devstack devstack@n-api.service[59747]: INFO dbcounter [None req-a0493a3a-a829-46f5-8e3f-b848ff8bbe2a None None] Registered counter for database nova_cell0
Feb 19 13:28:53 devstack devstack@n-api.service[59747]: INFO dbcounter [None req-a0493a3a-a829-46f5-8e3f-b848ff8bbe2a None None] Registered counter for database nova_cell1
Feb 19 13:28:53 devstack devstack@n-api.service[59747]: DEBUG oslo_db.sqlalchemy.engines [None req-a0493a3a-a829-46f5-8e3f-b848ff8bbe2a None None] MySQL server mode set to STRICT_TRANS_TABLES,STRICT_ALL_TABLES,NO_ZERO_IN_DATE,NO_ZERO_DATE,ERROR_FOR_DIVISION_BY_ZERO,TRADITIONAL,NO_ENGINE_SUBSTITUTION {{(pid=59747) _check_effective_sql_mode /opt/stack/data/venv/lib/python3.10/site-packages/oslo_db/sqlalchemy/engines.py:397}}
Feb 19 13:28:53 devstack devstack@n-api.service[59747]: DEBUG oslo_db.sqlalchemy.engines [None req-a0493a3a-a829-46f5-8e3f-b848ff8bbe2a None None] MySQL server mode set to STRICT_TRANS_TABLES,STRICT_ALL_TABLES,NO_ZERO_IN_DATE,NO_ZERO_DATE,ERROR_FOR_DIVISION_BY_ZERO,TRADITIONAL,NO_ENGINE_SUBSTITUTION {{(pid=59747) _check_effective_sql_mode /opt/stack/data/venv/lib/python3.10/site-packages/oslo_db/sqlalchemy/engines.py:397}}
Feb 19 13:28:53 devstack devstack@n-api.service[59746]: DEBUG dbcounter [-] [59746] Writer thread running {{(pid=59746) stat_writer /opt/stack/data/venv/lib/python3.10/site-packages/dbcounter.py:102}}
Feb 19 13:28:53 devstack devstack@n-api.service[59746]: DEBUG nova.context [None req-948d8947-7ba1-42cb-99d7-b7d6e9328593 None None] Found 2 cells: 00000000-0000-0000-0000-000000000000(cell0),d4e91490-e524-4b43-b35a-c08465cebd47(cell1) {{(pid=59746) load_cells /opt/stack/nova/nova/context.py:472}}
Feb 19 13:28:53 devstack devstack@n-api.service[59746]: INFO nova.utils [None req-948d8947-7ba1-42cb-99d7-b7d6e9328593 None None] The cell worker thread pool MainProcess.cell_worker is initialized
Feb 19 13:28:53 devstack devstack@n-api.service[59746]: DEBUG oslo_concurrency.lockutils [None req-948d8947-7ba1-42cb-99d7-b7d6e9328593 None None] Acquiring lock "00000000-0000-0000-0000-000000000000" by "nova.context.set_target_cell..get_or_set_cached_cell_and_set_connections" {{(pid=59746) inner /opt/stack/data/venv/lib/python3.10/site-packages/oslo_concurrency/lockutils.py:405}}
Feb 19 13:28:53 devstack devstack@n-api.service[59746]: DEBUG oslo_concurrency.lockutils [None req-948d8947-7ba1-42cb-99d7-b7d6e9328593 None None] Lock "00000000-0000-0000-0000-000000000000" acquired by "nova.context.set_target_cell..get_or_set_cached_cell_and_set_connections" :: waited 0.000s {{(pid=59746) inner /opt/stack/data/venv/lib/python3.10/site-packages/oslo_concurrency/lockutils.py:410}}
Feb 19 13:28:53 devstack devstack@n-api.service[59746]: DEBUG oslo_concurrency.lockutils [None req-948d8947-7ba1-42cb-99d7-b7d6e9328593 None None] Lock "00000000-0000-0000-0000-000000000000" "released" by "nova.context.set_target_cell..get_or_set_cached_cell_and_set_connections" :: held 0.001s {{(pid=59746) inner /opt/stack/data/venv/lib/python3.10/site-packages/oslo_concurrency/lockutils.py:424}}
Feb 19 13:28:53 devstack devstack@n-api.service[59746]: DEBUG oslo_concurrency.lockutils [None req-948d8947-7ba1-42cb-99d7-b7d6e9328593 None None] Acquiring lock "d4e91490-e524-4b43-b35a-c08465cebd47" by "nova.context.set_target_cell..get_or_set_cached_cell_and_set_connections" {{(pid=59746) inner /opt/stack/data/venv/lib/python3.10/site-packages/oslo_concurrency/lockutils.py:405}}
Feb 19 13:28:53 devstack devstack@n-api.service[59746]: DEBUG oslo_concurrency.lockutils [None req-948d8947-7ba1-42cb-99d7-b7d6e9328593 None None] Lock "d4e91490-e524-4b43-b35a-c08465cebd47" acquired by "nova.context.set_target_cell..get_or_set_cached_cell_and_set_connections" :: waited 0.000s {{(pid=59746) inner /opt/stack/data/venv/lib/python3.10/site-packages/oslo_concurrency/lockutils.py:410}}
Feb 19 13:28:53 devstack devstack@n-api.service[59746]: DEBUG oslo_concurrency.lockutils [None req-948d8947-7ba1-42cb-99d7-b7d6e9328593 None None] Lock "d4e91490-e524-4b43-b35a-c08465cebd47" "released" by "nova.context.set_target_cell..get_or_set_cached_cell_and_set_connections" :: held 0.002s {{(pid=59746) inner /opt/stack/data/venv/lib/python3.10/site-packages/oslo_concurrency/lockutils.py:424}}
Feb 19 13:28:53 devstack devstack@n-api.service[59746]: INFO dbcounter [None req-948d8947-7ba1-42cb-99d7-b7d6e9328593 None None] Registered counter for database nova_cell0
Feb 19 13:28:53 devstack devstack@n-api.service[59746]: INFO dbcounter [None req-948d8947-7ba1-42cb-99d7-b7d6e9328593 None None] Registered counter for database nova_cell1
Feb 19 13:28:53 devstack devstack@n-api.service[59746]: DEBUG oslo_db.sqlalchemy.engines [None req-948d8947-7ba1-42cb-99d7-b7d6e9328593 None None] MySQL server mode set to STRICT_TRANS_TABLES,STRICT_ALL_TABLES,NO_ZERO_IN_DATE,NO_ZERO_DATE,ERROR_FOR_DIVISION_BY_ZERO,TRADITIONAL,NO_ENGINE_SUBSTITUTION {{(pid=59746) _check_effective_sql_mode /opt/stack/data/venv/lib/python3.10/site-packages/oslo_db/sqlalchemy/engines.py:397}}
Feb 19 13:28:53 devstack devstack@n-api.service[59746]: DEBUG oslo_db.sqlalchemy.engines [None req-948d8947-7ba1-42cb-99d7-b7d6e9328593 None None] MySQL server mode set to STRICT_TRANS_TABLES,STRICT_ALL_TABLES,NO_ZERO_IN_DATE,NO_ZERO_DATE,ERROR_FOR_DIVISION_BY_ZERO,TRADITIONAL,NO_ENGINE_SUBSTITUTION {{(pid=59746) _check_effective_sql_mode /opt/stack/data/venv/lib/python3.10/site-packages/oslo_db/sqlalchemy/engines.py:397}}
Feb 19 13:28:53 devstack devstack@n-api.service[59747]: DEBUG dbcounter [-] [59747] Writer thread running {{(pid=59747) stat_writer /opt/stack/data/venv/lib/python3.10/site-packages/dbcounter.py:102}}
Feb 19 13:28:53 devstack devstack@n-api.service[59747]: DEBUG dbcounter [-] [59747] Writer thread running {{(pid=59747) stat_writer /opt/stack/data/venv/lib/python3.10/site-packages/dbcounter.py:102}}
Feb 19 13:28:53 devstack devstack@n-api.service[59747]: INFO dbcounter [None req-a0493a3a-a829-46f5-8e3f-b848ff8bbe2a None None] Registered counter for database nova_cell0
Feb 19 13:28:53 devstack devstack@n-api.service[59747]: DEBUG oslo_db.sqlalchemy.engines [None req-a0493a3a-a829-46f5-8e3f-b848ff8bbe2a None None] MySQL server mode set to STRICT_TRANS_TABLES,STRICT_ALL_TABLES,NO_ZERO_IN_DATE,NO_ZERO_DATE,ERROR_FOR_DIVISION_BY_ZERO,TRADITIONAL,NO_ENGINE_SUBSTITUTION {{(pid=59747) _check_effective_sql_mode /opt/stack/data/venv/lib/python3.10/site-packages/oslo_db/sqlalchemy/engines.py:397}}
Feb 19 13:28:53 devstack devstack@n-api.service[59747]: DEBUG dbcounter [-] [59747] Writer thread running {{(pid=59747) stat_writer /opt/stack/data/venv/lib/python3.10/site-packages/dbcounter.py:102}}
Feb 19 13:28:53 devstack devstack@n-api.service[59746]: DEBUG dbcounter [-] [59746] Writer thread running {{(pid=59746) stat_writer /opt/stack/data/venv/lib/python3.10/site-packages/dbcounter.py:102}}
Feb 19 13:28:53 devstack devstack@n-api.service[59746]: DEBUG dbcounter [-] [59746] Writer thread running {{(pid=59746) stat_writer /opt/stack/data/venv/lib/python3.10/site-packages/dbcounter.py:102}}
Feb 19 13:28:53 devstack devstack@n-api.service[59746]: INFO dbcounter [None req-948d8947-7ba1-42cb-99d7-b7d6e9328593 None None] Registered counter for database nova_cell0
Feb 19 13:28:53 devstack devstack@n-api.service[59746]: DEBUG oslo_db.sqlalchemy.engines [None req-948d8947-7ba1-42cb-99d7-b7d6e9328593 None None] MySQL server mode set to STRICT_TRANS_TABLES,STRICT_ALL_TABLES,NO_ZERO_IN_DATE,NO_ZERO_DATE,ERROR_FOR_DIVISION_BY_ZERO,TRADITIONAL,NO_ENGINE_SUBSTITUTION {{(pid=59746) _check_effective_sql_mode /opt/stack/data/venv/lib/python3.10/site-packages/oslo_db/sqlalchemy/engines.py:397}}
Feb 19 13:28:53 devstack devstack@n-api.service[59746]: DEBUG dbcounter [-] [59746] Writer thread running {{(pid=59746) stat_writer /opt/stack/data/venv/lib/python3.10/site-packages/dbcounter.py:102}}
Feb 19 13:28:53 devstack devstack@n-api.service[59747]: DEBUG oslo_concurrency.processutils [None req-a0493a3a-a829-46f5-8e3f-b848ff8bbe2a None None] Running cmd (subprocess): grep -F node.session.scan /sbin/iscsiadm {{(pid=59747) execute /opt/stack/data/venv/lib/python3.10/site-packages/oslo_concurrency/processutils.py:349}}
Feb 19 13:28:53 devstack devstack@n-api.service[59746]: DEBUG oslo_concurrency.processutils [None req-948d8947-7ba1-42cb-99d7-b7d6e9328593 None None] Running cmd (subprocess): grep -F node.session.scan /sbin/iscsiadm {{(pid=59746) execute /opt/stack/data/venv/lib/python3.10/site-packages/oslo_concurrency/processutils.py:349}}
Feb 19 13:28:53 devstack devstack@n-api.service[59747]: DEBUG oslo_concurrency.processutils [None req-a0493a3a-a829-46f5-8e3f-b848ff8bbe2a None None] CMD "grep -F node.session.scan /sbin/iscsiadm" returned: 0 in 0.015s {{(pid=59747) execute /opt/stack/data/venv/lib/python3.10/site-packages/oslo_concurrency/processutils.py:372}}
Feb 19 13:28:53 devstack devstack@n-api.service[59746]: DEBUG oslo_concurrency.processutils [None req-948d8947-7ba1-42cb-99d7-b7d6e9328593 None None] CMD "grep -F node.session.scan /sbin/iscsiadm" returned: 0 in 0.017s {{(pid=59746) execute /opt/stack/data/venv/lib/python3.10/site-packages/oslo_concurrency/processutils.py:372}}
Feb 19 13:28:54 devstack devstack@n-api.service[59747]: WARNING keystonemiddleware.auth_token [None req-a0493a3a-a829-46f5-8e3f-b848ff8bbe2a None None] AuthToken middleware is set with keystone_authtoken.service_token_roles_required set to False. This is backwards compatible but deprecated behaviour. Please set this to True.
Feb 19 13:28:54 devstack devstack@n-api.service[59746]: WARNING keystonemiddleware.auth_token [None req-948d8947-7ba1-42cb-99d7-b7d6e9328593 None None] AuthToken middleware is set with keystone_authtoken.service_token_roles_required set to False. This is backwards compatible but deprecated behaviour. Please set this to True.
Feb 19 13:28:54 devstack devstack@n-api.service[59747]: WARNING keystonemiddleware.auth_token [None req-a0493a3a-a829-46f5-8e3f-b848ff8bbe2a None None] Configuring www_authenticate_uri to point to the public identity endpoint is required; clients may not be able to authenticate against an admin endpoint
Feb 19 13:28:54 devstack devstack@n-api.service[59746]: WARNING keystonemiddleware.auth_token [None req-948d8947-7ba1-42cb-99d7-b7d6e9328593 None None] Configuring www_authenticate_uri to point to the public identity endpoint is required; clients may not be able to authenticate against an admin endpoint
Feb 19 13:28:54 devstack devstack@n-api.service[59747]: WARNING keystonemiddleware.auth_token [None req-a0493a3a-a829-46f5-8e3f-b848ff8bbe2a None None] AuthToken middleware is set with keystone_authtoken.service_token_roles_required set to False. This is backwards compatible but deprecated behaviour. Please set this to True.
Feb 19 13:28:54 devstack devstack@n-api.service[59746]: WARNING keystonemiddleware.auth_token [None req-948d8947-7ba1-42cb-99d7-b7d6e9328593 None None] AuthToken middleware is set with keystone_authtoken.service_token_roles_required set to False. This is backwards compatible but deprecated behaviour. Please set this to True.
Feb 19 13:28:54 devstack devstack@n-api.service[59747]: WARNING keystonemiddleware.auth_token [None req-a0493a3a-a829-46f5-8e3f-b848ff8bbe2a None None] Configuring www_authenticate_uri to point to the public identity endpoint is required; clients may not be able to authenticate against an admin endpoint
Feb 19 13:28:54 devstack devstack@n-api.service[59746]: WARNING keystonemiddleware.auth_token [None req-948d8947-7ba1-42cb-99d7-b7d6e9328593 None None] Configuring www_authenticate_uri to point to the public identity endpoint is required; clients may not be able to authenticate against an admin endpoint
Feb 19 13:28:54 devstack devstack@n-api.service[59747]: WSGI app 0 (mountpoint='') ready in 4 seconds on interpreter 0x5585670261e0 pid: 59747 (default app)
Feb 19 13:28:54 devstack devstack@n-api.service[59746]: WSGI app 0 (mountpoint='') ready in 4 seconds on interpreter 0x5585670261e0 pid: 59746 (default app)
Feb 19 13:28:54 devstack devstack@n-api.service[59747]: DEBUG nova.api.openstack.wsgi [None req-a0493a3a-a829-46f5-8e3f-b848ff8bbe2a None None] Calling method '>' {{(pid=59747) _process_stack /opt/stack/nova/nova/api/openstack/wsgi.py:552}}
Feb 19 13:28:54 devstack devstack@n-api.service[59747]: INFO nova.api.openstack.requestlog [None req-a0493a3a-a829-46f5-8e3f-b848ff8bbe2a None None] 192.168.122.21 "GET /compute/v2.1/" status: 200 len: 392 microversion: 2.1 time: 0.004538
Feb 19 13:28:54 devstack devstack@n-api.service[59747]: [pid: 59747|app: 0|req: 1/1] 192.168.122.21 () {54 vars in 884 bytes} [Thu Feb 19 13:28:54 2026] GET /compute/v2.1/ => generated 392 bytes in 6 msecs (HTTP/1.1 200) 9 headers in 357 bytes (1 switches on core 0)
Feb 19 13:30:30 devstack devstack@n-api.service[59746]: DEBUG nova.api.openstack.wsgi [None req-948d8947-7ba1-42cb-99d7-b7d6e9328593 None None] Calling method '>' {{(pid=59746) _process_stack /opt/stack/nova/nova/api/openstack/wsgi.py:552}}
Feb 19 13:30:30 devstack devstack@n-api.service[59746]: INFO nova.api.openstack.requestlog [None req-948d8947-7ba1-42cb-99d7-b7d6e9328593 None None] 192.168.122.21 "GET /compute/v2.1" status: 200 len: 392 microversion: 2.1 time: 0.008176
Feb 19 13:30:30 devstack devstack@n-api.service[59746]: [pid: 59746|app: 0|req: 1/2] 192.168.122.21 () {58 vars in 1027 bytes} [Thu Feb 19 13:30:30 2026] GET /compute/v2.1 => generated 392 bytes in 14 msecs (HTTP/1.1 200) 9 headers in 357 bytes (1 switches on core 0)
Feb 19 13:30:30 devstack devstack@n-api.service[59747]: DEBUG dbcounter [-] [59747] Writing DB stats nova_api:SELECT=1 {{(pid=59747) stat_writer /opt/stack/data/venv/lib/python3.10/site-packages/dbcounter.py:115}}
Feb 19 13:30:30 devstack devstack@n-api.service[59747]: DEBUG dbcounter [-] [59747] Writing DB stats nova_cell0:SELECT=1 {{(pid=59747) stat_writer /opt/stack/data/venv/lib/python3.10/site-packages/dbcounter.py:115}}
Feb 19 13:30:30 devstack devstack@n-api.service[59747]: DEBUG dbcounter [-] [59747] Writing DB stats nova_cell1:SELECT=1 {{(pid=59747) stat_writer /opt/stack/data/venv/lib/python3.10/site-packages/dbcounter.py:115}}
Feb 19 13:30:30 devstack devstack@n-api.service[59747]: DEBUG dbcounter [-] [59747] Writing DB stats nova_cell0:SELECT=2,nova_cell0:INSERT=1 {{(pid=59747) stat_writer /opt/stack/data/venv/lib/python3.10/site-packages/dbcounter.py:115}}
Feb 19 13:30:30 devstack devstack@n-api.service[59747]: DEBUG nova.api.openstack.wsgi [None req-ece1a748-fc63-40ae-9e03-e0c3c5a58428 admin admin] Calling method '>' {{(pid=59747) _process_stack /opt/stack/nova/nova/api/openstack/wsgi.py:552}}
Feb 19 13:30:30 devstack devstack@n-api.service[59747]: INFO nova.api.openstack.requestlog [None req-ece1a748-fc63-40ae-9e03-e0c3c5a58428 admin admin] 192.168.122.21 "GET /compute/v2.1/flavors/detail?is_public=True" status: 200 len: 15 microversion: 2.61 time: 0.504805
Feb 19 13:30:30 devstack devstack@n-api.service[59747]: [pid: 59747|app: 0|req: 2/3] 192.168.122.21 () {64 vars in 1388 bytes} [Thu Feb 19 13:30:30 2026] GET /compute/v2.1/flavors/detail?is_public=True => generated 15 bytes in 509 msecs (HTTP/1.1 200) 9 headers in 358 bytes (1 switches on core 0)
Feb 19 13:30:32 devstack devstack@n-api.service[59746]: DEBUG nova.api.openstack.wsgi [None req-948d8947-7ba1-42cb-99d7-b7d6e9328593 None None] Calling method '>' {{(pid=59746) _process_stack /opt/stack/nova/nova/api/openstack/wsgi.py:552}}
Feb 19 13:30:32 devstack devstack@n-api.service[59746]: INFO nova.api.openstack.requestlog [None req-948d8947-7ba1-42cb-99d7-b7d6e9328593 None None] 192.168.122.21 "GET /compute/v2.1" status: 200 len: 392 microversion: 2.1 time: 0.004671
Feb 19 13:30:32 devstack devstack@n-api.service[59746]: [pid: 59746|app: 0|req: 2/4] 192.168.122.21 () {58 vars in 1027 bytes} [Thu Feb 19 13:30:32 2026] GET /compute/v2.1 => generated 392 bytes in 5 msecs (HTTP/1.1 200) 9 headers in 357 bytes (1 switches on core 0)
Feb 19 13:30:32 devstack devstack@n-api.service[59747]: DEBUG nova.api.openstack.wsgi [None req-f8911710-5b2a-4a19-9fc8-abfb2cb78a73 admin admin] Action: 'create', calling method: >, body: {"flavor": {"ram": 256, "rxtx_factor": 1.0, "id": "c1", "name": "cirros256", "os-flavor-access:is_public": true, "OS-FLV-EXT-DATA:ephemeral": 0, "swap": 0, "vcpus": 1, "disk": 1}} {{(pid=59747) _process_stack /opt/stack/nova/nova/api/openstack/wsgi.py:550}}
Feb 19 13:30:32 devstack devstack@n-api.service[59747]: INFO nova.api.openstack.requestlog [None req-f8911710-5b2a-4a19-9fc8-abfb2cb78a73 admin admin] 192.168.122.21 "POST /compute/v2.1/flavors" status: 200 len: 413 microversion: 2.61 time: 0.100333
Feb 19 13:30:32 devstack devstack@n-api.service[59747]: [pid: 59747|app: 0|req: 3/5] 192.168.122.21 () {68 vars in 1379 bytes} [Thu Feb 19 13:30:32 2026] POST /compute/v2.1/flavors => generated 413 bytes in 102 msecs (HTTP/1.1 200) 9 headers in 359 bytes (1 switches on core 0)
Feb 19 13:30:32 devstack devstack@n-api.service[59746]: DEBUG nova.api.openstack.wsgi [None req-90300a9b-def2-4956-81f5-1c01bae593ef admin admin] Action: 'create', calling method: >, body: {"extra_specs": {"hw_rng:allowed": "True"}} {{(pid=59746) _process_stack /opt/stack/nova/nova/api/openstack/wsgi.py:550}}
Feb 19 13:30:32 devstack devstack@n-api.service[59746]: DEBUG dbcounter [-] [59746] Writing DB stats nova_api:SELECT=1 {{(pid=59746) stat_writer /opt/stack/data/venv/lib/python3.10/site-packages/dbcounter.py:115}}
Feb 19 13:30:32 devstack devstack@n-api.service[59746]: DEBUG dbcounter [-] [59746] Writing DB stats nova_cell0:SELECT=1 {{(pid=59746) stat_writer /opt/stack/data/venv/lib/python3.10/site-packages/dbcounter.py:115}}
Feb 19 13:30:32 devstack devstack@n-api.service[59746]: DEBUG dbcounter [-] [59746] Writing DB stats nova_cell1:SELECT=1 {{(pid=59746) stat_writer /opt/stack/data/venv/lib/python3.10/site-packages/dbcounter.py:115}}
Feb 19 13:30:32 devstack devstack@n-api.service[59746]: DEBUG dbcounter [-] [59746] Writing DB stats nova_cell0:SELECT=1 {{(pid=59746) stat_writer /opt/stack/data/venv/lib/python3.10/site-packages/dbcounter.py:115}}
Feb 19 13:30:32 devstack devstack@n-api.service[59746]: INFO nova.api.openstack.requestlog [None req-90300a9b-def2-4956-81f5-1c01bae593ef admin admin] 192.168.122.21 "POST /compute/v2.1/flavors/c1/os-extra_specs" status: 200 len: 43 microversion: 2.61 time: 0.409769
Feb 19 13:30:32 devstack devstack@n-api.service[59746]: [pid: 59746|app: 0|req: 3/6] 192.168.122.21 () {68 vars in 1432 bytes} [Thu Feb 19 13:30:32 2026] POST /compute/v2.1/flavors/c1/os-extra_specs => generated 43 bytes in 411 msecs (HTTP/1.1 200) 9 headers in 358 bytes (1 switches on core 0)
Feb 19 13:30:34 devstack devstack@n-api.service[59747]: DEBUG nova.api.openstack.wsgi [None req-f8911710-5b2a-4a19-9fc8-abfb2cb78a73 admin admin] Calling method '>' {{(pid=59747) _process_stack /opt/stack/nova/nova/api/openstack/wsgi.py:552}}
Feb 19 13:30:34 devstack devstack@n-api.service[59747]: INFO nova.api.openstack.requestlog [None req-f8911710-5b2a-4a19-9fc8-abfb2cb78a73 admin admin] 192.168.122.21 "GET /compute/v2.1" status: 200 len: 392 microversion: 2.1 time: 0.008291
Feb 19 13:30:34 devstack devstack@n-api.service[59747]: [pid: 59747|app: 0|req: 4/7] 192.168.122.21 () {58 vars in 1027 bytes} [Thu Feb 19 13:30:34 2026] GET /compute/v2.1 => generated 392 bytes in 12 msecs (HTTP/1.1 200) 9 headers in 357 bytes (1 switches on core 0)
Feb 19 13:30:35 devstack devstack@n-api.service[59746]: DEBUG nova.api.openstack.wsgi [None req-440e204a-9979-4764-8d24-343f89ae8f7c admin admin] Action: 'create', calling method: >, body: {"flavor": {"swap": 0, "vcpus": 1, "name": "ds512M", "os-flavor-access:is_public": true, "id": "d1", "OS-FLV-EXT-DATA:ephemeral": 0, "rxtx_factor": 1.0, "ram": 512, "disk": 5}} {{(pid=59746) _process_stack /opt/stack/nova/nova/api/openstack/wsgi.py:550}}
Feb 19 13:30:35 devstack devstack@n-api.service[59746]: INFO nova.api.openstack.requestlog [None req-440e204a-9979-4764-8d24-343f89ae8f7c admin admin] 192.168.122.21 "POST /compute/v2.1/flavors" status: 200 len: 410 microversion: 2.61 time: 0.294958
Feb 19 13:30:35 devstack devstack@n-api.service[59746]: [pid: 59746|app: 0|req: 4/8] 192.168.122.21 () {68 vars in 1379 bytes} [Thu Feb 19 13:30:34 2026] POST /compute/v2.1/flavors => generated 410 bytes in 306 msecs (HTTP/1.1 200) 9 headers in 359 bytes (1 switches on core 0)
Feb 19 13:30:35 devstack devstack@n-api.service[59747]: DEBUG nova.api.openstack.wsgi [None req-de2c3878-7734-4373-9505-465958f5e054 admin admin] Action: 'create', calling method: >, body: {"extra_specs": {"hw_rng:allowed": "True"}} {{(pid=59747) _process_stack /opt/stack/nova/nova/api/openstack/wsgi.py:550}}
Feb 19 13:30:35 devstack devstack@n-api.service[59747]: INFO nova.api.openstack.requestlog [None req-de2c3878-7734-4373-9505-465958f5e054 admin admin] 192.168.122.21 "POST /compute/v2.1/flavors/d1/os-extra_specs" status: 200 len: 43 microversion: 2.61 time: 0.116447
Feb 19 13:30:35 devstack devstack@n-api.service[59747]: [pid: 59747|app: 0|req: 5/9] 192.168.122.21 () {68 vars in 1432 bytes} [Thu Feb 19 13:30:35 2026] POST /compute/v2.1/flavors/d1/os-extra_specs => generated 43 bytes in 121 msecs (HTTP/1.1 200) 9 headers in 358 bytes (1 switches on core 0)
Feb 19 13:30:37 devstack devstack@n-api.service[59746]: DEBUG nova.api.openstack.wsgi [None req-440e204a-9979-4764-8d24-343f89ae8f7c admin admin] Calling method '>' {{(pid=59746) _process_stack /opt/stack/nova/nova/api/openstack/wsgi.py:552}}
Feb 19 13:30:37 devstack devstack@n-api.service[59746]: INFO nova.api.openstack.requestlog [None req-440e204a-9979-4764-8d24-343f89ae8f7c admin admin] 192.168.122.21 "GET /compute/v2.1" status: 200 len: 392 microversion: 2.1 time: 0.004804
Feb 19 13:30:37 devstack devstack@n-api.service[59746]: [pid: 59746|app: 0|req: 5/10] 192.168.122.21 () {58 vars in 1027 bytes} [Thu Feb 19 13:30:37 2026] GET /compute/v2.1 => generated 392 bytes in 6 msecs (HTTP/1.1 200) 9 headers in 357 bytes (1 switches on core 0)
Feb 19 13:30:37 devstack devstack@n-api.service[59747]: DEBUG nova.api.openstack.wsgi [None req-20c5f5e0-b2b1-4910-9f12-8cf88c6c93e2 admin admin] Action: 'create', calling method: >, body: {"flavor": {"disk": 10, "vcpus": 1, "id": "d2", "swap": 0, "rxtx_factor": 1.0, "ram": 1024, "os-flavor-access:is_public": true, "OS-FLV-EXT-DATA:ephemeral": 0, "name": "ds1G"}} {{(pid=59747) _process_stack /opt/stack/nova/nova/api/openstack/wsgi.py:550}}
Feb 19 13:30:37 devstack devstack@n-api.service[59747]: INFO nova.api.openstack.requestlog [None req-20c5f5e0-b2b1-4910-9f12-8cf88c6c93e2 admin admin] 192.168.122.21 "POST /compute/v2.1/flavors" status: 200 len: 410 microversion: 2.61 time: 0.085410
Feb 19 13:30:37 devstack devstack@n-api.service[59747]: [pid: 59747|app: 0|req: 6/11] 192.168.122.21 () {68 vars in 1379 bytes} [Thu Feb 19 13:30:37 2026] POST /compute/v2.1/flavors => generated 410 bytes in 90 msecs (HTTP/1.1 200) 9 headers in 359 bytes (1 switches on core 0)
Feb 19 13:30:37 devstack devstack@n-api.service[59746]: DEBUG nova.api.openstack.wsgi [None req-3e79639f-48de-4714-af87-16bfa14ee723 admin admin] Action: 'create', calling method: >, body: {"extra_specs": {"hw_rng:allowed": "True"}} {{(pid=59746) _process_stack /opt/stack/nova/nova/api/openstack/wsgi.py:550}}
Feb 19 13:30:37 devstack devstack@n-api.service[59746]: INFO nova.api.openstack.requestlog [None req-3e79639f-48de-4714-af87-16bfa14ee723 admin admin] 192.168.122.21 "POST /compute/v2.1/flavors/d2/os-extra_specs" status: 200 len: 43 microversion: 2.61 time: 0.027878
Feb 19 13:30:37 devstack devstack@n-api.service[59746]: [pid: 59746|app: 0|req: 6/12] 192.168.122.21 () {68 vars in 1432 bytes} [Thu Feb 19 13:30:37 2026] POST /compute/v2.1/flavors/d2/os-extra_specs => generated 43 bytes in 29 msecs (HTTP/1.1 200) 9 headers in 358 bytes (1 switches on core 0)
Feb 19 13:30:39 devstack devstack@n-api.service[59747]: DEBUG nova.api.openstack.wsgi [None req-20c5f5e0-b2b1-4910-9f12-8cf88c6c93e2 admin admin] Calling method '>' {{(pid=59747) _process_stack /opt/stack/nova/nova/api/openstack/wsgi.py:552}}
Feb 19 13:30:39 devstack devstack@n-api.service[59747]: INFO nova.api.openstack.requestlog [None req-20c5f5e0-b2b1-4910-9f12-8cf88c6c93e2 admin admin] 192.168.122.21 "GET /compute/v2.1" status: 200 len: 392 microversion: 2.1 time: 0.005736
Feb 19 13:30:39 devstack devstack@n-api.service[59747]: [pid: 59747|app: 0|req: 7/13] 192.168.122.21 () {58 vars in 1027 bytes} [Thu Feb 19 13:30:39 2026] GET /compute/v2.1 => generated 392 bytes in 7 msecs (HTTP/1.1 200) 9 headers in 357 bytes (1 switches on core 0)
Feb 19 13:30:39 devstack devstack@n-api.service[59746]: DEBUG nova.api.openstack.wsgi [None req-ba0c9bf3-183b-4df7-b9cf-34653c086c9b admin admin] Action: 'create', calling method: >, body: {"flavor": {"name": "ds2G", "OS-FLV-EXT-DATA:ephemeral": 0, "disk": 10, "rxtx_factor": 1.0, "id": "d3", "ram": 2048, "swap": 0, "vcpus": 2, "os-flavor-access:is_public": true}} {{(pid=59746) _process_stack /opt/stack/nova/nova/api/openstack/wsgi.py:550}}
Feb 19 13:30:39 devstack devstack@n-api.service[59746]: INFO nova.api.openstack.requestlog [None req-ba0c9bf3-183b-4df7-b9cf-34653c086c9b admin admin] 192.168.122.21 "POST /compute/v2.1/flavors" status: 200 len: 410 microversion: 2.61 time: 0.083815
Feb 19 13:30:39 devstack devstack@n-api.service[59746]: [pid: 59746|app: 0|req: 7/14] 192.168.122.21 () {68 vars in 1379 bytes} [Thu Feb 19 13:30:39 2026] POST /compute/v2.1/flavors => generated 410 bytes in 85 msecs (HTTP/1.1 200) 9 headers in 359 bytes (1 switches on core 0)
Feb 19 13:30:39 devstack devstack@n-api.service[59747]: DEBUG nova.api.openstack.wsgi [None req-f3f4928e-c8be-463a-b51b-95fba41b1084 admin admin] Action: 'create', calling method: >, body: {"extra_specs": {"hw_rng:allowed": "True"}} {{(pid=59747) _process_stack /opt/stack/nova/nova/api/openstack/wsgi.py:550}}
Feb 19 13:30:39 devstack devstack@n-api.service[59747]: INFO nova.api.openstack.requestlog [None req-f3f4928e-c8be-463a-b51b-95fba41b1084 admin admin] 192.168.122.21 "POST /compute/v2.1/flavors/d3/os-extra_specs" status: 200 len: 43 microversion: 2.61 time: 0.029316
Feb 19 13:30:39 devstack devstack@n-api.service[59747]: [pid: 59747|app: 0|req: 8/15] 192.168.122.21 () {68 vars in 1432 bytes} [Thu Feb 19 13:30:39 2026] POST /compute/v2.1/flavors/d3/os-extra_specs => generated 43 bytes in 31 msecs (HTTP/1.1 200) 9 headers in 358 bytes (1 switches on core 0)
Feb 19 13:30:41 devstack devstack@n-api.service[59746]: DEBUG nova.api.openstack.wsgi [None req-ba0c9bf3-183b-4df7-b9cf-34653c086c9b admin admin] Calling method '>' {{(pid=59746) _process_stack /opt/stack/nova/nova/api/openstack/wsgi.py:552}}
Feb 19 13:30:41 devstack devstack@n-api.service[59746]: INFO nova.api.openstack.requestlog [None req-ba0c9bf3-183b-4df7-b9cf-34653c086c9b admin admin] 192.168.122.21 "GET /compute/v2.1" status: 200 len: 392 microversion: 2.1 time: 0.007010
Feb 19 13:30:41 devstack devstack@n-api.service[59746]: [pid: 59746|app: 0|req: 8/16] 192.168.122.21 () {58 vars in 1027 bytes} [Thu Feb 19 13:30:41 2026] GET /compute/v2.1 => generated 392 bytes in 9 msecs (HTTP/1.1 200) 9 headers in 357 bytes (1 switches on core 0)
Feb 19 13:30:41 devstack devstack@n-api.service[59747]: DEBUG nova.api.openstack.wsgi [None req-b9086f79-3e6a-431a-bf2b-f9a14f9dc5f5 admin admin] Action: 'create', calling method: >, body: {"flavor": {"os-flavor-access:is_public": true, "OS-FLV-EXT-DATA:ephemeral": 0, "rxtx_factor": 1.0, "disk": 20, "vcpus": 4, "name": "ds4G", "id": "d4", "swap": 0, "ram": 4096}} {{(pid=59747) _process_stack /opt/stack/nova/nova/api/openstack/wsgi.py:550}}
Feb 19 13:30:41 devstack devstack@n-api.service[59747]: INFO nova.api.openstack.requestlog [None req-b9086f79-3e6a-431a-bf2b-f9a14f9dc5f5 admin admin] 192.168.122.21 "POST /compute/v2.1/flavors" status: 200 len: 410 microversion: 2.61 time: 0.076783
Feb 19 13:30:41 devstack devstack@n-api.service[59747]: [pid: 59747|app: 0|req: 9/17] 192.168.122.21 () {68 vars in 1379 bytes} [Thu Feb 19 13:30:41 2026] POST /compute/v2.1/flavors => generated 410 bytes in 78 msecs (HTTP/1.1 200) 9 headers in 359 bytes (1 switches on core 0)
Feb 19 13:30:41 devstack devstack@n-api.service[59746]: DEBUG nova.api.openstack.wsgi [None req-935ce7dd-e53f-45db-8016-466d71007185 admin admin] Action: 'create', calling method: >, body: {"extra_specs": {"hw_rng:allowed": "True"}} {{(pid=59746) _process_stack /opt/stack/nova/nova/api/openstack/wsgi.py:550}}
Feb 19 13:30:41 devstack devstack@n-api.service[59746]: INFO nova.api.openstack.requestlog [None req-935ce7dd-e53f-45db-8016-466d71007185 admin admin] 192.168.122.21 "POST /compute/v2.1/flavors/d4/os-extra_specs" status: 200 len: 43 microversion: 2.61 time: 0.031841
