Jun 19 04:16:54 devstack cinder-volume[93300]: DEBUG cinder.coordination [None req-3ba1ac83-edfd-4bd0-8608-208d49f41553 tempest-SnapshotsActionsTest-780196418 None] Lock "cinder-quobyte-b8a2a7ea-663a-4bdd-91d9-9e1915162002" acquired by "_delete_snapshot" :: waited 0.016s {{(pid=93300) __acquire /opt/stack/cinder/cinder/coordination.py:141}}
Jun 19 04:16:54 devstack cinder-volume[93300]: DEBUG cinder.volume.drivers.remotefs [None req-3ba1ac83-edfd-4bd0-8608-208d49f41553 tempest-SnapshotsActionsTest-780196418 None] Deleting offline snapshot b8a2a7ea-663a-4bdd-91d9-9e1915162002 of volume e285ca97-6f24-47f5-a89f-a8a03b347736 {{(pid=93300) _delete_snapshot /opt/stack/cinder/cinder/volume/drivers/remotefs.py:1288}}
Jun 19 04:16:54 devstack cinder-volume[93300]: DEBUG cinder.volume.drivers.remotefs [None req-3ba1ac83-edfd-4bd0-8608-208d49f41553 tempest-SnapshotsActionsTest-780196418 None] snapshot_file for this snap is: volume-e285ca97-6f24-47f5-a89f-a8a03b347736.b8a2a7ea-663a-4bdd-91d9-9e1915162002 {{(pid=93300) _delete_snapshot /opt/stack/cinder/cinder/volume/drivers/remotefs.py:1317}}
Jun 19 04:16:54 devstack cinder-volume[93300]: DEBUG oslo.privsep.daemon [-] privsep: reply[34048471-082a-4590-ab09-0d1b3ea0a6fa]: (4, 'qcow2') {{(pid=94600) _call_back /opt/stack/data/venv/lib/python3.12/site-packages/oslo_privsep/daemon.py:580}}
Jun 19 04:16:54 devstack cinder-volume[93300]: DEBUG oslo_concurrency.processutils [None req-3ba1ac83-edfd-4bd0-8608-208d49f41553 tempest-SnapshotsActionsTest-780196418 None] Running cmd (subprocess): /opt/stack/data/venv/bin/python3.12 -m oslo_concurrency.prlimit --as=1073741824 --cpu=60 -- sudo cinder-rootwrap /etc/cinder/rootwrap.conf env LC_ALL=C qemu-img info -f qcow2 --output=json --force-share /opt/stack/data/cinder/mnt/c1bf215c749152721c97438506144d2b/volume-e285ca97-6f24-47f5-a89f-a8a03b347736.b8a2a7ea-663a-4bdd-91d9-9e1915162002 {{(pid=93300) execute /opt/stack/data/venv/lib/python3.12/site-packages/oslo_concurrency/processutils.py:440}}
Jun 19 04:16:54 devstack sudo[99632]: quobyte : PWD=/ ; USER=root ; COMMAND=/opt/stack/data/venv/bin/cinder-rootwrap /etc/cinder/rootwrap.conf env LC_ALL=C qemu-img info -f qcow2 --output=json --force-share /opt/stack/data/cinder/mnt/c1bf215c749152721c97438506144d2b/volume-e285ca97-6f24-47f5-a89f-a8a03b347736.b8a2a7ea-663a-4bdd-91d9-9e1915162002
Jun 19 04:16:54 devstack sudo[99632]: pam_unix(sudo:session): session opened for user root(uid=0) by (uid=1000)
Jun 19 04:16:54 devstack sudo[99627]: pam_unix(sudo:session): session closed for user root
Jun 19 04:16:54 devstack cinder-volume[93300]: DEBUG oslo_concurrency.processutils [req-bfe26e60-f4cf-48af-bcf1-ae3e3e74b9c5 req-db73f5d0-071c-4e8e-b4d4-39aeb5fb471c tempest-AttachVolumeTestJSON-1314088858 None] CMD "/opt/stack/data/venv/bin/python3.12 -m oslo_concurrency.prlimit --as=1073741824 --cpu=60 -- sudo cinder-rootwrap /etc/cinder/rootwrap.conf env LC_ALL=C qemu-img info -f qcow2 --output=json --force-share /opt/stack/data/cinder/mnt/c1bf215c749152721c97438506144d2b/volume-7f83865c-9ad6-4134-9234-a305430faba1" returned: 0 in 0.833s {{(pid=93300) execute /opt/stack/data/venv/lib/python3.12/site-packages/oslo_concurrency/processutils.py:468}}
Jun 19 04:16:54 devstack cinder-volume[93300]: DEBUG oslo_concurrency.lockutils [req-bfe26e60-f4cf-48af-bcf1-ae3e3e74b9c5 req-db73f5d0-071c-4e8e-b4d4-39aeb5fb471c tempest-AttachVolumeTestJSON-1314088858 None] Lock "quobyte" "released" by "cinder.volume.drivers.quobyte.QuobyteDriver.initialize_connection" :: held 0.855s {{(pid=93300) inner /opt/stack/data/venv/lib/python3.12/site-packages/oslo_concurrency/lockutils.py:543}}
Jun 19 04:16:54 devstack cinder-volume[93300]: DEBUG cinder.volume.manager [req-bfe26e60-f4cf-48af-bcf1-ae3e3e74b9c5 req-db73f5d0-071c-4e8e-b4d4-39aeb5fb471c tempest-AttachVolumeTestJSON-1314088858 None] Connection info returned from driver {'export': 'osci02.corp.quobyte.com/cinder-vol-a6d630c6-4f66-467c-bab5-c0e18da1d36b', 'name': 'volume-7f83865c-9ad6-4134-9234-a305430faba1', 'options': None, 'format': 'qcow2', 'qos_specs': None, 'access_mode': 'rw', 'encrypted': False, 'cacheable': False, 'driver_volume_type': 'quobyte', 'mount_point_base': '/opt/stack/data/cinder/mnt', 'attachment_id': '18addcca-3014-4d4b-9d56-4cd1d8c192f7', 'enforce_multipath': True} {{(pid=93300) _connection_create /opt/stack/cinder/cinder/volume/manager.py:4924}}
Jun 19 04:16:54 devstack cinder-volume[93300]: INFO cinder.volume.manager [req-bfe26e60-f4cf-48af-bcf1-ae3e3e74b9c5 req-db73f5d0-071c-4e8e-b4d4-39aeb5fb471c tempest-AttachVolumeTestJSON-1314088858 None] attachment_update completed successfully.
Jun 19 04:16:55 devstack sudo[99632]: pam_unix(sudo:session): session closed for user root
Jun 19 04:16:55 devstack cinder-volume[93300]: DEBUG oslo_concurrency.processutils [None req-3ba1ac83-edfd-4bd0-8608-208d49f41553 tempest-SnapshotsActionsTest-780196418 None] CMD "/opt/stack/data/venv/bin/python3.12 -m oslo_concurrency.prlimit --as=1073741824 --cpu=60 -- sudo cinder-rootwrap /etc/cinder/rootwrap.conf env LC_ALL=C qemu-img info -f qcow2 --output=json --force-share /opt/stack/data/cinder/mnt/c1bf215c749152721c97438506144d2b/volume-e285ca97-6f24-47f5-a89f-a8a03b347736.b8a2a7ea-663a-4bdd-91d9-9e1915162002" returned: 0 in 0.787s {{(pid=93300) execute /opt/stack/data/venv/lib/python3.12/site-packages/oslo_concurrency/processutils.py:468}}
Jun 19 04:16:55 devstack cinder-volume[93300]: DEBUG cinder.volume.drivers.remotefs [None req-3ba1ac83-edfd-4bd0-8608-208d49f41553 tempest-SnapshotsActionsTest-780196418 None] Fetching qemu-img info with special backing_file_template: (/opt/stack/data/cinder/mnt/[0-9a-f]+/)?(volume-e285ca97-6f24-47f5-a89f-a8a03b347736(.(tmp-snap-)?[0-9a-f-]+)?|volume_from_snapshot_cache/(tmp-snap-)?[0-9a-f-]+(.(child-|parent-)[0-9a-f-]+)?)$ {{(pid=93300) _qemu_img_info_base /opt/stack/cinder/cinder/volume/drivers/remotefs.py:896}}
Jun 19 04:16:55 devstack cinder-volume[93300]: DEBUG oslo.privsep.daemon [-] privsep: reply[1f245931-3a40-4dfb-9687-555a2aedd25e]: (4, 'qcow2') {{(pid=94600) _call_back /opt/stack/data/venv/lib/python3.12/site-packages/oslo_privsep/daemon.py:580}}
Jun 19 04:16:55 devstack cinder-volume[93300]: DEBUG oslo_concurrency.processutils [None req-3ba1ac83-edfd-4bd0-8608-208d49f41553 tempest-SnapshotsActionsTest-780196418 None] Running cmd (subprocess): /opt/stack/data/venv/bin/python3.12 -m oslo_concurrency.prlimit --as=1073741824 --cpu=60 -- sudo cinder-rootwrap /etc/cinder/rootwrap.conf env LC_ALL=C qemu-img info -f qcow2 --output=json --force-share /opt/stack/data/cinder/mnt/c1bf215c749152721c97438506144d2b/volume-e285ca97-6f24-47f5-a89f-a8a03b347736.b8a34609-f39e-4f2b-902b-fa29b721e625 {{(pid=93300) execute /opt/stack/data/venv/lib/python3.12/site-packages/oslo_concurrency/processutils.py:440}}
Jun 19 04:16:55 devstack sudo[99638]: quobyte : PWD=/ ; USER=root ; COMMAND=/opt/stack/data/venv/bin/cinder-rootwrap /etc/cinder/rootwrap.conf env LC_ALL=C qemu-img info -f qcow2 --output=json --force-share /opt/stack/data/cinder/mnt/c1bf215c749152721c97438506144d2b/volume-e285ca97-6f24-47f5-a89f-a8a03b347736.b8a34609-f39e-4f2b-902b-fa29b721e625
Jun 19 04:16:55 devstack sudo[99638]: pam_unix(sudo:session): session opened for user root(uid=0) by (uid=1000)
Jun 19 04:16:56 devstack sudo[99638]: pam_unix(sudo:session): session closed for user root
Jun 19 04:16:56 devstack cinder-volume[93300]: DEBUG oslo_concurrency.processutils [None req-3ba1ac83-edfd-4bd0-8608-208d49f41553 tempest-SnapshotsActionsTest-780196418 None] CMD "/opt/stack/data/venv/bin/python3.12 -m oslo_concurrency.prlimit --as=1073741824 --cpu=60 -- sudo cinder-rootwrap /etc/cinder/rootwrap.conf env LC_ALL=C qemu-img info -f qcow2 --output=json --force-share /opt/stack/data/cinder/mnt/c1bf215c749152721c97438506144d2b/volume-e285ca97-6f24-47f5-a89f-a8a03b347736.b8a34609-f39e-4f2b-902b-fa29b721e625" returned: 0 in 0.783s {{(pid=93300) execute /opt/stack/data/venv/lib/python3.12/site-packages/oslo_concurrency/processutils.py:468}}
Jun 19 04:16:56 devstack cinder-volume[93300]: DEBUG cinder.volume.drivers.remotefs [None req-3ba1ac83-edfd-4bd0-8608-208d49f41553 tempest-SnapshotsActionsTest-780196418 None] Fetching qemu-img info with special backing_file_template: (/opt/stack/data/cinder/mnt/[0-9a-f]+/)?(volume-e285ca97-6f24-47f5-a89f-a8a03b347736(.(tmp-snap-)?[0-9a-f-]+)?|volume_from_snapshot_cache/(tmp-snap-)?[0-9a-f-]+(.(child-|parent-)[0-9a-f-]+)?)$ {{(pid=93300) _qemu_img_info_base /opt/stack/cinder/cinder/volume/drivers/remotefs.py:896}}
Jun 19 04:16:56 devstack cinder-volume[93300]: DEBUG oslo_concurrency.processutils [None req-3ba1ac83-edfd-4bd0-8608-208d49f41553 tempest-SnapshotsActionsTest-780196418 None] Running cmd (subprocess): sudo cinder-rootwrap /etc/cinder/rootwrap.conf qemu-img commit -d /opt/stack/data/cinder/mnt/c1bf215c749152721c97438506144d2b/volume-e285ca97-6f24-47f5-a89f-a8a03b347736.b8a2a7ea-663a-4bdd-91d9-9e1915162002 {{(pid=93300) execute /opt/stack/data/venv/lib/python3.12/site-packages/oslo_concurrency/processutils.py:440}}
Jun 19 04:16:56 devstack sudo[99648]: quobyte : PWD=/ ; USER=root ; COMMAND=/opt/stack/data/venv/bin/cinder-rootwrap /etc/cinder/rootwrap.conf qemu-img commit -d /opt/stack/data/cinder/mnt/c1bf215c749152721c97438506144d2b/volume-e285ca97-6f24-47f5-a89f-a8a03b347736.b8a2a7ea-663a-4bdd-91d9-9e1915162002
Jun 19 04:16:56 devstack sudo[99648]: pam_unix(sudo:session): session opened for user root(uid=0) by (uid=1000)
Jun 19 04:16:57 devstack sudo[99648]: pam_unix(sudo:session): session closed for user root
Jun 19 04:16:57 devstack cinder-volume[93300]: DEBUG oslo_concurrency.processutils [None req-3ba1ac83-edfd-4bd0-8608-208d49f41553 tempest-SnapshotsActionsTest-780196418 None] CMD "sudo cinder-rootwrap /etc/cinder/rootwrap.conf qemu-img commit -d /opt/stack/data/cinder/mnt/c1bf215c749152721c97438506144d2b/volume-e285ca97-6f24-47f5-a89f-a8a03b347736.b8a2a7ea-663a-4bdd-91d9-9e1915162002" returned: 0 in 1.001s {{(pid=93300) execute /opt/stack/data/venv/lib/python3.12/site-packages/oslo_concurrency/processutils.py:468}}
Jun 19 04:16:57 devstack cinder-volume[93300]: DEBUG oslo_concurrency.processutils [None req-3ba1ac83-edfd-4bd0-8608-208d49f41553 tempest-SnapshotsActionsTest-780196418 None] Running cmd (subprocess): sudo cinder-rootwrap /etc/cinder/rootwrap.conf rm -f /opt/stack/data/cinder/mnt/c1bf215c749152721c97438506144d2b/volume-e285ca97-6f24-47f5-a89f-a8a03b347736.b8a2a7ea-663a-4bdd-91d9-9e1915162002 {{(pid=93300) execute /opt/stack/data/venv/lib/python3.12/site-packages/oslo_concurrency/processutils.py:440}}
Jun 19 04:16:57 devstack sudo[99654]: quobyte : PWD=/ ; USER=root ; COMMAND=/opt/stack/data/venv/bin/cinder-rootwrap /etc/cinder/rootwrap.conf rm -f /opt/stack/data/cinder/mnt/c1bf215c749152721c97438506144d2b/volume-e285ca97-6f24-47f5-a89f-a8a03b347736.b8a2a7ea-663a-4bdd-91d9-9e1915162002
Jun 19 04:16:57 devstack sudo[99654]: pam_unix(sudo:session): session opened for user root(uid=0) by (uid=1000)
Jun 19 04:16:57 devstack sudo[99654]: pam_unix(sudo:session): session closed for user root
Jun 19 04:16:57 devstack cinder-volume[93300]: DEBUG oslo_concurrency.processutils [None req-3ba1ac83-edfd-4bd0-8608-208d49f41553 tempest-SnapshotsActionsTest-780196418 None] CMD "sudo cinder-rootwrap /etc/cinder/rootwrap.conf rm -f /opt/stack/data/cinder/mnt/c1bf215c749152721c97438506144d2b/volume-e285ca97-6f24-47f5-a89f-a8a03b347736.b8a2a7ea-663a-4bdd-91d9-9e1915162002" returned: 0 in 0.932s {{(pid=93300) execute /opt/stack/data/venv/lib/python3.12/site-packages/oslo_concurrency/processutils.py:468}}
Jun 19 04:16:58 devstack cinder-volume[93300]: DEBUG cinder.coordination [None req-3ba1ac83-edfd-4bd0-8608-208d49f41553 tempest-SnapshotsActionsTest-780196418 None] Lock "cinder-quobyte-b8a2a7ea-663a-4bdd-91d9-9e1915162002" released by "_delete_snapshot" :: held 3.649s {{(pid=93300) __release /opt/stack/cinder/cinder/coordination.py:152}}
Jun 19 04:16:58 devstack cinder-volume[93300]: DEBUG cinder.coordination [None req-3ba1ac83-edfd-4bd0-8608-208d49f41553 tempest-SnapshotsActionsTest-780196418 None] Lock "cinder-quobyte-e285ca97-6f24-47f5-a89f-a8a03b347736" released by "delete_snapshot" :: held 3.677s {{(pid=93300) __release /opt/stack/cinder/cinder/coordination.py:152}}
Jun 19 04:16:58 devstack cinder-volume[93300]: DEBUG cinder.quota [None req-3ba1ac83-edfd-4bd0-8608-208d49f41553 tempest-SnapshotsActionsTest-780196418 None] Created reservations ['46943c03-2f2e-43d3-94b6-228ffb9d0c25', '14067ccf-0c43-43b0-8e14-a8d157d6c923', 'd1917cd7-5f44-44c3-8575-51a6a0bdeb8d', '092fb735-9dd5-412c-a4be-f4fbc98948a6'] {{(pid=93300) reserve /opt/stack/cinder/cinder/quota.py:752}}
Jun 19 04:16:58 devstack cinder-volume[93300]: INFO cinder.volume.manager [None req-3ba1ac83-edfd-4bd0-8608-208d49f41553 tempest-SnapshotsActionsTest-780196418 None] Delete snapshot completed successfully.
Jun 19 04:16:58 devstack cinder-volume[93300]: DEBUG cinder.coordination [None req-3ba1ac83-edfd-4bd0-8608-208d49f41553 tempest-SnapshotsActionsTest-780196418 None] Lock "cinder-b8a2a7ea-663a-4bdd-91d9-9e1915162002-delete_snapshot" released by "delete_snapshot" :: held 3.908s {{(pid=93300) __release /opt/stack/cinder/cinder/coordination.py:152}}
Jun 19 04:16:59 devstack cinder-volume[93300]: DEBUG oslo_concurrency.lockutils [None req-0bd57a7f-4e20-4f86-9416-dde52bd2e989 tempest-SnapshotsActionsTest-930184767 None] Acquiring lock "quobyte" by "cinder.volume.drivers.quobyte.QuobyteDriver.create_snapshot" {{(pid=93300) inner /opt/stack/data/venv/lib/python3.12/site-packages/oslo_concurrency/lockutils.py:511}}
Jun 19 04:16:59 devstack cinder-volume[93300]: DEBUG oslo_concurrency.lockutils [None req-0bd57a7f-4e20-4f86-9416-dde52bd2e989 tempest-SnapshotsActionsTest-930184767 None] Lock "quobyte" acquired by "cinder.volume.drivers.quobyte.QuobyteDriver.create_snapshot" :: waited 0.001s {{(pid=93300) inner /opt/stack/data/venv/lib/python3.12/site-packages/oslo_concurrency/lockutils.py:524}}
Jun 19 04:16:59 devstack cinder-volume[93300]: DEBUG cinder.volume.drivers.remotefs [None req-0bd57a7f-4e20-4f86-9416-dde52bd2e989 tempest-SnapshotsActionsTest-930184767 None] Creating offline snapshot 34aa0b73-8a23-4662-b3da-bd82dba79144 of volume e285ca97-6f24-47f5-a89f-a8a03b347736 {{(pid=93300) _create_snapshot /opt/stack/cinder/cinder/volume/drivers/remotefs.py:1816}}
Jun 19 04:16:59 devstack cinder-volume[93300]: DEBUG oslo.privsep.daemon [-] privsep: reply[1704145f-13c8-4c54-b132-adb6c7f22486]: (4, 'qcow2') {{(pid=94600) _call_back /opt/stack/data/venv/lib/python3.12/site-packages/oslo_privsep/daemon.py:580}}
Jun 19 04:16:59 devstack cinder-volume[93300]: DEBUG oslo_concurrency.processutils [None req-0bd57a7f-4e20-4f86-9416-dde52bd2e989 tempest-SnapshotsActionsTest-930184767 None] Running cmd (subprocess): /opt/stack/data/venv/bin/python3.12 -m oslo_concurrency.prlimit --as=1073741824 --cpu=60 -- sudo cinder-rootwrap /etc/cinder/rootwrap.conf env LC_ALL=C qemu-img info -f qcow2 --output=json --force-share /opt/stack/data/cinder/mnt/c1bf215c749152721c97438506144d2b/volume-e285ca97-6f24-47f5-a89f-a8a03b347736.b8a34609-f39e-4f2b-902b-fa29b721e625 {{(pid=93300) execute /opt/stack/data/venv/lib/python3.12/site-packages/oslo_concurrency/processutils.py:440}}
Jun 19 04:16:59 devstack sudo[99688]: quobyte : PWD=/ ; USER=root ; COMMAND=/opt/stack/data/venv/bin/cinder-rootwrap /etc/cinder/rootwrap.conf env LC_ALL=C qemu-img info -f qcow2 --output=json --force-share /opt/stack/data/cinder/mnt/c1bf215c749152721c97438506144d2b/volume-e285ca97-6f24-47f5-a89f-a8a03b347736.b8a34609-f39e-4f2b-902b-fa29b721e625
Jun 19 04:16:59 devstack sudo[99688]: pam_unix(sudo:session): session opened for user root(uid=0) by (uid=1000)
Jun 19 04:17:00 devstack sudo[99688]: pam_unix(sudo:session): session closed for user root
Jun 19 04:17:00 devstack cinder-volume[93300]: DEBUG oslo_concurrency.processutils [None req-0bd57a7f-4e20-4f86-9416-dde52bd2e989 tempest-SnapshotsActionsTest-930184767 None] CMD "/opt/stack/data/venv/bin/python3.12 -m oslo_concurrency.prlimit --as=1073741824 --cpu=60 -- sudo cinder-rootwrap /etc/cinder/rootwrap.conf env LC_ALL=C qemu-img info -f qcow2 --output=json --force-share /opt/stack/data/cinder/mnt/c1bf215c749152721c97438506144d2b/volume-e285ca97-6f24-47f5-a89f-a8a03b347736.b8a34609-f39e-4f2b-902b-fa29b721e625" returned: 0 in 1.230s {{(pid=93300) execute /opt/stack/data/venv/lib/python3.12/site-packages/oslo_concurrency/processutils.py:468}}
Jun 19 04:17:00 devstack cinder-volume[93300]: DEBUG cinder.volume.drivers.remotefs [None req-0bd57a7f-4e20-4f86-9416-dde52bd2e989 tempest-SnapshotsActionsTest-930184767 None] Fetching qemu-img info with special backing_file_template: (/opt/stack/data/cinder/mnt/[0-9a-f]+/)?(volume-e285ca97-6f24-47f5-a89f-a8a03b347736(.(tmp-snap-)?[0-9a-f-]+)?|volume_from_snapshot_cache/(tmp-snap-)?[0-9a-f-]+(.(child-|parent-)[0-9a-f-]+)?)$ {{(pid=93300) _qemu_img_info_base /opt/stack/cinder/cinder/volume/drivers/remotefs.py:896}}
Jun 19 04:17:00 devstack cinder-volume[93300]: DEBUG oslo_concurrency.processutils [None req-0bd57a7f-4e20-4f86-9416-dde52bd2e989 tempest-SnapshotsActionsTest-930184767 None] Running cmd (subprocess): sudo cinder-rootwrap /etc/cinder/rootwrap.conf qemu-img create -f qcow2 -o backing_file=/opt/stack/data/cinder/mnt/c1bf215c749152721c97438506144d2b/volume-e285ca97-6f24-47f5-a89f-a8a03b347736.b8a34609-f39e-4f2b-902b-fa29b721e625,backing_fmt=qcow2 /opt/stack/data/cinder/mnt/c1bf215c749152721c97438506144d2b/volume-e285ca97-6f24-47f5-a89f-a8a03b347736.34aa0b73-8a23-4662-b3da-bd82dba79144 1G {{(pid=93300) execute /opt/stack/data/venv/lib/python3.12/site-packages/oslo_concurrency/processutils.py:440}}
Jun 19 04:17:00 devstack sudo[99715]: quobyte : PWD=/ ; USER=root ; COMMAND=/opt/stack/data/venv/bin/cinder-rootwrap /etc/cinder/rootwrap.conf qemu-img create -f qcow2 -o backing_file=/opt/stack/data/cinder/mnt/c1bf215c749152721c97438506144d2b/volume-e285ca97-6f24-47f5-a89f-a8a03b347736.b8a34609-f39e-4f2b-902b-fa29b721e625,backing_fmt=qcow2 /opt/stack/data/cinder/mnt/c1bf215c749152721c97438506144d2b/volume-e285ca97-6f24-47f5-a89f-a8a03b347736.34aa0b73-8a23-4662-b3da-bd82dba79144 1G
Jun 19 04:17:00 devstack sudo[99715]: pam_unix(sudo:session): session opened for user root(uid=0) by (uid=1000)
Jun 19 04:17:02 devstack sudo[99715]: pam_unix(sudo:session): session closed for user root
Jun 19 04:17:02 devstack cinder-volume[93300]: DEBUG oslo_concurrency.processutils [None req-0bd57a7f-4e20-4f86-9416-dde52bd2e989 tempest-SnapshotsActionsTest-930184767 None] CMD "sudo cinder-rootwrap /etc/cinder/rootwrap.conf qemu-img create -f qcow2 -o backing_file=/opt/stack/data/cinder/mnt/c1bf215c749152721c97438506144d2b/volume-e285ca97-6f24-47f5-a89f-a8a03b347736.b8a34609-f39e-4f2b-902b-fa29b721e625,backing_fmt=qcow2 /opt/stack/data/cinder/mnt/c1bf215c749152721c97438506144d2b/volume-e285ca97-6f24-47f5-a89f-a8a03b347736.34aa0b73-8a23-4662-b3da-bd82dba79144 1G" returned: 0 in 1.767s {{(pid=93300) execute /opt/stack/data/venv/lib/python3.12/site-packages/oslo_concurrency/processutils.py:468}}
Jun 19 04:17:02 devstack cinder-volume[93300]: DEBUG oslo_concurrency.processutils [None req-0bd57a7f-4e20-4f86-9416-dde52bd2e989 tempest-SnapshotsActionsTest-930184767 None] Running cmd (subprocess): sudo cinder-rootwrap /etc/cinder/rootwrap.conf qemu-img rebase -u -b volume-e285ca97-6f24-47f5-a89f-a8a03b347736.b8a34609-f39e-4f2b-902b-fa29b721e625 -F qcow2 /opt/stack/data/cinder/mnt/c1bf215c749152721c97438506144d2b/volume-e285ca97-6f24-47f5-a89f-a8a03b347736.34aa0b73-8a23-4662-b3da-bd82dba79144 {{(pid=93300) execute /opt/stack/data/venv/lib/python3.12/site-packages/oslo_concurrency/processutils.py:440}}
Jun 19 04:17:02 devstack sudo[99821]: quobyte : PWD=/ ; USER=root ; COMMAND=/opt/stack/data/venv/bin/cinder-rootwrap /etc/cinder/rootwrap.conf qemu-img rebase -u -b volume-e285ca97-6f24-47f5-a89f-a8a03b347736.b8a34609-f39e-4f2b-902b-fa29b721e625 -F qcow2 /opt/stack/data/cinder/mnt/c1bf215c749152721c97438506144d2b/volume-e285ca97-6f24-47f5-a89f-a8a03b347736.34aa0b73-8a23-4662-b3da-bd82dba79144
Jun 19 04:17:02 devstack sudo[99821]: pam_unix(sudo:session): session opened for user root(uid=0) by (uid=1000)
Jun 19 04:17:03 devstack sudo[99821]: pam_unix(sudo:session): session closed for user root
Jun 19 04:17:03 devstack cinder-volume[93300]: DEBUG oslo_concurrency.processutils [None req-0bd57a7f-4e20-4f86-9416-dde52bd2e989 tempest-SnapshotsActionsTest-930184767 None] CMD "sudo cinder-rootwrap /etc/cinder/rootwrap.conf qemu-img rebase -u -b volume-e285ca97-6f24-47f5-a89f-a8a03b347736.b8a34609-f39e-4f2b-902b-fa29b721e625 -F qcow2 /opt/stack/data/cinder/mnt/c1bf215c749152721c97438506144d2b/volume-e285ca97-6f24-47f5-a89f-a8a03b347736.34aa0b73-8a23-4662-b3da-bd82dba79144" returned: 0 in 0.953s {{(pid=93300) execute /opt/stack/data/venv/lib/python3.12/site-packages/oslo_concurrency/processutils.py:468}}
Jun 19 04:17:03 devstack cinder-volume[93300]: WARNING cinder.volume.drivers.remotefs [None req-0bd57a7f-4e20-4f86-9416-dde52bd2e989 tempest-SnapshotsActionsTest-930184767 None] /opt/stack/data/cinder/mnt/c1bf215c749152721c97438506144d2b/volume-e285ca97-6f24-47f5-a89f-a8a03b347736.34aa0b73-8a23-4662-b3da-bd82dba79144 is being set with open permissions: ugo+rw
Jun 19 04:17:03 devstack cinder-volume[93300]: DEBUG oslo_concurrency.processutils [None req-0bd57a7f-4e20-4f86-9416-dde52bd2e989 tempest-SnapshotsActionsTest-930184767 None] Running cmd (subprocess): sudo cinder-rootwrap /etc/cinder/rootwrap.conf chmod ugo+rw /opt/stack/data/cinder/mnt/c1bf215c749152721c97438506144d2b/volume-e285ca97-6f24-47f5-a89f-a8a03b347736.34aa0b73-8a23-4662-b3da-bd82dba79144 {{(pid=93300) execute /opt/stack/data/venv/lib/python3.12/site-packages/oslo_concurrency/processutils.py:440}}
Jun 19 04:17:03 devstack sudo[99848]: quobyte : PWD=/ ; USER=root ; COMMAND=/opt/stack/data/venv/bin/cinder-rootwrap /etc/cinder/rootwrap.conf chmod ugo+rw /opt/stack/data/cinder/mnt/c1bf215c749152721c97438506144d2b/volume-e285ca97-6f24-47f5-a89f-a8a03b347736.34aa0b73-8a23-4662-b3da-bd82dba79144
Jun 19 04:17:03 devstack sudo[99848]: pam_unix(sudo:session): session opened for user root(uid=0) by (uid=1000)
Jun 19 04:17:04 devstack cinder-volume[93300]: DEBUG oslo_concurrency.processutils [None req-0bd57a7f-4e20-4f86-9416-dde52bd2e989 tempest-SnapshotsActionsTest-930184767 None] CMD "sudo cinder-rootwrap /etc/cinder/rootwrap.conf chmod ugo+rw /opt/stack/data/cinder/mnt/c1bf215c749152721c97438506144d2b/volume-e285ca97-6f24-47f5-a89f-a8a03b347736.34aa0b73-8a23-4662-b3da-bd82dba79144" returned: 0 in 0.760s {{(pid=93300) execute /opt/stack/data/venv/lib/python3.12/site-packages/oslo_concurrency/processutils.py:468}}
Jun 19 04:17:03 devstack sudo[99848]: pam_unix(sudo:session): session closed for user root
Jun 19 04:17:04 devstack cinder-volume[93300]: DEBUG oslo_concurrency.lockutils [None req-0bd57a7f-4e20-4f86-9416-dde52bd2e989 tempest-SnapshotsActionsTest-930184767 None] Lock "quobyte" "released" by "cinder.volume.drivers.quobyte.QuobyteDriver.create_snapshot" :: held 4.879s {{(pid=93300) inner /opt/stack/data/venv/lib/python3.12/site-packages/oslo_concurrency/lockutils.py:543}}
Jun 19 04:17:04 devstack cinder-volume[93300]: INFO cinder.volume.manager [None req-0bd57a7f-4e20-4f86-9416-dde52bd2e989 tempest-SnapshotsActionsTest-930184767 None] Create snapshot completed successfully
Jun 19 04:17:04 devstack cinder-volume[93300]: DEBUG cinder.coordination [None req-4ef03cb6-e56e-455c-9e38-9cf428a859d4 tempest-SnapshotsActionsTest-780196418 None] Acquiring lock "cinder-34aa0b73-8a23-4662-b3da-bd82dba79144-delete_snapshot" by "delete_snapshot" {{(pid=93300) __acquire /opt/stack/cinder/cinder/coordination.py:138}}
Jun 19 04:17:04 devstack cinder-volume[93300]: DEBUG cinder.coordination [None req-4ef03cb6-e56e-455c-9e38-9cf428a859d4 tempest-SnapshotsActionsTest-780196418 None] Lock "cinder-34aa0b73-8a23-4662-b3da-bd82dba79144-delete_snapshot" acquired by "delete_snapshot" :: waited 0.020s {{(pid=93300) __acquire /opt/stack/cinder/cinder/coordination.py:141}}
Jun 19 04:17:04 devstack cinder-volume[93300]: DEBUG cinder.coordination [None req-4ef03cb6-e56e-455c-9e38-9cf428a859d4 tempest-SnapshotsActionsTest-780196418 None] Acquiring lock "cinder-quobyte-e285ca97-6f24-47f5-a89f-a8a03b347736" by "delete_snapshot" {{(pid=93300) __acquire /opt/stack/cinder/cinder/coordination.py:138}}
Jun 19 04:17:04 devstack cinder-volume[93300]: DEBUG cinder.coordination [None req-4ef03cb6-e56e-455c-9e38-9cf428a859d4 tempest-SnapshotsActionsTest-780196418 None] Lock "cinder-quobyte-e285ca97-6f24-47f5-a89f-a8a03b347736" acquired by "delete_snapshot" :: waited 0.017s {{(pid=93300) __acquire /opt/stack/cinder/cinder/coordination.py:141}}
Jun 19 04:17:04 devstack cinder-volume[93300]: DEBUG cinder.coordination [None req-4ef03cb6-e56e-455c-9e38-9cf428a859d4 tempest-SnapshotsActionsTest-780196418 None] Acquiring lock "cinder-quobyte-34aa0b73-8a23-4662-b3da-bd82dba79144" by "_delete_snapshot" {{(pid=93300) __acquire /opt/stack/cinder/cinder/coordination.py:138}}
Jun 19 04:17:04 devstack cinder-volume[93300]: DEBUG cinder.coordination [None req-4ef03cb6-e56e-455c-9e38-9cf428a859d4 tempest-SnapshotsActionsTest-780196418 None] Lock "cinder-quobyte-34aa0b73-8a23-4662-b3da-bd82dba79144" acquired by "_delete_snapshot" :: waited 0.018s {{(pid=93300) __acquire /opt/stack/cinder/cinder/coordination.py:141}}
Jun 19 04:17:04 devstack cinder-volume[93300]: DEBUG cinder.volume.drivers.remotefs [None req-4ef03cb6-e56e-455c-9e38-9cf428a859d4 tempest-SnapshotsActionsTest-780196418 None] Deleting offline snapshot 34aa0b73-8a23-4662-b3da-bd82dba79144 of volume e285ca97-6f24-47f5-a89f-a8a03b347736 {{(pid=93300) _delete_snapshot /opt/stack/cinder/cinder/volume/drivers/remotefs.py:1288}}
Jun 19 04:17:04 devstack cinder-volume[93300]: DEBUG cinder.volume.drivers.remotefs [None req-4ef03cb6-e56e-455c-9e38-9cf428a859d4 tempest-SnapshotsActionsTest-780196418 None] snapshot_file for this snap is: volume-e285ca97-6f24-47f5-a89f-a8a03b347736.34aa0b73-8a23-4662-b3da-bd82dba79144 {{(pid=93300) _delete_snapshot /opt/stack/cinder/cinder/volume/drivers/remotefs.py:1317}}
Jun 19 04:17:04 devstack cinder-volume[93300]: DEBUG oslo.privsep.daemon [-] privsep: reply[14cc7632-59de-4814-85ea-13b150afdf32]: (4, 'qcow2') {{(pid=94600) _call_back /opt/stack/data/venv/lib/python3.12/site-packages/oslo_privsep/daemon.py:580}}
Jun 19 04:17:04 devstack cinder-volume[93300]: DEBUG oslo_concurrency.processutils [None req-4ef03cb6-e56e-455c-9e38-9cf428a859d4 tempest-SnapshotsActionsTest-780196418 None] Running cmd (subprocess): /opt/stack/data/venv/bin/python3.12 -m oslo_concurrency.prlimit --as=1073741824 --cpu=60 -- sudo cinder-rootwrap /etc/cinder/rootwrap.conf env LC_ALL=C qemu-img info -f qcow2 --output=json --force-share /opt/stack/data/cinder/mnt/c1bf215c749152721c97438506144d2b/volume-e285ca97-6f24-47f5-a89f-a8a03b347736.34aa0b73-8a23-4662-b3da-bd82dba79144 {{(pid=93300) execute /opt/stack/data/venv/lib/python3.12/site-packages/oslo_concurrency/processutils.py:440}}
Jun 19 04:17:04 devstack sudo[99870]: quobyte : PWD=/ ; USER=root ; COMMAND=/opt/stack/data/venv/bin/cinder-rootwrap /etc/cinder/rootwrap.conf env LC_ALL=C qemu-img info -f qcow2 --output=json --force-share /opt/stack/data/cinder/mnt/c1bf215c749152721c97438506144d2b/volume-e285ca97-6f24-47f5-a89f-a8a03b347736.34aa0b73-8a23-4662-b3da-bd82dba79144
Jun 19 04:17:04 devstack sudo[99870]: pam_unix(sudo:session): session opened for user root(uid=0) by (uid=1000)
Jun 19 04:17:05 devstack sudo[99870]: pam_unix(sudo:session): session closed for user root
Jun 19 04:17:05 devstack cinder-volume[93300]: DEBUG oslo_concurrency.processutils [None req-4ef03cb6-e56e-455c-9e38-9cf428a859d4 tempest-SnapshotsActionsTest-780196418 None] CMD "/opt/stack/data/venv/bin/python3.12 -m oslo_concurrency.prlimit --as=1073741824 --cpu=60 -- sudo cinder-rootwrap /etc/cinder/rootwrap.conf env LC_ALL=C qemu-img info -f qcow2 --output=json --force-share /opt/stack/data/cinder/mnt/c1bf215c749152721c97438506144d2b/volume-e285ca97-6f24-47f5-a89f-a8a03b347736.34aa0b73-8a23-4662-b3da-bd82dba79144" returned: 0 in 0.797s {{(pid=93300) execute /opt/stack/data/venv/lib/python3.12/site-packages/oslo_concurrency/processutils.py:468}}
Jun 19 04:17:05 devstack cinder-volume[93300]: DEBUG cinder.volume.drivers.remotefs [None req-4ef03cb6-e56e-455c-9e38-9cf428a859d4 tempest-SnapshotsActionsTest-780196418 None] Fetching qemu-img info with special backing_file_template: (/opt/stack/data/cinder/mnt/[0-9a-f]+/)?(volume-e285ca97-6f24-47f5-a89f-a8a03b347736(.(tmp-snap-)?[0-9a-f-]+)?|volume_from_snapshot_cache/(tmp-snap-)?[0-9a-f-]+(.(child-|parent-)[0-9a-f-]+)?)$ {{(pid=93300) _qemu_img_info_base /opt/stack/cinder/cinder/volume/drivers/remotefs.py:896}}
Jun 19 04:17:05 devstack cinder-volume[93300]: DEBUG oslo.privsep.daemon [-] privsep: reply[08c6d747-d567-4199-beb2-d32f6f29e92c]: (4, 'qcow2') {{(pid=94600) _call_back /opt/stack/data/venv/lib/python3.12/site-packages/oslo_privsep/daemon.py:580}}
Jun 19 04:17:05 devstack cinder-volume[93300]: DEBUG oslo_concurrency.processutils [None req-4ef03cb6-e56e-455c-9e38-9cf428a859d4 tempest-SnapshotsActionsTest-780196418 None] Running cmd (subprocess): /opt/stack/data/venv/bin/python3.12 -m oslo_concurrency.prlimit --as=1073741824 --cpu=60 -- sudo cinder-rootwrap /etc/cinder/rootwrap.conf env LC_ALL=C qemu-img info -f qcow2 --output=json --force-share /opt/stack/data/cinder/mnt/c1bf215c749152721c97438506144d2b/volume-e285ca97-6f24-47f5-a89f-a8a03b347736.b8a34609-f39e-4f2b-902b-fa29b721e625 {{(pid=93300) execute /opt/stack/data/venv/lib/python3.12/site-packages/oslo_concurrency/processutils.py:440}}
Jun 19 04:17:05 devstack sudo[99889]: quobyte : PWD=/ ; USER=root ; COMMAND=/opt/stack/data/venv/bin/cinder-rootwrap /etc/cinder/rootwrap.conf env LC_ALL=C qemu-img info -f qcow2 --output=json --force-share /opt/stack/data/cinder/mnt/c1bf215c749152721c97438506144d2b/volume-e285ca97-6f24-47f5-a89f-a8a03b347736.b8a34609-f39e-4f2b-902b-fa29b721e625
Jun 19 04:17:05 devstack sudo[99889]: pam_unix(sudo:session): session opened for user root(uid=0) by (uid=1000)
Jun 19 04:17:06 devstack sudo[99889]: pam_unix(sudo:session): session closed for user root
Jun 19 04:17:06 devstack cinder-volume[93300]: DEBUG oslo_concurrency.processutils [None req-4ef03cb6-e56e-455c-9e38-9cf428a859d4 tempest-SnapshotsActionsTest-780196418 None] CMD "/opt/stack/data/venv/bin/python3.12 -m oslo_concurrency.prlimit --as=1073741824 --cpu=60 -- sudo cinder-rootwrap /etc/cinder/rootwrap.conf env LC_ALL=C qemu-img info -f qcow2 --output=json --force-share /opt/stack/data/cinder/mnt/c1bf215c749152721c97438506144d2b/volume-e285ca97-6f24-47f5-a89f-a8a03b347736.b8a34609-f39e-4f2b-902b-fa29b721e625" returned: 0 in 1.324s {{(pid=93300) execute /opt/stack/data/venv/lib/python3.12/site-packages/oslo_concurrency/processutils.py:468}}
Jun 19 04:17:06 devstack cinder-volume[93300]: DEBUG cinder.volume.drivers.remotefs [None req-4ef03cb6-e56e-455c-9e38-9cf428a859d4 tempest-SnapshotsActionsTest-780196418 None] Fetching qemu-img info with special backing_file_template: (/opt/stack/data/cinder/mnt/[0-9a-f]+/)?(volume-e285ca97-6f24-47f5-a89f-a8a03b347736(.(tmp-snap-)?[0-9a-f-]+)?|volume_from_snapshot_cache/(tmp-snap-)?[0-9a-f-]+(.(child-|parent-)[0-9a-f-]+)?)$ {{(pid=93300) _qemu_img_info_base /opt/stack/cinder/cinder/volume/drivers/remotefs.py:896}}
Jun 19 04:17:06 devstack cinder-volume[93300]: DEBUG oslo_concurrency.processutils [None req-4ef03cb6-e56e-455c-9e38-9cf428a859d4 tempest-SnapshotsActionsTest-780196418 None] Running cmd (subprocess): sudo cinder-rootwrap /etc/cinder/rootwrap.conf qemu-img commit -d /opt/stack/data/cinder/mnt/c1bf215c749152721c97438506144d2b/volume-e285ca97-6f24-47f5-a89f-a8a03b347736.34aa0b73-8a23-4662-b3da-bd82dba79144 {{(pid=93300) execute /opt/stack/data/venv/lib/python3.12/site-packages/oslo_concurrency/processutils.py:440}}
Jun 19 04:17:06 devstack sudo[100025]: quobyte : PWD=/ ; USER=root ; COMMAND=/opt/stack/data/venv/bin/cinder-rootwrap /etc/cinder/rootwrap.conf qemu-img commit -d /opt/stack/data/cinder/mnt/c1bf215c749152721c97438506144d2b/volume-e285ca97-6f24-47f5-a89f-a8a03b347736.34aa0b73-8a23-4662-b3da-bd82dba79144
Jun 19 04:17:06 devstack sudo[100025]: pam_unix(sudo:session): session opened for user root(uid=0) by (uid=1000)
Jun 19 04:17:08 devstack sudo[100025]: pam_unix(sudo:session): session closed for user root
Jun 19 04:17:08 devstack cinder-volume[93300]: DEBUG oslo_concurrency.processutils [None req-4ef03cb6-e56e-455c-9e38-9cf428a859d4 tempest-SnapshotsActionsTest-780196418 None] CMD "sudo cinder-rootwrap /etc/cinder/rootwrap.conf qemu-img commit -d /opt/stack/data/cinder/mnt/c1bf215c749152721c97438506144d2b/volume-e285ca97-6f24-47f5-a89f-a8a03b347736.34aa0b73-8a23-4662-b3da-bd82dba79144" returned: 0 in 1.612s {{(pid=93300) execute /opt/stack/data/venv/lib/python3.12/site-packages/oslo_concurrency/processutils.py:468}}
Jun 19 04:17:08 devstack cinder-volume[93300]: DEBUG oslo_concurrency.processutils [None req-4ef03cb6-e56e-455c-9e38-9cf428a859d4 tempest-SnapshotsActionsTest-780196418 None] Running cmd (subprocess): sudo cinder-rootwrap /etc/cinder/rootwrap.conf rm -f /opt/stack/data/cinder/mnt/c1bf215c749152721c97438506144d2b/volume-e285ca97-6f24-47f5-a89f-a8a03b347736.34aa0b73-8a23-4662-b3da-bd82dba79144 {{(pid=93300) execute /opt/stack/data/venv/lib/python3.12/site-packages/oslo_concurrency/processutils.py:440}}
Jun 19 04:17:08 devstack sudo[100089]: quobyte : PWD=/ ; USER=root ; COMMAND=/opt/stack/data/venv/bin/cinder-rootwrap /etc/cinder/rootwrap.conf rm -f /opt/stack/data/cinder/mnt/c1bf215c749152721c97438506144d2b/volume-e285ca97-6f24-47f5-a89f-a8a03b347736.34aa0b73-8a23-4662-b3da-bd82dba79144
Jun 19 04:17:08 devstack sudo[100089]: pam_unix(sudo:session): session opened for user root(uid=0) by (uid=1000)
Jun 19 04:17:09 devstack sudo[100089]: pam_unix(sudo:session): session closed for user root
Jun 19 04:17:09 devstack cinder-volume[93300]: DEBUG oslo_concurrency.processutils [None req-4ef03cb6-e56e-455c-9e38-9cf428a859d4 tempest-SnapshotsActionsTest-780196418 None] CMD "sudo cinder-rootwrap /etc/cinder/rootwrap.conf rm -f /opt/stack/data/cinder/mnt/c1bf215c749152721c97438506144d2b/volume-e285ca97-6f24-47f5-a89f-a8a03b347736.34aa0b73-8a23-4662-b3da-bd82dba79144" returned: 0 in 1.037s {{(pid=93300) execute /opt/stack/data/venv/lib/python3.12/site-packages/oslo_concurrency/processutils.py:468}}
Jun 19 04:17:09 devstack cinder-volume[93300]: DEBUG cinder.coordination [None req-4ef03cb6-e56e-455c-9e38-9cf428a859d4 tempest-SnapshotsActionsTest-780196418 None] Lock "cinder-quobyte-34aa0b73-8a23-4662-b3da-bd82dba79144" released by "_delete_snapshot" :: held 4.941s {{(pid=93300) __release /opt/stack/cinder/cinder/coordination.py:152}}
Jun 19 04:17:09 devstack cinder-volume[93300]: DEBUG cinder.coordination [None req-4ef03cb6-e56e-455c-9e38-9cf428a859d4 tempest-SnapshotsActionsTest-780196418 None] Lock "cinder-quobyte-e285ca97-6f24-47f5-a89f-a8a03b347736" released by "delete_snapshot" :: held 4.979s {{(pid=93300) __release /opt/stack/cinder/cinder/coordination.py:152}}
Jun 19 04:17:09 devstack cinder-volume[93300]: DEBUG cinder.quota [None req-4ef03cb6-e56e-455c-9e38-9cf428a859d4 tempest-SnapshotsActionsTest-780196418 None] Created reservations ['3abe30a8-6c6e-4b6b-97bd-af18ca80e0d6', 'f804097b-1aa3-466f-a1ca-22bfd16f4dd6', '33e15cf6-b006-470d-825d-828b622adff8', '7c9e5e34-868b-420e-9d61-e4272aa9e383'] {{(pid=93300) reserve /opt/stack/cinder/cinder/quota.py:752}}
Jun 19 04:17:09 devstack cinder-volume[93300]: INFO cinder.volume.manager [None req-4ef03cb6-e56e-455c-9e38-9cf428a859d4 tempest-SnapshotsActionsTest-780196418 None] Delete snapshot completed successfully.
Jun 19 04:17:09 devstack cinder-volume[93300]: DEBUG cinder.coordination [None req-4ef03cb6-e56e-455c-9e38-9cf428a859d4 tempest-SnapshotsActionsTest-780196418 None] Lock "cinder-34aa0b73-8a23-4662-b3da-bd82dba79144-delete_snapshot" released by "delete_snapshot" :: held 5.325s {{(pid=93300) __release /opt/stack/cinder/cinder/coordination.py:152}}
Jun 19 04:17:11 devstack cinder-volume[93300]: DEBUG cinder.coordination [None req-3975af66-fbbe-4f5e-a0c0-6c8ef2106e99 tempest-SnapshotsActionsTest-930184767 None] Acquiring lock "cinder-b8a34609-f39e-4f2b-902b-fa29b721e625-delete_snapshot" by "delete_snapshot" {{(pid=93300) __acquire /opt/stack/cinder/cinder/coordination.py:138}}
Jun 19 04:17:11 devstack cinder-volume[93300]: DEBUG cinder.coordination [None req-3975af66-fbbe-4f5e-a0c0-6c8ef2106e99 tempest-SnapshotsActionsTest-930184767 None] Lock "cinder-b8a34609-f39e-4f2b-902b-fa29b721e625-delete_snapshot" acquired by "delete_snapshot" :: waited 0.053s {{(pid=93300) __acquire /opt/stack/cinder/cinder/coordination.py:141}}
Jun 19 04:17:11 devstack cinder-volume[93300]: DEBUG cinder.coordination [None req-3975af66-fbbe-4f5e-a0c0-6c8ef2106e99 tempest-SnapshotsActionsTest-930184767 None] Acquiring lock "cinder-quobyte-e285ca97-6f24-47f5-a89f-a8a03b347736" by "delete_snapshot" {{(pid=93300) __acquire /opt/stack/cinder/cinder/coordination.py:138}}
Jun 19 04:17:11 devstack cinder-volume[93300]: DEBUG cinder.coordination [None req-3975af66-fbbe-4f5e-a0c0-6c8ef2106e99 tempest-SnapshotsActionsTest-930184767 None] Lock "cinder-quobyte-e285ca97-6f24-47f5-a89f-a8a03b347736" acquired by "delete_snapshot" :: waited 0.046s {{(pid=93300) __acquire /opt/stack/cinder/cinder/coordination.py:141}}
Jun 19 04:17:11 devstack cinder-volume[93300]: DEBUG cinder.coordination [None req-3975af66-fbbe-4f5e-a0c0-6c8ef2106e99 tempest-SnapshotsActionsTest-930184767 None] Acquiring lock "cinder-quobyte-b8a34609-f39e-4f2b-902b-fa29b721e625" by "_delete_snapshot" {{(pid=93300) __acquire /opt/stack/cinder/cinder/coordination.py:138}}
Jun 19 04:17:11 devstack cinder-volume[93300]: DEBUG cinder.coordination [None req-3975af66-fbbe-4f5e-a0c0-6c8ef2106e99 tempest-SnapshotsActionsTest-930184767 None] Lock "cinder-quobyte-b8a34609-f39e-4f2b-902b-fa29b721e625" acquired by "_delete_snapshot" :: waited 0.025s {{(pid=93300) __acquire /opt/stack/cinder/cinder/coordination.py:141}}
Jun 19 04:17:11 devstack cinder-volume[93300]: DEBUG cinder.volume.drivers.remotefs [None req-3975af66-fbbe-4f5e-a0c0-6c8ef2106e99 tempest-SnapshotsActionsTest-930184767 None] Deleting offline snapshot b8a34609-f39e-4f2b-902b-fa29b721e625 of volume e285ca97-6f24-47f5-a89f-a8a03b347736 {{(pid=93300) _delete_snapshot /opt/stack/cinder/cinder/volume/drivers/remotefs.py:1288}}
Jun 19 04:17:11 devstack cinder-volume[93300]: DEBUG cinder.volume.drivers.remotefs [None req-3975af66-fbbe-4f5e-a0c0-6c8ef2106e99 tempest-SnapshotsActionsTest-930184767 None] snapshot_file for this snap is: volume-e285ca97-6f24-47f5-a89f-a8a03b347736.b8a34609-f39e-4f2b-902b-fa29b721e625 {{(pid=93300) _delete_snapshot /opt/stack/cinder/cinder/volume/drivers/remotefs.py:1317}}
Jun 19 04:17:11 devstack cinder-volume[93300]: DEBUG oslo.privsep.daemon [-] privsep: reply[d7c741b3-2271-4bfe-8fd9-17fef289f92a]: (4, 'qcow2') {{(pid=94600) _call_back /opt/stack/data/venv/lib/python3.12/site-packages/oslo_privsep/daemon.py:580}}
Jun 19 04:17:11 devstack cinder-volume[93300]: DEBUG oslo_concurrency.processutils [None req-3975af66-fbbe-4f5e-a0c0-6c8ef2106e99 tempest-SnapshotsActionsTest-930184767 None] Running cmd (subprocess): /opt/stack/data/venv/bin/python3.12 -m oslo_concurrency.prlimit --as=1073741824 --cpu=60 -- sudo cinder-rootwrap /etc/cinder/rootwrap.conf env LC_ALL=C qemu-img info -f qcow2 --output=json --force-share /opt/stack/data/cinder/mnt/c1bf215c749152721c97438506144d2b/volume-e285ca97-6f24-47f5-a89f-a8a03b347736.b8a34609-f39e-4f2b-902b-fa29b721e625 {{(pid=93300) execute /opt/stack/data/venv/lib/python3.12/site-packages/oslo_concurrency/processutils.py:440}}
Jun 19 04:17:11 devstack sudo[100103]: quobyte : PWD=/ ; USER=root ; COMMAND=/opt/stack/data/venv/bin/cinder-rootwrap /etc/cinder/rootwrap.conf env LC_ALL=C qemu-img info -f qcow2 --output=json --force-share /opt/stack/data/cinder/mnt/c1bf215c749152721c97438506144d2b/volume-e285ca97-6f24-47f5-a89f-a8a03b347736.b8a34609-f39e-4f2b-902b-fa29b721e625
Jun 19 04:17:11 devstack sudo[100103]: pam_unix(sudo:session): session opened for user root(uid=0) by (uid=1000)
Jun 19 04:17:12 devstack sudo[100103]: pam_unix(sudo:session): session closed for user root
Jun 19 04:17:12 devstack cinder-volume[93300]: DEBUG oslo_concurrency.processutils [None req-3975af66-fbbe-4f5e-a0c0-6c8ef2106e99 tempest-SnapshotsActionsTest-930184767 None] CMD "/opt/stack/data/venv/bin/python3.12 -m oslo_concurrency.prlimit --as=1073741824 --cpu=60 -- sudo cinder-rootwrap /etc/cinder/rootwrap.conf env LC_ALL=C qemu-img info -f qcow2 --output=json --force-share /opt/stack/data/cinder/mnt/c1bf215c749152721c97438506144d2b/volume-e285ca97-6f24-47f5-a89f-a8a03b347736.b8a34609-f39e-4f2b-902b-fa29b721e625" returned: 0 in 1.628s {{(pid=93300) execute /opt/stack/data/venv/lib/python3.12/site-packages/oslo_concurrency/processutils.py:468}}
Jun 19 04:17:12 devstack cinder-volume[93300]: DEBUG cinder.volume.drivers.remotefs [None req-3975af66-fbbe-4f5e-a0c0-6c8ef2106e99 tempest-SnapshotsActionsTest-930184767 None] Fetching qemu-img info with special backing_file_template: (/opt/stack/data/cinder/mnt/[0-9a-f]+/)?(volume-e285ca97-6f24-47f5-a89f-a8a03b347736(.(tmp-snap-)?[0-9a-f-]+)?|volume_from_snapshot_cache/(tmp-snap-)?[0-9a-f-]+(.(child-|parent-)[0-9a-f-]+)?)$ {{(pid=93300) _qemu_img_info_base /opt/stack/cinder/cinder/volume/drivers/remotefs.py:896}}
Jun 19 04:17:12 devstack cinder-volume[93300]: DEBUG oslo.privsep.daemon [-] privsep: reply[8b7dfa7b-abfc-47c2-b3ac-26d3ed205ccf]: (4, 'qcow2') {{(pid=94600) _call_back /opt/stack/data/venv/lib/python3.12/site-packages/oslo_privsep/daemon.py:580}}
Jun 19 04:17:12 devstack cinder-volume[93300]: DEBUG oslo_concurrency.processutils [None req-3975af66-fbbe-4f5e-a0c0-6c8ef2106e99 tempest-SnapshotsActionsTest-930184767 None] Running cmd (subprocess): /opt/stack/data/venv/bin/python3.12 -m oslo_concurrency.prlimit --as=1073741824 --cpu=60 -- sudo cinder-rootwrap /etc/cinder/rootwrap.conf env LC_ALL=C qemu-img info -f qcow2 --output=json --force-share /opt/stack/data/cinder/mnt/c1bf215c749152721c97438506144d2b/volume-e285ca97-6f24-47f5-a89f-a8a03b347736 {{(pid=93300) execute /opt/stack/data/venv/lib/python3.12/site-packages/oslo_concurrency/processutils.py:440}}
Jun 19 04:17:13 devstack sudo[100123]: quobyte : PWD=/ ; USER=root ; COMMAND=/opt/stack/data/venv/bin/cinder-rootwrap /etc/cinder/rootwrap.conf env LC_ALL=C qemu-img info -f qcow2 --output=json --force-share /opt/stack/data/cinder/mnt/c1bf215c749152721c97438506144d2b/volume-e285ca97-6f24-47f5-a89f-a8a03b347736
Jun 19 04:17:13 devstack sudo[100123]: pam_unix(sudo:session): session opened for user root(uid=0) by (uid=1000)
Jun 19 04:17:14 devstack cinder-volume[93300]: DEBUG dbcounter [-] [93300] Writing DB stats cinder:SELECT=51,cinder:UPDATE=49,cinder:INSERT=11,cinder:DELETE=5 {{(pid=93300) stat_writer /opt/stack/data/venv/lib/python3.12/site-packages/dbcounter.py:115}}
Jun 19 04:17:14 devstack cinder-volume[93300]: DEBUG dbcounter [-] [93300] Writing DB stats cinder:SELECT=53,cinder:UPDATE=41,cinder:INSERT=12,cinder:DELETE=3 {{(pid=93300) stat_writer /opt/stack/data/venv/lib/python3.12/site-packages/dbcounter.py:115}}
Jun 19 04:17:14 devstack cinder-volume[93300]: INFO cinder.volume.manager [req-76731533-fd0e-46a6-a741-b341dd71bea9 req-2d892107-92fd-4852-8424-3c7f81ac0aef tempest-AttachVolumeNegativeTest-1515607248 None] Terminate volume connection completed successfully.
Jun 19 04:17:14 devstack cinder-volume[93300]: DEBUG cinder.volume.manager [req-76731533-fd0e-46a6-a741-b341dd71bea9 req-2d892107-92fd-4852-8424-3c7f81ac0aef tempest-AttachVolumeNegativeTest-1515607248 None] Deleting attachment 34e8ea79-512e-49d5-9bdc-5f1817574ee9. {{(pid=93300) attachment_delete /opt/stack/cinder/cinder/volume/manager.py:5055}}
Jun 19 04:17:14 devstack sudo[100123]: pam_unix(sudo:session): session closed for user root
Jun 19 04:17:14 devstack cinder-volume[93300]: DEBUG oslo_concurrency.processutils [None req-3975af66-fbbe-4f5e-a0c0-6c8ef2106e99 tempest-SnapshotsActionsTest-930184767 None] CMD "/opt/stack/data/venv/bin/python3.12 -m oslo_concurrency.prlimit --as=1073741824 --cpu=60 -- sudo cinder-rootwrap /etc/cinder/rootwrap.conf env LC_ALL=C qemu-img info -f qcow2 --output=json --force-share /opt/stack/data/cinder/mnt/c1bf215c749152721c97438506144d2b/volume-e285ca97-6f24-47f5-a89f-a8a03b347736" returned: 0 in 1.579s {{(pid=93300) execute /opt/stack/data/venv/lib/python3.12/site-packages/oslo_concurrency/processutils.py:468}}
Jun 19 04:17:14 devstack cinder-volume[93300]: DEBUG oslo_concurrency.processutils [None req-3975af66-fbbe-4f5e-a0c0-6c8ef2106e99 tempest-SnapshotsActionsTest-930184767 None] Running cmd (subprocess): sudo cinder-rootwrap /etc/cinder/rootwrap.conf qemu-img commit -d /opt/stack/data/cinder/mnt/c1bf215c749152721c97438506144d2b/volume-e285ca97-6f24-47f5-a89f-a8a03b347736.b8a34609-f39e-4f2b-902b-fa29b721e625 {{(pid=93300) execute /opt/stack/data/venv/lib/python3.12/site-packages/oslo_concurrency/processutils.py:440}}
Jun 19 04:17:14 devstack sudo[100161]: quobyte : PWD=/ ; USER=root ; COMMAND=/opt/stack/data/venv/bin/cinder-rootwrap /etc/cinder/rootwrap.conf qemu-img commit -d /opt/stack/data/cinder/mnt/c1bf215c749152721c97438506144d2b/volume-e285ca97-6f24-47f5-a89f-a8a03b347736.b8a34609-f39e-4f2b-902b-fa29b721e625
Jun 19 04:17:14 devstack sudo[100161]: pam_unix(sudo:session): session opened for user root(uid=0) by (uid=1000)
Jun 19 04:17:15 devstack sudo[100161]: pam_unix(sudo:session): session closed for user root
Jun 19 04:17:15 devstack cinder-volume[93300]: DEBUG oslo_concurrency.processutils [None req-3975af66-fbbe-4f5e-a0c0-6c8ef2106e99 tempest-SnapshotsActionsTest-930184767 None] CMD "sudo cinder-rootwrap /etc/cinder/rootwrap.conf qemu-img commit -d /opt/stack/data/cinder/mnt/c1bf215c749152721c97438506144d2b/volume-e285ca97-6f24-47f5-a89f-a8a03b347736.b8a34609-f39e-4f2b-902b-fa29b721e625" returned: 0 in 1.063s {{(pid=93300) execute /opt/stack/data/venv/lib/python3.12/site-packages/oslo_concurrency/processutils.py:468}}
Jun 19 04:17:15 devstack cinder-volume[93300]: DEBUG oslo_concurrency.processutils [None req-3975af66-fbbe-4f5e-a0c0-6c8ef2106e99 tempest-SnapshotsActionsTest-930184767 None] Running cmd (subprocess): sudo cinder-rootwrap /etc/cinder/rootwrap.conf rm -f /opt/stack/data/cinder/mnt/c1bf215c749152721c97438506144d2b/volume-e285ca97-6f24-47f5-a89f-a8a03b347736.b8a34609-f39e-4f2b-902b-fa29b721e625 {{(pid=93300) execute /opt/stack/data/venv/lib/python3.12/site-packages/oslo_concurrency/processutils.py:440}}
Jun 19 04:17:15 devstack sudo[100173]: quobyte : PWD=/ ; USER=root ; COMMAND=/opt/stack/data/venv/bin/cinder-rootwrap /etc/cinder/rootwrap.conf rm -f /opt/stack/data/cinder/mnt/c1bf215c749152721c97438506144d2b/volume-e285ca97-6f24-47f5-a89f-a8a03b347736.b8a34609-f39e-4f2b-902b-fa29b721e625
Jun 19 04:17:15 devstack sudo[100173]: pam_unix(sudo:session): session opened for user root(uid=0) by (uid=1000)
Jun 19 04:17:16 devstack sudo[100173]: pam_unix(sudo:session): session closed for user root
Jun 19 04:17:16 devstack cinder-volume[93300]: DEBUG oslo_concurrency.processutils [None req-3975af66-fbbe-4f5e-a0c0-6c8ef2106e99 tempest-SnapshotsActionsTest-930184767 None] CMD "sudo cinder-rootwrap /etc/cinder/rootwrap.conf rm -f /opt/stack/data/cinder/mnt/c1bf215c749152721c97438506144d2b/volume-e285ca97-6f24-47f5-a89f-a8a03b347736.b8a34609-f39e-4f2b-902b-fa29b721e625" returned: 0 in 1.373s {{(pid=93300) execute /opt/stack/data/venv/lib/python3.12/site-packages/oslo_concurrency/processutils.py:468}}
Jun 19 04:17:17 devstack cinder-volume[93300]: DEBUG cinder.coordination [None req-3975af66-fbbe-4f5e-a0c0-6c8ef2106e99 tempest-SnapshotsActionsTest-930184767 None] Lock "cinder-quobyte-b8a34609-f39e-4f2b-902b-fa29b721e625" released by "_delete_snapshot" :: held 5.804s {{(pid=93300) __release /opt/stack/cinder/cinder/coordination.py:152}}
Jun 19 04:17:17 devstack cinder-volume[93300]: DEBUG cinder.coordination [None req-3975af66-fbbe-4f5e-a0c0-6c8ef2106e99 tempest-SnapshotsActionsTest-930184767 None] Lock "cinder-quobyte-e285ca97-6f24-47f5-a89f-a8a03b347736" released by "delete_snapshot" :: held 5.846s {{(pid=93300) __release /opt/stack/cinder/cinder/coordination.py:152}}
Jun 19 04:17:17 devstack cinder-volume[93300]: DEBUG cinder.quota [None req-3975af66-fbbe-4f5e-a0c0-6c8ef2106e99 tempest-SnapshotsActionsTest-930184767 None] Created reservations ['2dddd027-7bd7-4d8c-8c01-91cadcb78fac', 'aa449870-66ce-40ab-8742-002c1e7b9576', '02881191-a5e7-4ece-b1a7-9ac17c67c328', 'e70629d2-4bc8-4101-b206-b5eae5f7f5e4'] {{(pid=93300) reserve /opt/stack/cinder/cinder/quota.py:752}}
Jun 19 04:17:17 devstack cinder-volume[93300]: INFO cinder.volume.manager [None req-3975af66-fbbe-4f5e-a0c0-6c8ef2106e99 tempest-SnapshotsActionsTest-930184767 None] Delete snapshot completed successfully.
Jun 19 04:17:17 devstack cinder-volume[93300]: DEBUG cinder.coordination [None req-3975af66-fbbe-4f5e-a0c0-6c8ef2106e99 tempest-SnapshotsActionsTest-930184767 None] Lock "cinder-b8a34609-f39e-4f2b-902b-fa29b721e625-delete_snapshot" released by "delete_snapshot" :: held 6.084s {{(pid=93300) __release /opt/stack/cinder/cinder/coordination.py:152}}
Jun 19 04:17:17 devstack cinder-volume[93300]: DEBUG cinder.coordination [None req-aae85ad1-7919-4629-b5a8-1f9536f93ab8 tempest-SnapshotsActionsTest-930184767 None] Acquiring lock "cinder-e285ca97-6f24-47f5-a89f-a8a03b347736-delete_volume" by "delete_volume" {{(pid=93300) __acquire /opt/stack/cinder/cinder/coordination.py:138}}
