Jun 19 04:14:42 devstack cinder-volume[93300]: WARNING cinder.volume.drivers.remotefs [None req-fd14a9a3-f45b-4637-bc7c-133d170b967d tempest-GroupSnapshotsTest-721679089 None] /opt/stack/data/cinder/mnt/c1bf215c749152721c97438506144d2b/volume-9e1512f1-b518-4453-a902-02ae09039388.4e783d92-e078-4ec7-b39e-392a2cb4a6de is being set with open permissions: ugo+rw: NotImplementedError
Jun 19 04:14:42 devstack cinder-volume[93300]: DEBUG oslo_concurrency.processutils [None req-fd14a9a3-f45b-4637-bc7c-133d170b967d tempest-GroupSnapshotsTest-721679089 None] Running cmd (subprocess): sudo cinder-rootwrap /etc/cinder/rootwrap.conf chmod ugo+rw /opt/stack/data/cinder/mnt/c1bf215c749152721c97438506144d2b/volume-9e1512f1-b518-4453-a902-02ae09039388.4e783d92-e078-4ec7-b39e-392a2cb4a6de {{(pid=93300) execute /opt/stack/data/venv/lib/python3.12/site-packages/oslo_concurrency/processutils.py:440}}
Jun 19 04:14:43 devstack sudo[96814]: quobyte : PWD=/ ; USER=root ; COMMAND=/opt/stack/data/venv/bin/cinder-rootwrap /etc/cinder/rootwrap.conf chmod ugo+rw /opt/stack/data/cinder/mnt/c1bf215c749152721c97438506144d2b/volume-9e1512f1-b518-4453-a902-02ae09039388.4e783d92-e078-4ec7-b39e-392a2cb4a6de
Jun 19 04:14:43 devstack sudo[96814]: pam_unix(sudo:session): session opened for user root(uid=0) by (uid=1000)
Jun 19 04:14:43 devstack sudo[96814]: pam_unix(sudo:session): session closed for user root
Jun 19 04:14:43 devstack cinder-volume[93300]: DEBUG oslo_concurrency.processutils [None req-fd14a9a3-f45b-4637-bc7c-133d170b967d tempest-GroupSnapshotsTest-721679089 None] CMD "sudo cinder-rootwrap /etc/cinder/rootwrap.conf chmod ugo+rw /opt/stack/data/cinder/mnt/c1bf215c749152721c97438506144d2b/volume-9e1512f1-b518-4453-a902-02ae09039388.4e783d92-e078-4ec7-b39e-392a2cb4a6de" returned: 0 in 0.850s {{(pid=93300) execute /opt/stack/data/venv/lib/python3.12/site-packages/oslo_concurrency/processutils.py:468}}
Jun 19 04:14:43 devstack cinder-volume[93300]: DEBUG oslo_concurrency.processutils [None req-fd14a9a3-f45b-4637-bc7c-133d170b967d tempest-GroupSnapshotsTest-721679089 None] Running cmd (subprocess): sudo cinder-rootwrap /etc/cinder/rootwrap.conf truncate -s0 /opt/stack/data/cinder/mnt/c1bf215c749152721c97438506144d2b/volume-9e1512f1-b518-4453-a902-02ae09039388.info {{(pid=93300) execute /opt/stack/data/venv/lib/python3.12/site-packages/oslo_concurrency/processutils.py:440}}
Jun 19 04:14:43 devstack sudo[96846]: quobyte : PWD=/ ; USER=root ; COMMAND=/opt/stack/data/venv/bin/cinder-rootwrap /etc/cinder/rootwrap.conf truncate -s0 /opt/stack/data/cinder/mnt/c1bf215c749152721c97438506144d2b/volume-9e1512f1-b518-4453-a902-02ae09039388.info
Jun 19 04:14:43 devstack sudo[96846]: pam_unix(sudo:session): session opened for user root(uid=0) by (uid=1000)
Jun 19 04:14:44 devstack sudo[96846]: pam_unix(sudo:session): session closed for user root
Jun 19 04:14:44 devstack cinder-volume[93300]: DEBUG oslo_concurrency.processutils [None req-fd14a9a3-f45b-4637-bc7c-133d170b967d tempest-GroupSnapshotsTest-721679089 None] CMD "sudo cinder-rootwrap /etc/cinder/rootwrap.conf truncate -s0 /opt/stack/data/cinder/mnt/c1bf215c749152721c97438506144d2b/volume-9e1512f1-b518-4453-a902-02ae09039388.info" returned: 0 in 1.046s {{(pid=93300) execute /opt/stack/data/venv/lib/python3.12/site-packages/oslo_concurrency/processutils.py:468}}
Jun 19 04:14:44 devstack cinder-volume[93300]: WARNING cinder.volume.drivers.remotefs [None req-fd14a9a3-f45b-4637-bc7c-133d170b967d tempest-GroupSnapshotsTest-721679089 None] /opt/stack/data/cinder/mnt/c1bf215c749152721c97438506144d2b/volume-9e1512f1-b518-4453-a902-02ae09039388.info is being set with open permissions: ugo+rw: NotImplementedError
Jun 19 04:14:44 devstack cinder-volume[93300]: DEBUG oslo_concurrency.processutils [None req-fd14a9a3-f45b-4637-bc7c-133d170b967d tempest-GroupSnapshotsTest-721679089 None] Running cmd (subprocess): sudo cinder-rootwrap /etc/cinder/rootwrap.conf chmod ugo+rw /opt/stack/data/cinder/mnt/c1bf215c749152721c97438506144d2b/volume-9e1512f1-b518-4453-a902-02ae09039388.info {{(pid=93300) execute /opt/stack/data/venv/lib/python3.12/site-packages/oslo_concurrency/processutils.py:440}}
Jun 19 04:14:45 devstack sudo[96872]: quobyte : PWD=/ ; USER=root ; COMMAND=/opt/stack/data/venv/bin/cinder-rootwrap /etc/cinder/rootwrap.conf chmod ugo+rw /opt/stack/data/cinder/mnt/c1bf215c749152721c97438506144d2b/volume-9e1512f1-b518-4453-a902-02ae09039388.info
Jun 19 04:14:45 devstack sudo[96872]: pam_unix(sudo:session): session opened for user root(uid=0) by (uid=1000)
Jun 19 04:14:46 devstack sudo[96872]: pam_unix(sudo:session): session closed for user root
Jun 19 04:14:46 devstack cinder-volume[93300]: DEBUG oslo_concurrency.processutils [None req-fd14a9a3-f45b-4637-bc7c-133d170b967d tempest-GroupSnapshotsTest-721679089 None] CMD "sudo cinder-rootwrap /etc/cinder/rootwrap.conf chmod ugo+rw /opt/stack/data/cinder/mnt/c1bf215c749152721c97438506144d2b/volume-9e1512f1-b518-4453-a902-02ae09039388.info" returned: 0 in 1.174s {{(pid=93300) execute /opt/stack/data/venv/lib/python3.12/site-packages/oslo_concurrency/processutils.py:468}}
Jun 19 04:14:46 devstack cinder-volume[93300]: DEBUG oslo_concurrency.lockutils [None req-fd14a9a3-f45b-4637-bc7c-133d170b967d tempest-GroupSnapshotsTest-721679089 None] Lock "quobyte" "released" by "cinder.volume.drivers.quobyte.QuobyteDriver.create_snapshot" :: held 5.708s {{(pid=93300) inner /opt/stack/data/venv/lib/python3.12/site-packages/oslo_concurrency/lockutils.py:543}}
Jun 19 04:14:46 devstack cinder-volume[93300]: DEBUG oslo_concurrency.lockutils [None req-fd14a9a3-f45b-4637-bc7c-133d170b967d tempest-GroupSnapshotsTest-721679089 None] Acquiring lock "quobyte" by "cinder.volume.drivers.quobyte.QuobyteDriver.create_snapshot" {{(pid=93300) inner /opt/stack/data/venv/lib/python3.12/site-packages/oslo_concurrency/lockutils.py:511}}
Jun 19 04:14:46 devstack cinder-volume[93300]: DEBUG oslo_concurrency.lockutils [None req-fd14a9a3-f45b-4637-bc7c-133d170b967d tempest-GroupSnapshotsTest-721679089 None] Lock "quobyte" acquired by "cinder.volume.drivers.quobyte.QuobyteDriver.create_snapshot" :: waited 0.002s {{(pid=93300) inner /opt/stack/data/venv/lib/python3.12/site-packages/oslo_concurrency/lockutils.py:524}}
Jun 19 04:14:46 devstack cinder-volume[93300]: DEBUG cinder.volume.drivers.remotefs [None req-fd14a9a3-f45b-4637-bc7c-133d170b967d tempest-GroupSnapshotsTest-721679089 None] Creating offline snapshot 673381e7-4554-4bcf-8adf-18a735b7957d of volume 2ae15403-94d6-4634-a74d-0caf184c8c51 {{(pid=93300) _create_snapshot /opt/stack/cinder/cinder/volume/drivers/remotefs.py:1816}}
Jun 19 04:14:46 devstack cinder-volume[93300]: DEBUG oslo.privsep.daemon [-] privsep: reply[f5bdfa88-d9b7-4817-ae96-7e2d9ea3285d]: (4, 'qcow2') {{(pid=94600) _call_back /opt/stack/data/venv/lib/python3.12/site-packages/oslo_privsep/daemon.py:580}}
Jun 19 04:14:46 devstack cinder-volume[93300]: DEBUG oslo_concurrency.processutils [None req-fd14a9a3-f45b-4637-bc7c-133d170b967d tempest-GroupSnapshotsTest-721679089 None] Running cmd (subprocess): /opt/stack/data/venv/bin/python3.12 -m oslo_concurrency.prlimit --as=1073741824 --cpu=60 -- sudo cinder-rootwrap /etc/cinder/rootwrap.conf env LC_ALL=C qemu-img info -f qcow2 --output=json --force-share /opt/stack/data/cinder/mnt/c1bf215c749152721c97438506144d2b/volume-2ae15403-94d6-4634-a74d-0caf184c8c51 {{(pid=93300) execute /opt/stack/data/venv/lib/python3.12/site-packages/oslo_concurrency/processutils.py:440}}
Jun 19 04:14:46 devstack sudo[96878]: quobyte : PWD=/ ; USER=root ; COMMAND=/opt/stack/data/venv/bin/cinder-rootwrap /etc/cinder/rootwrap.conf env LC_ALL=C qemu-img info -f qcow2 --output=json --force-share /opt/stack/data/cinder/mnt/c1bf215c749152721c97438506144d2b/volume-2ae15403-94d6-4634-a74d-0caf184c8c51
Jun 19 04:14:46 devstack sudo[96878]: pam_unix(sudo:session): session opened for user root(uid=0) by (uid=1000)
Jun 19 04:14:47 devstack cinder-volume[93300]: DEBUG cinder.coordination [None req-fa8bd5ca-009d-4132-819f-9be9be38575a tempest-TaggedAttachmentsTest-1952420932 None] Acquiring lock "cinder-8362c3dd-7502-4ae1-b727-b7c9e036af62-delete_volume" by "delete_volume" {{(pid=93300) __acquire /opt/stack/cinder/cinder/coordination.py:138}}
Jun 19 04:14:47 devstack cinder-volume[93300]: DEBUG cinder.coordination [None req-fa8bd5ca-009d-4132-819f-9be9be38575a tempest-TaggedAttachmentsTest-1952420932 None] Lock "cinder-8362c3dd-7502-4ae1-b727-b7c9e036af62-delete_volume" acquired by "delete_volume" :: waited 0.071s {{(pid=93300) __acquire /opt/stack/cinder/cinder/coordination.py:141}}
Jun 19 04:14:47 devstack cinder-volume[93300]: DEBUG cinder.coordination [None req-fa8bd5ca-009d-4132-819f-9be9be38575a tempest-TaggedAttachmentsTest-1952420932 None] Acquiring lock "cinder-quobyte-8362c3dd-7502-4ae1-b727-b7c9e036af62" by "delete_volume" {{(pid=93300) __acquire /opt/stack/cinder/cinder/coordination.py:138}}
Jun 19 04:14:47 devstack cinder-volume[93300]: DEBUG cinder.coordination [None req-fa8bd5ca-009d-4132-819f-9be9be38575a tempest-TaggedAttachmentsTest-1952420932 None] Lock "cinder-quobyte-8362c3dd-7502-4ae1-b727-b7c9e036af62" acquired by "delete_volume" :: waited 0.027s {{(pid=93300) __acquire /opt/stack/cinder/cinder/coordination.py:141}}
Jun 19 04:14:47 devstack cinder-volume[93300]: DEBUG oslo.privsep.daemon [-] privsep: reply[2712d9f3-043d-46be-9320-0a80430d97a3]: (4, 'qcow2') {{(pid=94600) _call_back /opt/stack/data/venv/lib/python3.12/site-packages/oslo_privsep/daemon.py:580}}
Jun 19 04:14:47 devstack cinder-volume[93300]: DEBUG oslo_concurrency.processutils [None req-fa8bd5ca-009d-4132-819f-9be9be38575a tempest-TaggedAttachmentsTest-1952420932 None] Running cmd (subprocess): /opt/stack/data/venv/bin/python3.12 -m oslo_concurrency.prlimit --as=1073741824 --cpu=60 -- sudo cinder-rootwrap /etc/cinder/rootwrap.conf env LC_ALL=C qemu-img info -f qcow2 --output=json --force-share /opt/stack/data/cinder/mnt/c1bf215c749152721c97438506144d2b/volume-8362c3dd-7502-4ae1-b727-b7c9e036af62 {{(pid=93300) execute /opt/stack/data/venv/lib/python3.12/site-packages/oslo_concurrency/processutils.py:440}}
Jun 19 04:14:47 devstack sudo[96878]: pam_unix(sudo:session): session closed for user root
Jun 19 04:14:47 devstack cinder-volume[93300]: DEBUG oslo_concurrency.processutils [None req-fd14a9a3-f45b-4637-bc7c-133d170b967d tempest-GroupSnapshotsTest-721679089 None] CMD "/opt/stack/data/venv/bin/python3.12 -m oslo_concurrency.prlimit --as=1073741824 --cpu=60 -- sudo cinder-rootwrap /etc/cinder/rootwrap.conf env LC_ALL=C qemu-img info -f qcow2 --output=json --force-share /opt/stack/data/cinder/mnt/c1bf215c749152721c97438506144d2b/volume-2ae15403-94d6-4634-a74d-0caf184c8c51" returned: 0 in 1.527s {{(pid=93300) execute /opt/stack/data/venv/lib/python3.12/site-packages/oslo_concurrency/processutils.py:468}}
Jun 19 04:14:47 devstack cinder-volume[93300]: DEBUG oslo_concurrency.processutils [None req-fd14a9a3-f45b-4637-bc7c-133d170b967d tempest-GroupSnapshotsTest-721679089 None] Running cmd (subprocess): sudo cinder-rootwrap /etc/cinder/rootwrap.conf qemu-img create -f qcow2 -o backing_file=/opt/stack/data/cinder/mnt/c1bf215c749152721c97438506144d2b/volume-2ae15403-94d6-4634-a74d-0caf184c8c51,backing_fmt=qcow2 /opt/stack/data/cinder/mnt/c1bf215c749152721c97438506144d2b/volume-2ae15403-94d6-4634-a74d-0caf184c8c51.673381e7-4554-4bcf-8adf-18a735b7957d 1G {{(pid=93300) execute /opt/stack/data/venv/lib/python3.12/site-packages/oslo_concurrency/processutils.py:440}}
Jun 19 04:14:47 devstack sudo[96901]: quobyte : PWD=/ ; USER=root ; COMMAND=/opt/stack/data/venv/bin/cinder-rootwrap /etc/cinder/rootwrap.conf qemu-img create -f qcow2 -o backing_file=/opt/stack/data/cinder/mnt/c1bf215c749152721c97438506144d2b/volume-2ae15403-94d6-4634-a74d-0caf184c8c51,backing_fmt=qcow2 /opt/stack/data/cinder/mnt/c1bf215c749152721c97438506144d2b/volume-2ae15403-94d6-4634-a74d-0caf184c8c51.673381e7-4554-4bcf-8adf-18a735b7957d 1G
Jun 19 04:14:47 devstack sudo[96901]: pam_unix(sudo:session): session opened for user root(uid=0) by (uid=1000)
Jun 19 04:14:47 devstack sudo[96900]: quobyte : PWD=/ ; USER=root ; COMMAND=/opt/stack/data/venv/bin/cinder-rootwrap /etc/cinder/rootwrap.conf env LC_ALL=C qemu-img info -f qcow2 --output=json --force-share /opt/stack/data/cinder/mnt/c1bf215c749152721c97438506144d2b/volume-8362c3dd-7502-4ae1-b727-b7c9e036af62
Jun 19 04:14:47 devstack sudo[96900]: pam_unix(sudo:session): session opened for user root(uid=0) by (uid=1000)
Jun 19 04:14:49 devstack sudo[96900]: pam_unix(sudo:session): session closed for user root
Jun 19 04:14:49 devstack cinder-volume[93300]: DEBUG oslo_concurrency.processutils [None req-fa8bd5ca-009d-4132-819f-9be9be38575a tempest-TaggedAttachmentsTest-1952420932 None] CMD "/opt/stack/data/venv/bin/python3.12 -m oslo_concurrency.prlimit --as=1073741824 --cpu=60 -- sudo cinder-rootwrap /etc/cinder/rootwrap.conf env LC_ALL=C qemu-img info -f qcow2 --output=json --force-share /opt/stack/data/cinder/mnt/c1bf215c749152721c97438506144d2b/volume-8362c3dd-7502-4ae1-b727-b7c9e036af62" returned: 0 in 1.282s {{(pid=93300) execute /opt/stack/data/venv/lib/python3.12/site-packages/oslo_concurrency/processutils.py:468}}
Jun 19 04:14:49 devstack cinder-volume[93300]: DEBUG oslo_concurrency.processutils [None req-fa8bd5ca-009d-4132-819f-9be9be38575a tempest-TaggedAttachmentsTest-1952420932 None] Running cmd (subprocess): sudo cinder-rootwrap /etc/cinder/rootwrap.conf rm -f /opt/stack/data/cinder/mnt/c1bf215c749152721c97438506144d2b/volume-8362c3dd-7502-4ae1-b727-b7c9e036af62 {{(pid=93300) execute /opt/stack/data/venv/lib/python3.12/site-packages/oslo_concurrency/processutils.py:440}}
Jun 19 04:14:49 devstack sudo[96925]: quobyte : PWD=/ ; USER=root ; COMMAND=/opt/stack/data/venv/bin/cinder-rootwrap /etc/cinder/rootwrap.conf rm -f /opt/stack/data/cinder/mnt/c1bf215c749152721c97438506144d2b/volume-8362c3dd-7502-4ae1-b727-b7c9e036af62
Jun 19 04:14:49 devstack sudo[96925]: pam_unix(sudo:session): session opened for user root(uid=0) by (uid=1000)
Jun 19 04:14:49 devstack sudo[96901]: pam_unix(sudo:session): session closed for user root
Jun 19 04:14:49 devstack cinder-volume[93300]: DEBUG oslo_concurrency.processutils [None req-fd14a9a3-f45b-4637-bc7c-133d170b967d tempest-GroupSnapshotsTest-721679089 None] CMD "sudo cinder-rootwrap /etc/cinder/rootwrap.conf qemu-img create -f qcow2 -o backing_file=/opt/stack/data/cinder/mnt/c1bf215c749152721c97438506144d2b/volume-2ae15403-94d6-4634-a74d-0caf184c8c51,backing_fmt=qcow2 /opt/stack/data/cinder/mnt/c1bf215c749152721c97438506144d2b/volume-2ae15403-94d6-4634-a74d-0caf184c8c51.673381e7-4554-4bcf-8adf-18a735b7957d 1G" returned: 0 in 1.423s {{(pid=93300) execute /opt/stack/data/venv/lib/python3.12/site-packages/oslo_concurrency/processutils.py:468}}
Jun 19 04:14:49 devstack cinder-volume[93300]: DEBUG oslo_concurrency.processutils [None req-fd14a9a3-f45b-4637-bc7c-133d170b967d tempest-GroupSnapshotsTest-721679089 None] Running cmd (subprocess): sudo cinder-rootwrap /etc/cinder/rootwrap.conf qemu-img rebase -u -b volume-2ae15403-94d6-4634-a74d-0caf184c8c51 -F qcow2 /opt/stack/data/cinder/mnt/c1bf215c749152721c97438506144d2b/volume-2ae15403-94d6-4634-a74d-0caf184c8c51.673381e7-4554-4bcf-8adf-18a735b7957d {{(pid=93300) execute /opt/stack/data/venv/lib/python3.12/site-packages/oslo_concurrency/processutils.py:440}}
Jun 19 04:14:49 devstack sudo[96929]: quobyte : PWD=/ ; USER=root ; COMMAND=/opt/stack/data/venv/bin/cinder-rootwrap /etc/cinder/rootwrap.conf qemu-img rebase -u -b volume-2ae15403-94d6-4634-a74d-0caf184c8c51 -F qcow2 /opt/stack/data/cinder/mnt/c1bf215c749152721c97438506144d2b/volume-2ae15403-94d6-4634-a74d-0caf184c8c51.673381e7-4554-4bcf-8adf-18a735b7957d
Jun 19 04:14:49 devstack sudo[96929]: pam_unix(sudo:session): session opened for user root(uid=0) by (uid=1000)
Jun 19 04:14:50 devstack sudo[96925]: pam_unix(sudo:session): session closed for user root
Jun 19 04:14:50 devstack cinder-volume[93300]: DEBUG oslo_concurrency.processutils [None req-fa8bd5ca-009d-4132-819f-9be9be38575a tempest-TaggedAttachmentsTest-1952420932 None] CMD "sudo cinder-rootwrap /etc/cinder/rootwrap.conf rm -f /opt/stack/data/cinder/mnt/c1bf215c749152721c97438506144d2b/volume-8362c3dd-7502-4ae1-b727-b7c9e036af62" returned: 0 in 1.113s {{(pid=93300) execute /opt/stack/data/venv/lib/python3.12/site-packages/oslo_concurrency/processutils.py:468}}
Jun 19 04:14:50 devstack cinder-volume[93300]: DEBUG cinder.coordination [None req-fa8bd5ca-009d-4132-819f-9be9be38575a tempest-TaggedAttachmentsTest-1952420932 None] Lock "cinder-quobyte-8362c3dd-7502-4ae1-b727-b7c9e036af62" released by "delete_volume" :: held 2.473s {{(pid=93300) __release /opt/stack/cinder/cinder/coordination.py:152}}
Jun 19 04:14:50 devstack cinder-volume[93300]: DEBUG cinder.quota [None req-fa8bd5ca-009d-4132-819f-9be9be38575a tempest-TaggedAttachmentsTest-1952420932 None] Created reservations ['cf359a6e-acdf-470a-8826-14915336724a', '31e1711f-b60c-4d55-9d49-84dea1159ca2', '0cff792e-8e9c-40ce-a2ac-a4b3433097d7', '9a4905c0-291a-4a1f-835e-14d8ef47775a'] {{(pid=93300) reserve /opt/stack/cinder/cinder/quota.py:752}}
Jun 19 04:14:50 devstack sudo[96929]: pam_unix(sudo:session): session closed for user root
Jun 19 04:14:50 devstack cinder-volume[93300]: DEBUG oslo_concurrency.processutils [None req-fd14a9a3-f45b-4637-bc7c-133d170b967d tempest-GroupSnapshotsTest-721679089 None] CMD "sudo cinder-rootwrap /etc/cinder/rootwrap.conf qemu-img rebase -u -b volume-2ae15403-94d6-4634-a74d-0caf184c8c51 -F qcow2 /opt/stack/data/cinder/mnt/c1bf215c749152721c97438506144d2b/volume-2ae15403-94d6-4634-a74d-0caf184c8c51.673381e7-4554-4bcf-8adf-18a735b7957d" returned: 0 in 1.054s {{(pid=93300) execute /opt/stack/data/venv/lib/python3.12/site-packages/oslo_concurrency/processutils.py:468}}
Jun 19 04:14:50 devstack cinder-volume[93300]: WARNING cinder.volume.drivers.remotefs [None req-fd14a9a3-f45b-4637-bc7c-133d170b967d tempest-GroupSnapshotsTest-721679089 None] /opt/stack/data/cinder/mnt/c1bf215c749152721c97438506144d2b/volume-2ae15403-94d6-4634-a74d-0caf184c8c51.673381e7-4554-4bcf-8adf-18a735b7957d is being set with open permissions: ugo+rw: NotImplementedError
Jun 19 04:14:50 devstack cinder-volume[93300]: DEBUG oslo_concurrency.processutils [None req-fd14a9a3-f45b-4637-bc7c-133d170b967d tempest-GroupSnapshotsTest-721679089 None] Running cmd (subprocess): sudo cinder-rootwrap /etc/cinder/rootwrap.conf chmod ugo+rw /opt/stack/data/cinder/mnt/c1bf215c749152721c97438506144d2b/volume-2ae15403-94d6-4634-a74d-0caf184c8c51.673381e7-4554-4bcf-8adf-18a735b7957d {{(pid=93300) execute /opt/stack/data/venv/lib/python3.12/site-packages/oslo_concurrency/processutils.py:440}}
Jun 19 04:14:50 devstack sudo[96944]: quobyte : PWD=/ ; USER=root ; COMMAND=/opt/stack/data/venv/bin/cinder-rootwrap /etc/cinder/rootwrap.conf chmod ugo+rw /opt/stack/data/cinder/mnt/c1bf215c749152721c97438506144d2b/volume-2ae15403-94d6-4634-a74d-0caf184c8c51.673381e7-4554-4bcf-8adf-18a735b7957d
Jun 19 04:14:50 devstack sudo[96944]: pam_unix(sudo:session): session opened for user root(uid=0) by (uid=1000)
Jun 19 04:14:50 devstack cinder-volume[93300]: DEBUG oslo_concurrency.lockutils [None req-fa8bd5ca-009d-4132-819f-9be9be38575a tempest-TaggedAttachmentsTest-1952420932 None] Acquiring lock "quobyte_ensure" by "cinder.volume.drivers.quobyte.QuobyteDriver._ensure_shares_mounted" {{(pid=93300) inner /opt/stack/data/venv/lib/python3.12/site-packages/oslo_concurrency/lockutils.py:511}}
Jun 19 04:14:50 devstack cinder-volume[93300]: DEBUG oslo_concurrency.lockutils [None req-fa8bd5ca-009d-4132-819f-9be9be38575a tempest-TaggedAttachmentsTest-1952420932 None] Lock "quobyte_ensure" acquired by "cinder.volume.drivers.quobyte.QuobyteDriver._ensure_shares_mounted" :: waited 0.001s {{(pid=93300) inner /opt/stack/data/venv/lib/python3.12/site-packages/oslo_concurrency/lockutils.py:524}}
Jun 19 04:14:50 devstack cinder-volume[93300]: DEBUG cinder.volume.drivers.quobyte [None req-fa8bd5ca-009d-4132-819f-9be9be38575a tempest-TaggedAttachmentsTest-1952420932 None] Quobyte Volume URL set to: {'osci02.corp.quobyte.com/cinder-vol-a6d630c6-4f66-467c-bab5-c0e18da1d36b': None} {{(pid=93300) _load_shares_config /opt/stack/cinder/cinder/volume/drivers/quobyte.py:617}}
Jun 19 04:14:50 devstack cinder-volume[93300]: DEBUG cinder.volume.drivers.quobyte [None req-fa8bd5ca-009d-4132-819f-9be9be38575a tempest-TaggedAttachmentsTest-1952420932 None] Available shares ['osci02.corp.quobyte.com/cinder-vol-a6d630c6-4f66-467c-bab5-c0e18da1d36b'] {{(pid=93300) _ensure_shares_mounted /opt/stack/cinder/cinder/volume/drivers/quobyte.py:647}}
Jun 19 04:14:50 devstack cinder-volume[93300]: DEBUG oslo_concurrency.lockutils [None req-fa8bd5ca-009d-4132-819f-9be9be38575a tempest-TaggedAttachmentsTest-1952420932 None] Lock "quobyte_ensure" "released" by "cinder.volume.drivers.quobyte.QuobyteDriver._ensure_shares_mounted" :: held 0.008s {{(pid=93300) inner /opt/stack/data/venv/lib/python3.12/site-packages/oslo_concurrency/lockutils.py:543}}
Jun 19 04:14:50 devstack cinder-volume[93300]: DEBUG oslo_concurrency.processutils [None req-fa8bd5ca-009d-4132-819f-9be9be38575a tempest-TaggedAttachmentsTest-1952420932 None] Running cmd (subprocess): sudo cinder-rootwrap /etc/cinder/rootwrap.conf df --portability --block-size 1 /opt/stack/data/cinder/mnt/c1bf215c749152721c97438506144d2b {{(pid=93300) execute /opt/stack/data/venv/lib/python3.12/site-packages/oslo_concurrency/processutils.py:440}}
Jun 19 04:14:50 devstack sudo[96946]: quobyte : PWD=/ ; USER=root ; COMMAND=/opt/stack/data/venv/bin/cinder-rootwrap /etc/cinder/rootwrap.conf df --portability --block-size 1 /opt/stack/data/cinder/mnt/c1bf215c749152721c97438506144d2b
Jun 19 04:14:50 devstack sudo[96946]: pam_unix(sudo:session): session opened for user root(uid=0) by (uid=1000)
Jun 19 04:14:51 devstack sudo[96946]: pam_unix(sudo:session): session closed for user root
Jun 19 04:14:51 devstack cinder-volume[93300]: DEBUG oslo_concurrency.processutils [None req-fa8bd5ca-009d-4132-819f-9be9be38575a tempest-TaggedAttachmentsTest-1952420932 None] CMD "sudo cinder-rootwrap /etc/cinder/rootwrap.conf df --portability --block-size 1 /opt/stack/data/cinder/mnt/c1bf215c749152721c97438506144d2b" returned: 0 in 1.007s {{(pid=93300) execute /opt/stack/data/venv/lib/python3.12/site-packages/oslo_concurrency/processutils.py:468}}
Jun 19 04:14:51 devstack cinder-volume[93300]: DEBUG cinder.manager [None req-fa8bd5ca-009d-4132-819f-9be9be38575a tempest-TaggedAttachmentsTest-1952420932 None] Notifying Schedulers of capabilities ... {{(pid=93300) _publish_service_capabilities /opt/stack/cinder/cinder/manager.py:219}}
Jun 19 04:14:51 devstack cinder-volume[93300]: INFO cinder.volume.manager [None req-fa8bd5ca-009d-4132-819f-9be9be38575a tempest-TaggedAttachmentsTest-1952420932 None] Deleted volume successfully.
Jun 19 04:14:51 devstack cinder-volume[93300]: DEBUG cinder.coordination [None req-fa8bd5ca-009d-4132-819f-9be9be38575a tempest-TaggedAttachmentsTest-1952420932 None] Lock "cinder-8362c3dd-7502-4ae1-b727-b7c9e036af62-delete_volume" released by "delete_volume" :: held 3.839s {{(pid=93300) __release /opt/stack/cinder/cinder/coordination.py:152}}
Jun 19 04:14:51 devstack sudo[96944]: pam_unix(sudo:session): session closed for user root
Jun 19 04:14:51 devstack cinder-volume[93300]: DEBUG oslo_concurrency.processutils [None req-fd14a9a3-f45b-4637-bc7c-133d170b967d tempest-GroupSnapshotsTest-721679089 None] CMD "sudo cinder-rootwrap /etc/cinder/rootwrap.conf chmod ugo+rw /opt/stack/data/cinder/mnt/c1bf215c749152721c97438506144d2b/volume-2ae15403-94d6-4634-a74d-0caf184c8c51.673381e7-4554-4bcf-8adf-18a735b7957d" returned: 0 in 1.195s {{(pid=93300) execute /opt/stack/data/venv/lib/python3.12/site-packages/oslo_concurrency/processutils.py:468}}
Jun 19 04:14:51 devstack cinder-volume[93300]: DEBUG oslo_concurrency.processutils [None req-fd14a9a3-f45b-4637-bc7c-133d170b967d tempest-GroupSnapshotsTest-721679089 None] Running cmd (subprocess): sudo cinder-rootwrap /etc/cinder/rootwrap.conf truncate -s0 /opt/stack/data/cinder/mnt/c1bf215c749152721c97438506144d2b/volume-2ae15403-94d6-4634-a74d-0caf184c8c51.info {{(pid=93300) execute /opt/stack/data/venv/lib/python3.12/site-packages/oslo_concurrency/processutils.py:440}}
Jun 19 04:14:51 devstack sudo[96950]: quobyte : PWD=/ ; USER=root ; COMMAND=/opt/stack/data/venv/bin/cinder-rootwrap /etc/cinder/rootwrap.conf truncate -s0 /opt/stack/data/cinder/mnt/c1bf215c749152721c97438506144d2b/volume-2ae15403-94d6-4634-a74d-0caf184c8c51.info
Jun 19 04:14:51 devstack sudo[96950]: pam_unix(sudo:session): session opened for user root(uid=0) by (uid=1000)
Jun 19 04:14:52 devstack sudo[96950]: pam_unix(sudo:session): session closed for user root
Jun 19 04:14:52 devstack cinder-volume[93300]: DEBUG oslo_concurrency.processutils [None req-fd14a9a3-f45b-4637-bc7c-133d170b967d tempest-GroupSnapshotsTest-721679089 None] CMD "sudo cinder-rootwrap /etc/cinder/rootwrap.conf truncate -s0 /opt/stack/data/cinder/mnt/c1bf215c749152721c97438506144d2b/volume-2ae15403-94d6-4634-a74d-0caf184c8c51.info" returned: 0 in 0.843s {{(pid=93300) execute /opt/stack/data/venv/lib/python3.12/site-packages/oslo_concurrency/processutils.py:468}}
Jun 19 04:14:52 devstack cinder-volume[93300]: WARNING cinder.volume.drivers.remotefs [None req-fd14a9a3-f45b-4637-bc7c-133d170b967d tempest-GroupSnapshotsTest-721679089 None] /opt/stack/data/cinder/mnt/c1bf215c749152721c97438506144d2b/volume-2ae15403-94d6-4634-a74d-0caf184c8c51.info is being set with open permissions: ugo+rw: NotImplementedError
Jun 19 04:14:52 devstack cinder-volume[93300]: DEBUG oslo_concurrency.processutils [None req-fd14a9a3-f45b-4637-bc7c-133d170b967d tempest-GroupSnapshotsTest-721679089 None] Running cmd (subprocess): sudo cinder-rootwrap /etc/cinder/rootwrap.conf chmod ugo+rw /opt/stack/data/cinder/mnt/c1bf215c749152721c97438506144d2b/volume-2ae15403-94d6-4634-a74d-0caf184c8c51.info {{(pid=93300) execute /opt/stack/data/venv/lib/python3.12/site-packages/oslo_concurrency/processutils.py:440}}
Jun 19 04:14:52 devstack sudo[96954]: quobyte : PWD=/ ; USER=root ; COMMAND=/opt/stack/data/venv/bin/cinder-rootwrap /etc/cinder/rootwrap.conf chmod ugo+rw /opt/stack/data/cinder/mnt/c1bf215c749152721c97438506144d2b/volume-2ae15403-94d6-4634-a74d-0caf184c8c51.info
Jun 19 04:14:52 devstack sudo[96954]: pam_unix(sudo:session): session opened for user root(uid=0) by (uid=1000)
Jun 19 04:14:53 devstack sudo[96954]: pam_unix(sudo:session): session closed for user root
Jun 19 04:14:53 devstack cinder-volume[93300]: DEBUG oslo_concurrency.processutils [None req-fd14a9a3-f45b-4637-bc7c-133d170b967d tempest-GroupSnapshotsTest-721679089 None] CMD "sudo cinder-rootwrap /etc/cinder/rootwrap.conf chmod ugo+rw /opt/stack/data/cinder/mnt/c1bf215c749152721c97438506144d2b/volume-2ae15403-94d6-4634-a74d-0caf184c8c51.info" returned: 0 in 0.965s {{(pid=93300) execute /opt/stack/data/venv/lib/python3.12/site-packages/oslo_concurrency/processutils.py:468}}
Jun 19 04:14:53 devstack cinder-volume[93300]: DEBUG oslo_concurrency.lockutils [None req-fd14a9a3-f45b-4637-bc7c-133d170b967d tempest-GroupSnapshotsTest-721679089 None] Lock "quobyte" "released" by "cinder.volume.drivers.quobyte.QuobyteDriver.create_snapshot" :: held 7.168s {{(pid=93300) inner /opt/stack/data/venv/lib/python3.12/site-packages/oslo_concurrency/lockutils.py:543}}
Jun 19 04:14:53 devstack cinder-volume[93300]: INFO cinder.volume.manager [None req-fd14a9a3-f45b-4637-bc7c-133d170b967d tempest-GroupSnapshotsTest-721679089 None] group_snapshot 97246f87-62c4-44f5-be4f-a5c2ad5a0fd8: created successfully
Jun 19 04:14:54 devstack cinder-volume[93300]: INFO cinder.volume.manager [None req-26e3409d-ce64-41c3-9845-3078dfe1a62b tempest-GroupSnapshotsTest-721679089 None] group_snapshot 97246f87-62c4-44f5-be4f-a5c2ad5a0fd8: deleting
Jun 19 04:14:54 devstack cinder-volume[93300]: DEBUG cinder.volume.manager [None req-26e3409d-ce64-41c3-9845-3078dfe1a62b tempest-GroupSnapshotsTest-721679089 None] group_snapshot 97246f87-62c4-44f5-be4f-a5c2ad5a0fd8: deleting {{(pid=93300) delete_group_snapshot /opt/stack/cinder/cinder/volume/manager.py:4350}}
Jun 19 04:14:54 devstack cinder-volume[93300]: DEBUG cinder.coordination [None req-26e3409d-ce64-41c3-9845-3078dfe1a62b tempest-GroupSnapshotsTest-721679089 None] Acquiring lock "cinder-quobyte-9e1512f1-b518-4453-a902-02ae09039388" by "delete_snapshot" {{(pid=93300) __acquire /opt/stack/cinder/cinder/coordination.py:138}}
Jun 19 04:14:54 devstack cinder-volume[93300]: DEBUG cinder.coordination [None req-26e3409d-ce64-41c3-9845-3078dfe1a62b tempest-GroupSnapshotsTest-721679089 None] Lock "cinder-quobyte-9e1512f1-b518-4453-a902-02ae09039388" acquired by "delete_snapshot" :: waited 0.045s {{(pid=93300) __acquire /opt/stack/cinder/cinder/coordination.py:141}}
Jun 19 04:14:54 devstack cinder-volume[93300]: DEBUG cinder.coordination [None req-26e3409d-ce64-41c3-9845-3078dfe1a62b tempest-GroupSnapshotsTest-721679089 None] Acquiring lock "cinder-quobyte-4e783d92-e078-4ec7-b39e-392a2cb4a6de" by "_delete_snapshot" {{(pid=93300) __acquire /opt/stack/cinder/cinder/coordination.py:138}}
Jun 19 04:14:54 devstack cinder-volume[93300]: DEBUG cinder.coordination [None req-26e3409d-ce64-41c3-9845-3078dfe1a62b tempest-GroupSnapshotsTest-721679089 None] Lock "cinder-quobyte-4e783d92-e078-4ec7-b39e-392a2cb4a6de" acquired by "_delete_snapshot" :: waited 0.027s {{(pid=93300) __acquire /opt/stack/cinder/cinder/coordination.py:141}}
Jun 19 04:14:54 devstack cinder-volume[93300]: DEBUG cinder.volume.drivers.remotefs [None req-26e3409d-ce64-41c3-9845-3078dfe1a62b tempest-GroupSnapshotsTest-721679089 None] Deleting offline snapshot 4e783d92-e078-4ec7-b39e-392a2cb4a6de of volume 9e1512f1-b518-4453-a902-02ae09039388 {{(pid=93300) _delete_snapshot /opt/stack/cinder/cinder/volume/drivers/remotefs.py:1288}}
Jun 19 04:14:54 devstack cinder-volume[93300]: DEBUG cinder.volume.drivers.remotefs [None req-26e3409d-ce64-41c3-9845-3078dfe1a62b tempest-GroupSnapshotsTest-721679089 None] snapshot_file for this snap is: volume-9e1512f1-b518-4453-a902-02ae09039388.4e783d92-e078-4ec7-b39e-392a2cb4a6de {{(pid=93300) _delete_snapshot /opt/stack/cinder/cinder/volume/drivers/remotefs.py:1317}}
Jun 19 04:14:54 devstack cinder-volume[93300]: DEBUG oslo.privsep.daemon [-] privsep: reply[0f35d387-e0a5-456c-bac9-780dda41e7c1]: (4, 'qcow2') {{(pid=94600) _call_back /opt/stack/data/venv/lib/python3.12/site-packages/oslo_privsep/daemon.py:580}}
Jun 19 04:14:54 devstack cinder-volume[93300]: DEBUG oslo_concurrency.processutils [None req-26e3409d-ce64-41c3-9845-3078dfe1a62b tempest-GroupSnapshotsTest-721679089 None] Running cmd (subprocess): /opt/stack/data/venv/bin/python3.12 -m oslo_concurrency.prlimit --as=1073741824 --cpu=60 -- sudo cinder-rootwrap /etc/cinder/rootwrap.conf env LC_ALL=C qemu-img info -f qcow2 --output=json --force-share /opt/stack/data/cinder/mnt/c1bf215c749152721c97438506144d2b/volume-9e1512f1-b518-4453-a902-02ae09039388.4e783d92-e078-4ec7-b39e-392a2cb4a6de {{(pid=93300) execute /opt/stack/data/venv/lib/python3.12/site-packages/oslo_concurrency/processutils.py:440}}
Jun 19 04:14:55 devstack sudo[96968]: quobyte : PWD=/ ; USER=root ; COMMAND=/opt/stack/data/venv/bin/cinder-rootwrap /etc/cinder/rootwrap.conf env LC_ALL=C qemu-img info -f qcow2 --output=json --force-share /opt/stack/data/cinder/mnt/c1bf215c749152721c97438506144d2b/volume-9e1512f1-b518-4453-a902-02ae09039388.4e783d92-e078-4ec7-b39e-392a2cb4a6de
Jun 19 04:14:55 devstack sudo[96968]: pam_unix(sudo:session): session opened for user root(uid=0) by (uid=1000)
Jun 19 04:14:56 devstack sudo[96968]: pam_unix(sudo:session): session closed for user root
Jun 19 04:14:56 devstack cinder-volume[93300]: DEBUG oslo_concurrency.processutils [None req-26e3409d-ce64-41c3-9845-3078dfe1a62b tempest-GroupSnapshotsTest-721679089 None] CMD "/opt/stack/data/venv/bin/python3.12 -m oslo_concurrency.prlimit --as=1073741824 --cpu=60 -- sudo cinder-rootwrap /etc/cinder/rootwrap.conf env LC_ALL=C qemu-img info -f qcow2 --output=json --force-share /opt/stack/data/cinder/mnt/c1bf215c749152721c97438506144d2b/volume-9e1512f1-b518-4453-a902-02ae09039388.4e783d92-e078-4ec7-b39e-392a2cb4a6de" returned: 0 in 1.407s {{(pid=93300) execute /opt/stack/data/venv/lib/python3.12/site-packages/oslo_concurrency/processutils.py:468}}
Jun 19 04:14:56 devstack cinder-volume[93300]: DEBUG cinder.volume.drivers.remotefs [None req-26e3409d-ce64-41c3-9845-3078dfe1a62b tempest-GroupSnapshotsTest-721679089 None] Fetching qemu-img info with special backing_file_template: (/opt/stack/data/cinder/mnt/[0-9a-f]+/)?(volume-9e1512f1-b518-4453-a902-02ae09039388(.(tmp-snap-)?[0-9a-f-]+)?|volume_from_snapshot_cache/(tmp-snap-)?[0-9a-f-]+(.(child-|parent-)[0-9a-f-]+)?)$ {{(pid=93300) _qemu_img_info_base /opt/stack/cinder/cinder/volume/drivers/remotefs.py:896}}
Jun 19 04:14:56 devstack cinder-volume[93300]: DEBUG oslo.privsep.daemon [-] privsep: reply[6182c577-3f5a-4735-9c07-8116cab24f8e]: (4, 'qcow2') {{(pid=94600) _call_back /opt/stack/data/venv/lib/python3.12/site-packages/oslo_privsep/daemon.py:580}}
Jun 19 04:14:56 devstack cinder-volume[93300]: DEBUG oslo_concurrency.processutils [None req-26e3409d-ce64-41c3-9845-3078dfe1a62b tempest-GroupSnapshotsTest-721679089 None] Running cmd (subprocess): /opt/stack/data/venv/bin/python3.12 -m oslo_concurrency.prlimit --as=1073741824 --cpu=60 -- sudo cinder-rootwrap /etc/cinder/rootwrap.conf env LC_ALL=C qemu-img info -f qcow2 --output=json --force-share /opt/stack/data/cinder/mnt/c1bf215c749152721c97438506144d2b/volume-9e1512f1-b518-4453-a902-02ae09039388 {{(pid=93300) execute /opt/stack/data/venv/lib/python3.12/site-packages/oslo_concurrency/processutils.py:440}}
Jun 19 04:14:56 devstack sudo[97035]: quobyte : PWD=/ ; USER=root ; COMMAND=/opt/stack/data/venv/bin/cinder-rootwrap /etc/cinder/rootwrap.conf env LC_ALL=C qemu-img info -f qcow2 --output=json --force-share /opt/stack/data/cinder/mnt/c1bf215c749152721c97438506144d2b/volume-9e1512f1-b518-4453-a902-02ae09039388
Jun 19 04:14:56 devstack sudo[97035]: pam_unix(sudo:session): session opened for user root(uid=0) by (uid=1000)
Jun 19 04:14:58 devstack sudo[97035]: pam_unix(sudo:session): session closed for user root
Jun 19 04:14:58 devstack cinder-volume[93300]: DEBUG oslo_concurrency.processutils [None req-26e3409d-ce64-41c3-9845-3078dfe1a62b tempest-GroupSnapshotsTest-721679089 None] CMD "/opt/stack/data/venv/bin/python3.12 -m oslo_concurrency.prlimit --as=1073741824 --cpu=60 -- sudo cinder-rootwrap /etc/cinder/rootwrap.conf env LC_ALL=C qemu-img info -f qcow2 --output=json --force-share /opt/stack/data/cinder/mnt/c1bf215c749152721c97438506144d2b/volume-9e1512f1-b518-4453-a902-02ae09039388" returned: 0 in 1.910s {{(pid=93300) execute /opt/stack/data/venv/lib/python3.12/site-packages/oslo_concurrency/processutils.py:468}}
Jun 19 04:14:58 devstack cinder-volume[93300]: DEBUG oslo_concurrency.processutils [None req-26e3409d-ce64-41c3-9845-3078dfe1a62b tempest-GroupSnapshotsTest-721679089 None] Running cmd (subprocess): sudo cinder-rootwrap /etc/cinder/rootwrap.conf qemu-img commit -d /opt/stack/data/cinder/mnt/c1bf215c749152721c97438506144d2b/volume-9e1512f1-b518-4453-a902-02ae09039388.4e783d92-e078-4ec7-b39e-392a2cb4a6de {{(pid=93300) execute /opt/stack/data/venv/lib/python3.12/site-packages/oslo_concurrency/processutils.py:440}}
Jun 19 04:14:58 devstack sudo[97093]: quobyte : PWD=/ ; USER=root ; COMMAND=/opt/stack/data/venv/bin/cinder-rootwrap /etc/cinder/rootwrap.conf qemu-img commit -d /opt/stack/data/cinder/mnt/c1bf215c749152721c97438506144d2b/volume-9e1512f1-b518-4453-a902-02ae09039388.4e783d92-e078-4ec7-b39e-392a2cb4a6de
Jun 19 04:14:58 devstack sudo[97093]: pam_unix(sudo:session): session opened for user root(uid=0) by (uid=1000)
Jun 19 04:14:59 devstack sudo[97093]: pam_unix(sudo:session): session closed for user root
Jun 19 04:14:59 devstack cinder-volume[93300]: DEBUG oslo_concurrency.processutils [None req-26e3409d-ce64-41c3-9845-3078dfe1a62b tempest-GroupSnapshotsTest-721679089 None] CMD "sudo cinder-rootwrap /etc/cinder/rootwrap.conf qemu-img commit -d /opt/stack/data/cinder/mnt/c1bf215c749152721c97438506144d2b/volume-9e1512f1-b518-4453-a902-02ae09039388.4e783d92-e078-4ec7-b39e-392a2cb4a6de" returned: 0 in 1.164s {{(pid=93300) execute /opt/stack/data/venv/lib/python3.12/site-packages/oslo_concurrency/processutils.py:468}}
Jun 19 04:14:59 devstack cinder-volume[93300]: DEBUG oslo_concurrency.processutils [None req-26e3409d-ce64-41c3-9845-3078dfe1a62b tempest-GroupSnapshotsTest-721679089 None] Running cmd (subprocess): sudo cinder-rootwrap /etc/cinder/rootwrap.conf rm -f /opt/stack/data/cinder/mnt/c1bf215c749152721c97438506144d2b/volume-9e1512f1-b518-4453-a902-02ae09039388.4e783d92-e078-4ec7-b39e-392a2cb4a6de {{(pid=93300) execute /opt/stack/data/venv/lib/python3.12/site-packages/oslo_concurrency/processutils.py:440}}
Jun 19 04:14:59 devstack sudo[97109]: quobyte : PWD=/ ; USER=root ; COMMAND=/opt/stack/data/venv/bin/cinder-rootwrap /etc/cinder/rootwrap.conf rm -f /opt/stack/data/cinder/mnt/c1bf215c749152721c97438506144d2b/volume-9e1512f1-b518-4453-a902-02ae09039388.4e783d92-e078-4ec7-b39e-392a2cb4a6de
Jun 19 04:14:59 devstack sudo[97109]: pam_unix(sudo:session): session opened for user root(uid=0) by (uid=1000)
Jun 19 04:15:00 devstack sudo[97109]: pam_unix(sudo:session): session closed for user root
Jun 19 04:15:00 devstack cinder-volume[93300]: DEBUG oslo_concurrency.processutils [None req-26e3409d-ce64-41c3-9845-3078dfe1a62b tempest-GroupSnapshotsTest-721679089 None] CMD "sudo cinder-rootwrap /etc/cinder/rootwrap.conf rm -f /opt/stack/data/cinder/mnt/c1bf215c749152721c97438506144d2b/volume-9e1512f1-b518-4453-a902-02ae09039388.4e783d92-e078-4ec7-b39e-392a2cb4a6de" returned: 0 in 1.045s {{(pid=93300) execute /opt/stack/data/venv/lib/python3.12/site-packages/oslo_concurrency/processutils.py:468}}
Jun 19 04:15:00 devstack cinder-volume[93300]: DEBUG cinder.coordination [None req-26e3409d-ce64-41c3-9845-3078dfe1a62b tempest-GroupSnapshotsTest-721679089 None] Lock "cinder-quobyte-4e783d92-e078-4ec7-b39e-392a2cb4a6de" released by "_delete_snapshot" :: held 5.740s {{(pid=93300) __release /opt/stack/cinder/cinder/coordination.py:152}}
Jun 19 04:15:00 devstack cinder-volume[93300]: DEBUG cinder.coordination [None req-26e3409d-ce64-41c3-9845-3078dfe1a62b tempest-GroupSnapshotsTest-721679089 None] Lock "cinder-quobyte-9e1512f1-b518-4453-a902-02ae09039388" released by "delete_snapshot" :: held 5.778s {{(pid=93300) __release /opt/stack/cinder/cinder/coordination.py:152}}
Jun 19 04:15:00 devstack cinder-volume[93300]: DEBUG cinder.coordination [None req-26e3409d-ce64-41c3-9845-3078dfe1a62b tempest-GroupSnapshotsTest-721679089 None] Acquiring lock "cinder-quobyte-2ae15403-94d6-4634-a74d-0caf184c8c51" by "delete_snapshot" {{(pid=93300) __acquire /opt/stack/cinder/cinder/coordination.py:138}}
Jun 19 04:15:00 devstack cinder-volume[93300]: DEBUG cinder.coordination [None req-26e3409d-ce64-41c3-9845-3078dfe1a62b tempest-GroupSnapshotsTest-721679089 None] Lock "cinder-quobyte-2ae15403-94d6-4634-a74d-0caf184c8c51" acquired by "delete_snapshot" :: waited 0.022s {{(pid=93300) __acquire /opt/stack/cinder/cinder/coordination.py:141}}
Jun 19 04:15:00 devstack cinder-volume[93300]: DEBUG cinder.coordination [None req-26e3409d-ce64-41c3-9845-3078dfe1a62b tempest-GroupSnapshotsTest-721679089 None] Acquiring lock "cinder-quobyte-673381e7-4554-4bcf-8adf-18a735b7957d" by "_delete_snapshot" {{(pid=93300) __acquire /opt/stack/cinder/cinder/coordination.py:138}}
Jun 19 04:15:00 devstack cinder-volume[93300]: DEBUG cinder.coordination [None req-26e3409d-ce64-41c3-9845-3078dfe1a62b tempest-GroupSnapshotsTest-721679089 None] Lock "cinder-quobyte-673381e7-4554-4bcf-8adf-18a735b7957d" acquired by "_delete_snapshot" :: waited 0.019s {{(pid=93300) __acquire /opt/stack/cinder/cinder/coordination.py:141}}
Jun 19 04:15:00 devstack cinder-volume[93300]: DEBUG cinder.volume.drivers.remotefs [None req-26e3409d-ce64-41c3-9845-3078dfe1a62b tempest-GroupSnapshotsTest-721679089 None] Deleting offline snapshot 673381e7-4554-4bcf-8adf-18a735b7957d of volume 2ae15403-94d6-4634-a74d-0caf184c8c51 {{(pid=93300) _delete_snapshot /opt/stack/cinder/cinder/volume/drivers/remotefs.py:1288}}
Jun 19 04:15:00 devstack cinder-volume[93300]: DEBUG cinder.volume.drivers.remotefs [None req-26e3409d-ce64-41c3-9845-3078dfe1a62b tempest-GroupSnapshotsTest-721679089 None] snapshot_file for this snap is: volume-2ae15403-94d6-4634-a74d-0caf184c8c51.673381e7-4554-4bcf-8adf-18a735b7957d {{(pid=93300) _delete_snapshot /opt/stack/cinder/cinder/volume/drivers/remotefs.py:1317}}
Jun 19 04:15:00 devstack cinder-volume[93300]: DEBUG oslo.privsep.daemon [-] privsep: reply[35c552df-26ef-468c-b554-8bcf4c1281e1]: (4, 'qcow2') {{(pid=94600) _call_back /opt/stack/data/venv/lib/python3.12/site-packages/oslo_privsep/daemon.py:580}}
Jun 19 04:15:00 devstack cinder-volume[93300]: DEBUG oslo_concurrency.processutils [None req-26e3409d-ce64-41c3-9845-3078dfe1a62b tempest-GroupSnapshotsTest-721679089 None] Running cmd (subprocess): /opt/stack/data/venv/bin/python3.12 -m oslo_concurrency.prlimit --as=1073741824 --cpu=60 -- sudo cinder-rootwrap /etc/cinder/rootwrap.conf env LC_ALL=C qemu-img info -f qcow2 --output=json --force-share /opt/stack/data/cinder/mnt/c1bf215c749152721c97438506144d2b/volume-2ae15403-94d6-4634-a74d-0caf184c8c51.673381e7-4554-4bcf-8adf-18a735b7957d {{(pid=93300) execute /opt/stack/data/venv/lib/python3.12/site-packages/oslo_concurrency/processutils.py:440}}
Jun 19 04:15:00 devstack sudo[97126]: quobyte : PWD=/ ; USER=root ; COMMAND=/opt/stack/data/venv/bin/cinder-rootwrap /etc/cinder/rootwrap.conf env LC_ALL=C qemu-img info -f qcow2 --output=json --force-share /opt/stack/data/cinder/mnt/c1bf215c749152721c97438506144d2b/volume-2ae15403-94d6-4634-a74d-0caf184c8c51.673381e7-4554-4bcf-8adf-18a735b7957d
Jun 19 04:15:00 devstack sudo[97126]: pam_unix(sudo:session): session opened for user root(uid=0) by (uid=1000)
Jun 19 04:15:01 devstack sudo[97126]: pam_unix(sudo:session): session closed for user root
Jun 19 04:15:01 devstack cinder-volume[93300]: DEBUG oslo_concurrency.processutils [None req-26e3409d-ce64-41c3-9845-3078dfe1a62b tempest-GroupSnapshotsTest-721679089 None] CMD "/opt/stack/data/venv/bin/python3.12 -m oslo_concurrency.prlimit --as=1073741824 --cpu=60 -- sudo cinder-rootwrap /etc/cinder/rootwrap.conf env LC_ALL=C qemu-img info -f qcow2 --output=json --force-share /opt/stack/data/cinder/mnt/c1bf215c749152721c97438506144d2b/volume-2ae15403-94d6-4634-a74d-0caf184c8c51.673381e7-4554-4bcf-8adf-18a735b7957d" returned: 0 in 0.876s {{(pid=93300) execute /opt/stack/data/venv/lib/python3.12/site-packages/oslo_concurrency/processutils.py:468}}
Jun 19 04:15:01 devstack cinder-volume[93300]: DEBUG cinder.volume.drivers.remotefs [None req-26e3409d-ce64-41c3-9845-3078dfe1a62b tempest-GroupSnapshotsTest-721679089 None] Fetching qemu-img info with special backing_file_template: (/opt/stack/data/cinder/mnt/[0-9a-f]+/)?(volume-2ae15403-94d6-4634-a74d-0caf184c8c51(.(tmp-snap-)?[0-9a-f-]+)?|volume_from_snapshot_cache/(tmp-snap-)?[0-9a-f-]+(.(child-|parent-)[0-9a-f-]+)?)$ {{(pid=93300) _qemu_img_info_base /opt/stack/cinder/cinder/volume/drivers/remotefs.py:896}}
Jun 19 04:15:01 devstack cinder-volume[93300]: DEBUG oslo.privsep.daemon [-] privsep: reply[9d81a709-bead-403d-83f8-8171d18338a8]: (4, 'qcow2') {{(pid=94600) _call_back /opt/stack/data/venv/lib/python3.12/site-packages/oslo_privsep/daemon.py:580}}
Jun 19 04:15:01 devstack cinder-volume[93300]: DEBUG oslo_concurrency.processutils [None req-26e3409d-ce64-41c3-9845-3078dfe1a62b tempest-GroupSnapshotsTest-721679089 None] Running cmd (subprocess): /opt/stack/data/venv/bin/python3.12 -m oslo_concurrency.prlimit --as=1073741824 --cpu=60 -- sudo cinder-rootwrap /etc/cinder/rootwrap.conf env LC_ALL=C qemu-img info -f qcow2 --output=json --force-share /opt/stack/data/cinder/mnt/c1bf215c749152721c97438506144d2b/volume-2ae15403-94d6-4634-a74d-0caf184c8c51 {{(pid=93300) execute /opt/stack/data/venv/lib/python3.12/site-packages/oslo_concurrency/processutils.py:440}}
Jun 19 04:15:01 devstack sudo[97131]: quobyte : PWD=/ ; USER=root ; COMMAND=/opt/stack/data/venv/bin/cinder-rootwrap /etc/cinder/rootwrap.conf env LC_ALL=C qemu-img info -f qcow2 --output=json --force-share /opt/stack/data/cinder/mnt/c1bf215c749152721c97438506144d2b/volume-2ae15403-94d6-4634-a74d-0caf184c8c51
Jun 19 04:15:01 devstack sudo[97131]: pam_unix(sudo:session): session opened for user root(uid=0) by (uid=1000)
Jun 19 04:15:02 devstack sudo[97131]: pam_unix(sudo:session): session closed for user root
Jun 19 04:15:02 devstack cinder-volume[93300]: DEBUG oslo_concurrency.processutils [None req-26e3409d-ce64-41c3-9845-3078dfe1a62b tempest-GroupSnapshotsTest-721679089 None] CMD "/opt/stack/data/venv/bin/python3.12 -m oslo_concurrency.prlimit --as=1073741824 --cpu=60 -- sudo cinder-rootwrap /etc/cinder/rootwrap.conf env LC_ALL=C qemu-img info -f qcow2 --output=json --force-share /opt/stack/data/cinder/mnt/c1bf215c749152721c97438506144d2b/volume-2ae15403-94d6-4634-a74d-0caf184c8c51" returned: 0 in 0.945s {{(pid=93300) execute /opt/stack/data/venv/lib/python3.12/site-packages/oslo_concurrency/processutils.py:468}}
Jun 19 04:15:02 devstack cinder-volume[93300]: DEBUG oslo_concurrency.processutils [None req-26e3409d-ce64-41c3-9845-3078dfe1a62b tempest-GroupSnapshotsTest-721679089 None] Running cmd (subprocess): sudo cinder-rootwrap /etc/cinder/rootwrap.conf qemu-img commit -d /opt/stack/data/cinder/mnt/c1bf215c749152721c97438506144d2b/volume-2ae15403-94d6-4634-a74d-0caf184c8c51.673381e7-4554-4bcf-8adf-18a735b7957d {{(pid=93300) execute /opt/stack/data/venv/lib/python3.12/site-packages/oslo_concurrency/processutils.py:440}}
Jun 19 04:15:02 devstack sudo[97139]: quobyte : PWD=/ ; USER=root ; COMMAND=/opt/stack/data/venv/bin/cinder-rootwrap /etc/cinder/rootwrap.conf qemu-img commit -d /opt/stack/data/cinder/mnt/c1bf215c749152721c97438506144d2b/volume-2ae15403-94d6-4634-a74d-0caf184c8c51.673381e7-4554-4bcf-8adf-18a735b7957d
Jun 19 04:15:02 devstack sudo[97139]: pam_unix(sudo:session): session opened for user root(uid=0) by (uid=1000)
Jun 19 04:15:03 devstack sudo[97139]: pam_unix(sudo:session): session closed for user root
Jun 19 04:15:03 devstack cinder-volume[93300]: DEBUG oslo_concurrency.processutils [None req-26e3409d-ce64-41c3-9845-3078dfe1a62b tempest-GroupSnapshotsTest-721679089 None] CMD "sudo cinder-rootwrap /etc/cinder/rootwrap.conf qemu-img commit -d /opt/stack/data/cinder/mnt/c1bf215c749152721c97438506144d2b/volume-2ae15403-94d6-4634-a74d-0caf184c8c51.673381e7-4554-4bcf-8adf-18a735b7957d" returned: 0 in 0.779s {{(pid=93300) execute /opt/stack/data/venv/lib/python3.12/site-packages/oslo_concurrency/processutils.py:468}}
Jun 19 04:15:03 devstack cinder-volume[93300]: DEBUG oslo_concurrency.processutils [None req-26e3409d-ce64-41c3-9845-3078dfe1a62b tempest-GroupSnapshotsTest-721679089 None] Running cmd (subprocess): sudo cinder-rootwrap /etc/cinder/rootwrap.conf rm -f /opt/stack/data/cinder/mnt/c1bf215c749152721c97438506144d2b/volume-2ae15403-94d6-4634-a74d-0caf184c8c51.673381e7-4554-4bcf-8adf-18a735b7957d {{(pid=93300) execute /opt/stack/data/venv/lib/python3.12/site-packages/oslo_concurrency/processutils.py:440}}
Jun 19 04:15:03 devstack sudo[97145]: quobyte : PWD=/ ; USER=root ; COMMAND=/opt/stack/data/venv/bin/cinder-rootwrap /etc/cinder/rootwrap.conf rm -f /opt/stack/data/cinder/mnt/c1bf215c749152721c97438506144d2b/volume-2ae15403-94d6-4634-a74d-0caf184c8c51.673381e7-4554-4bcf-8adf-18a735b7957d
Jun 19 04:15:03 devstack sudo[97145]: pam_unix(sudo:session): session opened for user root(uid=0) by (uid=1000)
Jun 19 04:15:04 devstack sudo[97145]: pam_unix(sudo:session): session closed for user root
Jun 19 04:15:04 devstack cinder-volume[93300]: DEBUG oslo_concurrency.processutils [None req-26e3409d-ce64-41c3-9845-3078dfe1a62b tempest-GroupSnapshotsTest-721679089 None] CMD "sudo cinder-rootwrap /etc/cinder/rootwrap.conf rm -f /opt/stack/data/cinder/mnt/c1bf215c749152721c97438506144d2b/volume-2ae15403-94d6-4634-a74d-0caf184c8c51.673381e7-4554-4bcf-8adf-18a735b7957d" returned: 0 in 0.775s {{(pid=93300) execute /opt/stack/data/venv/lib/python3.12/site-packages/oslo_concurrency/processutils.py:468}}
Jun 19 04:15:04 devstack cinder-volume[93300]: DEBUG cinder.coordination [None req-26e3409d-ce64-41c3-9845-3078dfe1a62b tempest-GroupSnapshotsTest-721679089 None] Lock "cinder-quobyte-673381e7-4554-4bcf-8adf-18a735b7957d" released by "_delete_snapshot" :: held 3.500s {{(pid=93300) __release /opt/stack/cinder/cinder/coordination.py:152}}
Jun 19 04:15:04 devstack cinder-volume[93300]: DEBUG cinder.coordination [None req-26e3409d-ce64-41c3-9845-3078dfe1a62b tempest-GroupSnapshotsTest-721679089 None] Lock "cinder-quobyte-2ae15403-94d6-4634-a74d-0caf184c8c51" released by "delete_snapshot" :: held 3.528s {{(pid=93300) __release /opt/stack/cinder/cinder/coordination.py:152}}
Jun 19 04:15:04 devstack cinder-volume[93300]: WARNING cinder.quota [None req-26e3409d-ce64-41c3-9845-3078dfe1a62b tempest-GroupSnapshotsTest-721679089 None] Deprecated: Default quota for resource: gigabytes_tempest-GroupSnapshotsTest-volume-type-99684557 is set by the default quota flag: quota_gigabytes_tempest-GroupSnapshotsTest-volume-type-99684557, it is now deprecated. Please use the default quota class for default quota.
Jun 19 04:15:04 devstack cinder-volume[93300]: WARNING cinder.quota [None req-26e3409d-ce64-41c3-9845-3078dfe1a62b tempest-GroupSnapshotsTest-721679089 None] Deprecated: Default quota for resource: snapshots_tempest-GroupSnapshotsTest-volume-type-99684557 is set by the default quota flag: quota_snapshots_tempest-GroupSnapshotsTest-volume-type-99684557, it is now deprecated. Please use the default quota class for default quota.
