Jul 05 18:21:28 devstack devstack@c-api.service[86404]: INFO cinder.api.openstack.wsgi [None req-32d7f5e3-debb-4edb-952d-ab4e26b42f92 tempest-GroupsTest-1766926087 tempest-GroupsTest-1766926087-project-member] GET http://192.168.122.122/volume/v3/volumes/a5627fc2-3ea2-4183-ab4e-30896d47e86c
Jul 05 18:21:28 devstack devstack@c-api.service[86404]: DEBUG cinder.api.openstack.wsgi [None req-32d7f5e3-debb-4edb-952d-ab4e26b42f92 tempest-GroupsTest-1766926087 tempest-GroupsTest-1766926087-project-member] Empty body provided in request {{(pid=86404) get_body /opt/stack/cinder/cinder/api/openstack/wsgi.py:725}}
Jul 05 18:21:28 devstack devstack@c-api.service[86404]: DEBUG cinder.api.openstack.wsgi [None req-32d7f5e3-debb-4edb-952d-ab4e26b42f92 tempest-GroupsTest-1766926087 tempest-GroupsTest-1766926087-project-member] Calling method 'show' {{(pid=86404) _process_stack /opt/stack/cinder/cinder/api/openstack/wsgi.py:878}}
Jul 05 18:21:28 devstack devstack@c-api.service[86405]: INFO cinder.api.openstack.wsgi [None req-5f58dbd2-07f6-42fe-91e9-063def211758 tempest-VolumesTestJSON-735272313 tempest-VolumesTestJSON-735272313-project-member] http://192.168.122.122/volume/v3/volumes/8c00f18c-fe7e-4cf7-a889-bb66fa26976e returned with HTTP 200
Jul 05 18:21:28 devstack devstack@c-api.service[86405]: [pid: 86405|app: 0|req: 141/280] 192.168.122.122 () {58 vars in 1232 bytes} [Sun Jul 5 18:21:27 2026] GET /volume/v3/volumes/8c00f18c-fe7e-4cf7-a889-bb66fa26976e => generated 860 bytes in 216 msecs (HTTP/1.1 200) 7 headers in 285 bytes (1 switches on core 0)
Jul 05 18:21:28 devstack devstack@c-api.service[86404]: INFO cinder.api.openstack.wsgi [None req-32d7f5e3-debb-4edb-952d-ab4e26b42f92 tempest-GroupsTest-1766926087 tempest-GroupsTest-1766926087-project-member] http://192.168.122.122/volume/v3/volumes/a5627fc2-3ea2-4183-ab4e-30896d47e86c returned with HTTP 404
Jul 05 18:21:28 devstack devstack@c-api.service[86404]: [pid: 86404|app: 0|req: 140/281] 192.168.122.122 () {60 vars in 1273 bytes} [Sun Jul 5 18:21:27 2026] GET /volume/v3/volumes/a5627fc2-3ea2-4183-ab4e-30896d47e86c => generated 109 bytes in 123 msecs (HTTP/1.1 404) 7 headers in 293 bytes (1 switches on core 0)
Jul 05 18:21:28 devstack devstack@c-api.service[86405]: DEBUG cinder.api.middleware.request_id [None req-89e14eb6-d137-4dba-b291-3194c6db606d None None] RequestId filter calling following filter/app {{(pid=86405) _context_setter /opt/stack/cinder/cinder/api/middleware/request_id.py:62}}
Jul 05 18:21:28 devstack devstack@c-api.service[86405]: INFO cinder.api.openstack.wsgi [None req-89e14eb6-d137-4dba-b291-3194c6db606d tempest-GroupsTest-1766926087 tempest-GroupsTest-1766926087-project-member] GET http://192.168.122.122/volume/v3/groups/0cb4a93b-0414-495d-9f86-5c1899c7db48
Jul 05 18:21:28 devstack devstack@c-api.service[86405]: DEBUG cinder.api.openstack.wsgi [None req-89e14eb6-d137-4dba-b291-3194c6db606d tempest-GroupsTest-1766926087 tempest-GroupsTest-1766926087-project-member] Empty body provided in request {{(pid=86405) get_body /opt/stack/cinder/cinder/api/openstack/wsgi.py:725}}
Jul 05 18:21:28 devstack devstack@c-api.service[86405]: DEBUG cinder.api.openstack.wsgi [None req-89e14eb6-d137-4dba-b291-3194c6db606d tempest-GroupsTest-1766926087 tempest-GroupsTest-1766926087-project-member] Calling method 'version_select' {{(pid=86405) _process_stack /opt/stack/cinder/cinder/api/openstack/wsgi.py:878}}
Jul 05 18:21:28 devstack devstack@c-api.service[86405]: DEBUG cinder.api.v3.groups [None req-89e14eb6-d137-4dba-b291-3194c6db606d tempest-GroupsTest-1766926087 tempest-GroupsTest-1766926087-project-member] show called for member 0cb4a93b-0414-495d-9f86-5c1899c7db48 {{(pid=86405) show /opt/stack/cinder/cinder/api/v3/groups.py:58}}
Jul 05 18:21:28 devstack devstack@c-api.service[86405]: INFO cinder.api.openstack.wsgi [None req-89e14eb6-d137-4dba-b291-3194c6db606d tempest-GroupsTest-1766926087 tempest-GroupsTest-1766926087-project-member] http://192.168.122.122/volume/v3/groups/0cb4a93b-0414-495d-9f86-5c1899c7db48 returned with HTTP 404
Jul 05 18:21:28 devstack devstack@c-api.service[86405]: [pid: 86405|app: 0|req: 142/282] 192.168.122.122 () {60 vars in 1270 bytes} [Sun Jul 5 18:21:28 2026] GET /volume/v3/groups/0cb4a93b-0414-495d-9f86-5c1899c7db48 => generated 108 bytes in 47 msecs (HTTP/1.1 404) 7 headers in 293 bytes (1 switches on core 0)
Jul 05 18:21:28 devstack devstack@c-api.service[86404]: DEBUG cinder.api.middleware.request_id [None req-199143d3-7f39-46d0-9518-f0991a64df03 None None] RequestId filter calling following filter/app {{(pid=86404) _context_setter /opt/stack/cinder/cinder/api/middleware/request_id.py:62}}
Jul 05 18:21:28 devstack devstack@c-api.service[86404]: INFO cinder.api.openstack.wsgi [None req-199143d3-7f39-46d0-9518-f0991a64df03 tempest-GroupsTest-1766926087 tempest-GroupsTest-1766926087-project-member] POST http://192.168.122.122/volume/v3/groups/c917e6cf-9fd5-4365-bb97-ec1334331ea8/action
Jul 05 18:21:28 devstack devstack@c-api.service[86404]: DEBUG cinder.api.openstack.wsgi [None req-199143d3-7f39-46d0-9518-f0991a64df03 tempest-GroupsTest-1766926087 tempest-GroupsTest-1766926087-project-member] Action body: b'{"delete": {"delete-volumes": false}}' {{(pid=86404) get_method /opt/stack/cinder/cinder/api/openstack/wsgi.py:993}}
Jul 05 18:21:28 devstack devstack@c-api.service[86404]: DEBUG cinder.api.openstack.wsgi [None req-199143d3-7f39-46d0-9518-f0991a64df03 tempest-GroupsTest-1766926087 tempest-GroupsTest-1766926087-project-member] Action: 'action', calling method: delete_group, body: {"delete": {"delete-volumes": false}} {{(pid=86404) _process_stack /opt/stack/cinder/cinder/api/openstack/wsgi.py:876}}
Jul 05 18:21:28 devstack devstack@c-api.service[86404]: DEBUG cinder.api.v3.groups [None req-199143d3-7f39-46d0-9518-f0991a64df03 tempest-GroupsTest-1766926087 tempest-GroupsTest-1766926087-project-member] delete called for group c917e6cf-9fd5-4365-bb97-ec1334331ea8 {{(pid=86404) _delete /opt/stack/cinder/cinder/api/v3/groups.py:117}}
Jul 05 18:21:28 devstack devstack@c-api.service[86404]: INFO cinder.api.v3.groups [None req-199143d3-7f39-46d0-9518-f0991a64df03 tempest-GroupsTest-1766926087 tempest-GroupsTest-1766926087-project-member] Delete group with id: c917e6cf-9fd5-4365-bb97-ec1334331ea8
Jul 05 18:21:28 devstack devstack@c-api.service[86404]: /opt/stack/data/venv/lib/python3.12/site-packages/oslo_context/context.py:102: DeprecationWarning: Policy enforcement is depending on the value of is_admin. This key is deprecated. Please update your policy file to use the standard policy values.
Jul 05 18:21:28 devstack devstack@c-api.service[86404]: warnings.warn(
Jul 05 18:21:28 devstack devstack@c-api.service[86404]: INFO cinder.api.openstack.wsgi [None req-199143d3-7f39-46d0-9518-f0991a64df03 tempest-GroupsTest-1766926087 tempest-GroupsTest-1766926087-project-member] http://192.168.122.122/volume/v3/groups/c917e6cf-9fd5-4365-bb97-ec1334331ea8/action returned with HTTP 202
Jul 05 18:21:28 devstack devstack@c-api.service[86404]: [pid: 86404|app: 0|req: 141/283] 192.168.122.122 () {62 vars in 1312 bytes} [Sun Jul 5 18:21:28 2026] POST /volume/v3/groups/c917e6cf-9fd5-4365-bb97-ec1334331ea8/action => generated 0 bytes in 259 msecs (HTTP/1.1 202) 6 headers in 234 bytes (1 switches on core 0)
Jul 05 18:21:28 devstack devstack@c-api.service[86405]: DEBUG cinder.api.middleware.request_id [None req-58645c12-12ab-40d0-b0ea-615c42627876 None None] RequestId filter calling following filter/app {{(pid=86405) _context_setter /opt/stack/cinder/cinder/api/middleware/request_id.py:62}}
Jul 05 18:21:28 devstack devstack@c-api.service[86405]: INFO cinder.api.openstack.wsgi [None req-58645c12-12ab-40d0-b0ea-615c42627876 tempest-GroupsTest-1766926087 tempest-GroupsTest-1766926087-project-member] GET http://192.168.122.122/volume/v3/groups/c917e6cf-9fd5-4365-bb97-ec1334331ea8
Jul 05 18:21:28 devstack devstack@c-api.service[86405]: DEBUG cinder.api.openstack.wsgi [None req-58645c12-12ab-40d0-b0ea-615c42627876 tempest-GroupsTest-1766926087 tempest-GroupsTest-1766926087-project-member] Empty body provided in request {{(pid=86405) get_body /opt/stack/cinder/cinder/api/openstack/wsgi.py:725}}
Jul 05 18:21:28 devstack devstack@c-api.service[86405]: DEBUG cinder.api.openstack.wsgi [None req-58645c12-12ab-40d0-b0ea-615c42627876 tempest-GroupsTest-1766926087 tempest-GroupsTest-1766926087-project-member] Calling method 'version_select' {{(pid=86405) _process_stack /opt/stack/cinder/cinder/api/openstack/wsgi.py:878}}
Jul 05 18:21:28 devstack devstack@c-api.service[86405]: DEBUG cinder.api.v3.groups [None req-58645c12-12ab-40d0-b0ea-615c42627876 tempest-GroupsTest-1766926087 tempest-GroupsTest-1766926087-project-member] show called for member c917e6cf-9fd5-4365-bb97-ec1334331ea8 {{(pid=86405) show /opt/stack/cinder/cinder/api/v3/groups.py:58}}
Jul 05 18:21:28 devstack devstack@c-api.service[86405]: /opt/stack/data/venv/lib/python3.12/site-packages/oslo_context/context.py:102: DeprecationWarning: Policy enforcement is depending on the value of is_admin. This key is deprecated. Please update your policy file to use the standard policy values.
Jul 05 18:21:28 devstack devstack@c-api.service[86405]: warnings.warn(
Jul 05 18:21:28 devstack devstack@c-api.service[86405]: INFO cinder.api.openstack.wsgi [None req-58645c12-12ab-40d0-b0ea-615c42627876 tempest-GroupsTest-1766926087 tempest-GroupsTest-1766926087-project-member] http://192.168.122.122/volume/v3/groups/c917e6cf-9fd5-4365-bb97-ec1334331ea8 returned with HTTP 200
Jul 05 18:21:28 devstack devstack@c-api.service[86405]: [pid: 86405|app: 0|req: 143/284] 192.168.122.122 () {60 vars in 1270 bytes} [Sun Jul 5 18:21:28 2026] GET /volume/v3/groups/c917e6cf-9fd5-4365-bb97-ec1334331ea8 => generated 322 bytes in 53 msecs (HTTP/1.1 200) 7 headers in 286 bytes (2 switches on core 0)
Jul 05 18:21:29 devstack devstack@c-api.service[86404]: DEBUG cinder.api.middleware.request_id [None req-28ba82f1-7974-4975-bc55-ff2ebc0c72e6 None None] RequestId filter calling following filter/app {{(pid=86404) _context_setter /opt/stack/cinder/cinder/api/middleware/request_id.py:62}}
Jul 05 18:21:29 devstack devstack@c-api.service[86404]: INFO cinder.api.openstack.wsgi [None req-28ba82f1-7974-4975-bc55-ff2ebc0c72e6 tempest-VolumesTestJSON-735272313 tempest-VolumesTestJSON-735272313-project-member] GET http://192.168.122.122/volume/v3/volumes/8c00f18c-fe7e-4cf7-a889-bb66fa26976e
Jul 05 18:21:29 devstack devstack@c-api.service[86404]: DEBUG cinder.api.openstack.wsgi [None req-28ba82f1-7974-4975-bc55-ff2ebc0c72e6 tempest-VolumesTestJSON-735272313 tempest-VolumesTestJSON-735272313-project-member] Empty body provided in request {{(pid=86404) get_body /opt/stack/cinder/cinder/api/openstack/wsgi.py:725}}
Jul 05 18:21:29 devstack devstack@c-api.service[86404]: DEBUG cinder.api.openstack.wsgi [None req-28ba82f1-7974-4975-bc55-ff2ebc0c72e6 tempest-VolumesTestJSON-735272313 tempest-VolumesTestJSON-735272313-project-member] Calling method 'show' {{(pid=86404) _process_stack /opt/stack/cinder/cinder/api/openstack/wsgi.py:878}}
Jul 05 18:21:29 devstack devstack@c-api.service[86404]: /opt/stack/data/venv/lib/python3.12/site-packages/oslo_context/context.py:102: DeprecationWarning: Policy enforcement is depending on the value of is_admin. This key is deprecated. Please update your policy file to use the standard policy values.
Jul 05 18:21:29 devstack devstack@c-api.service[86404]: warnings.warn(
Jul 05 18:21:29 devstack devstack@c-api.service[86404]: INFO cinder.volume.api [None req-28ba82f1-7974-4975-bc55-ff2ebc0c72e6 tempest-VolumesTestJSON-735272313 tempest-VolumesTestJSON-735272313-project-member] Volume info retrieved successfully.
Jul 05 18:21:29 devstack devstack@c-api.service[86404]: INFO cinder.api.openstack.wsgi [None req-28ba82f1-7974-4975-bc55-ff2ebc0c72e6 tempest-VolumesTestJSON-735272313 tempest-VolumesTestJSON-735272313-project-member] http://192.168.122.122/volume/v3/volumes/8c00f18c-fe7e-4cf7-a889-bb66fa26976e returned with HTTP 200
Jul 05 18:21:29 devstack devstack@c-api.service[86404]: [pid: 86404|app: 0|req: 142/285] 192.168.122.122 () {58 vars in 1232 bytes} [Sun Jul 5 18:21:29 2026] GET /volume/v3/volumes/8c00f18c-fe7e-4cf7-a889-bb66fa26976e => generated 861 bytes in 126 msecs (HTTP/1.1 200) 7 headers in 285 bytes (2 switches on core 0)
Jul 05 18:21:29 devstack devstack@c-api.service[86405]: DEBUG cinder.api.middleware.request_id [req-df38bb8f-f044-4a55-9ef0-fa281a39b528 req-459c401a-edb4-4a5c-bc25-d233c79cee89 None None] RequestId filter calling following filter/app {{(pid=86405) _context_setter /opt/stack/cinder/cinder/api/middleware/request_id.py:62}}
Jul 05 18:21:29 devstack devstack@c-api.service[86405]: INFO cinder.api.openstack.wsgi [req-df38bb8f-f044-4a55-9ef0-fa281a39b528 req-459c401a-edb4-4a5c-bc25-d233c79cee89 tempest-VolumesTestJSON-735272313 tempest-VolumesTestJSON-735272313-project-member] GET http://192.168.122.122/volume/v3/volumes/8c00f18c-fe7e-4cf7-a889-bb66fa26976e
Jul 05 18:21:29 devstack devstack@c-api.service[86405]: DEBUG cinder.api.openstack.wsgi [req-df38bb8f-f044-4a55-9ef0-fa281a39b528 req-459c401a-edb4-4a5c-bc25-d233c79cee89 tempest-VolumesTestJSON-735272313 tempest-VolumesTestJSON-735272313-project-member] Empty body provided in request {{(pid=86405) get_body /opt/stack/cinder/cinder/api/openstack/wsgi.py:725}}
Jul 05 18:21:29 devstack devstack@c-api.service[86405]: DEBUG cinder.api.openstack.wsgi [req-df38bb8f-f044-4a55-9ef0-fa281a39b528 req-459c401a-edb4-4a5c-bc25-d233c79cee89 tempest-VolumesTestJSON-735272313 tempest-VolumesTestJSON-735272313-project-member] Calling method 'show' {{(pid=86405) _process_stack /opt/stack/cinder/cinder/api/openstack/wsgi.py:878}}
Jul 05 18:21:29 devstack devstack@c-api.service[86405]: /opt/stack/data/venv/lib/python3.12/site-packages/oslo_context/context.py:102: DeprecationWarning: Policy enforcement is depending on the value of is_admin. This key is deprecated. Please update your policy file to use the standard policy values.
Jul 05 18:21:29 devstack devstack@c-api.service[86405]: warnings.warn(
Jul 05 18:21:29 devstack devstack@c-api.service[86405]: INFO cinder.volume.api [req-df38bb8f-f044-4a55-9ef0-fa281a39b528 req-459c401a-edb4-4a5c-bc25-d233c79cee89 tempest-VolumesTestJSON-735272313 tempest-VolumesTestJSON-735272313-project-member] Volume info retrieved successfully.
Jul 05 18:21:29 devstack devstack@c-api.service[86405]: INFO cinder.api.openstack.wsgi [req-df38bb8f-f044-4a55-9ef0-fa281a39b528 req-459c401a-edb4-4a5c-bc25-d233c79cee89 tempest-VolumesTestJSON-735272313 tempest-VolumesTestJSON-735272313-project-member] http://192.168.122.122/volume/v3/volumes/8c00f18c-fe7e-4cf7-a889-bb66fa26976e returned with HTTP 200
Jul 05 18:21:29 devstack devstack@c-api.service[86405]: [pid: 86405|app: 0|req: 144/286] 192.168.122.122 () {60 vars in 1487 bytes} [Sun Jul 5 18:21:29 2026] GET /volume/v3/volumes/8c00f18c-fe7e-4cf7-a889-bb66fa26976e => generated 861 bytes in 84 msecs (HTTP/1.1 200) 7 headers in 285 bytes (1 switches on core 0)
Jul 05 18:21:29 devstack devstack@c-api.service[86404]: DEBUG cinder.api.middleware.request_id [None req-dd51243a-ff34-486e-a4ea-3bd287e53189 None None] RequestId filter calling following filter/app {{(pid=86404) _context_setter /opt/stack/cinder/cinder/api/middleware/request_id.py:62}}
Jul 05 18:21:29 devstack devstack@c-api.service[86404]: INFO cinder.api.openstack.wsgi [None req-dd51243a-ff34-486e-a4ea-3bd287e53189 tempest-VolumesTestJSON-735272313 tempest-VolumesTestJSON-735272313-project-member] POST http://192.168.122.122/volume/v3/volumes
Jul 05 18:21:29 devstack devstack@c-api.service[86404]: DEBUG cinder.api.openstack.wsgi [None req-dd51243a-ff34-486e-a4ea-3bd287e53189 tempest-VolumesTestJSON-735272313 tempest-VolumesTestJSON-735272313-project-member] Action: 'create', calling method: create, body: {"volume": {"metadata": {"Type": "work"}, "size": 1, "display_name": "tempest-VolumesTestJSON-volume-199184895"}} {{(pid=86404) _process_stack /opt/stack/cinder/cinder/api/openstack/wsgi.py:876}}
Jul 05 18:21:29 devstack devstack@c-api.service[86404]: DEBUG cinder.api.v3.volumes [None req-dd51243a-ff34-486e-a4ea-3bd287e53189 tempest-VolumesTestJSON-735272313 tempest-VolumesTestJSON-735272313-project-member] Create volume request body: {'volume': {'metadata': {'Type': 'work'}, 'size': 1, 'display_name': 'tempest-VolumesTestJSON-volume-199184895'}} {{(pid=86404) create /opt/stack/cinder/cinder/api/v3/volumes.py:368}}
Jul 05 18:21:29 devstack devstack@c-api.service[86404]: INFO cinder.api.v3.volumes [None req-dd51243a-ff34-486e-a4ea-3bd287e53189 tempest-VolumesTestJSON-735272313 tempest-VolumesTestJSON-735272313-project-member] Create volume of 1 GB
Jul 05 18:21:29 devstack devstack@c-api.service[86404]: INFO cinder.volume.api [None req-dd51243a-ff34-486e-a4ea-3bd287e53189 tempest-VolumesTestJSON-735272313 tempest-VolumesTestJSON-735272313-project-member] Availability Zones retrieved successfully.
Jul 05 18:21:29 devstack devstack@c-api.service[86404]: DEBUG cinder.volume.api [None req-dd51243a-ff34-486e-a4ea-3bd287e53189 tempest-VolumesTestJSON-735272313 tempest-VolumesTestJSON-735272313-project-member] Flow 'volume_create_api' (ccabb5ae-eda0-4b87-92e3-afc9dcc22f5b) transitioned into state 'RUNNING' from state 'PENDING' {{(pid=86404) _flow_receiver /opt/stack/data/venv/lib/python3.12/site-packages/taskflow/listeners/logging.py:160}}
Jul 05 18:21:29 devstack devstack@c-api.service[86404]: DEBUG cinder.volume.api [None req-dd51243a-ff34-486e-a4ea-3bd287e53189 tempest-VolumesTestJSON-735272313 tempest-VolumesTestJSON-735272313-project-member] Task 'cinder.volume.flows.api.create_volume.ExtractVolumeRequestTask;volume:create' (a9797557-ae2f-491e-a527-50f5e6c8e2c9) transitioned into state 'RUNNING' from state 'PENDING' {{(pid=86404) _task_receiver /opt/stack/data/venv/lib/python3.12/site-packages/taskflow/listeners/logging.py:242}}
Jul 05 18:21:29 devstack devstack@c-api.service[86404]: DEBUG cinder.volume.flows.api.create_volume [None req-dd51243a-ff34-486e-a4ea-3bd287e53189 tempest-VolumesTestJSON-735272313 tempest-VolumesTestJSON-735272313-project-member] Validating volume size '1' using validate_int {{(pid=86404) _extract_size /opt/stack/cinder/cinder/volume/flows/api/create_volume.py:226}}
Jul 05 18:21:29 devstack devstack@c-api.service[86405]: DEBUG cinder.api.middleware.request_id [None req-6c72925d-c160-4a5e-a195-72d76d41ba8c None None] RequestId filter calling following filter/app {{(pid=86405) _context_setter /opt/stack/cinder/cinder/api/middleware/request_id.py:62}}
Jul 05 18:21:29 devstack devstack@c-api.service[86405]: INFO cinder.api.openstack.wsgi [None req-6c72925d-c160-4a5e-a195-72d76d41ba8c tempest-GroupsTest-1766926087 tempest-GroupsTest-1766926087-project-member] GET http://192.168.122.122/volume/v3/groups/c917e6cf-9fd5-4365-bb97-ec1334331ea8
Jul 05 18:21:29 devstack devstack@c-api.service[86405]: DEBUG cinder.api.openstack.wsgi [None req-6c72925d-c160-4a5e-a195-72d76d41ba8c tempest-GroupsTest-1766926087 tempest-GroupsTest-1766926087-project-member] Empty body provided in request {{(pid=86405) get_body /opt/stack/cinder/cinder/api/openstack/wsgi.py:725}}
Jul 05 18:21:29 devstack devstack@c-api.service[86405]: DEBUG cinder.api.openstack.wsgi [None req-6c72925d-c160-4a5e-a195-72d76d41ba8c tempest-GroupsTest-1766926087 tempest-GroupsTest-1766926087-project-member] Calling method 'version_select' {{(pid=86405) _process_stack /opt/stack/cinder/cinder/api/openstack/wsgi.py:878}}
Jul 05 18:21:29 devstack devstack@c-api.service[86405]: DEBUG cinder.api.v3.groups [None req-6c72925d-c160-4a5e-a195-72d76d41ba8c tempest-GroupsTest-1766926087 tempest-GroupsTest-1766926087-project-member] show called for member c917e6cf-9fd5-4365-bb97-ec1334331ea8 {{(pid=86405) show /opt/stack/cinder/cinder/api/v3/groups.py:58}}
Jul 05 18:21:29 devstack devstack@c-api.service[86405]: INFO cinder.api.openstack.wsgi [None req-6c72925d-c160-4a5e-a195-72d76d41ba8c tempest-GroupsTest-1766926087 tempest-GroupsTest-1766926087-project-member] http://192.168.122.122/volume/v3/groups/c917e6cf-9fd5-4365-bb97-ec1334331ea8 returned with HTTP 404
Jul 05 18:21:29 devstack devstack@c-api.service[86405]: [pid: 86405|app: 0|req: 145/287] 192.168.122.122 () {60 vars in 1270 bytes} [Sun Jul 5 18:21:29 2026] GET /volume/v3/groups/c917e6cf-9fd5-4365-bb97-ec1334331ea8 => generated 108 bytes in 48 msecs (HTTP/1.1 404) 7 headers in 293 bytes (1 switches on core 0)
Jul 05 18:21:29 devstack devstack@c-api.service[86404]: DEBUG cinder.volume.api [None req-dd51243a-ff34-486e-a4ea-3bd287e53189 tempest-VolumesTestJSON-735272313 tempest-VolumesTestJSON-735272313-project-member] Task 'cinder.volume.flows.api.create_volume.ExtractVolumeRequestTask;volume:create' (a9797557-ae2f-491e-a527-50f5e6c8e2c9) transitioned into state 'SUCCESS' from state 'RUNNING' with result '{'size': 1, 'snapshot_id': None, 'source_volid': None, 'volume_type': VolumeType(created_at=2026-07-05T16:12:51Z,deleted=False,deleted_at=None,description=None,extra_specs={},id=c7c80b8a-cbf8-4679-a2bf-eb0365ebe74a,is_public=True,name='QuobyteHD',projects=[],qos_specs=,qos_specs_id=None,updated_at=None), 'volume_type_id': 'c7c80b8a-cbf8-4679-a2bf-eb0365ebe74a', 'encryption_key_id': None, 'qos_specs': None, 'consistencygroup_id': None, 'cgsnapshot_id': None, 'group_id': None, 'replication_status': 'disabled', 'refresh_az': False, 'backup_id': None, 'multiattach': False, 'availability_zones': ['nova']}' {{(pid=86404) _task_receiver /opt/stack/data/venv/lib/python3.12/site-packages/taskflow/listeners/logging.py:218}}
Jul 05 18:21:29 devstack devstack@c-api.service[86404]: DEBUG cinder.volume.api [None req-dd51243a-ff34-486e-a4ea-3bd287e53189 tempest-VolumesTestJSON-735272313 tempest-VolumesTestJSON-735272313-project-member] Task 'cinder.volume.flows.api.create_volume.QuotaReserveTask;volume:create' (7bc19650-715e-4f10-ba56-61a7017f4a5c) transitioned into state 'RUNNING' from state 'PENDING' {{(pid=86404) _task_receiver /opt/stack/data/venv/lib/python3.12/site-packages/taskflow/listeners/logging.py:242}}
Jul 05 18:21:29 devstack devstack@c-api.service[86405]: DEBUG cinder.api.middleware.request_id [None req-a36ffc8e-6d76-4c16-a457-d31a06b19231 None None] RequestId filter calling following filter/app {{(pid=86405) _context_setter /opt/stack/cinder/cinder/api/middleware/request_id.py:62}}
Jul 05 18:21:29 devstack devstack@c-api.service[86405]: INFO cinder.api.openstack.wsgi [None req-a36ffc8e-6d76-4c16-a457-d31a06b19231 tempest-GroupsTest-1766926087 tempest-GroupsTest-1766926087-project-member] GET http://192.168.122.122/volume/v3/groups/detail
Jul 05 18:21:29 devstack devstack@c-api.service[86405]: DEBUG cinder.api.openstack.wsgi [None req-a36ffc8e-6d76-4c16-a457-d31a06b19231 tempest-GroupsTest-1766926087 tempest-GroupsTest-1766926087-project-member] Empty body provided in request {{(pid=86405) get_body /opt/stack/cinder/cinder/api/openstack/wsgi.py:725}}
Jul 05 18:21:29 devstack devstack@c-api.service[86405]: DEBUG cinder.api.openstack.wsgi [None req-a36ffc8e-6d76-4c16-a457-d31a06b19231 tempest-GroupsTest-1766926087 tempest-GroupsTest-1766926087-project-member] Calling method 'version_select' {{(pid=86405) _process_stack /opt/stack/cinder/cinder/api/openstack/wsgi.py:878}}
Jul 05 18:21:29 devstack devstack@c-api.service[86405]: INFO cinder.api.openstack.wsgi [None req-a36ffc8e-6d76-4c16-a457-d31a06b19231 tempest-GroupsTest-1766926087 tempest-GroupsTest-1766926087-project-member] http://192.168.122.122/volume/v3/groups/detail returned with HTTP 200
Jul 05 18:21:29 devstack devstack@c-api.service[86405]: [pid: 86405|app: 0|req: 146/288] 192.168.122.122 () {60 vars in 1180 bytes} [Sun Jul 5 18:21:29 2026] GET /volume/v3/groups/detail => generated 14 bytes in 36 msecs (HTTP/1.1 200) 7 headers in 285 bytes (1 switches on core 0)
Jul 05 18:21:29 devstack devstack@c-api.service[86405]: DEBUG cinder.api.middleware.request_id [None req-5b97e175-7b76-4fb8-a86e-9c35f6cb4ae6 None None] RequestId filter calling following filter/app {{(pid=86405) _context_setter /opt/stack/cinder/cinder/api/middleware/request_id.py:62}}
Jul 05 18:21:29 devstack devstack@c-api.service[86405]: INFO cinder.api.openstack.wsgi [None req-5b97e175-7b76-4fb8-a86e-9c35f6cb4ae6 tempest-GroupsTest-1766926087 tempest-GroupsTest-1766926087-project-member] GET http://192.168.122.122/volume/v3/volumes/detail
Jul 05 18:21:29 devstack devstack@c-api.service[86405]: DEBUG cinder.api.openstack.wsgi [None req-5b97e175-7b76-4fb8-a86e-9c35f6cb4ae6 tempest-GroupsTest-1766926087 tempest-GroupsTest-1766926087-project-member] Empty body provided in request {{(pid=86405) get_body /opt/stack/cinder/cinder/api/openstack/wsgi.py:725}}
Jul 05 18:21:29 devstack devstack@c-api.service[86405]: DEBUG cinder.api.openstack.wsgi [None req-5b97e175-7b76-4fb8-a86e-9c35f6cb4ae6 tempest-GroupsTest-1766926087 tempest-GroupsTest-1766926087-project-member] Calling method 'detail' {{(pid=86405) _process_stack /opt/stack/cinder/cinder/api/openstack/wsgi.py:878}}
Jul 05 18:21:29 devstack devstack@c-api.service[86405]: DEBUG cinder.api.api_utils [None req-5b97e175-7b76-4fb8-a86e-9c35f6cb4ae6 tempest-GroupsTest-1766926087 tempest-GroupsTest-1766926087-project-member] Removing options '' from query. {{(pid=86405) remove_invalid_filter_options /opt/stack/cinder/cinder/api/api_utils.py:82}}
Jul 05 18:21:29 devstack devstack@c-api.service[86405]: DEBUG cinder.volume.api [None req-5b97e175-7b76-4fb8-a86e-9c35f6cb4ae6 tempest-GroupsTest-1766926087 tempest-GroupsTest-1766926087-project-member] Searching by: MultiDict([('no_migration_targets', True)]). {{(pid=86405) get_all /opt/stack/cinder/cinder/volume/api.py:664}}
Jul 05 18:21:29 devstack devstack@c-api.service[86405]: INFO cinder.volume.api [None req-5b97e175-7b76-4fb8-a86e-9c35f6cb4ae6 tempest-GroupsTest-1766926087 tempest-GroupsTest-1766926087-project-member] Get all volumes completed successfully.
Jul 05 18:21:29 devstack devstack@c-api.service[86404]: DEBUG cinder.quota [None req-dd51243a-ff34-486e-a4ea-3bd287e53189 tempest-VolumesTestJSON-735272313 tempest-VolumesTestJSON-735272313-project-member] Created reservations ['45f4ae87-146c-448d-8b8e-f0bfec92adc5', '13e1da10-b802-44a5-86c3-80aa0099cfec', 'fe786f32-4161-4692-9a4f-76e6d1d9f8aa', '13de9252-de4d-47a1-af3b-d1ee2e9e52d5'] {{(pid=86404) reserve /opt/stack/cinder/cinder/quota.py:752}}
Jul 05 18:21:29 devstack devstack@c-api.service[86405]: INFO cinder.api.openstack.wsgi [None req-5b97e175-7b76-4fb8-a86e-9c35f6cb4ae6 tempest-GroupsTest-1766926087 tempest-GroupsTest-1766926087-project-member] http://192.168.122.122/volume/v3/volumes/detail returned with HTTP 200
Jul 05 18:21:29 devstack devstack@c-api.service[86404]: DEBUG cinder.volume.api [None req-dd51243a-ff34-486e-a4ea-3bd287e53189 tempest-VolumesTestJSON-735272313 tempest-VolumesTestJSON-735272313-project-member] Task 'cinder.volume.flows.api.create_volume.QuotaReserveTask;volume:create' (7bc19650-715e-4f10-ba56-61a7017f4a5c) transitioned into state 'SUCCESS' from state 'RUNNING' with result '{'reservations': ['45f4ae87-146c-448d-8b8e-f0bfec92adc5', '13e1da10-b802-44a5-86c3-80aa0099cfec', 'fe786f32-4161-4692-9a4f-76e6d1d9f8aa', '13de9252-de4d-47a1-af3b-d1ee2e9e52d5']}' {{(pid=86404) _task_receiver /opt/stack/data/venv/lib/python3.12/site-packages/taskflow/listeners/logging.py:218}}
Jul 05 18:21:29 devstack devstack@c-api.service[86405]: [pid: 86405|app: 0|req: 147/289] 192.168.122.122 () {60 vars in 1183 bytes} [Sun Jul 5 18:21:29 2026] GET /volume/v3/volumes/detail => generated 15 bytes in 115 msecs (HTTP/1.1 200) 7 headers in 285 bytes (1 switches on core 0)
Jul 05 18:21:29 devstack devstack@c-api.service[86404]: DEBUG cinder.volume.api [None req-dd51243a-ff34-486e-a4ea-3bd287e53189 tempest-VolumesTestJSON-735272313 tempest-VolumesTestJSON-735272313-project-member] Task 'cinder.volume.flows.api.create_volume.EntryCreateTask;volume:create' (f1473b80-b63b-4eb7-9c66-e93439fe8a80) transitioned into state 'RUNNING' from state 'PENDING' {{(pid=86404) _task_receiver /opt/stack/data/venv/lib/python3.12/site-packages/taskflow/listeners/logging.py:242}}
Jul 05 18:21:29 devstack devstack@c-api.service[86405]: DEBUG cinder.api.middleware.request_id [None req-c11c82ea-c687-4bec-9353-fc7655a4f2ab None None] RequestId filter calling following filter/app {{(pid=86405) _context_setter /opt/stack/cinder/cinder/api/middleware/request_id.py:62}}
Jul 05 18:21:29 devstack devstack@c-api.service[86405]: INFO cinder.api.openstack.wsgi [None req-c11c82ea-c687-4bec-9353-fc7655a4f2ab tempest-GroupsTest-1766926087 tempest-GroupsTest-1766926087-project-member] POST http://192.168.122.122/volume/v3/groups/c917e6cf-9fd5-4365-bb97-ec1334331ea8/action
Jul 05 18:21:29 devstack devstack@c-api.service[86405]: DEBUG cinder.api.openstack.wsgi [None req-c11c82ea-c687-4bec-9353-fc7655a4f2ab tempest-GroupsTest-1766926087 tempest-GroupsTest-1766926087-project-member] Action body: b'{"delete": {"delete-volumes": true}}' {{(pid=86405) get_method /opt/stack/cinder/cinder/api/openstack/wsgi.py:993}}
Jul 05 18:21:29 devstack devstack@c-api.service[86405]: DEBUG cinder.api.openstack.wsgi [None req-c11c82ea-c687-4bec-9353-fc7655a4f2ab tempest-GroupsTest-1766926087 tempest-GroupsTest-1766926087-project-member] Action: 'action', calling method: version_select, body: {"delete": {"delete-volumes": true}} {{(pid=86405) _process_stack /opt/stack/cinder/cinder/api/openstack/wsgi.py:876}}
Jul 05 18:21:29 devstack devstack@c-api.service[86405]: DEBUG cinder.api.v3.groups [None req-c11c82ea-c687-4bec-9353-fc7655a4f2ab tempest-GroupsTest-1766926087 tempest-GroupsTest-1766926087-project-member] delete called for group c917e6cf-9fd5-4365-bb97-ec1334331ea8 {{(pid=86405) _delete /opt/stack/cinder/cinder/api/v3/groups.py:117}}
Jul 05 18:21:29 devstack devstack@c-api.service[86405]: INFO cinder.api.v3.groups [None req-c11c82ea-c687-4bec-9353-fc7655a4f2ab tempest-GroupsTest-1766926087 tempest-GroupsTest-1766926087-project-member] Delete group with id: c917e6cf-9fd5-4365-bb97-ec1334331ea8
Jul 05 18:21:29 devstack devstack@c-api.service[86405]: INFO cinder.api.openstack.wsgi [None req-c11c82ea-c687-4bec-9353-fc7655a4f2ab tempest-GroupsTest-1766926087 tempest-GroupsTest-1766926087-project-member] http://192.168.122.122/volume/v3/groups/c917e6cf-9fd5-4365-bb97-ec1334331ea8/action returned with HTTP 404
Jul 05 18:21:29 devstack devstack@c-api.service[86405]: [pid: 86405|app: 0|req: 148/290] 192.168.122.122 () {62 vars in 1312 bytes} [Sun Jul 5 18:21:29 2026] POST /volume/v3/groups/c917e6cf-9fd5-4365-bb97-ec1334331ea8/action => generated 108 bytes in 25 msecs (HTTP/1.1 404) 7 headers in 293 bytes (1 switches on core 0)
Jul 05 18:21:29 devstack devstack@c-api.service[86405]: DEBUG cinder.api.middleware.request_id [None req-96452bdf-4103-46d0-86c0-bb084be204bf None None] RequestId filter calling following filter/app {{(pid=86405) _context_setter /opt/stack/cinder/cinder/api/middleware/request_id.py:62}}
Jul 05 18:21:29 devstack devstack@c-api.service[86405]: INFO cinder.api.openstack.wsgi [None req-96452bdf-4103-46d0-86c0-bb084be204bf tempest-GroupsTest-1766926087 tempest-GroupsTest-1766926087-project-member] GET http://192.168.122.122/volume/v3/volumes/detail
Jul 05 18:21:29 devstack devstack@c-api.service[86405]: DEBUG cinder.api.openstack.wsgi [None req-96452bdf-4103-46d0-86c0-bb084be204bf tempest-GroupsTest-1766926087 tempest-GroupsTest-1766926087-project-member] Empty body provided in request {{(pid=86405) get_body /opt/stack/cinder/cinder/api/openstack/wsgi.py:725}}
Jul 05 18:21:29 devstack devstack@c-api.service[86405]: DEBUG cinder.api.openstack.wsgi [None req-96452bdf-4103-46d0-86c0-bb084be204bf tempest-GroupsTest-1766926087 tempest-GroupsTest-1766926087-project-member] Calling method 'detail' {{(pid=86405) _process_stack /opt/stack/cinder/cinder/api/openstack/wsgi.py:878}}
Jul 05 18:21:29 devstack devstack@c-api.service[86405]: DEBUG cinder.api.api_utils [None req-96452bdf-4103-46d0-86c0-bb084be204bf tempest-GroupsTest-1766926087 tempest-GroupsTest-1766926087-project-member] Removing options '' from query. {{(pid=86405) remove_invalid_filter_options /opt/stack/cinder/cinder/api/api_utils.py:82}}
Jul 05 18:21:29 devstack devstack@c-api.service[86405]: DEBUG cinder.volume.api [None req-96452bdf-4103-46d0-86c0-bb084be204bf tempest-GroupsTest-1766926087 tempest-GroupsTest-1766926087-project-member] Searching by: MultiDict([('no_migration_targets', True)]). {{(pid=86405) get_all /opt/stack/cinder/cinder/volume/api.py:664}}
Jul 05 18:21:29 devstack devstack@c-api.service[86405]: INFO cinder.volume.api [None req-96452bdf-4103-46d0-86c0-bb084be204bf tempest-GroupsTest-1766926087 tempest-GroupsTest-1766926087-project-member] Get all volumes completed successfully.
Jul 05 18:21:29 devstack devstack@c-api.service[86404]: DEBUG cinder.volume.api [None req-dd51243a-ff34-486e-a4ea-3bd287e53189 tempest-VolumesTestJSON-735272313 tempest-VolumesTestJSON-735272313-project-member] Task 'cinder.volume.flows.api.create_volume.EntryCreateTask;volume:create' (f1473b80-b63b-4eb7-9c66-e93439fe8a80) transitioned into state 'SUCCESS' from state 'RUNNING' with result '{'volume_id': '87821f4a-a348-4cef-a051-494ee28b5c52', 'volume_properties': VolumeProperties(attach_status='detached',availability_zone='nova',cgsnapshot_id=None,consistencygroup_id=None,display_description=None,display_name='tempest-VolumesTestJSON-volume-199184895',encryption_key_id=None,group_id=None,group_type_id=,metadata={Type='work'},multiattach=False,project_id='487c915106d340b1936678bf32f231d6',qos_specs=None,replication_status=,reservations=['45f4ae87-146c-448d-8b8e-f0bfec92adc5','13e1da10-b802-44a5-86c3-80aa0099cfec','fe786f32-4161-4692-9a4f-76e6d1d9f8aa','13de9252-de4d-47a1-af3b-d1ee2e9e52d5'],size=1,snapshot_id=None,source_replicaid=,source_volid=None,status='creating',user_id='99c129ad2cd446ecabe916ba9e42acdc',volume_type_id=c7c80b8a-cbf8-4679-a2bf-eb0365ebe74a), 'volume': Volume(_name_id=None,admin_metadata=,attach_status='detached',availability_zone='nova',bootable=False,cluster=,cluster_name=None,consistencygroup=,consistencygroup_id=None,created_at=2026-07-05T16:21:29Z,deleted=False,deleted_at=None,display_description=None,display_name='tempest-VolumesTestJSON-volume-199184895',ec2_id=None,encryption_key_id=None,glance_metadata=,group=,group_id=None,host=None,id=87821f4a-a348-4cef-a051-494ee28b5c52,launched_at=None,metadata={Type='work'},migration_status=None,multiattach=False,previous_status=None,project_id='487c915106d340b1936678bf32f231d6',provider_auth=None,provider_geometry=None,provider_id=None,provider_location=None,replication_driver_data=None,replication_extended_status=None,replication_status=None,scheduled_at=None,service_uuid=None,shared_targets=True,size=1,snapshot_id=None,snapshots=,source_volid=None,status='creating',terminated_at=None,updated_at=None,use_quota=True,user_id='99c129ad2cd446ecabe916ba9e42acdc',volume_attachment=VolumeAttachmentList,volume_type=VolumeType(c7c80b8a-cbf8-4679-a2bf-eb0365ebe74a),volume_type_id=c7c80b8a-cbf8-4679-a2bf-eb0365ebe74a)}' {{(pid=86404) _task_receiver /opt/stack/data/venv/lib/python3.12/site-packages/taskflow/listeners/logging.py:218}}
Jul 05 18:21:29 devstack devstack@c-api.service[86405]: INFO cinder.api.openstack.wsgi [None req-96452bdf-4103-46d0-86c0-bb084be204bf tempest-GroupsTest-1766926087 tempest-GroupsTest-1766926087-project-member] http://192.168.122.122/volume/v3/volumes/detail returned with HTTP 200
Jul 05 18:21:29 devstack devstack@c-api.service[86405]: [pid: 86405|app: 0|req: 149/291] 192.168.122.122 () {60 vars in 1183 bytes} [Sun Jul 5 18:21:29 2026] GET /volume/v3/volumes/detail => generated 15 bytes in 34 msecs (HTTP/1.1 200) 7 headers in 285 bytes (1 switches on core 0)
Jul 05 18:21:29 devstack devstack@c-api.service[86404]: DEBUG cinder.volume.api [None req-dd51243a-ff34-486e-a4ea-3bd287e53189 tempest-VolumesTestJSON-735272313 tempest-VolumesTestJSON-735272313-project-member] Task 'cinder.volume.flows.api.create_volume.QuotaCommitTask;volume:create' (5d3fcaf3-8a4c-4b7e-abe2-1e79c66a8625) transitioned into state 'RUNNING' from state 'PENDING' {{(pid=86404) _task_receiver /opt/stack/data/venv/lib/python3.12/site-packages/taskflow/listeners/logging.py:242}}
Jul 05 18:21:29 devstack devstack@c-api.service[86405]: DEBUG cinder.api.middleware.request_id [None req-0ed916df-2f76-4418-83ef-1b0bf47f5268 None None] RequestId filter calling following filter/app {{(pid=86405) _context_setter /opt/stack/cinder/cinder/api/middleware/request_id.py:62}}
Jul 05 18:21:29 devstack devstack@c-api.service[86405]: INFO cinder.api.openstack.wsgi [None req-0ed916df-2f76-4418-83ef-1b0bf47f5268 tempest-GroupsTest-1766926087 tempest-GroupsTest-1766926087-project-member] POST http://192.168.122.122/volume/v3/groups/0cb4a93b-0414-495d-9f86-5c1899c7db48/action
Jul 05 18:21:29 devstack devstack@c-api.service[86405]: DEBUG cinder.api.openstack.wsgi [None req-0ed916df-2f76-4418-83ef-1b0bf47f5268 tempest-GroupsTest-1766926087 tempest-GroupsTest-1766926087-project-member] Action body: b'{"delete": {"delete-volumes": true}}' {{(pid=86405) get_method /opt/stack/cinder/cinder/api/openstack/wsgi.py:993}}
Jul 05 18:21:29 devstack devstack@c-api.service[86405]: DEBUG cinder.api.openstack.wsgi [None req-0ed916df-2f76-4418-83ef-1b0bf47f5268 tempest-GroupsTest-1766926087 tempest-GroupsTest-1766926087-project-member] Action: 'action', calling method: delete_group, body: {"delete": {"delete-volumes": true}} {{(pid=86405) _process_stack /opt/stack/cinder/cinder/api/openstack/wsgi.py:876}}
Jul 05 18:21:29 devstack devstack@c-api.service[86405]: DEBUG cinder.api.v3.groups [None req-0ed916df-2f76-4418-83ef-1b0bf47f5268 tempest-GroupsTest-1766926087 tempest-GroupsTest-1766926087-project-member] delete called for group 0cb4a93b-0414-495d-9f86-5c1899c7db48 {{(pid=86405) _delete /opt/stack/cinder/cinder/api/v3/groups.py:117}}
Jul 05 18:21:29 devstack devstack@c-api.service[86405]: INFO cinder.api.v3.groups [None req-0ed916df-2f76-4418-83ef-1b0bf47f5268 tempest-GroupsTest-1766926087 tempest-GroupsTest-1766926087-project-member] Delete group with id: 0cb4a93b-0414-495d-9f86-5c1899c7db48
Jul 05 18:21:29 devstack devstack@c-api.service[86405]: INFO cinder.api.openstack.wsgi [None req-0ed916df-2f76-4418-83ef-1b0bf47f5268 tempest-GroupsTest-1766926087 tempest-GroupsTest-1766926087-project-member] http://192.168.122.122/volume/v3/groups/0cb4a93b-0414-495d-9f86-5c1899c7db48/action returned with HTTP 404
Jul 05 18:21:29 devstack devstack@c-api.service[86405]: [pid: 86405|app: 0|req: 150/292] 192.168.122.122 () {62 vars in 1312 bytes} [Sun Jul 5 18:21:29 2026] POST /volume/v3/groups/0cb4a93b-0414-495d-9f86-5c1899c7db48/action => generated 108 bytes in 31 msecs (HTTP/1.1 404) 7 headers in 293 bytes (1 switches on core 0)
Jul 05 18:21:29 devstack devstack@c-api.service[86405]: DEBUG cinder.api.middleware.request_id [None req-fa0bfac6-daab-42ca-8eee-2c91cef94e11 None None] RequestId filter calling following filter/app {{(pid=86405) _context_setter /opt/stack/cinder/cinder/api/middleware/request_id.py:62}}
Jul 05 18:21:29 devstack devstack@c-api.service[86405]: INFO cinder.api.openstack.wsgi [None req-fa0bfac6-daab-42ca-8eee-2c91cef94e11 tempest-GroupsTest-807661942 tempest-GroupsTest-807661942-project-admin] DELETE http://192.168.122.122/volume/v3/group_types/0aeae34c-5a27-4c5f-a098-c52c64e23c49
Jul 05 18:21:29 devstack devstack@c-api.service[86405]: DEBUG cinder.api.openstack.wsgi [None req-fa0bfac6-daab-42ca-8eee-2c91cef94e11 tempest-GroupsTest-807661942 tempest-GroupsTest-807661942-project-admin] Empty body provided in request {{(pid=86405) get_body /opt/stack/cinder/cinder/api/openstack/wsgi.py:725}}
Jul 05 18:21:29 devstack devstack@c-api.service[86405]: DEBUG cinder.api.openstack.wsgi [None req-fa0bfac6-daab-42ca-8eee-2c91cef94e11 tempest-GroupsTest-807661942 tempest-GroupsTest-807661942-project-admin] Calling method 'version_select' {{(pid=86405) _process_stack /opt/stack/cinder/cinder/api/openstack/wsgi.py:878}}
Jul 05 18:21:29 devstack devstack@c-api.service[86404]: DEBUG cinder.volume.api [None req-dd51243a-ff34-486e-a4ea-3bd287e53189 tempest-VolumesTestJSON-735272313 tempest-VolumesTestJSON-735272313-project-member] Task 'cinder.volume.flows.api.create_volume.QuotaCommitTask;volume:create' (5d3fcaf3-8a4c-4b7e-abe2-1e79c66a8625) transitioned into state 'SUCCESS' from state 'RUNNING' with result '{'volume_properties': VolumeProperties(attach_status='detached',availability_zone='nova',cgsnapshot_id=None,consistencygroup_id=None,display_description=None,display_name='tempest-VolumesTestJSON-volume-199184895',encryption_key_id=None,group_id=None,group_type_id=,metadata={Type='work'},multiattach=False,project_id='487c915106d340b1936678bf32f231d6',qos_specs=None,replication_status=,reservations=['45f4ae87-146c-448d-8b8e-f0bfec92adc5','13e1da10-b802-44a5-86c3-80aa0099cfec','fe786f32-4161-4692-9a4f-76e6d1d9f8aa','13de9252-de4d-47a1-af3b-d1ee2e9e52d5'],size=1,snapshot_id=None,source_replicaid=,source_volid=None,status='creating',user_id='99c129ad2cd446ecabe916ba9e42acdc',volume_type_id=c7c80b8a-cbf8-4679-a2bf-eb0365ebe74a)}' {{(pid=86404) _task_receiver /opt/stack/data/venv/lib/python3.12/site-packages/taskflow/listeners/logging.py:218}}
Jul 05 18:21:29 devstack devstack@c-api.service[86404]: DEBUG cinder.volume.api [None req-dd51243a-ff34-486e-a4ea-3bd287e53189 tempest-VolumesTestJSON-735272313 tempest-VolumesTestJSON-735272313-project-member] Task 'cinder.volume.flows.api.create_volume.VolumeCastTask;volume:create' (53b6bcdf-931b-4e98-8bd6-6014e8471978) transitioned into state 'RUNNING' from state 'PENDING' {{(pid=86404) _task_receiver /opt/stack/data/venv/lib/python3.12/site-packages/taskflow/listeners/logging.py:242}}
Jul 05 18:21:29 devstack devstack@c-api.service[86404]: DEBUG cinder.volume.api [None req-dd51243a-ff34-486e-a4ea-3bd287e53189 tempest-VolumesTestJSON-735272313 tempest-VolumesTestJSON-735272313-project-member] Task 'cinder.volume.flows.api.create_volume.VolumeCastTask;volume:create' (53b6bcdf-931b-4e98-8bd6-6014e8471978) transitioned into state 'SUCCESS' from state 'RUNNING' with result 'None' {{(pid=86404) _task_receiver /opt/stack/data/venv/lib/python3.12/site-packages/taskflow/listeners/logging.py:218}}
Jul 05 18:21:29 devstack devstack@c-api.service[86405]: INFO cinder.api.openstack.wsgi [None req-fa0bfac6-daab-42ca-8eee-2c91cef94e11 tempest-GroupsTest-807661942 tempest-GroupsTest-807661942-project-admin] http://192.168.122.122/volume/v3/group_types/0aeae34c-5a27-4c5f-a098-c52c64e23c49 returned with HTTP 202
Jul 05 18:21:29 devstack devstack@c-api.service[86404]: DEBUG cinder.volume.api [None req-dd51243a-ff34-486e-a4ea-3bd287e53189 tempest-VolumesTestJSON-735272313 tempest-VolumesTestJSON-735272313-project-member] Flow 'volume_create_api' (ccabb5ae-eda0-4b87-92e3-afc9dcc22f5b) transitioned into state 'SUCCESS' from state 'RUNNING' {{(pid=86404) _flow_receiver /opt/stack/data/venv/lib/python3.12/site-packages/taskflow/listeners/logging.py:160}}
Jul 05 18:21:29 devstack devstack@c-api.service[86405]: [pid: 86405|app: 0|req: 151/293] 192.168.122.122 () {60 vars in 1288 bytes} [Sun Jul 5 18:21:29 2026] DELETE /volume/v3/group_types/0aeae34c-5a27-4c5f-a098-c52c64e23c49 => generated 0 bytes in 85 msecs (HTTP/1.1 202) 6 headers in 234 bytes (1 switches on core 0)
Jul 05 18:21:29 devstack devstack@c-api.service[86404]: INFO cinder.volume.api [None req-dd51243a-ff34-486e-a4ea-3bd287e53189 tempest-VolumesTestJSON-735272313 tempest-VolumesTestJSON-735272313-project-member] Create volume request issued successfully.
Jul 05 18:21:29 devstack devstack@c-api.service[86404]: INFO cinder.api.openstack.wsgi [None req-dd51243a-ff34-486e-a4ea-3bd287e53189 tempest-VolumesTestJSON-735272313 tempest-VolumesTestJSON-735272313-project-member] http://192.168.122.122/volume/v3/volumes returned with HTTP 202
Jul 05 18:21:29 devstack devstack@c-api.service[86404]: [pid: 86404|app: 0|req: 143/294] 192.168.122.122 () {60 vars in 1143 bytes} [Sun Jul 5 18:21:29 2026] POST /volume/v3/volumes => generated 768 bytes in 634 msecs (HTTP/1.1 202) 7 headers in 291 bytes (1 switches on core 0)
Jul 05 18:21:29 devstack devstack@c-api.service[86405]: DEBUG cinder.api.middleware.request_id [None req-5827f844-2e6b-4164-8e23-2598488a551d None None] RequestId filter calling following filter/app {{(pid=86405) _context_setter /opt/stack/cinder/cinder/api/middleware/request_id.py:62}}
Jul 05 18:21:29 devstack devstack@c-api.service[86404]: DEBUG cinder.api.middleware.request_id [None req-8bab40f2-b90f-4847-b6f4-e26987ac09e2 None None] RequestId filter calling following filter/app {{(pid=86404) _context_setter /opt/stack/cinder/cinder/api/middleware/request_id.py:62}}
Jul 05 18:21:29 devstack devstack@c-api.service[86405]: INFO cinder.api.openstack.wsgi [None req-5827f844-2e6b-4164-8e23-2598488a551d tempest-GroupsTest-807661942 tempest-GroupsTest-807661942-project-admin] DELETE http://192.168.122.122/volume/v3/types/ecba2a58-5245-4639-ab73-1d2268254787
Jul 05 18:21:29 devstack devstack@c-api.service[86404]: INFO cinder.api.openstack.wsgi [None req-8bab40f2-b90f-4847-b6f4-e26987ac09e2 tempest-VolumesTestJSON-735272313 tempest-VolumesTestJSON-735272313-project-member] GET http://192.168.122.122/volume/v3/volumes/87821f4a-a348-4cef-a051-494ee28b5c52
Jul 05 18:21:30 devstack devstack@c-api.service[86404]: DEBUG cinder.api.openstack.wsgi [None req-8bab40f2-b90f-4847-b6f4-e26987ac09e2 tempest-VolumesTestJSON-735272313 tempest-VolumesTestJSON-735272313-project-member] Empty body provided in request {{(pid=86404) get_body /opt/stack/cinder/cinder/api/openstack/wsgi.py:725}}
Jul 05 18:21:30 devstack devstack@c-api.service[86404]: DEBUG cinder.api.openstack.wsgi [None req-8bab40f2-b90f-4847-b6f4-e26987ac09e2 tempest-VolumesTestJSON-735272313 tempest-VolumesTestJSON-735272313-project-member] Calling method 'show' {{(pid=86404) _process_stack /opt/stack/cinder/cinder/api/openstack/wsgi.py:878}}
Jul 05 18:21:30 devstack devstack@c-api.service[86405]: DEBUG cinder.api.openstack.wsgi [None req-5827f844-2e6b-4164-8e23-2598488a551d tempest-GroupsTest-807661942 tempest-GroupsTest-807661942-project-admin] Empty body provided in request {{(pid=86405) get_body /opt/stack/cinder/cinder/api/openstack/wsgi.py:725}}
Jul 05 18:21:30 devstack devstack@c-api.service[86405]: DEBUG cinder.api.openstack.wsgi [None req-5827f844-2e6b-4164-8e23-2598488a551d tempest-GroupsTest-807661942 tempest-GroupsTest-807661942-project-admin] Calling method '_delete' {{(pid=86405) _process_stack /opt/stack/cinder/cinder/api/openstack/wsgi.py:878}}
Jul 05 18:21:30 devstack devstack@c-api.service[86404]: /opt/stack/data/venv/lib/python3.12/site-packages/oslo_context/context.py:102: DeprecationWarning: Policy enforcement is depending on the value of is_admin. This key is deprecated. Please update your policy file to use the standard policy values.
Jul 05 18:21:30 devstack devstack@c-api.service[86404]: warnings.warn(
Jul 05 18:21:30 devstack devstack@c-api.service[86404]: INFO cinder.volume.api [None req-8bab40f2-b90f-4847-b6f4-e26987ac09e2 tempest-VolumesTestJSON-735272313 tempest-VolumesTestJSON-735272313-project-member] Volume info retrieved successfully.
Jul 05 18:21:30 devstack devstack@c-api.service[86404]: INFO cinder.api.openstack.wsgi [None req-8bab40f2-b90f-4847-b6f4-e26987ac09e2 tempest-VolumesTestJSON-735272313 tempest-VolumesTestJSON-735272313-project-member] http://192.168.122.122/volume/v3/volumes/87821f4a-a348-4cef-a051-494ee28b5c52 returned with HTTP 200
Jul 05 18:21:30 devstack devstack@c-api.service[86404]: [pid: 86404|app: 0|req: 144/295] 192.168.122.122 () {58 vars in 1232 bytes} [Sun Jul 5 18:21:29 2026] GET /volume/v3/volumes/87821f4a-a348-4cef-a051-494ee28b5c52 => generated 836 bytes in 96 msecs (HTTP/1.1 200) 7 headers in 285 bytes (1 switches on core 0)
Jul 05 18:21:30 devstack devstack@c-api.service[86405]: INFO cinder.api.openstack.wsgi [None req-5827f844-2e6b-4164-8e23-2598488a551d tempest-GroupsTest-807661942 tempest-GroupsTest-807661942-project-admin] http://192.168.122.122/volume/v3/types/ecba2a58-5245-4639-ab73-1d2268254787 returned with HTTP 202
Jul 05 18:21:30 devstack devstack@c-api.service[86405]: [pid: 86405|app: 0|req: 152/296] 192.168.122.122 () {58 vars in 1229 bytes} [Sun Jul 5 18:21:29 2026] DELETE /volume/v3/types/ecba2a58-5245-4639-ab73-1d2268254787 => generated 0 bytes in 233 msecs (HTTP/1.1 202) 6 headers in 233 bytes (1 switches on core 0)
Jul 05 18:21:30 devstack devstack@c-api.service[86404]: DEBUG cinder.api.middleware.request_id [None req-b565a99a-d704-48dc-b237-06564fdf4c2a None None] RequestId filter calling following filter/app {{(pid=86404) _context_setter /opt/stack/cinder/cinder/api/middleware/request_id.py:62}}
Jul 05 18:21:30 devstack devstack@c-api.service[86404]: INFO cinder.api.openstack.wsgi [None req-b565a99a-d704-48dc-b237-06564fdf4c2a tempest-GroupsTest-807661942 tempest-GroupsTest-807661942-project-admin] GET http://192.168.122.122/volume/v3/types/ecba2a58-5245-4639-ab73-1d2268254787
Jul 05 18:21:30 devstack devstack@c-api.service[86404]: DEBUG cinder.api.openstack.wsgi [None req-b565a99a-d704-48dc-b237-06564fdf4c2a tempest-GroupsTest-807661942 tempest-GroupsTest-807661942-project-admin] Empty body provided in request {{(pid=86404) get_body /opt/stack/cinder/cinder/api/openstack/wsgi.py:725}}
Jul 05 18:21:30 devstack devstack@c-api.service[86404]: DEBUG cinder.api.openstack.wsgi [None req-b565a99a-d704-48dc-b237-06564fdf4c2a tempest-GroupsTest-807661942 tempest-GroupsTest-807661942-project-admin] Calling method 'show' {{(pid=86404) _process_stack /opt/stack/cinder/cinder/api/openstack/wsgi.py:878}}
Jul 05 18:21:30 devstack devstack@c-api.service[86404]: INFO cinder.api.openstack.wsgi [None req-b565a99a-d704-48dc-b237-06564fdf4c2a tempest-GroupsTest-807661942 tempest-GroupsTest-807661942-project-admin] http://192.168.122.122/volume/v3/types/ecba2a58-5245-4639-ab73-1d2268254787 returned with HTTP 404
