Jul 11 04:30:04 devstack cinder-volume[86964]: DEBUG oslo_concurrency.processutils [None req-fb85e533-1101-47bb-bc88-c61a7f689376 tempest-GroupSnapshotsTest-1799390916 None] Running cmd (subprocess): sudo cinder-rootwrap /etc/cinder/rootwrap.conf chmod ugo+rw /opt/stack/data/cinder/mnt/6cfbfe4d3586b496513dd8300f7343c3/volume-f793694e-fa0c-4d9c-a05b-688d5b064b12.1198237a-3bea-408b-a4c2-8c2a96d3f50a {{(pid=86964) execute /opt/stack/data/venv/lib/python3.12/site-packages/oslo_concurrency/processutils.py:440}}
Jul 11 04:30:04 devstack sudo[94250]: quobyte : PWD=/ ; USER=root ; COMMAND=/opt/stack/data/venv/bin/cinder-rootwrap /etc/cinder/rootwrap.conf chmod ugo+rw /opt/stack/data/cinder/mnt/6cfbfe4d3586b496513dd8300f7343c3/volume-f793694e-fa0c-4d9c-a05b-688d5b064b12.1198237a-3bea-408b-a4c2-8c2a96d3f50a
Jul 11 04:30:04 devstack sudo[94250]: pam_unix(sudo:session): session opened for user root(uid=0) by (uid=1000)
Jul 11 04:30:05 devstack sudo[94250]: pam_unix(sudo:session): session closed for user root
Jul 11 04:30:05 devstack cinder-volume[86964]: DEBUG oslo_concurrency.processutils [None req-fb85e533-1101-47bb-bc88-c61a7f689376 tempest-GroupSnapshotsTest-1799390916 None] CMD "sudo cinder-rootwrap /etc/cinder/rootwrap.conf chmod ugo+rw /opt/stack/data/cinder/mnt/6cfbfe4d3586b496513dd8300f7343c3/volume-f793694e-fa0c-4d9c-a05b-688d5b064b12.1198237a-3bea-408b-a4c2-8c2a96d3f50a" returned: 0 in 0.706s {{(pid=86964) execute /opt/stack/data/venv/lib/python3.12/site-packages/oslo_concurrency/processutils.py:468}}
Jul 11 04:30:05 devstack cinder-volume[86964]: DEBUG oslo_concurrency.processutils [None req-fb85e533-1101-47bb-bc88-c61a7f689376 tempest-GroupSnapshotsTest-1799390916 None] Running cmd (subprocess): sudo cinder-rootwrap /etc/cinder/rootwrap.conf truncate -s0 /opt/stack/data/cinder/mnt/6cfbfe4d3586b496513dd8300f7343c3/volume-f793694e-fa0c-4d9c-a05b-688d5b064b12.info {{(pid=86964) execute /opt/stack/data/venv/lib/python3.12/site-packages/oslo_concurrency/processutils.py:440}}
Jul 11 04:30:05 devstack sudo[94253]: quobyte : PWD=/ ; USER=root ; COMMAND=/opt/stack/data/venv/bin/cinder-rootwrap /etc/cinder/rootwrap.conf truncate -s0 /opt/stack/data/cinder/mnt/6cfbfe4d3586b496513dd8300f7343c3/volume-f793694e-fa0c-4d9c-a05b-688d5b064b12.info
Jul 11 04:30:05 devstack sudo[94253]: pam_unix(sudo:session): session opened for user root(uid=0) by (uid=1000)
Jul 11 04:30:05 devstack sudo[94253]: pam_unix(sudo:session): session closed for user root
Jul 11 04:30:05 devstack cinder-volume[86964]: DEBUG oslo_concurrency.processutils [None req-fb85e533-1101-47bb-bc88-c61a7f689376 tempest-GroupSnapshotsTest-1799390916 None] CMD "sudo cinder-rootwrap /etc/cinder/rootwrap.conf truncate -s0 /opt/stack/data/cinder/mnt/6cfbfe4d3586b496513dd8300f7343c3/volume-f793694e-fa0c-4d9c-a05b-688d5b064b12.info" returned: 0 in 0.753s {{(pid=86964) execute /opt/stack/data/venv/lib/python3.12/site-packages/oslo_concurrency/processutils.py:468}}
Jul 11 04:30:05 devstack cinder-volume[86964]: WARNING cinder.volume.drivers.remotefs [None req-fb85e533-1101-47bb-bc88-c61a7f689376 tempest-GroupSnapshotsTest-1799390916 None] /opt/stack/data/cinder/mnt/6cfbfe4d3586b496513dd8300f7343c3/volume-f793694e-fa0c-4d9c-a05b-688d5b064b12.info is being set with open permissions: ugo+rw: NotImplementedError
Jul 11 04:30:05 devstack cinder-volume[86964]: DEBUG oslo_concurrency.processutils [None req-fb85e533-1101-47bb-bc88-c61a7f689376 tempest-GroupSnapshotsTest-1799390916 None] Running cmd (subprocess): sudo cinder-rootwrap /etc/cinder/rootwrap.conf chmod ugo+rw /opt/stack/data/cinder/mnt/6cfbfe4d3586b496513dd8300f7343c3/volume-f793694e-fa0c-4d9c-a05b-688d5b064b12.info {{(pid=86964) execute /opt/stack/data/venv/lib/python3.12/site-packages/oslo_concurrency/processutils.py:440}}
Jul 11 04:30:05 devstack sudo[94257]: quobyte : PWD=/ ; USER=root ; COMMAND=/opt/stack/data/venv/bin/cinder-rootwrap /etc/cinder/rootwrap.conf chmod ugo+rw /opt/stack/data/cinder/mnt/6cfbfe4d3586b496513dd8300f7343c3/volume-f793694e-fa0c-4d9c-a05b-688d5b064b12.info
Jul 11 04:30:05 devstack sudo[94257]: pam_unix(sudo:session): session opened for user root(uid=0) by (uid=1000)
Jul 11 04:30:06 devstack sudo[94257]: pam_unix(sudo:session): session closed for user root
Jul 11 04:30:06 devstack cinder-volume[86964]: DEBUG oslo_concurrency.processutils [None req-fb85e533-1101-47bb-bc88-c61a7f689376 tempest-GroupSnapshotsTest-1799390916 None] CMD "sudo cinder-rootwrap /etc/cinder/rootwrap.conf chmod ugo+rw /opt/stack/data/cinder/mnt/6cfbfe4d3586b496513dd8300f7343c3/volume-f793694e-fa0c-4d9c-a05b-688d5b064b12.info" returned: 0 in 0.872s {{(pid=86964) execute /opt/stack/data/venv/lib/python3.12/site-packages/oslo_concurrency/processutils.py:468}}
Jul 11 04:30:06 devstack cinder-volume[86964]: DEBUG oslo_concurrency.lockutils [None req-fb85e533-1101-47bb-bc88-c61a7f689376 tempest-GroupSnapshotsTest-1799390916 None] Lock "quobyte" "released" by "cinder.volume.drivers.quobyte.QuobyteDriver.create_snapshot" :: held 5.558s {{(pid=86964) inner /opt/stack/data/venv/lib/python3.12/site-packages/oslo_concurrency/lockutils.py:543}}
Jul 11 04:30:06 devstack cinder-volume[86964]: DEBUG oslo_concurrency.lockutils [None req-fb85e533-1101-47bb-bc88-c61a7f689376 tempest-GroupSnapshotsTest-1799390916 None] Acquiring lock "quobyte" by "cinder.volume.drivers.quobyte.QuobyteDriver.create_snapshot" {{(pid=86964) inner /opt/stack/data/venv/lib/python3.12/site-packages/oslo_concurrency/lockutils.py:511}}
Jul 11 04:30:06 devstack cinder-volume[86964]: DEBUG oslo_concurrency.lockutils [None req-fb85e533-1101-47bb-bc88-c61a7f689376 tempest-GroupSnapshotsTest-1799390916 None] Lock "quobyte" acquired by "cinder.volume.drivers.quobyte.QuobyteDriver.create_snapshot" :: waited 0.001s {{(pid=86964) inner /opt/stack/data/venv/lib/python3.12/site-packages/oslo_concurrency/lockutils.py:524}}
Jul 11 04:30:06 devstack cinder-volume[86964]: DEBUG cinder.volume.drivers.remotefs [None req-fb85e533-1101-47bb-bc88-c61a7f689376 tempest-GroupSnapshotsTest-1799390916 None] Creating offline snapshot d37d8e4a-61c8-49db-8fc4-859b92fbff61 of volume 86f55b9e-0b07-437f-811d-a30822ab8273 {{(pid=86964) _create_snapshot /opt/stack/cinder/cinder/volume/drivers/remotefs.py:1816}}
Jul 11 04:30:06 devstack cinder-volume[86964]: DEBUG oslo.privsep.daemon [-] privsep: reply[a31c9a8d-210f-49eb-b139-a08cb13be99f]: (4, 'qcow2') {{(pid=87713) _call_back /opt/stack/data/venv/lib/python3.12/site-packages/oslo_privsep/daemon.py:580}}
Jul 11 04:30:06 devstack cinder-volume[86964]: DEBUG oslo_concurrency.processutils [None req-fb85e533-1101-47bb-bc88-c61a7f689376 tempest-GroupSnapshotsTest-1799390916 None] Running cmd (subprocess): /opt/stack/data/venv/bin/python3.12 -m oslo_concurrency.prlimit --as=1073741824 --cpu=60 -- sudo cinder-rootwrap /etc/cinder/rootwrap.conf env LC_ALL=C qemu-img info -f qcow2 --output=json --force-share /opt/stack/data/cinder/mnt/6cfbfe4d3586b496513dd8300f7343c3/volume-86f55b9e-0b07-437f-811d-a30822ab8273 {{(pid=86964) execute /opt/stack/data/venv/lib/python3.12/site-packages/oslo_concurrency/processutils.py:440}}
Jul 11 04:30:06 devstack sudo[94260]: quobyte : PWD=/ ; USER=root ; COMMAND=/opt/stack/data/venv/bin/cinder-rootwrap /etc/cinder/rootwrap.conf env LC_ALL=C qemu-img info -f qcow2 --output=json --force-share /opt/stack/data/cinder/mnt/6cfbfe4d3586b496513dd8300f7343c3/volume-86f55b9e-0b07-437f-811d-a30822ab8273
Jul 11 04:30:06 devstack sudo[94260]: pam_unix(sudo:session): session opened for user root(uid=0) by (uid=1000)
Jul 11 04:30:07 devstack sudo[94260]: pam_unix(sudo:session): session closed for user root
Jul 11 04:30:07 devstack cinder-volume[86964]: DEBUG oslo_concurrency.processutils [None req-fb85e533-1101-47bb-bc88-c61a7f689376 tempest-GroupSnapshotsTest-1799390916 None] CMD "/opt/stack/data/venv/bin/python3.12 -m oslo_concurrency.prlimit --as=1073741824 --cpu=60 -- sudo cinder-rootwrap /etc/cinder/rootwrap.conf env LC_ALL=C qemu-img info -f qcow2 --output=json --force-share /opt/stack/data/cinder/mnt/6cfbfe4d3586b496513dd8300f7343c3/volume-86f55b9e-0b07-437f-811d-a30822ab8273" returned: 0 in 0.943s {{(pid=86964) execute /opt/stack/data/venv/lib/python3.12/site-packages/oslo_concurrency/processutils.py:468}}
Jul 11 04:30:07 devstack cinder-volume[86964]: DEBUG oslo_concurrency.processutils [None req-fb85e533-1101-47bb-bc88-c61a7f689376 tempest-GroupSnapshotsTest-1799390916 None] Running cmd (subprocess): sudo cinder-rootwrap /etc/cinder/rootwrap.conf qemu-img create -f qcow2 -o backing_file=/opt/stack/data/cinder/mnt/6cfbfe4d3586b496513dd8300f7343c3/volume-86f55b9e-0b07-437f-811d-a30822ab8273,backing_fmt=qcow2 /opt/stack/data/cinder/mnt/6cfbfe4d3586b496513dd8300f7343c3/volume-86f55b9e-0b07-437f-811d-a30822ab8273.d37d8e4a-61c8-49db-8fc4-859b92fbff61 1G {{(pid=86964) execute /opt/stack/data/venv/lib/python3.12/site-packages/oslo_concurrency/processutils.py:440}}
Jul 11 04:30:07 devstack sudo[94266]: quobyte : PWD=/ ; USER=root ; COMMAND=/opt/stack/data/venv/bin/cinder-rootwrap /etc/cinder/rootwrap.conf qemu-img create -f qcow2 -o backing_file=/opt/stack/data/cinder/mnt/6cfbfe4d3586b496513dd8300f7343c3/volume-86f55b9e-0b07-437f-811d-a30822ab8273,backing_fmt=qcow2 /opt/stack/data/cinder/mnt/6cfbfe4d3586b496513dd8300f7343c3/volume-86f55b9e-0b07-437f-811d-a30822ab8273.d37d8e4a-61c8-49db-8fc4-859b92fbff61 1G
Jul 11 04:30:07 devstack sudo[94266]: pam_unix(sudo:session): session opened for user root(uid=0) by (uid=1000)
Jul 11 04:30:09 devstack sudo[94266]: pam_unix(sudo:session): session closed for user root
Jul 11 04:30:09 devstack cinder-volume[86964]: DEBUG oslo_concurrency.processutils [None req-fb85e533-1101-47bb-bc88-c61a7f689376 tempest-GroupSnapshotsTest-1799390916 None] CMD "sudo cinder-rootwrap /etc/cinder/rootwrap.conf qemu-img create -f qcow2 -o backing_file=/opt/stack/data/cinder/mnt/6cfbfe4d3586b496513dd8300f7343c3/volume-86f55b9e-0b07-437f-811d-a30822ab8273,backing_fmt=qcow2 /opt/stack/data/cinder/mnt/6cfbfe4d3586b496513dd8300f7343c3/volume-86f55b9e-0b07-437f-811d-a30822ab8273.d37d8e4a-61c8-49db-8fc4-859b92fbff61 1G" returned: 0 in 1.552s {{(pid=86964) execute /opt/stack/data/venv/lib/python3.12/site-packages/oslo_concurrency/processutils.py:468}}
Jul 11 04:30:09 devstack cinder-volume[86964]: DEBUG oslo_concurrency.processutils [None req-fb85e533-1101-47bb-bc88-c61a7f689376 tempest-GroupSnapshotsTest-1799390916 None] Running cmd (subprocess): sudo cinder-rootwrap /etc/cinder/rootwrap.conf qemu-img rebase -u -b volume-86f55b9e-0b07-437f-811d-a30822ab8273 -F qcow2 /opt/stack/data/cinder/mnt/6cfbfe4d3586b496513dd8300f7343c3/volume-86f55b9e-0b07-437f-811d-a30822ab8273.d37d8e4a-61c8-49db-8fc4-859b92fbff61 {{(pid=86964) execute /opt/stack/data/venv/lib/python3.12/site-packages/oslo_concurrency/processutils.py:440}}
Jul 11 04:30:09 devstack sudo[94290]: quobyte : PWD=/ ; USER=root ; COMMAND=/opt/stack/data/venv/bin/cinder-rootwrap /etc/cinder/rootwrap.conf qemu-img rebase -u -b volume-86f55b9e-0b07-437f-811d-a30822ab8273 -F qcow2 /opt/stack/data/cinder/mnt/6cfbfe4d3586b496513dd8300f7343c3/volume-86f55b9e-0b07-437f-811d-a30822ab8273.d37d8e4a-61c8-49db-8fc4-859b92fbff61
Jul 11 04:30:09 devstack sudo[94290]: pam_unix(sudo:session): session opened for user root(uid=0) by (uid=1000)
Jul 11 04:30:10 devstack sudo[94290]: pam_unix(sudo:session): session closed for user root
Jul 11 04:30:10 devstack cinder-volume[86964]: DEBUG oslo_concurrency.processutils [None req-fb85e533-1101-47bb-bc88-c61a7f689376 tempest-GroupSnapshotsTest-1799390916 None] CMD "sudo cinder-rootwrap /etc/cinder/rootwrap.conf qemu-img rebase -u -b volume-86f55b9e-0b07-437f-811d-a30822ab8273 -F qcow2 /opt/stack/data/cinder/mnt/6cfbfe4d3586b496513dd8300f7343c3/volume-86f55b9e-0b07-437f-811d-a30822ab8273.d37d8e4a-61c8-49db-8fc4-859b92fbff61" returned: 0 in 1.003s {{(pid=86964) execute /opt/stack/data/venv/lib/python3.12/site-packages/oslo_concurrency/processutils.py:468}}
Jul 11 04:30:10 devstack cinder-volume[86964]: WARNING cinder.volume.drivers.remotefs [None req-fb85e533-1101-47bb-bc88-c61a7f689376 tempest-GroupSnapshotsTest-1799390916 None] /opt/stack/data/cinder/mnt/6cfbfe4d3586b496513dd8300f7343c3/volume-86f55b9e-0b07-437f-811d-a30822ab8273.d37d8e4a-61c8-49db-8fc4-859b92fbff61 is being set with open permissions: ugo+rw: NotImplementedError
Jul 11 04:30:10 devstack cinder-volume[86964]: DEBUG oslo_concurrency.processutils [None req-fb85e533-1101-47bb-bc88-c61a7f689376 tempest-GroupSnapshotsTest-1799390916 None] Running cmd (subprocess): sudo cinder-rootwrap /etc/cinder/rootwrap.conf chmod ugo+rw /opt/stack/data/cinder/mnt/6cfbfe4d3586b496513dd8300f7343c3/volume-86f55b9e-0b07-437f-811d-a30822ab8273.d37d8e4a-61c8-49db-8fc4-859b92fbff61 {{(pid=86964) execute /opt/stack/data/venv/lib/python3.12/site-packages/oslo_concurrency/processutils.py:440}}
Jul 11 04:30:10 devstack sudo[94299]: quobyte : PWD=/ ; USER=root ; COMMAND=/opt/stack/data/venv/bin/cinder-rootwrap /etc/cinder/rootwrap.conf chmod ugo+rw /opt/stack/data/cinder/mnt/6cfbfe4d3586b496513dd8300f7343c3/volume-86f55b9e-0b07-437f-811d-a30822ab8273.d37d8e4a-61c8-49db-8fc4-859b92fbff61
Jul 11 04:30:10 devstack sudo[94299]: pam_unix(sudo:session): session opened for user root(uid=0) by (uid=1000)
Jul 11 04:30:11 devstack sudo[94299]: pam_unix(sudo:session): session closed for user root
Jul 11 04:30:11 devstack cinder-volume[86964]: DEBUG oslo_concurrency.processutils [None req-fb85e533-1101-47bb-bc88-c61a7f689376 tempest-GroupSnapshotsTest-1799390916 None] CMD "sudo cinder-rootwrap /etc/cinder/rootwrap.conf chmod ugo+rw /opt/stack/data/cinder/mnt/6cfbfe4d3586b496513dd8300f7343c3/volume-86f55b9e-0b07-437f-811d-a30822ab8273.d37d8e4a-61c8-49db-8fc4-859b92fbff61" returned: 0 in 0.790s {{(pid=86964) execute /opt/stack/data/venv/lib/python3.12/site-packages/oslo_concurrency/processutils.py:468}}
Jul 11 04:30:11 devstack cinder-volume[86964]: DEBUG oslo_concurrency.processutils [None req-fb85e533-1101-47bb-bc88-c61a7f689376 tempest-GroupSnapshotsTest-1799390916 None] Running cmd (subprocess): sudo cinder-rootwrap /etc/cinder/rootwrap.conf truncate -s0 /opt/stack/data/cinder/mnt/6cfbfe4d3586b496513dd8300f7343c3/volume-86f55b9e-0b07-437f-811d-a30822ab8273.info {{(pid=86964) execute /opt/stack/data/venv/lib/python3.12/site-packages/oslo_concurrency/processutils.py:440}}
Jul 11 04:30:11 devstack sudo[94319]: quobyte : PWD=/ ; USER=root ; COMMAND=/opt/stack/data/venv/bin/cinder-rootwrap /etc/cinder/rootwrap.conf truncate -s0 /opt/stack/data/cinder/mnt/6cfbfe4d3586b496513dd8300f7343c3/volume-86f55b9e-0b07-437f-811d-a30822ab8273.info
Jul 11 04:30:11 devstack sudo[94319]: pam_unix(sudo:session): session opened for user root(uid=0) by (uid=1000)
Jul 11 04:30:12 devstack sudo[94319]: pam_unix(sudo:session): session closed for user root
Jul 11 04:30:12 devstack cinder-volume[86964]: DEBUG oslo_concurrency.processutils [None req-fb85e533-1101-47bb-bc88-c61a7f689376 tempest-GroupSnapshotsTest-1799390916 None] CMD "sudo cinder-rootwrap /etc/cinder/rootwrap.conf truncate -s0 /opt/stack/data/cinder/mnt/6cfbfe4d3586b496513dd8300f7343c3/volume-86f55b9e-0b07-437f-811d-a30822ab8273.info" returned: 0 in 0.853s {{(pid=86964) execute /opt/stack/data/venv/lib/python3.12/site-packages/oslo_concurrency/processutils.py:468}}
Jul 11 04:30:12 devstack cinder-volume[86964]: WARNING cinder.volume.drivers.remotefs [None req-fb85e533-1101-47bb-bc88-c61a7f689376 tempest-GroupSnapshotsTest-1799390916 None] /opt/stack/data/cinder/mnt/6cfbfe4d3586b496513dd8300f7343c3/volume-86f55b9e-0b07-437f-811d-a30822ab8273.info is being set with open permissions: ugo+rw: NotImplementedError
Jul 11 04:30:12 devstack cinder-volume[86964]: DEBUG oslo_concurrency.processutils [None req-fb85e533-1101-47bb-bc88-c61a7f689376 tempest-GroupSnapshotsTest-1799390916 None] Running cmd (subprocess): sudo cinder-rootwrap /etc/cinder/rootwrap.conf chmod ugo+rw /opt/stack/data/cinder/mnt/6cfbfe4d3586b496513dd8300f7343c3/volume-86f55b9e-0b07-437f-811d-a30822ab8273.info {{(pid=86964) execute /opt/stack/data/venv/lib/python3.12/site-packages/oslo_concurrency/processutils.py:440}}
Jul 11 04:30:12 devstack sudo[94329]: quobyte : PWD=/ ; USER=root ; COMMAND=/opt/stack/data/venv/bin/cinder-rootwrap /etc/cinder/rootwrap.conf chmod ugo+rw /opt/stack/data/cinder/mnt/6cfbfe4d3586b496513dd8300f7343c3/volume-86f55b9e-0b07-437f-811d-a30822ab8273.info
Jul 11 04:30:12 devstack sudo[94329]: pam_unix(sudo:session): session opened for user root(uid=0) by (uid=1000)
Jul 11 04:30:12 devstack cinder-volume[86964]: DEBUG oslo_concurrency.lockutils [req-8f263958-b86f-4d53-8c21-39ac4a5c8b6e req-46039c37-c1d7-42a2-8c9d-fa0b3a54cbda tempest-TestInstancesWithCinderVolumes-1584482579 None] Acquiring lock "quobyte" by "cinder.volume.drivers.quobyte.QuobyteDriver.initialize_connection" {{(pid=86964) inner /opt/stack/data/venv/lib/python3.12/site-packages/oslo_concurrency/lockutils.py:511}}
Jul 11 04:30:12 devstack sudo[94329]: pam_unix(sudo:session): session closed for user root
Jul 11 04:30:12 devstack cinder-volume[86964]: DEBUG oslo_concurrency.processutils [None req-fb85e533-1101-47bb-bc88-c61a7f689376 tempest-GroupSnapshotsTest-1799390916 None] CMD "sudo cinder-rootwrap /etc/cinder/rootwrap.conf chmod ugo+rw /opt/stack/data/cinder/mnt/6cfbfe4d3586b496513dd8300f7343c3/volume-86f55b9e-0b07-437f-811d-a30822ab8273.info" returned: 0 in 0.752s {{(pid=86964) execute /opt/stack/data/venv/lib/python3.12/site-packages/oslo_concurrency/processutils.py:468}}
Jul 11 04:30:12 devstack cinder-volume[86964]: DEBUG oslo_concurrency.lockutils [None req-fb85e533-1101-47bb-bc88-c61a7f689376 tempest-GroupSnapshotsTest-1799390916 None] Lock "quobyte" "released" by "cinder.volume.drivers.quobyte.QuobyteDriver.create_snapshot" :: held 6.043s {{(pid=86964) inner /opt/stack/data/venv/lib/python3.12/site-packages/oslo_concurrency/lockutils.py:543}}
Jul 11 04:30:12 devstack cinder-volume[86964]: DEBUG oslo_concurrency.lockutils [req-8f263958-b86f-4d53-8c21-39ac4a5c8b6e req-46039c37-c1d7-42a2-8c9d-fa0b3a54cbda tempest-TestInstancesWithCinderVolumes-1584482579 None] Lock "quobyte" acquired by "cinder.volume.drivers.quobyte.QuobyteDriver.initialize_connection" :: waited 0.441s {{(pid=86964) inner /opt/stack/data/venv/lib/python3.12/site-packages/oslo_concurrency/lockutils.py:524}}
Jul 11 04:30:12 devstack cinder-volume[86964]: DEBUG oslo.privsep.daemon [-] privsep: reply[db77b0a2-4b99-40fc-bcba-348c3ee44831]: (4, 'raw') {{(pid=87713) _call_back /opt/stack/data/venv/lib/python3.12/site-packages/oslo_privsep/daemon.py:580}}
Jul 11 04:30:12 devstack cinder-volume[86964]: DEBUG oslo_concurrency.processutils [req-8f263958-b86f-4d53-8c21-39ac4a5c8b6e req-46039c37-c1d7-42a2-8c9d-fa0b3a54cbda tempest-TestInstancesWithCinderVolumes-1584482579 None] Running cmd (subprocess): /opt/stack/data/venv/bin/python3.12 -m oslo_concurrency.prlimit --as=1073741824 --cpu=60 -- sudo cinder-rootwrap /etc/cinder/rootwrap.conf env LC_ALL=C qemu-img info -f raw --output=json --force-share /opt/stack/data/cinder/mnt/6cfbfe4d3586b496513dd8300f7343c3/volume-f61301cd-e7f6-4abe-82f4-7c87428bff50 {{(pid=86964) execute /opt/stack/data/venv/lib/python3.12/site-packages/oslo_concurrency/processutils.py:440}}
Jul 11 04:30:13 devstack cinder-volume[86964]: INFO cinder.volume.manager [None req-fb85e533-1101-47bb-bc88-c61a7f689376 tempest-GroupSnapshotsTest-1799390916 None] group_snapshot bcbbee4d-9c8d-4e1e-ae5a-87838752b90d: created successfully
Jul 11 04:30:13 devstack sudo[94340]: quobyte : PWD=/ ; USER=root ; COMMAND=/opt/stack/data/venv/bin/cinder-rootwrap /etc/cinder/rootwrap.conf env LC_ALL=C qemu-img info -f raw --output=json --force-share /opt/stack/data/cinder/mnt/6cfbfe4d3586b496513dd8300f7343c3/volume-f61301cd-e7f6-4abe-82f4-7c87428bff50
Jul 11 04:30:13 devstack sudo[94340]: pam_unix(sudo:session): session opened for user root(uid=0) by (uid=1000)
Jul 11 04:30:13 devstack sudo[94340]: pam_unix(sudo:session): session closed for user root
Jul 11 04:30:13 devstack cinder-volume[86964]: DEBUG oslo_concurrency.processutils [req-8f263958-b86f-4d53-8c21-39ac4a5c8b6e req-46039c37-c1d7-42a2-8c9d-fa0b3a54cbda tempest-TestInstancesWithCinderVolumes-1584482579 None] CMD "/opt/stack/data/venv/bin/python3.12 -m oslo_concurrency.prlimit --as=1073741824 --cpu=60 -- sudo cinder-rootwrap /etc/cinder/rootwrap.conf env LC_ALL=C qemu-img info -f raw --output=json --force-share /opt/stack/data/cinder/mnt/6cfbfe4d3586b496513dd8300f7343c3/volume-f61301cd-e7f6-4abe-82f4-7c87428bff50" returned: 0 in 1.079s {{(pid=86964) execute /opt/stack/data/venv/lib/python3.12/site-packages/oslo_concurrency/processutils.py:468}}
Jul 11 04:30:13 devstack cinder-volume[86964]: DEBUG oslo_concurrency.processutils [req-8f263958-b86f-4d53-8c21-39ac4a5c8b6e req-46039c37-c1d7-42a2-8c9d-fa0b3a54cbda tempest-TestInstancesWithCinderVolumes-1584482579 None] Running cmd (subprocess): /opt/stack/data/venv/bin/python3.12 -m oslo_concurrency.prlimit --as=1073741824 --cpu=60 -- sudo cinder-rootwrap /etc/cinder/rootwrap.conf env LC_ALL=C qemu-img info -f luks --output=json --force-share /opt/stack/data/cinder/mnt/6cfbfe4d3586b496513dd8300f7343c3/volume-f61301cd-e7f6-4abe-82f4-7c87428bff50 {{(pid=86964) execute /opt/stack/data/venv/lib/python3.12/site-packages/oslo_concurrency/processutils.py:440}}
Jul 11 04:30:14 devstack cinder-volume[86964]: INFO cinder.volume.manager [None req-176e0d07-62a6-4bba-bc91-3b734d0f1b56 tempest-GroupSnapshotsTest-1799390916 None] group_snapshot bcbbee4d-9c8d-4e1e-ae5a-87838752b90d: deleting
Jul 11 04:30:14 devstack sudo[94385]: quobyte : PWD=/ ; USER=root ; COMMAND=/opt/stack/data/venv/bin/cinder-rootwrap /etc/cinder/rootwrap.conf env LC_ALL=C qemu-img info -f luks --output=json --force-share /opt/stack/data/cinder/mnt/6cfbfe4d3586b496513dd8300f7343c3/volume-f61301cd-e7f6-4abe-82f4-7c87428bff50
Jul 11 04:30:14 devstack sudo[94385]: pam_unix(sudo:session): session opened for user root(uid=0) by (uid=1000)
Jul 11 04:30:14 devstack cinder-volume[86964]: DEBUG cinder.volume.manager [None req-176e0d07-62a6-4bba-bc91-3b734d0f1b56 tempest-GroupSnapshotsTest-1799390916 None] group_snapshot bcbbee4d-9c8d-4e1e-ae5a-87838752b90d: deleting {{(pid=86964) delete_group_snapshot /opt/stack/cinder/cinder/volume/manager.py:4350}}
Jul 11 04:30:14 devstack cinder-volume[86964]: DEBUG cinder.coordination [None req-176e0d07-62a6-4bba-bc91-3b734d0f1b56 tempest-GroupSnapshotsTest-1799390916 None] Acquiring lock "cinder-quobyte-f793694e-fa0c-4d9c-a05b-688d5b064b12" by "delete_snapshot" {{(pid=86964) __acquire /opt/stack/cinder/cinder/coordination.py:138}}
Jul 11 04:30:14 devstack cinder-volume[86964]: DEBUG cinder.coordination [None req-176e0d07-62a6-4bba-bc91-3b734d0f1b56 tempest-GroupSnapshotsTest-1799390916 None] Lock "cinder-quobyte-f793694e-fa0c-4d9c-a05b-688d5b064b12" acquired by "delete_snapshot" :: waited 0.030s {{(pid=86964) __acquire /opt/stack/cinder/cinder/coordination.py:141}}
Jul 11 04:30:14 devstack cinder-volume[86964]: DEBUG cinder.coordination [None req-176e0d07-62a6-4bba-bc91-3b734d0f1b56 tempest-GroupSnapshotsTest-1799390916 None] Acquiring lock "cinder-quobyte-1198237a-3bea-408b-a4c2-8c2a96d3f50a" by "_delete_snapshot" {{(pid=86964) __acquire /opt/stack/cinder/cinder/coordination.py:138}}
Jul 11 04:30:14 devstack cinder-volume[86964]: DEBUG cinder.coordination [None req-176e0d07-62a6-4bba-bc91-3b734d0f1b56 tempest-GroupSnapshotsTest-1799390916 None] Lock "cinder-quobyte-1198237a-3bea-408b-a4c2-8c2a96d3f50a" acquired by "_delete_snapshot" :: waited 0.023s {{(pid=86964) __acquire /opt/stack/cinder/cinder/coordination.py:141}}
Jul 11 04:30:14 devstack cinder-volume[86964]: DEBUG cinder.volume.drivers.remotefs [None req-176e0d07-62a6-4bba-bc91-3b734d0f1b56 tempest-GroupSnapshotsTest-1799390916 None] Deleting offline snapshot 1198237a-3bea-408b-a4c2-8c2a96d3f50a of volume f793694e-fa0c-4d9c-a05b-688d5b064b12 {{(pid=86964) _delete_snapshot /opt/stack/cinder/cinder/volume/drivers/remotefs.py:1288}}
Jul 11 04:30:14 devstack cinder-volume[86964]: DEBUG cinder.volume.drivers.remotefs [None req-176e0d07-62a6-4bba-bc91-3b734d0f1b56 tempest-GroupSnapshotsTest-1799390916 None] snapshot_file for this snap is: volume-f793694e-fa0c-4d9c-a05b-688d5b064b12.1198237a-3bea-408b-a4c2-8c2a96d3f50a {{(pid=86964) _delete_snapshot /opt/stack/cinder/cinder/volume/drivers/remotefs.py:1317}}
Jul 11 04:30:14 devstack cinder-volume[86964]: DEBUG oslo.privsep.daemon [-] privsep: reply[2834659a-b7f0-4268-88f0-5ab1d1c205f5]: (4, 'qcow2') {{(pid=87713) _call_back /opt/stack/data/venv/lib/python3.12/site-packages/oslo_privsep/daemon.py:580}}
Jul 11 04:30:14 devstack cinder-volume[86964]: DEBUG oslo_concurrency.processutils [None req-176e0d07-62a6-4bba-bc91-3b734d0f1b56 tempest-GroupSnapshotsTest-1799390916 None] Running cmd (subprocess): /opt/stack/data/venv/bin/python3.12 -m oslo_concurrency.prlimit --as=1073741824 --cpu=60 -- sudo cinder-rootwrap /etc/cinder/rootwrap.conf env LC_ALL=C qemu-img info -f qcow2 --output=json --force-share /opt/stack/data/cinder/mnt/6cfbfe4d3586b496513dd8300f7343c3/volume-f793694e-fa0c-4d9c-a05b-688d5b064b12.1198237a-3bea-408b-a4c2-8c2a96d3f50a {{(pid=86964) execute /opt/stack/data/venv/lib/python3.12/site-packages/oslo_concurrency/processutils.py:440}}
Jul 11 04:30:14 devstack sudo[94392]: quobyte : PWD=/ ; USER=root ; COMMAND=/opt/stack/data/venv/bin/cinder-rootwrap /etc/cinder/rootwrap.conf env LC_ALL=C qemu-img info -f qcow2 --output=json --force-share /opt/stack/data/cinder/mnt/6cfbfe4d3586b496513dd8300f7343c3/volume-f793694e-fa0c-4d9c-a05b-688d5b064b12.1198237a-3bea-408b-a4c2-8c2a96d3f50a
Jul 11 04:30:14 devstack sudo[94392]: pam_unix(sudo:session): session opened for user root(uid=0) by (uid=1000)
Jul 11 04:30:15 devstack sudo[94385]: pam_unix(sudo:session): session closed for user root
Jul 11 04:30:15 devstack cinder-volume[86964]: DEBUG oslo_concurrency.processutils [req-8f263958-b86f-4d53-8c21-39ac4a5c8b6e req-46039c37-c1d7-42a2-8c9d-fa0b3a54cbda tempest-TestInstancesWithCinderVolumes-1584482579 None] CMD "/opt/stack/data/venv/bin/python3.12 -m oslo_concurrency.prlimit --as=1073741824 --cpu=60 -- sudo cinder-rootwrap /etc/cinder/rootwrap.conf env LC_ALL=C qemu-img info -f luks --output=json --force-share /opt/stack/data/cinder/mnt/6cfbfe4d3586b496513dd8300f7343c3/volume-f61301cd-e7f6-4abe-82f4-7c87428bff50" returned: 1 in 1.085s {{(pid=86964) execute /opt/stack/data/venv/lib/python3.12/site-packages/oslo_concurrency/processutils.py:468}}
Jul 11 04:30:15 devstack cinder-volume[86964]: DEBUG oslo_concurrency.processutils [req-8f263958-b86f-4d53-8c21-39ac4a5c8b6e req-46039c37-c1d7-42a2-8c9d-fa0b3a54cbda tempest-TestInstancesWithCinderVolumes-1584482579 None] '/opt/stack/data/venv/bin/python3.12 -m oslo_concurrency.prlimit --as=1073741824 --cpu=60 -- sudo cinder-rootwrap /etc/cinder/rootwrap.conf env LC_ALL=C qemu-img info -f luks --output=json --force-share /opt/stack/data/cinder/mnt/6cfbfe4d3586b496513dd8300f7343c3/volume-f61301cd-e7f6-4abe-82f4-7c87428bff50' failed. Not Retrying. {{(pid=86964) execute /opt/stack/data/venv/lib/python3.12/site-packages/oslo_concurrency/processutils.py:543}}
Jul 11 04:30:15 devstack cinder-volume[86964]: DEBUG oslo_concurrency.lockutils [req-8f263958-b86f-4d53-8c21-39ac4a5c8b6e req-46039c37-c1d7-42a2-8c9d-fa0b3a54cbda tempest-TestInstancesWithCinderVolumes-1584482579 None] Lock "quobyte" "released" by "cinder.volume.drivers.quobyte.QuobyteDriver.initialize_connection" :: held 2.230s {{(pid=86964) inner /opt/stack/data/venv/lib/python3.12/site-packages/oslo_concurrency/lockutils.py:543}}
Jul 11 04:30:15 devstack cinder-volume[86964]: DEBUG cinder.volume.manager [req-8f263958-b86f-4d53-8c21-39ac4a5c8b6e req-46039c37-c1d7-42a2-8c9d-fa0b3a54cbda tempest-TestInstancesWithCinderVolumes-1584482579 None] Connection info returned from driver {'export': 'osci02.corp.quobyte.com/cinder-vol-49acd413-87ec-42ef-8f82-f63243027b95', 'name': 'volume-f61301cd-e7f6-4abe-82f4-7c87428bff50', 'options': None, 'format': 'raw', 'qos_specs': None, 'access_mode': 'rw', 'encrypted': False, 'cacheable': False, 'driver_volume_type': 'quobyte', 'mount_point_base': '/opt/stack/data/cinder/mnt', 'attachment_id': '57e6e56c-f68e-457c-a9ef-9fd6bf58db44', 'enforce_multipath': True} {{(pid=86964) _connection_create /opt/stack/cinder/cinder/volume/manager.py:4924}}
Jul 11 04:30:15 devstack cinder-volume[86964]: INFO cinder.volume.manager [req-8f263958-b86f-4d53-8c21-39ac4a5c8b6e req-46039c37-c1d7-42a2-8c9d-fa0b3a54cbda tempest-TestInstancesWithCinderVolumes-1584482579 None] attachment_update completed successfully.
Jul 11 04:30:15 devstack sudo[94392]: pam_unix(sudo:session): session closed for user root
Jul 11 04:30:15 devstack cinder-volume[86964]: DEBUG oslo_concurrency.processutils [None req-176e0d07-62a6-4bba-bc91-3b734d0f1b56 tempest-GroupSnapshotsTest-1799390916 None] CMD "/opt/stack/data/venv/bin/python3.12 -m oslo_concurrency.prlimit --as=1073741824 --cpu=60 -- sudo cinder-rootwrap /etc/cinder/rootwrap.conf env LC_ALL=C qemu-img info -f qcow2 --output=json --force-share /opt/stack/data/cinder/mnt/6cfbfe4d3586b496513dd8300f7343c3/volume-f793694e-fa0c-4d9c-a05b-688d5b064b12.1198237a-3bea-408b-a4c2-8c2a96d3f50a" returned: 0 in 1.200s {{(pid=86964) execute /opt/stack/data/venv/lib/python3.12/site-packages/oslo_concurrency/processutils.py:468}}
Jul 11 04:30:15 devstack cinder-volume[86964]: DEBUG cinder.volume.drivers.remotefs [None req-176e0d07-62a6-4bba-bc91-3b734d0f1b56 tempest-GroupSnapshotsTest-1799390916 None] Fetching qemu-img info with special backing_file_template: (/opt/stack/data/cinder/mnt/[0-9a-f]+/)?(volume-f793694e-fa0c-4d9c-a05b-688d5b064b12(.(tmp-snap-)?[0-9a-f-]+)?|volume_from_snapshot_cache/(tmp-snap-)?[0-9a-f-]+(.(child-|parent-)[0-9a-f-]+)?)$ {{(pid=86964) _qemu_img_info_base /opt/stack/cinder/cinder/volume/drivers/remotefs.py:896}}
Jul 11 04:30:15 devstack cinder-volume[86964]: DEBUG oslo.privsep.daemon [-] privsep: reply[dee77c8d-134d-4ea4-9fdd-b58dbf2b0f77]: (4, 'qcow2') {{(pid=87713) _call_back /opt/stack/data/venv/lib/python3.12/site-packages/oslo_privsep/daemon.py:580}}
Jul 11 04:30:15 devstack cinder-volume[86964]: DEBUG oslo_concurrency.processutils [None req-176e0d07-62a6-4bba-bc91-3b734d0f1b56 tempest-GroupSnapshotsTest-1799390916 None] Running cmd (subprocess): /opt/stack/data/venv/bin/python3.12 -m oslo_concurrency.prlimit --as=1073741824 --cpu=60 -- sudo cinder-rootwrap /etc/cinder/rootwrap.conf env LC_ALL=C qemu-img info -f qcow2 --output=json --force-share /opt/stack/data/cinder/mnt/6cfbfe4d3586b496513dd8300f7343c3/volume-f793694e-fa0c-4d9c-a05b-688d5b064b12 {{(pid=86964) execute /opt/stack/data/venv/lib/python3.12/site-packages/oslo_concurrency/processutils.py:440}}
Jul 11 04:30:15 devstack sudo[94439]: quobyte : PWD=/ ; USER=root ; COMMAND=/opt/stack/data/venv/bin/cinder-rootwrap /etc/cinder/rootwrap.conf env LC_ALL=C qemu-img info -f qcow2 --output=json --force-share /opt/stack/data/cinder/mnt/6cfbfe4d3586b496513dd8300f7343c3/volume-f793694e-fa0c-4d9c-a05b-688d5b064b12
Jul 11 04:30:15 devstack sudo[94439]: pam_unix(sudo:session): session opened for user root(uid=0) by (uid=1000)
Jul 11 04:30:16 devstack sudo[94439]: pam_unix(sudo:session): session closed for user root
Jul 11 04:30:16 devstack cinder-volume[86964]: DEBUG oslo_concurrency.processutils [None req-176e0d07-62a6-4bba-bc91-3b734d0f1b56 tempest-GroupSnapshotsTest-1799390916 None] CMD "/opt/stack/data/venv/bin/python3.12 -m oslo_concurrency.prlimit --as=1073741824 --cpu=60 -- sudo cinder-rootwrap /etc/cinder/rootwrap.conf env LC_ALL=C qemu-img info -f qcow2 --output=json --force-share /opt/stack/data/cinder/mnt/6cfbfe4d3586b496513dd8300f7343c3/volume-f793694e-fa0c-4d9c-a05b-688d5b064b12" returned: 0 in 1.067s {{(pid=86964) execute /opt/stack/data/venv/lib/python3.12/site-packages/oslo_concurrency/processutils.py:468}}
Jul 11 04:30:16 devstack cinder-volume[86964]: DEBUG oslo_concurrency.processutils [None req-176e0d07-62a6-4bba-bc91-3b734d0f1b56 tempest-GroupSnapshotsTest-1799390916 None] Running cmd (subprocess): sudo cinder-rootwrap /etc/cinder/rootwrap.conf qemu-img commit -d /opt/stack/data/cinder/mnt/6cfbfe4d3586b496513dd8300f7343c3/volume-f793694e-fa0c-4d9c-a05b-688d5b064b12.1198237a-3bea-408b-a4c2-8c2a96d3f50a {{(pid=86964) execute /opt/stack/data/venv/lib/python3.12/site-packages/oslo_concurrency/processutils.py:440}}
Jul 11 04:30:16 devstack sudo[94449]: quobyte : PWD=/ ; USER=root ; COMMAND=/opt/stack/data/venv/bin/cinder-rootwrap /etc/cinder/rootwrap.conf qemu-img commit -d /opt/stack/data/cinder/mnt/6cfbfe4d3586b496513dd8300f7343c3/volume-f793694e-fa0c-4d9c-a05b-688d5b064b12.1198237a-3bea-408b-a4c2-8c2a96d3f50a
Jul 11 04:30:16 devstack sudo[94449]: pam_unix(sudo:session): session opened for user root(uid=0) by (uid=1000)
Jul 11 04:30:18 devstack sudo[94449]: pam_unix(sudo:session): session closed for user root
Jul 11 04:30:18 devstack cinder-volume[86964]: DEBUG oslo_concurrency.processutils [None req-176e0d07-62a6-4bba-bc91-3b734d0f1b56 tempest-GroupSnapshotsTest-1799390916 None] CMD "sudo cinder-rootwrap /etc/cinder/rootwrap.conf qemu-img commit -d /opt/stack/data/cinder/mnt/6cfbfe4d3586b496513dd8300f7343c3/volume-f793694e-fa0c-4d9c-a05b-688d5b064b12.1198237a-3bea-408b-a4c2-8c2a96d3f50a" returned: 0 in 1.493s {{(pid=86964) execute /opt/stack/data/venv/lib/python3.12/site-packages/oslo_concurrency/processutils.py:468}}
Jul 11 04:30:18 devstack cinder-volume[86964]: DEBUG oslo_concurrency.processutils [None req-176e0d07-62a6-4bba-bc91-3b734d0f1b56 tempest-GroupSnapshotsTest-1799390916 None] Running cmd (subprocess): sudo cinder-rootwrap /etc/cinder/rootwrap.conf rm -f /opt/stack/data/cinder/mnt/6cfbfe4d3586b496513dd8300f7343c3/volume-f793694e-fa0c-4d9c-a05b-688d5b064b12.1198237a-3bea-408b-a4c2-8c2a96d3f50a {{(pid=86964) execute /opt/stack/data/venv/lib/python3.12/site-packages/oslo_concurrency/processutils.py:440}}
Jul 11 04:30:18 devstack sudo[94547]: quobyte : PWD=/ ; USER=root ; COMMAND=/opt/stack/data/venv/bin/cinder-rootwrap /etc/cinder/rootwrap.conf rm -f /opt/stack/data/cinder/mnt/6cfbfe4d3586b496513dd8300f7343c3/volume-f793694e-fa0c-4d9c-a05b-688d5b064b12.1198237a-3bea-408b-a4c2-8c2a96d3f50a
Jul 11 04:30:18 devstack sudo[94547]: pam_unix(sudo:session): session opened for user root(uid=0) by (uid=1000)
Jul 11 04:30:19 devstack sudo[94547]: pam_unix(sudo:session): session closed for user root
Jul 11 04:30:19 devstack cinder-volume[86964]: DEBUG oslo_concurrency.processutils [None req-176e0d07-62a6-4bba-bc91-3b734d0f1b56 tempest-GroupSnapshotsTest-1799390916 None] CMD "sudo cinder-rootwrap /etc/cinder/rootwrap.conf rm -f /opt/stack/data/cinder/mnt/6cfbfe4d3586b496513dd8300f7343c3/volume-f793694e-fa0c-4d9c-a05b-688d5b064b12.1198237a-3bea-408b-a4c2-8c2a96d3f50a" returned: 0 in 1.165s {{(pid=86964) execute /opt/stack/data/venv/lib/python3.12/site-packages/oslo_concurrency/processutils.py:468}}
Jul 11 04:30:19 devstack cinder-volume[86964]: DEBUG cinder.coordination [None req-176e0d07-62a6-4bba-bc91-3b734d0f1b56 tempest-GroupSnapshotsTest-1799390916 None] Lock "cinder-quobyte-1198237a-3bea-408b-a4c2-8c2a96d3f50a" released by "_delete_snapshot" :: held 5.150s {{(pid=86964) __release /opt/stack/cinder/cinder/coordination.py:152}}
Jul 11 04:30:19 devstack cinder-volume[86964]: DEBUG cinder.coordination [None req-176e0d07-62a6-4bba-bc91-3b734d0f1b56 tempest-GroupSnapshotsTest-1799390916 None] Lock "cinder-quobyte-f793694e-fa0c-4d9c-a05b-688d5b064b12" released by "delete_snapshot" :: held 5.189s {{(pid=86964) __release /opt/stack/cinder/cinder/coordination.py:152}}
Jul 11 04:30:19 devstack cinder-volume[86964]: DEBUG cinder.coordination [None req-176e0d07-62a6-4bba-bc91-3b734d0f1b56 tempest-GroupSnapshotsTest-1799390916 None] Acquiring lock "cinder-quobyte-86f55b9e-0b07-437f-811d-a30822ab8273" by "delete_snapshot" {{(pid=86964) __acquire /opt/stack/cinder/cinder/coordination.py:138}}
Jul 11 04:30:19 devstack cinder-volume[86964]: DEBUG cinder.coordination [None req-176e0d07-62a6-4bba-bc91-3b734d0f1b56 tempest-GroupSnapshotsTest-1799390916 None] Lock "cinder-quobyte-86f55b9e-0b07-437f-811d-a30822ab8273" acquired by "delete_snapshot" :: waited 0.058s {{(pid=86964) __acquire /opt/stack/cinder/cinder/coordination.py:141}}
Jul 11 04:30:19 devstack cinder-volume[86964]: DEBUG cinder.coordination [None req-176e0d07-62a6-4bba-bc91-3b734d0f1b56 tempest-GroupSnapshotsTest-1799390916 None] Acquiring lock "cinder-quobyte-d37d8e4a-61c8-49db-8fc4-859b92fbff61" by "_delete_snapshot" {{(pid=86964) __acquire /opt/stack/cinder/cinder/coordination.py:138}}
Jul 11 04:30:19 devstack cinder-volume[86964]: DEBUG cinder.coordination [None req-176e0d07-62a6-4bba-bc91-3b734d0f1b56 tempest-GroupSnapshotsTest-1799390916 None] Lock "cinder-quobyte-d37d8e4a-61c8-49db-8fc4-859b92fbff61" acquired by "_delete_snapshot" :: waited 0.079s {{(pid=86964) __acquire /opt/stack/cinder/cinder/coordination.py:141}}
Jul 11 04:30:19 devstack cinder-volume[86964]: DEBUG cinder.volume.drivers.remotefs [None req-176e0d07-62a6-4bba-bc91-3b734d0f1b56 tempest-GroupSnapshotsTest-1799390916 None] Deleting offline snapshot d37d8e4a-61c8-49db-8fc4-859b92fbff61 of volume 86f55b9e-0b07-437f-811d-a30822ab8273 {{(pid=86964) _delete_snapshot /opt/stack/cinder/cinder/volume/drivers/remotefs.py:1288}}
Jul 11 04:30:19 devstack cinder-volume[86964]: DEBUG cinder.volume.drivers.remotefs [None req-176e0d07-62a6-4bba-bc91-3b734d0f1b56 tempest-GroupSnapshotsTest-1799390916 None] snapshot_file for this snap is: volume-86f55b9e-0b07-437f-811d-a30822ab8273.d37d8e4a-61c8-49db-8fc4-859b92fbff61 {{(pid=86964) _delete_snapshot /opt/stack/cinder/cinder/volume/drivers/remotefs.py:1317}}
Jul 11 04:30:19 devstack cinder-volume[86964]: DEBUG oslo.privsep.daemon [-] privsep: reply[32375d48-ee1a-42d2-b397-eeee1501802b]: (4, 'qcow2') {{(pid=87713) _call_back /opt/stack/data/venv/lib/python3.12/site-packages/oslo_privsep/daemon.py:580}}
Jul 11 04:30:19 devstack cinder-volume[86964]: DEBUG oslo_concurrency.processutils [None req-176e0d07-62a6-4bba-bc91-3b734d0f1b56 tempest-GroupSnapshotsTest-1799390916 None] Running cmd (subprocess): /opt/stack/data/venv/bin/python3.12 -m oslo_concurrency.prlimit --as=1073741824 --cpu=60 -- sudo cinder-rootwrap /etc/cinder/rootwrap.conf env LC_ALL=C qemu-img info -f qcow2 --output=json --force-share /opt/stack/data/cinder/mnt/6cfbfe4d3586b496513dd8300f7343c3/volume-86f55b9e-0b07-437f-811d-a30822ab8273.d37d8e4a-61c8-49db-8fc4-859b92fbff61 {{(pid=86964) execute /opt/stack/data/venv/lib/python3.12/site-packages/oslo_concurrency/processutils.py:440}}
Jul 11 04:30:20 devstack sudo[94579]: quobyte : PWD=/ ; USER=root ; COMMAND=/opt/stack/data/venv/bin/cinder-rootwrap /etc/cinder/rootwrap.conf env LC_ALL=C qemu-img info -f qcow2 --output=json --force-share /opt/stack/data/cinder/mnt/6cfbfe4d3586b496513dd8300f7343c3/volume-86f55b9e-0b07-437f-811d-a30822ab8273.d37d8e4a-61c8-49db-8fc4-859b92fbff61
Jul 11 04:30:20 devstack sudo[94579]: pam_unix(sudo:session): session opened for user root(uid=0) by (uid=1000)
Jul 11 04:30:21 devstack sudo[94579]: pam_unix(sudo:session): session closed for user root
Jul 11 04:30:21 devstack cinder-volume[86964]: DEBUG oslo_concurrency.processutils [None req-176e0d07-62a6-4bba-bc91-3b734d0f1b56 tempest-GroupSnapshotsTest-1799390916 None] CMD "/opt/stack/data/venv/bin/python3.12 -m oslo_concurrency.prlimit --as=1073741824 --cpu=60 -- sudo cinder-rootwrap /etc/cinder/rootwrap.conf env LC_ALL=C qemu-img info -f qcow2 --output=json --force-share /opt/stack/data/cinder/mnt/6cfbfe4d3586b496513dd8300f7343c3/volume-86f55b9e-0b07-437f-811d-a30822ab8273.d37d8e4a-61c8-49db-8fc4-859b92fbff61" returned: 0 in 1.947s {{(pid=86964) execute /opt/stack/data/venv/lib/python3.12/site-packages/oslo_concurrency/processutils.py:468}}
Jul 11 04:30:21 devstack cinder-volume[86964]: DEBUG cinder.volume.drivers.remotefs [None req-176e0d07-62a6-4bba-bc91-3b734d0f1b56 tempest-GroupSnapshotsTest-1799390916 None] Fetching qemu-img info with special backing_file_template: (/opt/stack/data/cinder/mnt/[0-9a-f]+/)?(volume-86f55b9e-0b07-437f-811d-a30822ab8273(.(tmp-snap-)?[0-9a-f-]+)?|volume_from_snapshot_cache/(tmp-snap-)?[0-9a-f-]+(.(child-|parent-)[0-9a-f-]+)?)$ {{(pid=86964) _qemu_img_info_base /opt/stack/cinder/cinder/volume/drivers/remotefs.py:896}}
Jul 11 04:30:21 devstack cinder-volume[86964]: DEBUG oslo.privsep.daemon [-] privsep: reply[27a3ca8a-f621-4963-a05b-ce753de49b06]: (4, 'qcow2') {{(pid=87713) _call_back /opt/stack/data/venv/lib/python3.12/site-packages/oslo_privsep/daemon.py:580}}
Jul 11 04:30:21 devstack cinder-volume[86964]: DEBUG oslo_concurrency.processutils [None req-176e0d07-62a6-4bba-bc91-3b734d0f1b56 tempest-GroupSnapshotsTest-1799390916 None] Running cmd (subprocess): /opt/stack/data/venv/bin/python3.12 -m oslo_concurrency.prlimit --as=1073741824 --cpu=60 -- sudo cinder-rootwrap /etc/cinder/rootwrap.conf env LC_ALL=C qemu-img info -f qcow2 --output=json --force-share /opt/stack/data/cinder/mnt/6cfbfe4d3586b496513dd8300f7343c3/volume-86f55b9e-0b07-437f-811d-a30822ab8273 {{(pid=86964) execute /opt/stack/data/venv/lib/python3.12/site-packages/oslo_concurrency/processutils.py:440}}
Jul 11 04:30:22 devstack sudo[94930]: quobyte : PWD=/ ; USER=root ; COMMAND=/opt/stack/data/venv/bin/cinder-rootwrap /etc/cinder/rootwrap.conf env LC_ALL=C qemu-img info -f qcow2 --output=json --force-share /opt/stack/data/cinder/mnt/6cfbfe4d3586b496513dd8300f7343c3/volume-86f55b9e-0b07-437f-811d-a30822ab8273
Jul 11 04:30:22 devstack sudo[94930]: pam_unix(sudo:session): session opened for user root(uid=0) by (uid=1000)
Jul 11 04:30:23 devstack sudo[94930]: pam_unix(sudo:session): session closed for user root
Jul 11 04:30:23 devstack cinder-volume[86964]: DEBUG oslo_concurrency.processutils [None req-176e0d07-62a6-4bba-bc91-3b734d0f1b56 tempest-GroupSnapshotsTest-1799390916 None] CMD "/opt/stack/data/venv/bin/python3.12 -m oslo_concurrency.prlimit --as=1073741824 --cpu=60 -- sudo cinder-rootwrap /etc/cinder/rootwrap.conf env LC_ALL=C qemu-img info -f qcow2 --output=json --force-share /opt/stack/data/cinder/mnt/6cfbfe4d3586b496513dd8300f7343c3/volume-86f55b9e-0b07-437f-811d-a30822ab8273" returned: 0 in 2.126s {{(pid=86964) execute /opt/stack/data/venv/lib/python3.12/site-packages/oslo_concurrency/processutils.py:468}}
Jul 11 04:30:23 devstack cinder-volume[86964]: DEBUG oslo_concurrency.processutils [None req-176e0d07-62a6-4bba-bc91-3b734d0f1b56 tempest-GroupSnapshotsTest-1799390916 None] Running cmd (subprocess): sudo cinder-rootwrap /etc/cinder/rootwrap.conf qemu-img commit -d /opt/stack/data/cinder/mnt/6cfbfe4d3586b496513dd8300f7343c3/volume-86f55b9e-0b07-437f-811d-a30822ab8273.d37d8e4a-61c8-49db-8fc4-859b92fbff61 {{(pid=86964) execute /opt/stack/data/venv/lib/python3.12/site-packages/oslo_concurrency/processutils.py:440}}
Jul 11 04:30:24 devstack sudo[94957]: quobyte : PWD=/ ; USER=root ; COMMAND=/opt/stack/data/venv/bin/cinder-rootwrap /etc/cinder/rootwrap.conf qemu-img commit -d /opt/stack/data/cinder/mnt/6cfbfe4d3586b496513dd8300f7343c3/volume-86f55b9e-0b07-437f-811d-a30822ab8273.d37d8e4a-61c8-49db-8fc4-859b92fbff61
Jul 11 04:30:24 devstack sudo[94957]: pam_unix(sudo:session): session opened for user root(uid=0) by (uid=1000)
Jul 11 04:30:25 devstack cinder-volume[86964]: DEBUG dbcounter [-] [86964] Writing DB stats cinder:SELECT=74,cinder:UPDATE=55,cinder:INSERT=14,cinder:DELETE=3 {{(pid=86964) stat_writer /opt/stack/data/venv/lib/python3.12/site-packages/dbcounter.py:115}}
Jul 11 04:30:25 devstack sudo[94957]: pam_unix(sudo:session): session closed for user root
Jul 11 04:30:25 devstack cinder-volume[86964]: DEBUG oslo_concurrency.processutils [None req-176e0d07-62a6-4bba-bc91-3b734d0f1b56 tempest-GroupSnapshotsTest-1799390916 None] CMD "sudo cinder-rootwrap /etc/cinder/rootwrap.conf qemu-img commit -d /opt/stack/data/cinder/mnt/6cfbfe4d3586b496513dd8300f7343c3/volume-86f55b9e-0b07-437f-811d-a30822ab8273.d37d8e4a-61c8-49db-8fc4-859b92fbff61" returned: 0 in 1.711s {{(pid=86964) execute /opt/stack/data/venv/lib/python3.12/site-packages/oslo_concurrency/processutils.py:468}}
Jul 11 04:30:25 devstack cinder-volume[86964]: DEBUG oslo_concurrency.processutils [None req-176e0d07-62a6-4bba-bc91-3b734d0f1b56 tempest-GroupSnapshotsTest-1799390916 None] Running cmd (subprocess): sudo cinder-rootwrap /etc/cinder/rootwrap.conf rm -f /opt/stack/data/cinder/mnt/6cfbfe4d3586b496513dd8300f7343c3/volume-86f55b9e-0b07-437f-811d-a30822ab8273.d37d8e4a-61c8-49db-8fc4-859b92fbff61 {{(pid=86964) execute /opt/stack/data/venv/lib/python3.12/site-packages/oslo_concurrency/processutils.py:440}}
Jul 11 04:30:25 devstack sudo[94965]: quobyte : PWD=/ ; USER=root ; COMMAND=/opt/stack/data/venv/bin/cinder-rootwrap /etc/cinder/rootwrap.conf rm -f /opt/stack/data/cinder/mnt/6cfbfe4d3586b496513dd8300f7343c3/volume-86f55b9e-0b07-437f-811d-a30822ab8273.d37d8e4a-61c8-49db-8fc4-859b92fbff61
Jul 11 04:30:25 devstack sudo[94965]: pam_unix(sudo:session): session opened for user root(uid=0) by (uid=1000)
Jul 11 04:30:27 devstack sudo[94965]: pam_unix(sudo:session): session closed for user root
Jul 11 04:30:27 devstack cinder-volume[86964]: DEBUG oslo_concurrency.processutils [None req-176e0d07-62a6-4bba-bc91-3b734d0f1b56 tempest-GroupSnapshotsTest-1799390916 None] CMD "sudo cinder-rootwrap /etc/cinder/rootwrap.conf rm -f /opt/stack/data/cinder/mnt/6cfbfe4d3586b496513dd8300f7343c3/volume-86f55b9e-0b07-437f-811d-a30822ab8273.d37d8e4a-61c8-49db-8fc4-859b92fbff61" returned: 0 in 1.481s {{(pid=86964) execute /opt/stack/data/venv/lib/python3.12/site-packages/oslo_concurrency/processutils.py:468}}
Jul 11 04:30:27 devstack cinder-volume[86964]: DEBUG cinder.coordination [None req-176e0d07-62a6-4bba-bc91-3b734d0f1b56 tempest-GroupSnapshotsTest-1799390916 None] Lock "cinder-quobyte-d37d8e4a-61c8-49db-8fc4-859b92fbff61" released by "_delete_snapshot" :: held 7.475s {{(pid=86964) __release /opt/stack/cinder/cinder/coordination.py:152}}
Jul 11 04:30:27 devstack cinder-volume[86964]: DEBUG cinder.coordination [None req-176e0d07-62a6-4bba-bc91-3b734d0f1b56 tempest-GroupSnapshotsTest-1799390916 None] Lock "cinder-quobyte-86f55b9e-0b07-437f-811d-a30822ab8273" released by "delete_snapshot" :: held 7.568s {{(pid=86964) __release /opt/stack/cinder/cinder/coordination.py:152}}
Jul 11 04:30:27 devstack cinder-volume[86964]: WARNING cinder.quota [None req-176e0d07-62a6-4bba-bc91-3b734d0f1b56 tempest-GroupSnapshotsTest-1799390916 None] Deprecated: Default quota for resource: gigabytes_tempest-GroupSnapshotsTest-volume-type-1826192045 is set by the default quota flag: quota_gigabytes_tempest-GroupSnapshotsTest-volume-type-1826192045, it is now deprecated. Please use the default quota class for default quota.
Jul 11 04:30:27 devstack cinder-volume[86964]: WARNING cinder.quota [None req-176e0d07-62a6-4bba-bc91-3b734d0f1b56 tempest-GroupSnapshotsTest-1799390916 None] Deprecated: Default quota for resource: snapshots_tempest-GroupSnapshotsTest-volume-type-1826192045 is set by the default quota flag: quota_snapshots_tempest-GroupSnapshotsTest-volume-type-1826192045, it is now deprecated. Please use the default quota class for default quota.
Jul 11 04:30:27 devstack cinder-volume[86964]: DEBUG cinder.quota [None req-176e0d07-62a6-4bba-bc91-3b734d0f1b56 tempest-GroupSnapshotsTest-1799390916 None] Created reservations ['90c174fd-eee4-4c28-a9ff-b879bf5da01a', '8a67d2d6-ba72-42c8-8df6-3c04a4ce5a59', '9edd8838-1972-4c8b-839e-6e8890459c3e', '72d66969-ecff-491a-b641-602b608e70b3'] {{(pid=86964) reserve /opt/stack/cinder/cinder/quota.py:752}}
Jul 11 04:30:27 devstack cinder-volume[86964]: DEBUG cinder.quota [None req-176e0d07-62a6-4bba-bc91-3b734d0f1b56 tempest-GroupSnapshotsTest-1799390916 None] Created reservations ['bb108671-8bb7-4d99-8c11-fbf4e1517b4d', '394c8faf-ef16-4d29-974c-882a0c44be7b', '6b4a6628-46ff-4baa-b3a7-1f1efdff2b8b', '3e2f2d1f-2455-42ce-84a3-d4069747efe7'] {{(pid=86964) reserve /opt/stack/cinder/cinder/quota.py:752}}
Jul 11 04:30:27 devstack cinder-volume[86964]: INFO cinder.volume.manager [None req-176e0d07-62a6-4bba-bc91-3b734d0f1b56 tempest-GroupSnapshotsTest-1799390916 None] group_snapshot bcbbee4d-9c8d-4e1e-ae5a-87838752b90d: deleted successfully
Jul 11 04:30:29 devstack cinder-volume[86964]: DEBUG cinder.coordination [None req-76af1ba7-69a4-4544-a0c9-586a7d8cae39 tempest-GroupSnapshotsTest-1799390916 None] Acquiring lock "cinder-quobyte-86f55b9e-0b07-437f-811d-a30822ab8273" by "delete_volume" {{(pid=86964) __acquire /opt/stack/cinder/cinder/coordination.py:138}}
Jul 11 04:30:29 devstack cinder-volume[86964]: DEBUG cinder.coordination [None req-76af1ba7-69a4-4544-a0c9-586a7d8cae39 tempest-GroupSnapshotsTest-1799390916 None] Lock "cinder-quobyte-86f55b9e-0b07-437f-811d-a30822ab8273" acquired by "delete_volume" :: waited 0.068s {{(pid=86964) __acquire /opt/stack/cinder/cinder/coordination.py:141}}
Jul 11 04:30:29 devstack cinder-volume[86964]: DEBUG oslo.privsep.daemon [-] privsep: reply[2bc5192c-8368-4aeb-a416-9a13524dc18b]: (4, 'qcow2') {{(pid=87713) _call_back /opt/stack/data/venv/lib/python3.12/site-packages/oslo_privsep/daemon.py:580}}
Jul 11 04:30:29 devstack cinder-volume[86964]: DEBUG oslo_concurrency.processutils [None req-76af1ba7-69a4-4544-a0c9-586a7d8cae39 tempest-GroupSnapshotsTest-1799390916 None] Running cmd (subprocess): /opt/stack/data/venv/bin/python3.12 -m oslo_concurrency.prlimit --as=1073741824 --cpu=60 -- sudo cinder-rootwrap /etc/cinder/rootwrap.conf env LC_ALL=C qemu-img info -f qcow2 --output=json --force-share /opt/stack/data/cinder/mnt/6cfbfe4d3586b496513dd8300f7343c3/volume-86f55b9e-0b07-437f-811d-a30822ab8273 {{(pid=86964) execute /opt/stack/data/venv/lib/python3.12/site-packages/oslo_concurrency/processutils.py:440}}
