Jun 24 05:02:08 devstack cinder-volume[93830]: DEBUG cinder.volume.drivers.remotefs [None req-61f17d5b-e621-4a6a-9909-0e69e233043b tempest-GroupSnapshotsTest-1374070386 None] Fetching qemu-img info with special backing_file_template: (/opt/stack/data/cinder/mnt/[0-9a-f]+/)?(volume-d785a9e2-a2b0-44ef-855b-afbc680e7bca(.(tmp-snap-)?[0-9a-f-]+)?|volume_from_snapshot_cache/(tmp-snap-)?[0-9a-f-]+(.(child-|parent-)[0-9a-f-]+)?)$ {{(pid=93830) _qemu_img_info_base /opt/stack/cinder/cinder/volume/drivers/remotefs.py:896}}
Jun 24 05:02:08 devstack cinder-volume[93830]: DEBUG cinder.volume.drivers.quobyte [None req-61f17d5b-e621-4a6a-9909-0e69e233043b tempest-GroupSnapshotsTest-1374070386 None] will copy from snapshot at /opt/stack/data/cinder/mnt/6a5dcddee8175a89bd7f59cbd1aa396e/volume-d785a9e2-a2b0-44ef-855b-afbc680e7bca {{(pid=93830) _copy_volume_from_snapshot /opt/stack/cinder/cinder/volume/drivers/quobyte.py:420}}
Jun 24 05:02:08 devstack cinder-volume[93830]: DEBUG cinder.volume.drivers.quobyte [None req-61f17d5b-e621-4a6a-9909-0e69e233043b tempest-GroupSnapshotsTest-1374070386 None] Creating direct copy from snapshot {{(pid=93830) _copy_volume_from_snapshot /opt/stack/cinder/cinder/volume/drivers/quobyte.py:428}}
Jun 24 05:02:08 devstack cinder-volume[93830]: DEBUG oslo.privsep.daemon [-] privsep: reply[8e7c6dc0-59a7-4d54-81d6-9387288b0857]: (4, 'qcow2') {{(pid=95352) _call_back /opt/stack/data/venv/lib/python3.12/site-packages/oslo_privsep/daemon.py:580}}
Jun 24 05:02:08 devstack cinder-volume[93830]: DEBUG oslo_concurrency.processutils [None req-61f17d5b-e621-4a6a-9909-0e69e233043b tempest-GroupSnapshotsTest-1374070386 None] Running cmd (subprocess): /opt/stack/data/venv/bin/python3.12 -m oslo_concurrency.prlimit --as=1073741824 --cpu=60 -- sudo cinder-rootwrap /etc/cinder/rootwrap.conf env LC_ALL=C qemu-img info -f qcow2 --output=json /opt/stack/data/cinder/mnt/6a5dcddee8175a89bd7f59cbd1aa396e/volume-d785a9e2-a2b0-44ef-855b-afbc680e7bca {{(pid=93830) execute /opt/stack/data/venv/lib/python3.12/site-packages/oslo_concurrency/processutils.py:440}}
Jun 24 05:02:08 devstack sudo[99561]: pam_unix(sudo:session): session closed for user root
Jun 24 05:02:08 devstack cinder-volume[93830]: DEBUG oslo_concurrency.processutils [None req-69bde7ea-9797-4bc6-8875-9cae9b18069a tempest-SnapshotsActionsTest-636083438 None] CMD "sudo cinder-rootwrap /etc/cinder/rootwrap.conf rm -f /opt/stack/data/cinder/mnt/6a5dcddee8175a89bd7f59cbd1aa396e/volume-843afbc6-3433-46e0-9c9e-d9d9c43fa8d3" returned: 0 in 0.792s {{(pid=93830) execute /opt/stack/data/venv/lib/python3.12/site-packages/oslo_concurrency/processutils.py:468}}
Jun 24 05:02:08 devstack sudo[99580]: quobyte : PWD=/ ; USER=root ; COMMAND=/opt/stack/data/venv/bin/cinder-rootwrap /etc/cinder/rootwrap.conf env LC_ALL=C qemu-img info -f qcow2 --output=json /opt/stack/data/cinder/mnt/6a5dcddee8175a89bd7f59cbd1aa396e/volume-d785a9e2-a2b0-44ef-855b-afbc680e7bca
Jun 24 05:02:08 devstack sudo[99580]: pam_unix(sudo:session): session opened for user root(uid=0) by (uid=1000)
Jun 24 05:02:08 devstack cinder-volume[93830]: DEBUG cinder.coordination [None req-69bde7ea-9797-4bc6-8875-9cae9b18069a tempest-SnapshotsActionsTest-636083438 None] Lock "cinder-quobyte-843afbc6-3433-46e0-9c9e-d9d9c43fa8d3" released by "delete_volume" :: held 2.040s {{(pid=93830) __release /opt/stack/cinder/cinder/coordination.py:152}}
Jun 24 05:02:08 devstack cinder-volume[93830]: DEBUG cinder.quota [None req-69bde7ea-9797-4bc6-8875-9cae9b18069a tempest-SnapshotsActionsTest-636083438 None] Created reservations ['ce6f8a22-116f-4a6d-827e-929c6dea96a7', '19dec81f-d218-487d-b8b5-ae76ab231d6d', '8d7990e8-a2c0-4274-9237-6bc810451fc8', '84fb465a-c2d7-4cec-bf4b-334a14836d06'] {{(pid=93830) reserve /opt/stack/cinder/cinder/quota.py:752}}
Jun 24 05:02:08 devstack cinder-volume[93830]: DEBUG oslo_concurrency.lockutils [None req-69bde7ea-9797-4bc6-8875-9cae9b18069a tempest-SnapshotsActionsTest-636083438 None] Acquiring lock "quobyte_ensure" by "cinder.volume.drivers.quobyte.QuobyteDriver._ensure_shares_mounted" {{(pid=93830) inner /opt/stack/data/venv/lib/python3.12/site-packages/oslo_concurrency/lockutils.py:511}}
Jun 24 05:02:08 devstack cinder-volume[93830]: DEBUG oslo_concurrency.lockutils [None req-69bde7ea-9797-4bc6-8875-9cae9b18069a tempest-SnapshotsActionsTest-636083438 None] Lock "quobyte_ensure" acquired by "cinder.volume.drivers.quobyte.QuobyteDriver._ensure_shares_mounted" :: waited 0.001s {{(pid=93830) inner /opt/stack/data/venv/lib/python3.12/site-packages/oslo_concurrency/lockutils.py:524}}
Jun 24 05:02:08 devstack cinder-volume[93830]: DEBUG cinder.volume.drivers.quobyte [None req-69bde7ea-9797-4bc6-8875-9cae9b18069a tempest-SnapshotsActionsTest-636083438 None] Quobyte Volume URL set to: {'osci02.corp.quobyte.com/cinder-vol-a509bff3-43c9-46fb-8281-f1f9b49fca05': None} {{(pid=93830) _load_shares_config /opt/stack/cinder/cinder/volume/drivers/quobyte.py:617}}
Jun 24 05:02:08 devstack cinder-volume[93830]: DEBUG cinder.volume.drivers.quobyte [None req-69bde7ea-9797-4bc6-8875-9cae9b18069a tempest-SnapshotsActionsTest-636083438 None] Available shares ['osci02.corp.quobyte.com/cinder-vol-a509bff3-43c9-46fb-8281-f1f9b49fca05'] {{(pid=93830) _ensure_shares_mounted /opt/stack/cinder/cinder/volume/drivers/quobyte.py:647}}
Jun 24 05:02:08 devstack cinder-volume[93830]: DEBUG oslo_concurrency.lockutils [None req-69bde7ea-9797-4bc6-8875-9cae9b18069a tempest-SnapshotsActionsTest-636083438 None] Lock "quobyte_ensure" "released" by "cinder.volume.drivers.quobyte.QuobyteDriver._ensure_shares_mounted" :: held 0.006s {{(pid=93830) inner /opt/stack/data/venv/lib/python3.12/site-packages/oslo_concurrency/lockutils.py:543}}
Jun 24 05:02:08 devstack cinder-volume[93830]: DEBUG oslo_concurrency.processutils [None req-69bde7ea-9797-4bc6-8875-9cae9b18069a tempest-SnapshotsActionsTest-636083438 None] Running cmd (subprocess): sudo cinder-rootwrap /etc/cinder/rootwrap.conf df --portability --block-size 1 /opt/stack/data/cinder/mnt/6a5dcddee8175a89bd7f59cbd1aa396e {{(pid=93830) execute /opt/stack/data/venv/lib/python3.12/site-packages/oslo_concurrency/processutils.py:440}}
Jun 24 05:02:08 devstack sudo[99582]: quobyte : PWD=/ ; USER=root ; COMMAND=/opt/stack/data/venv/bin/cinder-rootwrap /etc/cinder/rootwrap.conf df --portability --block-size 1 /opt/stack/data/cinder/mnt/6a5dcddee8175a89bd7f59cbd1aa396e
Jun 24 05:02:08 devstack sudo[99582]: pam_unix(sudo:session): session opened for user root(uid=0) by (uid=1000)
Jun 24 05:02:09 devstack sudo[99580]: pam_unix(sudo:session): session closed for user root
Jun 24 05:02:09 devstack cinder-volume[93830]: DEBUG oslo_concurrency.processutils [None req-61f17d5b-e621-4a6a-9909-0e69e233043b tempest-GroupSnapshotsTest-1374070386 None] CMD "/opt/stack/data/venv/bin/python3.12 -m oslo_concurrency.prlimit --as=1073741824 --cpu=60 -- sudo cinder-rootwrap /etc/cinder/rootwrap.conf env LC_ALL=C qemu-img info -f qcow2 --output=json /opt/stack/data/cinder/mnt/6a5dcddee8175a89bd7f59cbd1aa396e/volume-d785a9e2-a2b0-44ef-855b-afbc680e7bca" returned: 0 in 1.008s {{(pid=93830) execute /opt/stack/data/venv/lib/python3.12/site-packages/oslo_concurrency/processutils.py:468}}
Jun 24 05:02:09 devstack cinder-volume[93830]: DEBUG cinder.utils [None req-61f17d5b-e621-4a6a-9909-0e69e233043b tempest-GroupSnapshotsTest-1374070386 None] Path /opt/stack/data/cinder/mnt/6a5dcddee8175a89bd7f59cbd1aa396e/volume-9f6e582d-108a-4f3f-b1da-d5c157b4d48b not found in is_blk_device check {{(pid=93830) is_blk_device /opt/stack/cinder/cinder/utils.py:615}}
Jun 24 05:02:09 devstack cinder-volume[93830]: DEBUG oslo_concurrency.processutils [None req-61f17d5b-e621-4a6a-9909-0e69e233043b tempest-GroupSnapshotsTest-1374070386 None] Running cmd (subprocess): sudo cinder-rootwrap /etc/cinder/rootwrap.conf qemu-img convert -O qcow2 /opt/stack/data/cinder/mnt/6a5dcddee8175a89bd7f59cbd1aa396e/volume-d785a9e2-a2b0-44ef-855b-afbc680e7bca /opt/stack/data/cinder/mnt/6a5dcddee8175a89bd7f59cbd1aa396e/volume-9f6e582d-108a-4f3f-b1da-d5c157b4d48b {{(pid=93830) execute /opt/stack/data/venv/lib/python3.12/site-packages/oslo_concurrency/processutils.py:440}}
Jun 24 05:02:09 devstack sudo[99587]: quobyte : PWD=/ ; USER=root ; COMMAND=/opt/stack/data/venv/bin/cinder-rootwrap /etc/cinder/rootwrap.conf qemu-img convert -O qcow2 /opt/stack/data/cinder/mnt/6a5dcddee8175a89bd7f59cbd1aa396e/volume-d785a9e2-a2b0-44ef-855b-afbc680e7bca /opt/stack/data/cinder/mnt/6a5dcddee8175a89bd7f59cbd1aa396e/volume-9f6e582d-108a-4f3f-b1da-d5c157b4d48b
Jun 24 05:02:09 devstack sudo[99587]: pam_unix(sudo:session): session opened for user root(uid=0) by (uid=1000)
Jun 24 05:02:09 devstack sudo[99582]: pam_unix(sudo:session): session closed for user root
Jun 24 05:02:09 devstack cinder-volume[93830]: DEBUG oslo_concurrency.processutils [None req-69bde7ea-9797-4bc6-8875-9cae9b18069a tempest-SnapshotsActionsTest-636083438 None] CMD "sudo cinder-rootwrap /etc/cinder/rootwrap.conf df --portability --block-size 1 /opt/stack/data/cinder/mnt/6a5dcddee8175a89bd7f59cbd1aa396e" returned: 0 in 1.017s {{(pid=93830) execute /opt/stack/data/venv/lib/python3.12/site-packages/oslo_concurrency/processutils.py:468}}
Jun 24 05:02:09 devstack cinder-volume[93830]: DEBUG cinder.manager [None req-69bde7ea-9797-4bc6-8875-9cae9b18069a tempest-SnapshotsActionsTest-636083438 None] Notifying Schedulers of capabilities ... {{(pid=93830) _publish_service_capabilities /opt/stack/cinder/cinder/manager.py:219}}
Jun 24 05:02:09 devstack cinder-volume[93830]: INFO cinder.volume.manager [None req-69bde7ea-9797-4bc6-8875-9cae9b18069a tempest-SnapshotsActionsTest-636083438 None] Deleted volume successfully.
Jun 24 05:02:09 devstack cinder-volume[93830]: DEBUG cinder.coordination [None req-69bde7ea-9797-4bc6-8875-9cae9b18069a tempest-SnapshotsActionsTest-636083438 None] Lock "cinder-843afbc6-3433-46e0-9c9e-d9d9c43fa8d3-delete_volume" released by "delete_volume" :: held 3.319s {{(pid=93830) __release /opt/stack/cinder/cinder/coordination.py:152}}
Jun 24 05:02:09 devstack cinder-volume[93830]: DEBUG oslo_service.periodic_task [None req-01e0a656-ff52-4cdd-a800-79bb6408bb5a None None] Running periodic task VolumeManager.publish_service_capabilities {{(pid=93830) run_periodic_tasks /opt/stack/data/venv/lib/python3.12/site-packages/oslo_service/periodic_task.py:225}}
Jun 24 05:02:09 devstack cinder-volume[93830]: DEBUG oslo_concurrency.lockutils [None req-01e0a656-ff52-4cdd-a800-79bb6408bb5a None None] Acquiring lock "quobyte_ensure" by "cinder.volume.drivers.quobyte.QuobyteDriver._ensure_shares_mounted" {{(pid=93830) inner /opt/stack/data/venv/lib/python3.12/site-packages/oslo_concurrency/lockutils.py:511}}
Jun 24 05:02:09 devstack cinder-volume[93830]: DEBUG oslo_concurrency.lockutils [None req-01e0a656-ff52-4cdd-a800-79bb6408bb5a None None] Lock "quobyte_ensure" acquired by "cinder.volume.drivers.quobyte.QuobyteDriver._ensure_shares_mounted" :: waited 0.000s {{(pid=93830) inner /opt/stack/data/venv/lib/python3.12/site-packages/oslo_concurrency/lockutils.py:524}}
Jun 24 05:02:09 devstack cinder-volume[93830]: DEBUG cinder.volume.drivers.quobyte [None req-01e0a656-ff52-4cdd-a800-79bb6408bb5a None None] Quobyte Volume URL set to: {'osci02.corp.quobyte.com/cinder-vol-a509bff3-43c9-46fb-8281-f1f9b49fca05': None} {{(pid=93830) _load_shares_config /opt/stack/cinder/cinder/volume/drivers/quobyte.py:617}}
Jun 24 05:02:09 devstack cinder-volume[93830]: DEBUG cinder.volume.drivers.quobyte [None req-01e0a656-ff52-4cdd-a800-79bb6408bb5a None None] Available shares ['osci02.corp.quobyte.com/cinder-vol-a509bff3-43c9-46fb-8281-f1f9b49fca05'] {{(pid=93830) _ensure_shares_mounted /opt/stack/cinder/cinder/volume/drivers/quobyte.py:647}}
Jun 24 05:02:09 devstack cinder-volume[93830]: DEBUG oslo_concurrency.lockutils [None req-01e0a656-ff52-4cdd-a800-79bb6408bb5a None None] Lock "quobyte_ensure" "released" by "cinder.volume.drivers.quobyte.QuobyteDriver._ensure_shares_mounted" :: held 0.009s {{(pid=93830) inner /opt/stack/data/venv/lib/python3.12/site-packages/oslo_concurrency/lockutils.py:543}}
Jun 24 05:02:09 devstack cinder-volume[93830]: DEBUG oslo_concurrency.processutils [None req-01e0a656-ff52-4cdd-a800-79bb6408bb5a None None] Running cmd (subprocess): sudo cinder-rootwrap /etc/cinder/rootwrap.conf df --portability --block-size 1 /opt/stack/data/cinder/mnt/6a5dcddee8175a89bd7f59cbd1aa396e {{(pid=93830) execute /opt/stack/data/venv/lib/python3.12/site-packages/oslo_concurrency/processutils.py:440}}
Jun 24 05:02:09 devstack sudo[99593]: quobyte : PWD=/ ; USER=root ; COMMAND=/opt/stack/data/venv/bin/cinder-rootwrap /etc/cinder/rootwrap.conf df --portability --block-size 1 /opt/stack/data/cinder/mnt/6a5dcddee8175a89bd7f59cbd1aa396e
Jun 24 05:02:09 devstack sudo[99593]: pam_unix(sudo:session): session opened for user root(uid=0) by (uid=1000)
Jun 24 05:02:11 devstack sudo[99593]: pam_unix(sudo:session): session closed for user root
Jun 24 05:02:11 devstack cinder-volume[93830]: DEBUG oslo_concurrency.processutils [None req-01e0a656-ff52-4cdd-a800-79bb6408bb5a None None] CMD "sudo cinder-rootwrap /etc/cinder/rootwrap.conf df --portability --block-size 1 /opt/stack/data/cinder/mnt/6a5dcddee8175a89bd7f59cbd1aa396e" returned: 0 in 1.763s {{(pid=93830) execute /opt/stack/data/venv/lib/python3.12/site-packages/oslo_concurrency/processutils.py:468}}
Jun 24 05:02:11 devstack cinder-volume[93830]: DEBUG cinder.manager [None req-01e0a656-ff52-4cdd-a800-79bb6408bb5a None None] Notifying Schedulers of capabilities ... {{(pid=93830) _publish_service_capabilities /opt/stack/cinder/cinder/manager.py:219}}
Jun 24 05:02:11 devstack cinder-volume[93830]: DEBUG oslo_service.periodic_task [None req-01e0a656-ff52-4cdd-a800-79bb6408bb5a None None] Running periodic task VolumeManager._thread_info {{(pid=93830) run_periodic_tasks /opt/stack/data/venv/lib/python3.12/site-packages/oslo_service/periodic_task.py:225}}
Jun 24 05:02:11 devstack cinder-volume[93830]: DEBUG cinder.volume.manager [None req-01e0a656-ff52-4cdd-a800-79bb6408bb5a None None] thread count: 8 {{(pid=93830) _thread_info /opt/stack/cinder/cinder/volume/manager.py:5472}}
Jun 24 05:02:11 devstack cinder-volume[93830]: DEBUG cinder.volume.manager [None req-01e0a656-ff52-4cdd-a800-79bb6408bb5a None None] thread info: [<_MainThread(MainThread, started 130211312517248)>, , , , , , , ] {{(pid=93830) _thread_info /opt/stack/cinder/cinder/volume/manager.py:5473}}
Jun 24 05:02:15 devstack sudo[99587]: pam_unix(sudo:session): session closed for user root
Jun 24 05:02:15 devstack cinder-volume[93830]: DEBUG oslo_concurrency.processutils [None req-61f17d5b-e621-4a6a-9909-0e69e233043b tempest-GroupSnapshotsTest-1374070386 None] CMD "sudo cinder-rootwrap /etc/cinder/rootwrap.conf qemu-img convert -O qcow2 /opt/stack/data/cinder/mnt/6a5dcddee8175a89bd7f59cbd1aa396e/volume-d785a9e2-a2b0-44ef-855b-afbc680e7bca /opt/stack/data/cinder/mnt/6a5dcddee8175a89bd7f59cbd1aa396e/volume-9f6e582d-108a-4f3f-b1da-d5c157b4d48b" returned: 0 in 6.412s {{(pid=93830) execute /opt/stack/data/venv/lib/python3.12/site-packages/oslo_concurrency/processutils.py:468}}
Jun 24 05:02:15 devstack cinder-volume[93830]: DEBUG oslo.privsep.daemon [-] privsep: reply[4c375290-af64-46b7-9c2a-776dbf9a0bbc]: (4, 'qcow2') {{(pid=95352) _call_back /opt/stack/data/venv/lib/python3.12/site-packages/oslo_privsep/daemon.py:580}}
Jun 24 05:02:15 devstack cinder-volume[93830]: DEBUG oslo_concurrency.processutils [None req-61f17d5b-e621-4a6a-9909-0e69e233043b tempest-GroupSnapshotsTest-1374070386 None] Running cmd (subprocess): /opt/stack/data/venv/bin/python3.12 -m oslo_concurrency.prlimit --as=1073741824 --cpu=60 -- sudo cinder-rootwrap /etc/cinder/rootwrap.conf env LC_ALL=C qemu-img info -f qcow2 --output=json /opt/stack/data/cinder/mnt/6a5dcddee8175a89bd7f59cbd1aa396e/volume-d785a9e2-a2b0-44ef-855b-afbc680e7bca {{(pid=93830) execute /opt/stack/data/venv/lib/python3.12/site-packages/oslo_concurrency/processutils.py:440}}
Jun 24 05:02:15 devstack sudo[99609]: quobyte : PWD=/ ; USER=root ; COMMAND=/opt/stack/data/venv/bin/cinder-rootwrap /etc/cinder/rootwrap.conf env LC_ALL=C qemu-img info -f qcow2 --output=json /opt/stack/data/cinder/mnt/6a5dcddee8175a89bd7f59cbd1aa396e/volume-d785a9e2-a2b0-44ef-855b-afbc680e7bca
Jun 24 05:02:15 devstack sudo[99609]: pam_unix(sudo:session): session opened for user root(uid=0) by (uid=1000)
Jun 24 05:02:16 devstack sudo[99609]: pam_unix(sudo:session): session closed for user root
Jun 24 05:02:16 devstack cinder-volume[93830]: DEBUG oslo_concurrency.processutils [None req-61f17d5b-e621-4a6a-9909-0e69e233043b tempest-GroupSnapshotsTest-1374070386 None] CMD "/opt/stack/data/venv/bin/python3.12 -m oslo_concurrency.prlimit --as=1073741824 --cpu=60 -- sudo cinder-rootwrap /etc/cinder/rootwrap.conf env LC_ALL=C qemu-img info -f qcow2 --output=json /opt/stack/data/cinder/mnt/6a5dcddee8175a89bd7f59cbd1aa396e/volume-d785a9e2-a2b0-44ef-855b-afbc680e7bca" returned: 0 in 1.029s {{(pid=93830) execute /opt/stack/data/venv/lib/python3.12/site-packages/oslo_concurrency/processutils.py:468}}
Jun 24 05:02:16 devstack cinder-volume[93830]: DEBUG cinder.image.image_utils [None req-61f17d5b-e621-4a6a-9909-0e69e233043b tempest-GroupSnapshotsTest-1374070386 None] Image conversion details: src /opt/stack/data/cinder/mnt/6a5dcddee8175a89bd7f59cbd1aa396e/volume-d785a9e2-a2b0-44ef-855b-afbc680e7bca, size 1024.00 MB, duration 6.41 sec, destination /opt/stack/data/cinder/mnt/6a5dcddee8175a89bd7f59cbd1aa396e/volume-9f6e582d-108a-4f3f-b1da-d5c157b4d48b {{(pid=93830) _convert_image /opt/stack/cinder/cinder/image/image_utils.py:536}}
Jun 24 05:02:16 devstack cinder-volume[93830]: INFO cinder.image.image_utils [None req-61f17d5b-e621-4a6a-9909-0e69e233043b tempest-GroupSnapshotsTest-1374070386 None] Converted 1024.00 MB image at 159.67 MB/s
Jun 24 05:02:16 devstack cinder-volume[93830]: WARNING cinder.volume.drivers.remotefs [None req-61f17d5b-e621-4a6a-9909-0e69e233043b tempest-GroupSnapshotsTest-1374070386 None] /opt/stack/data/cinder/mnt/6a5dcddee8175a89bd7f59cbd1aa396e/volume-9f6e582d-108a-4f3f-b1da-d5c157b4d48b is being set with open permissions: ugo+rw: NotImplementedError
Jun 24 05:02:16 devstack cinder-volume[93830]: DEBUG oslo_concurrency.processutils [None req-61f17d5b-e621-4a6a-9909-0e69e233043b tempest-GroupSnapshotsTest-1374070386 None] Running cmd (subprocess): sudo cinder-rootwrap /etc/cinder/rootwrap.conf chmod ugo+rw /opt/stack/data/cinder/mnt/6a5dcddee8175a89bd7f59cbd1aa396e/volume-9f6e582d-108a-4f3f-b1da-d5c157b4d48b {{(pid=93830) execute /opt/stack/data/venv/lib/python3.12/site-packages/oslo_concurrency/processutils.py:440}}
Jun 24 05:02:16 devstack sudo[99617]: quobyte : PWD=/ ; USER=root ; COMMAND=/opt/stack/data/venv/bin/cinder-rootwrap /etc/cinder/rootwrap.conf chmod ugo+rw /opt/stack/data/cinder/mnt/6a5dcddee8175a89bd7f59cbd1aa396e/volume-9f6e582d-108a-4f3f-b1da-d5c157b4d48b
Jun 24 05:02:16 devstack sudo[99617]: pam_unix(sudo:session): session opened for user root(uid=0) by (uid=1000)
Jun 24 05:02:17 devstack sudo[99617]: pam_unix(sudo:session): session closed for user root
Jun 24 05:02:17 devstack cinder-volume[93830]: DEBUG oslo_concurrency.processutils [None req-61f17d5b-e621-4a6a-9909-0e69e233043b tempest-GroupSnapshotsTest-1374070386 None] CMD "sudo cinder-rootwrap /etc/cinder/rootwrap.conf chmod ugo+rw /opt/stack/data/cinder/mnt/6a5dcddee8175a89bd7f59cbd1aa396e/volume-9f6e582d-108a-4f3f-b1da-d5c157b4d48b" returned: 0 in 0.720s {{(pid=93830) execute /opt/stack/data/venv/lib/python3.12/site-packages/oslo_concurrency/processutils.py:468}}
Jun 24 05:02:17 devstack cinder-volume[93830]: DEBUG cinder.coordination [None req-61f17d5b-e621-4a6a-9909-0e69e233043b tempest-GroupSnapshotsTest-1374070386 None] Lock "cinder-quobyte-9f6e582d-108a-4f3f-b1da-d5c157b4d48b" released by "_copy_volume_from_snapshot" :: held 10.274s {{(pid=93830) __release /opt/stack/cinder/cinder/coordination.py:152}}
Jun 24 05:02:17 devstack cinder-volume[93830]: DEBUG cinder.coordination [None req-61f17d5b-e621-4a6a-9909-0e69e233043b tempest-GroupSnapshotsTest-1374070386 None] Lock "cinder-quobyte-22864e9e-3df2-4967-ab7e-8d18e061a408-9f6e582d-108a-4f3f-b1da-d5c157b4d48b" released by "_create_volume_from_snapshot" :: held 10.344s {{(pid=93830) __release /opt/stack/cinder/cinder/coordination.py:152}}
Jun 24 05:02:17 devstack cinder-volume[93830]: DEBUG oslo_concurrency.lockutils [None req-61f17d5b-e621-4a6a-9909-0e69e233043b tempest-GroupSnapshotsTest-1374070386 None] Lock "quobyte" "released" by "cinder.volume.drivers.quobyte.QuobyteDriver.create_volume_from_snapshot" :: held 10.368s {{(pid=93830) inner /opt/stack/data/venv/lib/python3.12/site-packages/oslo_concurrency/lockutils.py:543}}
Jun 24 05:02:17 devstack cinder-volume[93830]: INFO cinder.volume.manager [None req-61f17d5b-e621-4a6a-9909-0e69e233043b tempest-GroupSnapshotsTest-1374070386 None] Create group from source-snapshot-29b5cc47-6f35-4723-8dc0-23fb4518294d completed successfully.
Jun 24 05:02:19 devstack cinder-volume[93830]: DEBUG cinder.coordination [None req-19ad5d61-39d7-47f4-bfad-1421480f4745 tempest-GroupSnapshotsTest-1374070386 None] Acquiring lock "cinder-quobyte-9f6e582d-108a-4f3f-b1da-d5c157b4d48b" by "delete_volume" {{(pid=93830) __acquire /opt/stack/cinder/cinder/coordination.py:138}}
Jun 24 05:02:19 devstack cinder-volume[93830]: DEBUG cinder.coordination [None req-19ad5d61-39d7-47f4-bfad-1421480f4745 tempest-GroupSnapshotsTest-1374070386 None] Lock "cinder-quobyte-9f6e582d-108a-4f3f-b1da-d5c157b4d48b" acquired by "delete_volume" :: waited 0.024s {{(pid=93830) __acquire /opt/stack/cinder/cinder/coordination.py:141}}
Jun 24 05:02:19 devstack cinder-volume[93830]: DEBUG oslo.privsep.daemon [-] privsep: reply[9332fae9-88cc-4a14-b12c-ecad5aefad3c]: (4, 'qcow2') {{(pid=95352) _call_back /opt/stack/data/venv/lib/python3.12/site-packages/oslo_privsep/daemon.py:580}}
Jun 24 05:02:19 devstack cinder-volume[93830]: DEBUG oslo_concurrency.processutils [None req-19ad5d61-39d7-47f4-bfad-1421480f4745 tempest-GroupSnapshotsTest-1374070386 None] Running cmd (subprocess): /opt/stack/data/venv/bin/python3.12 -m oslo_concurrency.prlimit --as=1073741824 --cpu=60 -- sudo cinder-rootwrap /etc/cinder/rootwrap.conf env LC_ALL=C qemu-img info -f qcow2 --output=json --force-share /opt/stack/data/cinder/mnt/6a5dcddee8175a89bd7f59cbd1aa396e/volume-9f6e582d-108a-4f3f-b1da-d5c157b4d48b {{(pid=93830) execute /opt/stack/data/venv/lib/python3.12/site-packages/oslo_concurrency/processutils.py:440}}
Jun 24 05:02:19 devstack sudo[99700]: quobyte : PWD=/ ; USER=root ; COMMAND=/opt/stack/data/venv/bin/cinder-rootwrap /etc/cinder/rootwrap.conf env LC_ALL=C qemu-img info -f qcow2 --output=json --force-share /opt/stack/data/cinder/mnt/6a5dcddee8175a89bd7f59cbd1aa396e/volume-9f6e582d-108a-4f3f-b1da-d5c157b4d48b
Jun 24 05:02:19 devstack sudo[99700]: pam_unix(sudo:session): session opened for user root(uid=0) by (uid=1000)
Jun 24 05:02:20 devstack sudo[99700]: pam_unix(sudo:session): session closed for user root
Jun 24 05:02:20 devstack cinder-volume[93830]: DEBUG oslo_concurrency.processutils [None req-19ad5d61-39d7-47f4-bfad-1421480f4745 tempest-GroupSnapshotsTest-1374070386 None] CMD "/opt/stack/data/venv/bin/python3.12 -m oslo_concurrency.prlimit --as=1073741824 --cpu=60 -- sudo cinder-rootwrap /etc/cinder/rootwrap.conf env LC_ALL=C qemu-img info -f qcow2 --output=json --force-share /opt/stack/data/cinder/mnt/6a5dcddee8175a89bd7f59cbd1aa396e/volume-9f6e582d-108a-4f3f-b1da-d5c157b4d48b" returned: 0 in 0.898s {{(pid=93830) execute /opt/stack/data/venv/lib/python3.12/site-packages/oslo_concurrency/processutils.py:468}}
Jun 24 05:02:20 devstack cinder-volume[93830]: DEBUG oslo_concurrency.processutils [None req-19ad5d61-39d7-47f4-bfad-1421480f4745 tempest-GroupSnapshotsTest-1374070386 None] Running cmd (subprocess): sudo cinder-rootwrap /etc/cinder/rootwrap.conf rm -f /opt/stack/data/cinder/mnt/6a5dcddee8175a89bd7f59cbd1aa396e/volume-9f6e582d-108a-4f3f-b1da-d5c157b4d48b {{(pid=93830) execute /opt/stack/data/venv/lib/python3.12/site-packages/oslo_concurrency/processutils.py:440}}
Jun 24 05:02:20 devstack sudo[99708]: quobyte : PWD=/ ; USER=root ; COMMAND=/opt/stack/data/venv/bin/cinder-rootwrap /etc/cinder/rootwrap.conf rm -f /opt/stack/data/cinder/mnt/6a5dcddee8175a89bd7f59cbd1aa396e/volume-9f6e582d-108a-4f3f-b1da-d5c157b4d48b
Jun 24 05:02:20 devstack sudo[99708]: pam_unix(sudo:session): session opened for user root(uid=0) by (uid=1000)
Jun 24 05:02:21 devstack sudo[99708]: pam_unix(sudo:session): session closed for user root
Jun 24 05:02:21 devstack cinder-volume[93830]: DEBUG oslo_concurrency.processutils [None req-19ad5d61-39d7-47f4-bfad-1421480f4745 tempest-GroupSnapshotsTest-1374070386 None] CMD "sudo cinder-rootwrap /etc/cinder/rootwrap.conf rm -f /opt/stack/data/cinder/mnt/6a5dcddee8175a89bd7f59cbd1aa396e/volume-9f6e582d-108a-4f3f-b1da-d5c157b4d48b" returned: 0 in 1.053s {{(pid=93830) execute /opt/stack/data/venv/lib/python3.12/site-packages/oslo_concurrency/processutils.py:468}}
Jun 24 05:02:21 devstack cinder-volume[93830]: DEBUG cinder.coordination [None req-19ad5d61-39d7-47f4-bfad-1421480f4745 tempest-GroupSnapshotsTest-1374070386 None] Lock "cinder-quobyte-9f6e582d-108a-4f3f-b1da-d5c157b4d48b" released by "delete_volume" :: held 2.053s {{(pid=93830) __release /opt/stack/cinder/cinder/coordination.py:152}}
Jun 24 05:02:21 devstack cinder-volume[93830]: DEBUG cinder.quota [None req-19ad5d61-39d7-47f4-bfad-1421480f4745 tempest-GroupSnapshotsTest-1374070386 None] Created reservations ['3cd9aa16-dff8-4146-bfb0-f515620b5471'] {{(pid=93830) reserve /opt/stack/cinder/cinder/quota.py:752}}
Jun 24 05:02:21 devstack cinder-volume[93830]: WARNING cinder.quota [None req-19ad5d61-39d7-47f4-bfad-1421480f4745 tempest-GroupSnapshotsTest-1374070386 None] Deprecated: Default quota for resource: volumes_tempest-GroupSnapshotsTest-volume-type-999668273 is set by the default quota flag: quota_volumes_tempest-GroupSnapshotsTest-volume-type-999668273, it is now deprecated. Please use the default quota class for default quota.
Jun 24 05:02:21 devstack cinder-volume[93830]: WARNING cinder.quota [None req-19ad5d61-39d7-47f4-bfad-1421480f4745 tempest-GroupSnapshotsTest-1374070386 None] Deprecated: Default quota for resource: gigabytes_tempest-GroupSnapshotsTest-volume-type-999668273 is set by the default quota flag: quota_gigabytes_tempest-GroupSnapshotsTest-volume-type-999668273, it is now deprecated. Please use the default quota class for default quota.
Jun 24 05:02:21 devstack cinder-volume[93830]: DEBUG cinder.quota [None req-19ad5d61-39d7-47f4-bfad-1421480f4745 tempest-GroupSnapshotsTest-1374070386 None] Created reservations ['d4cda3b5-5f90-4a1c-bc0a-5a1893a34679', '97e3cacf-b2bc-4be5-8609-99a5272b8ce3', '9da6625f-bfb5-433f-8e96-cb7300039b4f', '1bede558-256e-4145-965e-0d88d193b957'] {{(pid=93830) reserve /opt/stack/cinder/cinder/quota.py:752}}
Jun 24 05:02:21 devstack cinder-volume[93830]: DEBUG oslo_concurrency.lockutils [None req-19ad5d61-39d7-47f4-bfad-1421480f4745 tempest-GroupSnapshotsTest-1374070386 None] Acquiring lock "quobyte_ensure" by "cinder.volume.drivers.quobyte.QuobyteDriver._ensure_shares_mounted" {{(pid=93830) inner /opt/stack/data/venv/lib/python3.12/site-packages/oslo_concurrency/lockutils.py:511}}
Jun 24 05:02:21 devstack cinder-volume[93830]: DEBUG oslo_concurrency.lockutils [None req-19ad5d61-39d7-47f4-bfad-1421480f4745 tempest-GroupSnapshotsTest-1374070386 None] Lock "quobyte_ensure" acquired by "cinder.volume.drivers.quobyte.QuobyteDriver._ensure_shares_mounted" :: waited 0.001s {{(pid=93830) inner /opt/stack/data/venv/lib/python3.12/site-packages/oslo_concurrency/lockutils.py:524}}
Jun 24 05:02:21 devstack cinder-volume[93830]: DEBUG cinder.volume.drivers.quobyte [None req-19ad5d61-39d7-47f4-bfad-1421480f4745 tempest-GroupSnapshotsTest-1374070386 None] Quobyte Volume URL set to: {'osci02.corp.quobyte.com/cinder-vol-a509bff3-43c9-46fb-8281-f1f9b49fca05': None} {{(pid=93830) _load_shares_config /opt/stack/cinder/cinder/volume/drivers/quobyte.py:617}}
Jun 24 05:02:21 devstack cinder-volume[93830]: DEBUG cinder.volume.drivers.quobyte [None req-19ad5d61-39d7-47f4-bfad-1421480f4745 tempest-GroupSnapshotsTest-1374070386 None] Available shares ['osci02.corp.quobyte.com/cinder-vol-a509bff3-43c9-46fb-8281-f1f9b49fca05'] {{(pid=93830) _ensure_shares_mounted /opt/stack/cinder/cinder/volume/drivers/quobyte.py:647}}
Jun 24 05:02:21 devstack cinder-volume[93830]: DEBUG oslo_concurrency.lockutils [None req-19ad5d61-39d7-47f4-bfad-1421480f4745 tempest-GroupSnapshotsTest-1374070386 None] Lock "quobyte_ensure" "released" by "cinder.volume.drivers.quobyte.QuobyteDriver._ensure_shares_mounted" :: held 0.009s {{(pid=93830) inner /opt/stack/data/venv/lib/python3.12/site-packages/oslo_concurrency/lockutils.py:543}}
Jun 24 05:02:21 devstack cinder-volume[93830]: DEBUG oslo_concurrency.processutils [None req-19ad5d61-39d7-47f4-bfad-1421480f4745 tempest-GroupSnapshotsTest-1374070386 None] Running cmd (subprocess): sudo cinder-rootwrap /etc/cinder/rootwrap.conf df --portability --block-size 1 /opt/stack/data/cinder/mnt/6a5dcddee8175a89bd7f59cbd1aa396e {{(pid=93830) execute /opt/stack/data/venv/lib/python3.12/site-packages/oslo_concurrency/processutils.py:440}}
Jun 24 05:02:21 devstack sudo[99712]: quobyte : PWD=/ ; USER=root ; COMMAND=/opt/stack/data/venv/bin/cinder-rootwrap /etc/cinder/rootwrap.conf df --portability --block-size 1 /opt/stack/data/cinder/mnt/6a5dcddee8175a89bd7f59cbd1aa396e
Jun 24 05:02:21 devstack sudo[99712]: pam_unix(sudo:session): session opened for user root(uid=0) by (uid=1000)
Jun 24 05:02:21 devstack cinder-volume[93830]: INFO cinder.volume.manager [None req-48490c09-73b3-4ae5-90c2-ffa2c2b3b41f tempest-GroupSnapshotsTest-1374070386 None] group_snapshot 29b5cc47-6f35-4723-8dc0-23fb4518294d: deleting
Jun 24 05:02:22 devstack cinder-volume[93830]: DEBUG cinder.volume.manager [None req-48490c09-73b3-4ae5-90c2-ffa2c2b3b41f tempest-GroupSnapshotsTest-1374070386 None] group_snapshot 29b5cc47-6f35-4723-8dc0-23fb4518294d: deleting {{(pid=93830) delete_group_snapshot /opt/stack/cinder/cinder/volume/manager.py:4350}}
Jun 24 05:02:22 devstack cinder-volume[93830]: DEBUG cinder.coordination [None req-48490c09-73b3-4ae5-90c2-ffa2c2b3b41f tempest-GroupSnapshotsTest-1374070386 None] Acquiring lock "cinder-quobyte-d785a9e2-a2b0-44ef-855b-afbc680e7bca" by "delete_snapshot" {{(pid=93830) __acquire /opt/stack/cinder/cinder/coordination.py:138}}
Jun 24 05:02:22 devstack cinder-volume[93830]: DEBUG cinder.coordination [None req-48490c09-73b3-4ae5-90c2-ffa2c2b3b41f tempest-GroupSnapshotsTest-1374070386 None] Lock "cinder-quobyte-d785a9e2-a2b0-44ef-855b-afbc680e7bca" acquired by "delete_snapshot" :: waited 0.063s {{(pid=93830) __acquire /opt/stack/cinder/cinder/coordination.py:141}}
Jun 24 05:02:22 devstack cinder-volume[93830]: DEBUG cinder.coordination [None req-48490c09-73b3-4ae5-90c2-ffa2c2b3b41f tempest-GroupSnapshotsTest-1374070386 None] Acquiring lock "cinder-quobyte-22864e9e-3df2-4967-ab7e-8d18e061a408" by "_delete_snapshot" {{(pid=93830) __acquire /opt/stack/cinder/cinder/coordination.py:138}}
Jun 24 05:02:22 devstack cinder-volume[93830]: DEBUG cinder.coordination [None req-48490c09-73b3-4ae5-90c2-ffa2c2b3b41f tempest-GroupSnapshotsTest-1374070386 None] Lock "cinder-quobyte-22864e9e-3df2-4967-ab7e-8d18e061a408" acquired by "_delete_snapshot" :: waited 0.076s {{(pid=93830) __acquire /opt/stack/cinder/cinder/coordination.py:141}}
Jun 24 05:02:22 devstack cinder-volume[93830]: DEBUG cinder.volume.drivers.remotefs [None req-48490c09-73b3-4ae5-90c2-ffa2c2b3b41f tempest-GroupSnapshotsTest-1374070386 None] Deleting offline snapshot 22864e9e-3df2-4967-ab7e-8d18e061a408 of volume d785a9e2-a2b0-44ef-855b-afbc680e7bca {{(pid=93830) _delete_snapshot /opt/stack/cinder/cinder/volume/drivers/remotefs.py:1288}}
Jun 24 05:02:22 devstack cinder-volume[93830]: DEBUG cinder.volume.drivers.remotefs [None req-48490c09-73b3-4ae5-90c2-ffa2c2b3b41f tempest-GroupSnapshotsTest-1374070386 None] snapshot_file for this snap is: volume-d785a9e2-a2b0-44ef-855b-afbc680e7bca.22864e9e-3df2-4967-ab7e-8d18e061a408 {{(pid=93830) _delete_snapshot /opt/stack/cinder/cinder/volume/drivers/remotefs.py:1317}}
Jun 24 05:02:22 devstack cinder-volume[93830]: DEBUG oslo.privsep.daemon [-] privsep: reply[0217c1ab-4f2c-4a4b-98f3-2387decc367a]: (4, 'qcow2') {{(pid=95352) _call_back /opt/stack/data/venv/lib/python3.12/site-packages/oslo_privsep/daemon.py:580}}
Jun 24 05:02:22 devstack cinder-volume[93830]: DEBUG oslo_concurrency.processutils [None req-48490c09-73b3-4ae5-90c2-ffa2c2b3b41f tempest-GroupSnapshotsTest-1374070386 None] Running cmd (subprocess): /opt/stack/data/venv/bin/python3.12 -m oslo_concurrency.prlimit --as=1073741824 --cpu=60 -- sudo cinder-rootwrap /etc/cinder/rootwrap.conf env LC_ALL=C qemu-img info -f qcow2 --output=json --force-share /opt/stack/data/cinder/mnt/6a5dcddee8175a89bd7f59cbd1aa396e/volume-d785a9e2-a2b0-44ef-855b-afbc680e7bca.22864e9e-3df2-4967-ab7e-8d18e061a408 {{(pid=93830) execute /opt/stack/data/venv/lib/python3.12/site-packages/oslo_concurrency/processutils.py:440}}
Jun 24 05:02:22 devstack sudo[99714]: quobyte : PWD=/ ; USER=root ; COMMAND=/opt/stack/data/venv/bin/cinder-rootwrap /etc/cinder/rootwrap.conf env LC_ALL=C qemu-img info -f qcow2 --output=json --force-share /opt/stack/data/cinder/mnt/6a5dcddee8175a89bd7f59cbd1aa396e/volume-d785a9e2-a2b0-44ef-855b-afbc680e7bca.22864e9e-3df2-4967-ab7e-8d18e061a408
Jun 24 05:02:22 devstack sudo[99714]: pam_unix(sudo:session): session opened for user root(uid=0) by (uid=1000)
Jun 24 05:02:23 devstack sudo[99712]: pam_unix(sudo:session): session closed for user root
Jun 24 05:02:23 devstack cinder-volume[93830]: DEBUG oslo_concurrency.processutils [None req-19ad5d61-39d7-47f4-bfad-1421480f4745 tempest-GroupSnapshotsTest-1374070386 None] CMD "sudo cinder-rootwrap /etc/cinder/rootwrap.conf df --portability --block-size 1 /opt/stack/data/cinder/mnt/6a5dcddee8175a89bd7f59cbd1aa396e" returned: 0 in 2.242s {{(pid=93830) execute /opt/stack/data/venv/lib/python3.12/site-packages/oslo_concurrency/processutils.py:468}}
Jun 24 05:02:23 devstack cinder-volume[93830]: DEBUG cinder.manager [None req-19ad5d61-39d7-47f4-bfad-1421480f4745 tempest-GroupSnapshotsTest-1374070386 None] Notifying Schedulers of capabilities ... {{(pid=93830) _publish_service_capabilities /opt/stack/cinder/cinder/manager.py:219}}
Jun 24 05:02:23 devstack cinder-volume[93830]: INFO cinder.volume.manager [None req-19ad5d61-39d7-47f4-bfad-1421480f4745 tempest-GroupSnapshotsTest-1374070386 None] Delete group completed successfully.
Jun 24 05:02:24 devstack sudo[99714]: pam_unix(sudo:session): session closed for user root
Jun 24 05:02:24 devstack cinder-volume[93830]: DEBUG oslo_concurrency.processutils [None req-48490c09-73b3-4ae5-90c2-ffa2c2b3b41f tempest-GroupSnapshotsTest-1374070386 None] CMD "/opt/stack/data/venv/bin/python3.12 -m oslo_concurrency.prlimit --as=1073741824 --cpu=60 -- sudo cinder-rootwrap /etc/cinder/rootwrap.conf env LC_ALL=C qemu-img info -f qcow2 --output=json --force-share /opt/stack/data/cinder/mnt/6a5dcddee8175a89bd7f59cbd1aa396e/volume-d785a9e2-a2b0-44ef-855b-afbc680e7bca.22864e9e-3df2-4967-ab7e-8d18e061a408" returned: 0 in 1.771s {{(pid=93830) execute /opt/stack/data/venv/lib/python3.12/site-packages/oslo_concurrency/processutils.py:468}}
Jun 24 05:02:24 devstack cinder-volume[93830]: DEBUG cinder.volume.drivers.remotefs [None req-48490c09-73b3-4ae5-90c2-ffa2c2b3b41f tempest-GroupSnapshotsTest-1374070386 None] Fetching qemu-img info with special backing_file_template: (/opt/stack/data/cinder/mnt/[0-9a-f]+/)?(volume-d785a9e2-a2b0-44ef-855b-afbc680e7bca(.(tmp-snap-)?[0-9a-f-]+)?|volume_from_snapshot_cache/(tmp-snap-)?[0-9a-f-]+(.(child-|parent-)[0-9a-f-]+)?)$ {{(pid=93830) _qemu_img_info_base /opt/stack/cinder/cinder/volume/drivers/remotefs.py:896}}
Jun 24 05:02:24 devstack cinder-volume[93830]: DEBUG oslo.privsep.daemon [-] privsep: reply[b5d8b0b6-36e8-4b24-8d95-4370a34645ad]: (4, 'qcow2') {{(pid=95352) _call_back /opt/stack/data/venv/lib/python3.12/site-packages/oslo_privsep/daemon.py:580}}
Jun 24 05:02:24 devstack cinder-volume[93830]: DEBUG oslo_concurrency.processutils [None req-48490c09-73b3-4ae5-90c2-ffa2c2b3b41f tempest-GroupSnapshotsTest-1374070386 None] Running cmd (subprocess): /opt/stack/data/venv/bin/python3.12 -m oslo_concurrency.prlimit --as=1073741824 --cpu=60 -- sudo cinder-rootwrap /etc/cinder/rootwrap.conf env LC_ALL=C qemu-img info -f qcow2 --output=json --force-share /opt/stack/data/cinder/mnt/6a5dcddee8175a89bd7f59cbd1aa396e/volume-d785a9e2-a2b0-44ef-855b-afbc680e7bca {{(pid=93830) execute /opt/stack/data/venv/lib/python3.12/site-packages/oslo_concurrency/processutils.py:440}}
Jun 24 05:02:24 devstack sudo[99780]: quobyte : PWD=/ ; USER=root ; COMMAND=/opt/stack/data/venv/bin/cinder-rootwrap /etc/cinder/rootwrap.conf env LC_ALL=C qemu-img info -f qcow2 --output=json --force-share /opt/stack/data/cinder/mnt/6a5dcddee8175a89bd7f59cbd1aa396e/volume-d785a9e2-a2b0-44ef-855b-afbc680e7bca
Jun 24 05:02:24 devstack sudo[99780]: pam_unix(sudo:session): session opened for user root(uid=0) by (uid=1000)
Jun 24 05:02:25 devstack sudo[99780]: pam_unix(sudo:session): session closed for user root
Jun 24 05:02:25 devstack cinder-volume[93830]: DEBUG oslo_concurrency.processutils [None req-48490c09-73b3-4ae5-90c2-ffa2c2b3b41f tempest-GroupSnapshotsTest-1374070386 None] CMD "/opt/stack/data/venv/bin/python3.12 -m oslo_concurrency.prlimit --as=1073741824 --cpu=60 -- sudo cinder-rootwrap /etc/cinder/rootwrap.conf env LC_ALL=C qemu-img info -f qcow2 --output=json --force-share /opt/stack/data/cinder/mnt/6a5dcddee8175a89bd7f59cbd1aa396e/volume-d785a9e2-a2b0-44ef-855b-afbc680e7bca" returned: 0 in 1.466s {{(pid=93830) execute /opt/stack/data/venv/lib/python3.12/site-packages/oslo_concurrency/processutils.py:468}}
Jun 24 05:02:25 devstack cinder-volume[93830]: DEBUG oslo_concurrency.processutils [None req-48490c09-73b3-4ae5-90c2-ffa2c2b3b41f tempest-GroupSnapshotsTest-1374070386 None] Running cmd (subprocess): sudo cinder-rootwrap /etc/cinder/rootwrap.conf qemu-img commit -d /opt/stack/data/cinder/mnt/6a5dcddee8175a89bd7f59cbd1aa396e/volume-d785a9e2-a2b0-44ef-855b-afbc680e7bca.22864e9e-3df2-4967-ab7e-8d18e061a408 {{(pid=93830) execute /opt/stack/data/venv/lib/python3.12/site-packages/oslo_concurrency/processutils.py:440}}
Jun 24 05:02:25 devstack sudo[99790]: quobyte : PWD=/ ; USER=root ; COMMAND=/opt/stack/data/venv/bin/cinder-rootwrap /etc/cinder/rootwrap.conf qemu-img commit -d /opt/stack/data/cinder/mnt/6a5dcddee8175a89bd7f59cbd1aa396e/volume-d785a9e2-a2b0-44ef-855b-afbc680e7bca.22864e9e-3df2-4967-ab7e-8d18e061a408
Jun 24 05:02:25 devstack sudo[99790]: pam_unix(sudo:session): session opened for user root(uid=0) by (uid=1000)
Jun 24 05:02:26 devstack sudo[99790]: pam_unix(sudo:session): session closed for user root
Jun 24 05:02:26 devstack cinder-volume[93830]: DEBUG oslo_concurrency.processutils [None req-48490c09-73b3-4ae5-90c2-ffa2c2b3b41f tempest-GroupSnapshotsTest-1374070386 None] CMD "sudo cinder-rootwrap /etc/cinder/rootwrap.conf qemu-img commit -d /opt/stack/data/cinder/mnt/6a5dcddee8175a89bd7f59cbd1aa396e/volume-d785a9e2-a2b0-44ef-855b-afbc680e7bca.22864e9e-3df2-4967-ab7e-8d18e061a408" returned: 0 in 1.184s {{(pid=93830) execute /opt/stack/data/venv/lib/python3.12/site-packages/oslo_concurrency/processutils.py:468}}
Jun 24 05:02:26 devstack cinder-volume[93830]: DEBUG oslo_concurrency.processutils [None req-48490c09-73b3-4ae5-90c2-ffa2c2b3b41f tempest-GroupSnapshotsTest-1374070386 None] Running cmd (subprocess): sudo cinder-rootwrap /etc/cinder/rootwrap.conf rm -f /opt/stack/data/cinder/mnt/6a5dcddee8175a89bd7f59cbd1aa396e/volume-d785a9e2-a2b0-44ef-855b-afbc680e7bca.22864e9e-3df2-4967-ab7e-8d18e061a408 {{(pid=93830) execute /opt/stack/data/venv/lib/python3.12/site-packages/oslo_concurrency/processutils.py:440}}
Jun 24 05:02:26 devstack sudo[99796]: quobyte : PWD=/ ; USER=root ; COMMAND=/opt/stack/data/venv/bin/cinder-rootwrap /etc/cinder/rootwrap.conf rm -f /opt/stack/data/cinder/mnt/6a5dcddee8175a89bd7f59cbd1aa396e/volume-d785a9e2-a2b0-44ef-855b-afbc680e7bca.22864e9e-3df2-4967-ab7e-8d18e061a408
Jun 24 05:02:26 devstack sudo[99796]: pam_unix(sudo:session): session opened for user root(uid=0) by (uid=1000)
Jun 24 05:02:27 devstack sudo[99796]: pam_unix(sudo:session): session closed for user root
Jun 24 05:02:27 devstack cinder-volume[93830]: DEBUG oslo_concurrency.processutils [None req-48490c09-73b3-4ae5-90c2-ffa2c2b3b41f tempest-GroupSnapshotsTest-1374070386 None] CMD "sudo cinder-rootwrap /etc/cinder/rootwrap.conf rm -f /opt/stack/data/cinder/mnt/6a5dcddee8175a89bd7f59cbd1aa396e/volume-d785a9e2-a2b0-44ef-855b-afbc680e7bca.22864e9e-3df2-4967-ab7e-8d18e061a408" returned: 0 in 0.843s {{(pid=93830) execute /opt/stack/data/venv/lib/python3.12/site-packages/oslo_concurrency/processutils.py:468}}
Jun 24 05:02:27 devstack cinder-volume[93830]: DEBUG cinder.coordination [None req-48490c09-73b3-4ae5-90c2-ffa2c2b3b41f tempest-GroupSnapshotsTest-1374070386 None] Lock "cinder-quobyte-22864e9e-3df2-4967-ab7e-8d18e061a408" released by "_delete_snapshot" :: held 5.598s {{(pid=93830) __release /opt/stack/cinder/cinder/coordination.py:152}}
Jun 24 05:02:27 devstack cinder-volume[93830]: DEBUG cinder.coordination [None req-48490c09-73b3-4ae5-90c2-ffa2c2b3b41f tempest-GroupSnapshotsTest-1374070386 None] Lock "cinder-quobyte-d785a9e2-a2b0-44ef-855b-afbc680e7bca" released by "delete_snapshot" :: held 5.699s {{(pid=93830) __release /opt/stack/cinder/cinder/coordination.py:152}}
Jun 24 05:02:27 devstack cinder-volume[93830]: WARNING cinder.quota [None req-48490c09-73b3-4ae5-90c2-ffa2c2b3b41f tempest-GroupSnapshotsTest-1374070386 None] Deprecated: Default quota for resource: snapshots_tempest-GroupSnapshotsTest-volume-type-999668273 is set by the default quota flag: quota_snapshots_tempest-GroupSnapshotsTest-volume-type-999668273, it is now deprecated. Please use the default quota class for default quota.
Jun 24 05:02:28 devstack cinder-volume[93830]: DEBUG cinder.quota [None req-48490c09-73b3-4ae5-90c2-ffa2c2b3b41f tempest-GroupSnapshotsTest-1374070386 None] Created reservations ['e7cacfcd-b07b-495f-8104-a615d04fceba', 'a8f75631-5d61-438e-8424-e3ae4c0f1564', 'c5a93d79-5b74-41c5-aed2-af734c711cd5', '6acad716-0412-4763-986f-7813d92250e2'] {{(pid=93830) reserve /opt/stack/cinder/cinder/quota.py:752}}
Jun 24 05:02:28 devstack cinder-volume[93830]: INFO cinder.volume.manager [None req-48490c09-73b3-4ae5-90c2-ffa2c2b3b41f tempest-GroupSnapshotsTest-1374070386 None] group_snapshot 29b5cc47-6f35-4723-8dc0-23fb4518294d: deleted successfully
Jun 24 05:02:29 devstack cinder-volume[93830]: DEBUG cinder.coordination [None req-5a6b9eb1-3e3b-4f7c-8a75-1cf1f901e59a tempest-GroupSnapshotsTest-1374070386 None] Acquiring lock "cinder-quobyte-d785a9e2-a2b0-44ef-855b-afbc680e7bca" by "delete_volume" {{(pid=93830) __acquire /opt/stack/cinder/cinder/coordination.py:138}}
Jun 24 05:02:29 devstack cinder-volume[93830]: DEBUG cinder.coordination [None req-5a6b9eb1-3e3b-4f7c-8a75-1cf1f901e59a tempest-GroupSnapshotsTest-1374070386 None] Lock "cinder-quobyte-d785a9e2-a2b0-44ef-855b-afbc680e7bca" acquired by "delete_volume" :: waited 0.031s {{(pid=93830) __acquire /opt/stack/cinder/cinder/coordination.py:141}}
Jun 24 05:02:29 devstack cinder-volume[93830]: DEBUG oslo.privsep.daemon [-] privsep: reply[84601f05-2bd6-4333-88dd-e48ce454bbce]: (4, 'qcow2') {{(pid=95352) _call_back /opt/stack/data/venv/lib/python3.12/site-packages/oslo_privsep/daemon.py:580}}
Jun 24 05:02:29 devstack cinder-volume[93830]: DEBUG oslo_concurrency.processutils [None req-5a6b9eb1-3e3b-4f7c-8a75-1cf1f901e59a tempest-GroupSnapshotsTest-1374070386 None] Running cmd (subprocess): /opt/stack/data/venv/bin/python3.12 -m oslo_concurrency.prlimit --as=1073741824 --cpu=60 -- sudo cinder-rootwrap /etc/cinder/rootwrap.conf env LC_ALL=C qemu-img info -f qcow2 --output=json --force-share /opt/stack/data/cinder/mnt/6a5dcddee8175a89bd7f59cbd1aa396e/volume-d785a9e2-a2b0-44ef-855b-afbc680e7bca {{(pid=93830) execute /opt/stack/data/venv/lib/python3.12/site-packages/oslo_concurrency/processutils.py:440}}
Jun 24 05:02:29 devstack sudo[99799]: quobyte : PWD=/ ; USER=root ; COMMAND=/opt/stack/data/venv/bin/cinder-rootwrap /etc/cinder/rootwrap.conf env LC_ALL=C qemu-img info -f qcow2 --output=json --force-share /opt/stack/data/cinder/mnt/6a5dcddee8175a89bd7f59cbd1aa396e/volume-d785a9e2-a2b0-44ef-855b-afbc680e7bca
Jun 24 05:02:29 devstack sudo[99799]: pam_unix(sudo:session): session opened for user root(uid=0) by (uid=1000)
Jun 24 05:02:30 devstack sudo[99799]: pam_unix(sudo:session): session closed for user root
Jun 24 05:02:30 devstack cinder-volume[93830]: DEBUG oslo_concurrency.processutils [None req-5a6b9eb1-3e3b-4f7c-8a75-1cf1f901e59a tempest-GroupSnapshotsTest-1374070386 None] CMD "/opt/stack/data/venv/bin/python3.12 -m oslo_concurrency.prlimit --as=1073741824 --cpu=60 -- sudo cinder-rootwrap /etc/cinder/rootwrap.conf env LC_ALL=C qemu-img info -f qcow2 --output=json --force-share /opt/stack/data/cinder/mnt/6a5dcddee8175a89bd7f59cbd1aa396e/volume-d785a9e2-a2b0-44ef-855b-afbc680e7bca" returned: 0 in 0.878s {{(pid=93830) execute /opt/stack/data/venv/lib/python3.12/site-packages/oslo_concurrency/processutils.py:468}}
Jun 24 05:02:30 devstack cinder-volume[93830]: DEBUG oslo_concurrency.processutils [None req-5a6b9eb1-3e3b-4f7c-8a75-1cf1f901e59a tempest-GroupSnapshotsTest-1374070386 None] Running cmd (subprocess): sudo cinder-rootwrap /etc/cinder/rootwrap.conf rm -f /opt/stack/data/cinder/mnt/6a5dcddee8175a89bd7f59cbd1aa396e/volume-d785a9e2-a2b0-44ef-855b-afbc680e7bca {{(pid=93830) execute /opt/stack/data/venv/lib/python3.12/site-packages/oslo_concurrency/processutils.py:440}}
Jun 24 05:02:30 devstack sudo[99808]: quobyte : PWD=/ ; USER=root ; COMMAND=/opt/stack/data/venv/bin/cinder-rootwrap /etc/cinder/rootwrap.conf rm -f /opt/stack/data/cinder/mnt/6a5dcddee8175a89bd7f59cbd1aa396e/volume-d785a9e2-a2b0-44ef-855b-afbc680e7bca
Jun 24 05:02:30 devstack sudo[99808]: pam_unix(sudo:session): session opened for user root(uid=0) by (uid=1000)
Jun 24 05:02:31 devstack sudo[99808]: pam_unix(sudo:session): session closed for user root
Jun 24 05:02:31 devstack cinder-volume[93830]: DEBUG oslo_concurrency.processutils [None req-5a6b9eb1-3e3b-4f7c-8a75-1cf1f901e59a tempest-GroupSnapshotsTest-1374070386 None] CMD "sudo cinder-rootwrap /etc/cinder/rootwrap.conf rm -f /opt/stack/data/cinder/mnt/6a5dcddee8175a89bd7f59cbd1aa396e/volume-d785a9e2-a2b0-44ef-855b-afbc680e7bca" returned: 0 in 0.828s {{(pid=93830) execute /opt/stack/data/venv/lib/python3.12/site-packages/oslo_concurrency/processutils.py:468}}
Jun 24 05:02:31 devstack cinder-volume[93830]: DEBUG cinder.coordination [None req-5a6b9eb1-3e3b-4f7c-8a75-1cf1f901e59a tempest-GroupSnapshotsTest-1374070386 None] Lock "cinder-quobyte-d785a9e2-a2b0-44ef-855b-afbc680e7bca" released by "delete_volume" :: held 1.788s {{(pid=93830) __release /opt/stack/cinder/cinder/coordination.py:152}}
Jun 24 05:02:31 devstack cinder-volume[93830]: DEBUG cinder.quota [None req-5a6b9eb1-3e3b-4f7c-8a75-1cf1f901e59a tempest-GroupSnapshotsTest-1374070386 None] Created reservations ['55213fac-b8b9-49d1-8af7-211319bbbb16'] {{(pid=93830) reserve /opt/stack/cinder/cinder/quota.py:752}}
Jun 24 05:02:31 devstack cinder-volume[93830]: WARNING cinder.db.api [None req-5a6b9eb1-3e3b-4f7c-8a75-1cf1f901e59a tempest-GroupSnapshotsTest-1374070386 None] Reservation would make usage less than 0 for the following resources, so on commit they will be limited to prevent going below 0: ['gigabytes', 'gigabytes_tempest-GroupSnapshotsTest-volume-type-999668273']
Jun 24 05:02:31 devstack cinder-volume[93830]: DEBUG cinder.quota [None req-5a6b9eb1-3e3b-4f7c-8a75-1cf1f901e59a tempest-GroupSnapshotsTest-1374070386 None] Created reservations ['2c3496db-5b98-416b-b7b3-543a3e4a78fd', '60ee7c6c-dfd2-4ac5-9dff-72bb35d79f23', 'd959abd3-b60c-4765-95e9-2ea04f79ab70', 'e1199cd1-f430-46b2-8dbd-3447731e13ff'] {{(pid=93830) reserve /opt/stack/cinder/cinder/quota.py:752}}
Jun 24 05:02:31 devstack cinder-volume[93830]: DEBUG oslo_concurrency.lockutils [None req-5a6b9eb1-3e3b-4f7c-8a75-1cf1f901e59a tempest-GroupSnapshotsTest-1374070386 None] Acquiring lock "quobyte_ensure" by "cinder.volume.drivers.quobyte.QuobyteDriver._ensure_shares_mounted" {{(pid=93830) inner /opt/stack/data/venv/lib/python3.12/site-packages/oslo_concurrency/lockutils.py:511}}
Jun 24 05:02:31 devstack cinder-volume[93830]: DEBUG oslo_concurrency.lockutils [None req-5a6b9eb1-3e3b-4f7c-8a75-1cf1f901e59a tempest-GroupSnapshotsTest-1374070386 None] Lock "quobyte_ensure" acquired by "cinder.volume.drivers.quobyte.QuobyteDriver._ensure_shares_mounted" :: waited 0.001s {{(pid=93830) inner /opt/stack/data/venv/lib/python3.12/site-packages/oslo_concurrency/lockutils.py:524}}
Jun 24 05:02:31 devstack cinder-volume[93830]: DEBUG cinder.volume.drivers.quobyte [None req-5a6b9eb1-3e3b-4f7c-8a75-1cf1f901e59a tempest-GroupSnapshotsTest-1374070386 None] Quobyte Volume URL set to: {'osci02.corp.quobyte.com/cinder-vol-a509bff3-43c9-46fb-8281-f1f9b49fca05': None} {{(pid=93830) _load_shares_config /opt/stack/cinder/cinder/volume/drivers/quobyte.py:617}}
Jun 24 05:02:31 devstack cinder-volume[93830]: DEBUG cinder.volume.drivers.quobyte [None req-5a6b9eb1-3e3b-4f7c-8a75-1cf1f901e59a tempest-GroupSnapshotsTest-1374070386 None] Available shares ['osci02.corp.quobyte.com/cinder-vol-a509bff3-43c9-46fb-8281-f1f9b49fca05'] {{(pid=93830) _ensure_shares_mounted /opt/stack/cinder/cinder/volume/drivers/quobyte.py:647}}
