Feb 13 18:20:48 devstack cinder-volume[79256]: DEBUG cinder.volume.manager [None req-d45c1e8c-1ace-48e8-a24b-efb9d94dd720 tempest-ServersNegativeTestJSON-113693695 None] Task 'cinder.volume.flows.manager.create_volume.OnFailureRescheduleTask;volume:create' (d328bd97-14a6-40cb-ab89-7b0bd33ee2d9) transitioned into state 'SUCCESS' from state 'RUNNING' with result 'None' {{(pid=79256) _task_receiver /opt/stack/data/venv/lib/python3.10/site-packages/taskflow/listeners/logging.py:182}}
Feb 13 18:20:48 devstack cinder-volume[79256]: DEBUG cinder.volume.manager [None req-d45c1e8c-1ace-48e8-a24b-efb9d94dd720 tempest-ServersNegativeTestJSON-113693695 None] Task 'cinder.volume.flows.manager.create_volume.ExtractVolumeSpecTask;volume:create' (d1ca21b5-d002-476f-b25e-e0293bb74221) transitioned into state 'RUNNING' from state 'PENDING' {{(pid=79256) _task_receiver /opt/stack/data/venv/lib/python3.10/site-packages/taskflow/listeners/logging.py:194}}
Feb 13 18:20:48 devstack cinder-volume[79256]: DEBUG cinder.volume.manager [None req-d45c1e8c-1ace-48e8-a24b-efb9d94dd720 tempest-ServersNegativeTestJSON-113693695 None] Task 'cinder.volume.flows.manager.create_volume.ExtractVolumeSpecTask;volume:create' (d1ca21b5-d002-476f-b25e-e0293bb74221) transitioned into state 'SUCCESS' from state 'RUNNING' with result '{'status': 'creating', 'type': 'raw', 'volume_id': 'd7afa2ad-6940-4859-b9f3-4dbd112cfb06', 'volume_name': 'volume-d7afa2ad-6940-4859-b9f3-4dbd112cfb06', 'volume_size': 1}' {{(pid=79256) _task_receiver /opt/stack/data/venv/lib/python3.10/site-packages/taskflow/listeners/logging.py:182}}
Feb 13 18:20:48 devstack cinder-volume[79256]: DEBUG cinder.volume.manager [None req-d45c1e8c-1ace-48e8-a24b-efb9d94dd720 tempest-ServersNegativeTestJSON-113693695 None] Task 'cinder.volume.flows.manager.create_volume.NotifyVolumeActionTask;volume:create, create.start' (05f4b586-d6df-4c76-94a0-4f6b54d1d93a) transitioned into state 'RUNNING' from state 'PENDING' {{(pid=79256) _task_receiver /opt/stack/data/venv/lib/python3.10/site-packages/taskflow/listeners/logging.py:194}}
Feb 13 18:20:48 devstack cinder-volume[79256]: DEBUG cinder.volume.manager [None req-d45c1e8c-1ace-48e8-a24b-efb9d94dd720 tempest-ServersNegativeTestJSON-113693695 None] Task 'cinder.volume.flows.manager.create_volume.NotifyVolumeActionTask;volume:create, create.start' (05f4b586-d6df-4c76-94a0-4f6b54d1d93a) transitioned into state 'SUCCESS' from state 'RUNNING' with result 'None' {{(pid=79256) _task_receiver /opt/stack/data/venv/lib/python3.10/site-packages/taskflow/listeners/logging.py:182}}
Feb 13 18:20:48 devstack cinder-volume[79256]: DEBUG cinder.volume.manager [None req-d45c1e8c-1ace-48e8-a24b-efb9d94dd720 tempest-ServersNegativeTestJSON-113693695 None] Task 'cinder.volume.flows.manager.create_volume.CreateVolumeFromSpecTask;volume:create' (2cf9efef-e068-44a1-a4eb-6d3cde08d74a) transitioned into state 'RUNNING' from state 'PENDING' {{(pid=79256) _task_receiver /opt/stack/data/venv/lib/python3.10/site-packages/taskflow/listeners/logging.py:194}}
Feb 13 18:20:48 devstack cinder-volume[79256]: INFO cinder.volume.flows.manager.create_volume [None req-d45c1e8c-1ace-48e8-a24b-efb9d94dd720 tempest-ServersNegativeTestJSON-113693695 None] Volume d7afa2ad-6940-4859-b9f3-4dbd112cfb06: being created as raw with specification: {'status': 'creating', 'volume_name': 'volume-d7afa2ad-6940-4859-b9f3-4dbd112cfb06', 'volume_size': 1}
Feb 13 18:20:48 devstack cinder-volume[79256]: DEBUG oslo_concurrency.lockutils [None req-d45c1e8c-1ace-48e8-a24b-efb9d94dd720 tempest-ServersNegativeTestJSON-113693695 None] Acquiring lock "quobyte" by "cinder.volume.drivers.quobyte.QuobyteDriver.create_volume" {{(pid=79256) inner /opt/stack/data/venv/lib/python3.10/site-packages/oslo_concurrency/lockutils.py:506}}
Feb 13 18:20:49 devstack sudo[81013]: pam_unix(sudo:session): session closed for user root
Feb 13 18:20:49 devstack cinder-volume[79256]: DEBUG oslo_concurrency.processutils [None req-c58df890-4881-4906-aa69-76d6891597b9 tempest-SnapshotsActionsTest-1027741429 None] CMD "/opt/stack/data/venv/bin/python3.10 -m oslo_concurrency.prlimit --as=1073741824 --cpu=60 -- sudo cinder-rootwrap /etc/cinder/rootwrap.conf env LC_ALL=C qemu-img info -f qcow2 --output=json --force-share /opt/stack/data/cinder/mnt/d6d52e95852889b6160aa9e9a4be1733/volume-1edacf7f-d143-4e75-b8bd-38c0e6be565d" returned: 0 in 1.115s {{(pid=79256) execute /opt/stack/data/venv/lib/python3.10/site-packages/oslo_concurrency/processutils.py:396}}
Feb 13 18:20:49 devstack cinder-volume[79256]: DEBUG oslo_concurrency.processutils [None req-c58df890-4881-4906-aa69-76d6891597b9 tempest-SnapshotsActionsTest-1027741429 None] Running cmd (subprocess): sudo cinder-rootwrap /etc/cinder/rootwrap.conf qemu-img create -f qcow2 -o backing_file=/opt/stack/data/cinder/mnt/d6d52e95852889b6160aa9e9a4be1733/volume-1edacf7f-d143-4e75-b8bd-38c0e6be565d,backing_fmt=qcow2 /opt/stack/data/cinder/mnt/d6d52e95852889b6160aa9e9a4be1733/volume-1edacf7f-d143-4e75-b8bd-38c0e6be565d.785fbc4a-ecae-4ec9-8b42-3d6a9eeafada 1G {{(pid=79256) execute /opt/stack/data/venv/lib/python3.10/site-packages/oslo_concurrency/processutils.py:368}}
Feb 13 18:20:49 devstack sudo[81035]: quobyte : PWD=/ ; USER=root ; COMMAND=/opt/stack/data/venv/bin/cinder-rootwrap /etc/cinder/rootwrap.conf qemu-img create -f qcow2 -o backing_file=/opt/stack/data/cinder/mnt/d6d52e95852889b6160aa9e9a4be1733/volume-1edacf7f-d143-4e75-b8bd-38c0e6be565d,backing_fmt=qcow2 /opt/stack/data/cinder/mnt/d6d52e95852889b6160aa9e9a4be1733/volume-1edacf7f-d143-4e75-b8bd-38c0e6be565d.785fbc4a-ecae-4ec9-8b42-3d6a9eeafada 1G
Feb 13 18:20:49 devstack sudo[81035]: pam_unix(sudo:session): session opened for user root(uid=0) by (uid=1000)
Feb 13 18:20:49 devstack sudo[81035]: pam_unix(sudo:session): session closed for user root
Feb 13 18:20:49 devstack cinder-volume[79256]: DEBUG oslo_concurrency.processutils [None req-c58df890-4881-4906-aa69-76d6891597b9 tempest-SnapshotsActionsTest-1027741429 None] CMD "sudo cinder-rootwrap /etc/cinder/rootwrap.conf qemu-img create -f qcow2 -o backing_file=/opt/stack/data/cinder/mnt/d6d52e95852889b6160aa9e9a4be1733/volume-1edacf7f-d143-4e75-b8bd-38c0e6be565d,backing_fmt=qcow2 /opt/stack/data/cinder/mnt/d6d52e95852889b6160aa9e9a4be1733/volume-1edacf7f-d143-4e75-b8bd-38c0e6be565d.785fbc4a-ecae-4ec9-8b42-3d6a9eeafada 1G" returned: 0 in 0.570s {{(pid=79256) execute /opt/stack/data/venv/lib/python3.10/site-packages/oslo_concurrency/processutils.py:396}}
Feb 13 18:20:49 devstack cinder-volume[79256]: DEBUG oslo_concurrency.processutils [None req-c58df890-4881-4906-aa69-76d6891597b9 tempest-SnapshotsActionsTest-1027741429 None] Running cmd (subprocess): sudo cinder-rootwrap /etc/cinder/rootwrap.conf qemu-img rebase -u -b volume-1edacf7f-d143-4e75-b8bd-38c0e6be565d -F qcow2 /opt/stack/data/cinder/mnt/d6d52e95852889b6160aa9e9a4be1733/volume-1edacf7f-d143-4e75-b8bd-38c0e6be565d.785fbc4a-ecae-4ec9-8b42-3d6a9eeafada {{(pid=79256) execute /opt/stack/data/venv/lib/python3.10/site-packages/oslo_concurrency/processutils.py:368}}
Feb 13 18:20:49 devstack sudo[81040]: quobyte : PWD=/ ; USER=root ; COMMAND=/opt/stack/data/venv/bin/cinder-rootwrap /etc/cinder/rootwrap.conf qemu-img rebase -u -b volume-1edacf7f-d143-4e75-b8bd-38c0e6be565d -F qcow2 /opt/stack/data/cinder/mnt/d6d52e95852889b6160aa9e9a4be1733/volume-1edacf7f-d143-4e75-b8bd-38c0e6be565d.785fbc4a-ecae-4ec9-8b42-3d6a9eeafada
Feb 13 18:20:49 devstack sudo[81040]: pam_unix(sudo:session): session opened for user root(uid=0) by (uid=1000)
Feb 13 18:20:50 devstack sudo[81040]: pam_unix(sudo:session): session closed for user root
Feb 13 18:20:51 devstack cinder-volume[79256]: DEBUG oslo_concurrency.processutils [None req-c58df890-4881-4906-aa69-76d6891597b9 tempest-SnapshotsActionsTest-1027741429 None] CMD "sudo cinder-rootwrap /etc/cinder/rootwrap.conf qemu-img rebase -u -b volume-1edacf7f-d143-4e75-b8bd-38c0e6be565d -F qcow2 /opt/stack/data/cinder/mnt/d6d52e95852889b6160aa9e9a4be1733/volume-1edacf7f-d143-4e75-b8bd-38c0e6be565d.785fbc4a-ecae-4ec9-8b42-3d6a9eeafada" returned: 0 in 1.025s {{(pid=79256) execute /opt/stack/data/venv/lib/python3.10/site-packages/oslo_concurrency/processutils.py:396}}
Feb 13 18:20:51 devstack cinder-volume[79256]: WARNING cinder.volume.drivers.remotefs [None req-c58df890-4881-4906-aa69-76d6891597b9 tempest-SnapshotsActionsTest-1027741429 None] /opt/stack/data/cinder/mnt/d6d52e95852889b6160aa9e9a4be1733/volume-1edacf7f-d143-4e75-b8bd-38c0e6be565d.785fbc4a-ecae-4ec9-8b42-3d6a9eeafada is being set with open permissions: ugo+rw
Feb 13 18:20:51 devstack cinder-volume[79256]: DEBUG oslo_concurrency.processutils [None req-c58df890-4881-4906-aa69-76d6891597b9 tempest-SnapshotsActionsTest-1027741429 None] Running cmd (subprocess): sudo cinder-rootwrap /etc/cinder/rootwrap.conf chmod ugo+rw /opt/stack/data/cinder/mnt/d6d52e95852889b6160aa9e9a4be1733/volume-1edacf7f-d143-4e75-b8bd-38c0e6be565d.785fbc4a-ecae-4ec9-8b42-3d6a9eeafada {{(pid=79256) execute /opt/stack/data/venv/lib/python3.10/site-packages/oslo_concurrency/processutils.py:368}}
Feb 13 18:20:51 devstack sudo[81068]: quobyte : PWD=/ ; USER=root ; COMMAND=/opt/stack/data/venv/bin/cinder-rootwrap /etc/cinder/rootwrap.conf chmod ugo+rw /opt/stack/data/cinder/mnt/d6d52e95852889b6160aa9e9a4be1733/volume-1edacf7f-d143-4e75-b8bd-38c0e6be565d.785fbc4a-ecae-4ec9-8b42-3d6a9eeafada
Feb 13 18:20:51 devstack sudo[81068]: pam_unix(sudo:session): session opened for user root(uid=0) by (uid=1000)
Feb 13 18:20:51 devstack sudo[81068]: pam_unix(sudo:session): session closed for user root
Feb 13 18:20:51 devstack cinder-volume[79256]: DEBUG oslo_concurrency.processutils [None req-c58df890-4881-4906-aa69-76d6891597b9 tempest-SnapshotsActionsTest-1027741429 None] CMD "sudo cinder-rootwrap /etc/cinder/rootwrap.conf chmod ugo+rw /opt/stack/data/cinder/mnt/d6d52e95852889b6160aa9e9a4be1733/volume-1edacf7f-d143-4e75-b8bd-38c0e6be565d.785fbc4a-ecae-4ec9-8b42-3d6a9eeafada" returned: 0 in 0.692s {{(pid=79256) execute /opt/stack/data/venv/lib/python3.10/site-packages/oslo_concurrency/processutils.py:396}}
Feb 13 18:20:51 devstack cinder-volume[79256]: DEBUG oslo_concurrency.processutils [None req-c58df890-4881-4906-aa69-76d6891597b9 tempest-SnapshotsActionsTest-1027741429 None] Running cmd (subprocess): sudo cinder-rootwrap /etc/cinder/rootwrap.conf truncate -s0 /opt/stack/data/cinder/mnt/d6d52e95852889b6160aa9e9a4be1733/volume-1edacf7f-d143-4e75-b8bd-38c0e6be565d.info {{(pid=79256) execute /opt/stack/data/venv/lib/python3.10/site-packages/oslo_concurrency/processutils.py:368}}
Feb 13 18:20:51 devstack sudo[81072]: quobyte : PWD=/ ; USER=root ; COMMAND=/opt/stack/data/venv/bin/cinder-rootwrap /etc/cinder/rootwrap.conf truncate -s0 /opt/stack/data/cinder/mnt/d6d52e95852889b6160aa9e9a4be1733/volume-1edacf7f-d143-4e75-b8bd-38c0e6be565d.info
Feb 13 18:20:51 devstack sudo[81072]: pam_unix(sudo:session): session opened for user root(uid=0) by (uid=1000)
Feb 13 18:20:52 devstack sudo[81072]: pam_unix(sudo:session): session closed for user root
Feb 13 18:20:52 devstack cinder-volume[79256]: DEBUG oslo_concurrency.processutils [None req-c58df890-4881-4906-aa69-76d6891597b9 tempest-SnapshotsActionsTest-1027741429 None] CMD "sudo cinder-rootwrap /etc/cinder/rootwrap.conf truncate -s0 /opt/stack/data/cinder/mnt/d6d52e95852889b6160aa9e9a4be1733/volume-1edacf7f-d143-4e75-b8bd-38c0e6be565d.info" returned: 0 in 0.553s {{(pid=79256) execute /opt/stack/data/venv/lib/python3.10/site-packages/oslo_concurrency/processutils.py:396}}
Feb 13 18:20:52 devstack cinder-volume[79256]: WARNING cinder.volume.drivers.remotefs [None req-c58df890-4881-4906-aa69-76d6891597b9 tempest-SnapshotsActionsTest-1027741429 None] /opt/stack/data/cinder/mnt/d6d52e95852889b6160aa9e9a4be1733/volume-1edacf7f-d143-4e75-b8bd-38c0e6be565d.info is being set with open permissions: ugo+rw
Feb 13 18:20:52 devstack cinder-volume[79256]: DEBUG oslo_concurrency.processutils [None req-c58df890-4881-4906-aa69-76d6891597b9 tempest-SnapshotsActionsTest-1027741429 None] Running cmd (subprocess): sudo cinder-rootwrap /etc/cinder/rootwrap.conf chmod ugo+rw /opt/stack/data/cinder/mnt/d6d52e95852889b6160aa9e9a4be1733/volume-1edacf7f-d143-4e75-b8bd-38c0e6be565d.info {{(pid=79256) execute /opt/stack/data/venv/lib/python3.10/site-packages/oslo_concurrency/processutils.py:368}}
Feb 13 18:20:52 devstack sudo[81075]: quobyte : PWD=/ ; USER=root ; COMMAND=/opt/stack/data/venv/bin/cinder-rootwrap /etc/cinder/rootwrap.conf chmod ugo+rw /opt/stack/data/cinder/mnt/d6d52e95852889b6160aa9e9a4be1733/volume-1edacf7f-d143-4e75-b8bd-38c0e6be565d.info
Feb 13 18:20:52 devstack sudo[81075]: pam_unix(sudo:session): session opened for user root(uid=0) by (uid=1000)
Feb 13 18:20:52 devstack sudo[81075]: pam_unix(sudo:session): session closed for user root
Feb 13 18:20:52 devstack cinder-volume[79256]: DEBUG oslo_concurrency.processutils [None req-c58df890-4881-4906-aa69-76d6891597b9 tempest-SnapshotsActionsTest-1027741429 None] CMD "sudo cinder-rootwrap /etc/cinder/rootwrap.conf chmod ugo+rw /opt/stack/data/cinder/mnt/d6d52e95852889b6160aa9e9a4be1733/volume-1edacf7f-d143-4e75-b8bd-38c0e6be565d.info" returned: 0 in 0.516s {{(pid=79256) execute /opt/stack/data/venv/lib/python3.10/site-packages/oslo_concurrency/processutils.py:396}}
Feb 13 18:20:52 devstack cinder-volume[79256]: DEBUG oslo_concurrency.lockutils [None req-c58df890-4881-4906-aa69-76d6891597b9 tempest-SnapshotsActionsTest-1027741429 None] Lock "quobyte" "released" by "cinder.volume.drivers.quobyte.QuobyteDriver.create_snapshot" :: held 4.562s {{(pid=79256) inner /opt/stack/data/venv/lib/python3.10/site-packages/oslo_concurrency/lockutils.py:538}}
Feb 13 18:20:52 devstack cinder-volume[79256]: DEBUG oslo_concurrency.lockutils [None req-09ce90fe-ad43-4aaa-9d3a-beda95a92a0a tempest-GroupSnapshotsTest-1199610525 None] Lock "quobyte" acquired by "cinder.volume.drivers.quobyte.QuobyteDriver.create_snapshot" :: waited 3.954s {{(pid=79256) inner /opt/stack/data/venv/lib/python3.10/site-packages/oslo_concurrency/lockutils.py:519}}
Feb 13 18:20:52 devstack cinder-volume[79256]: INFO cinder.volume.manager [None req-c58df890-4881-4906-aa69-76d6891597b9 tempest-SnapshotsActionsTest-1027741429 None] Create snapshot completed successfully
Feb 13 18:20:52 devstack cinder-volume[79256]: DEBUG cinder.volume.drivers.remotefs [None req-09ce90fe-ad43-4aaa-9d3a-beda95a92a0a tempest-GroupSnapshotsTest-1199610525 None] Creating offline snapshot 1af5a273-8ed9-43ae-8ae3-9c41833a542a of volume 05881977-e107-4f75-8bfc-d68075e8fdba {{(pid=79256) _create_snapshot /opt/stack/cinder/cinder/volume/drivers/remotefs.py:1817}}
Feb 13 18:20:52 devstack cinder-volume[79256]: DEBUG oslo.privsep.daemon [-] privsep: reply[902a38e9-0480-4fd7-ac4f-1784c1793093]: (4, 'qcow2') {{(pid=79985) _call_back /opt/stack/data/venv/lib/python3.10/site-packages/oslo_privsep/daemon.py:515}}
Feb 13 18:20:52 devstack cinder-volume[79256]: DEBUG oslo_concurrency.processutils [None req-09ce90fe-ad43-4aaa-9d3a-beda95a92a0a tempest-GroupSnapshotsTest-1199610525 None] Running cmd (subprocess): /opt/stack/data/venv/bin/python3.10 -m oslo_concurrency.prlimit --as=1073741824 --cpu=60 -- sudo cinder-rootwrap /etc/cinder/rootwrap.conf env LC_ALL=C qemu-img info -f qcow2 --output=json --force-share /opt/stack/data/cinder/mnt/d6d52e95852889b6160aa9e9a4be1733/volume-05881977-e107-4f75-8bfc-d68075e8fdba {{(pid=79256) execute /opt/stack/data/venv/lib/python3.10/site-packages/oslo_concurrency/processutils.py:368}}
Feb 13 18:20:52 devstack sudo[81078]: quobyte : PWD=/ ; USER=root ; COMMAND=/opt/stack/data/venv/bin/cinder-rootwrap /etc/cinder/rootwrap.conf env LC_ALL=C qemu-img info -f qcow2 --output=json --force-share /opt/stack/data/cinder/mnt/d6d52e95852889b6160aa9e9a4be1733/volume-05881977-e107-4f75-8bfc-d68075e8fdba
Feb 13 18:20:52 devstack sudo[81078]: pam_unix(sudo:session): session opened for user root(uid=0) by (uid=1000)
Feb 13 18:20:53 devstack sudo[81078]: pam_unix(sudo:session): session closed for user root
Feb 13 18:20:53 devstack cinder-volume[79256]: DEBUG oslo_concurrency.processutils [None req-09ce90fe-ad43-4aaa-9d3a-beda95a92a0a tempest-GroupSnapshotsTest-1199610525 None] CMD "/opt/stack/data/venv/bin/python3.10 -m oslo_concurrency.prlimit --as=1073741824 --cpu=60 -- sudo cinder-rootwrap /etc/cinder/rootwrap.conf env LC_ALL=C qemu-img info -f qcow2 --output=json --force-share /opt/stack/data/cinder/mnt/d6d52e95852889b6160aa9e9a4be1733/volume-05881977-e107-4f75-8bfc-d68075e8fdba" returned: 0 in 0.690s {{(pid=79256) execute /opt/stack/data/venv/lib/python3.10/site-packages/oslo_concurrency/processutils.py:396}}
Feb 13 18:20:53 devstack cinder-volume[79256]: DEBUG oslo_concurrency.processutils [None req-09ce90fe-ad43-4aaa-9d3a-beda95a92a0a tempest-GroupSnapshotsTest-1199610525 None] Running cmd (subprocess): sudo cinder-rootwrap /etc/cinder/rootwrap.conf qemu-img create -f qcow2 -o backing_file=/opt/stack/data/cinder/mnt/d6d52e95852889b6160aa9e9a4be1733/volume-05881977-e107-4f75-8bfc-d68075e8fdba,backing_fmt=qcow2 /opt/stack/data/cinder/mnt/d6d52e95852889b6160aa9e9a4be1733/volume-05881977-e107-4f75-8bfc-d68075e8fdba.1af5a273-8ed9-43ae-8ae3-9c41833a542a 1G {{(pid=79256) execute /opt/stack/data/venv/lib/python3.10/site-packages/oslo_concurrency/processutils.py:368}}
Feb 13 18:20:53 devstack sudo[81083]: quobyte : PWD=/ ; USER=root ; COMMAND=/opt/stack/data/venv/bin/cinder-rootwrap /etc/cinder/rootwrap.conf qemu-img create -f qcow2 -o backing_file=/opt/stack/data/cinder/mnt/d6d52e95852889b6160aa9e9a4be1733/volume-05881977-e107-4f75-8bfc-d68075e8fdba,backing_fmt=qcow2 /opt/stack/data/cinder/mnt/d6d52e95852889b6160aa9e9a4be1733/volume-05881977-e107-4f75-8bfc-d68075e8fdba.1af5a273-8ed9-43ae-8ae3-9c41833a542a 1G
Feb 13 18:20:53 devstack sudo[81083]: pam_unix(sudo:session): session opened for user root(uid=0) by (uid=1000)
Feb 13 18:20:54 devstack cinder-volume[79256]: WARNING cinder.volume.volume_utils [None req-aa09be4f-be7f-4b28-bee5-b13b6ee12119 tempest-SnapshotsActionsTest-1027741429 None] Volume driver (QuobyteDriver 1.1.14) is currently unsupported and may be removed in the next release of OpenStack. Use at your own risk.
Feb 13 18:20:54 devstack cinder-volume[79256]: DEBUG oslo_concurrency.lockutils [None req-aa09be4f-be7f-4b28-bee5-b13b6ee12119 tempest-SnapshotsActionsTest-1027741429 None] Acquiring lock "quobyte" by "cinder.volume.drivers.quobyte.QuobyteDriver.create_snapshot" {{(pid=79256) inner /opt/stack/data/venv/lib/python3.10/site-packages/oslo_concurrency/lockutils.py:506}}
Feb 13 18:20:54 devstack sudo[81083]: pam_unix(sudo:session): session closed for user root
Feb 13 18:20:54 devstack cinder-volume[79256]: DEBUG oslo_concurrency.processutils [None req-09ce90fe-ad43-4aaa-9d3a-beda95a92a0a tempest-GroupSnapshotsTest-1199610525 None] CMD "sudo cinder-rootwrap /etc/cinder/rootwrap.conf qemu-img create -f qcow2 -o backing_file=/opt/stack/data/cinder/mnt/d6d52e95852889b6160aa9e9a4be1733/volume-05881977-e107-4f75-8bfc-d68075e8fdba,backing_fmt=qcow2 /opt/stack/data/cinder/mnt/d6d52e95852889b6160aa9e9a4be1733/volume-05881977-e107-4f75-8bfc-d68075e8fdba.1af5a273-8ed9-43ae-8ae3-9c41833a542a 1G" returned: 0 in 0.700s {{(pid=79256) execute /opt/stack/data/venv/lib/python3.10/site-packages/oslo_concurrency/processutils.py:396}}
Feb 13 18:20:54 devstack cinder-volume[79256]: DEBUG oslo_concurrency.processutils [None req-09ce90fe-ad43-4aaa-9d3a-beda95a92a0a tempest-GroupSnapshotsTest-1199610525 None] Running cmd (subprocess): sudo cinder-rootwrap /etc/cinder/rootwrap.conf qemu-img rebase -u -b volume-05881977-e107-4f75-8bfc-d68075e8fdba -F qcow2 /opt/stack/data/cinder/mnt/d6d52e95852889b6160aa9e9a4be1733/volume-05881977-e107-4f75-8bfc-d68075e8fdba.1af5a273-8ed9-43ae-8ae3-9c41833a542a {{(pid=79256) execute /opt/stack/data/venv/lib/python3.10/site-packages/oslo_concurrency/processutils.py:368}}
Feb 13 18:20:54 devstack sudo[81089]: quobyte : PWD=/ ; USER=root ; COMMAND=/opt/stack/data/venv/bin/cinder-rootwrap /etc/cinder/rootwrap.conf qemu-img rebase -u -b volume-05881977-e107-4f75-8bfc-d68075e8fdba -F qcow2 /opt/stack/data/cinder/mnt/d6d52e95852889b6160aa9e9a4be1733/volume-05881977-e107-4f75-8bfc-d68075e8fdba.1af5a273-8ed9-43ae-8ae3-9c41833a542a
Feb 13 18:20:54 devstack sudo[81089]: pam_unix(sudo:session): session opened for user root(uid=0) by (uid=1000)
Feb 13 18:20:54 devstack sudo[81089]: pam_unix(sudo:session): session closed for user root
Feb 13 18:20:54 devstack cinder-volume[79256]: DEBUG oslo_concurrency.processutils [None req-09ce90fe-ad43-4aaa-9d3a-beda95a92a0a tempest-GroupSnapshotsTest-1199610525 None] CMD "sudo cinder-rootwrap /etc/cinder/rootwrap.conf qemu-img rebase -u -b volume-05881977-e107-4f75-8bfc-d68075e8fdba -F qcow2 /opt/stack/data/cinder/mnt/d6d52e95852889b6160aa9e9a4be1733/volume-05881977-e107-4f75-8bfc-d68075e8fdba.1af5a273-8ed9-43ae-8ae3-9c41833a542a" returned: 0 in 0.675s {{(pid=79256) execute /opt/stack/data/venv/lib/python3.10/site-packages/oslo_concurrency/processutils.py:396}}
Feb 13 18:20:54 devstack cinder-volume[79256]: WARNING cinder.volume.drivers.remotefs [None req-09ce90fe-ad43-4aaa-9d3a-beda95a92a0a tempest-GroupSnapshotsTest-1199610525 None] /opt/stack/data/cinder/mnt/d6d52e95852889b6160aa9e9a4be1733/volume-05881977-e107-4f75-8bfc-d68075e8fdba.1af5a273-8ed9-43ae-8ae3-9c41833a542a is being set with open permissions: ugo+rw: NotImplementedError
Feb 13 18:20:54 devstack cinder-volume[79256]: DEBUG oslo_concurrency.processutils [None req-09ce90fe-ad43-4aaa-9d3a-beda95a92a0a tempest-GroupSnapshotsTest-1199610525 None] Running cmd (subprocess): sudo cinder-rootwrap /etc/cinder/rootwrap.conf chmod ugo+rw /opt/stack/data/cinder/mnt/d6d52e95852889b6160aa9e9a4be1733/volume-05881977-e107-4f75-8bfc-d68075e8fdba.1af5a273-8ed9-43ae-8ae3-9c41833a542a {{(pid=79256) execute /opt/stack/data/venv/lib/python3.10/site-packages/oslo_concurrency/processutils.py:368}}
Feb 13 18:20:54 devstack sudo[81094]: quobyte : PWD=/ ; USER=root ; COMMAND=/opt/stack/data/venv/bin/cinder-rootwrap /etc/cinder/rootwrap.conf chmod ugo+rw /opt/stack/data/cinder/mnt/d6d52e95852889b6160aa9e9a4be1733/volume-05881977-e107-4f75-8bfc-d68075e8fdba.1af5a273-8ed9-43ae-8ae3-9c41833a542a
Feb 13 18:20:54 devstack sudo[81094]: pam_unix(sudo:session): session opened for user root(uid=0) by (uid=1000)
Feb 13 18:20:55 devstack sudo[81094]: pam_unix(sudo:session): session closed for user root
Feb 13 18:20:55 devstack cinder-volume[79256]: DEBUG oslo_concurrency.processutils [None req-09ce90fe-ad43-4aaa-9d3a-beda95a92a0a tempest-GroupSnapshotsTest-1199610525 None] CMD "sudo cinder-rootwrap /etc/cinder/rootwrap.conf chmod ugo+rw /opt/stack/data/cinder/mnt/d6d52e95852889b6160aa9e9a4be1733/volume-05881977-e107-4f75-8bfc-d68075e8fdba.1af5a273-8ed9-43ae-8ae3-9c41833a542a" returned: 0 in 0.546s {{(pid=79256) execute /opt/stack/data/venv/lib/python3.10/site-packages/oslo_concurrency/processutils.py:396}}
Feb 13 18:20:55 devstack cinder-volume[79256]: DEBUG oslo_concurrency.processutils [None req-09ce90fe-ad43-4aaa-9d3a-beda95a92a0a tempest-GroupSnapshotsTest-1199610525 None] Running cmd (subprocess): sudo cinder-rootwrap /etc/cinder/rootwrap.conf truncate -s0 /opt/stack/data/cinder/mnt/d6d52e95852889b6160aa9e9a4be1733/volume-05881977-e107-4f75-8bfc-d68075e8fdba.info {{(pid=79256) execute /opt/stack/data/venv/lib/python3.10/site-packages/oslo_concurrency/processutils.py:368}}
Feb 13 18:20:55 devstack sudo[81097]: quobyte : PWD=/ ; USER=root ; COMMAND=/opt/stack/data/venv/bin/cinder-rootwrap /etc/cinder/rootwrap.conf truncate -s0 /opt/stack/data/cinder/mnt/d6d52e95852889b6160aa9e9a4be1733/volume-05881977-e107-4f75-8bfc-d68075e8fdba.info
Feb 13 18:20:55 devstack sudo[81097]: pam_unix(sudo:session): session opened for user root(uid=0) by (uid=1000)
Feb 13 18:20:55 devstack sudo[81097]: pam_unix(sudo:session): session closed for user root
Feb 13 18:20:55 devstack cinder-volume[79256]: DEBUG oslo_concurrency.processutils [None req-09ce90fe-ad43-4aaa-9d3a-beda95a92a0a tempest-GroupSnapshotsTest-1199610525 None] CMD "sudo cinder-rootwrap /etc/cinder/rootwrap.conf truncate -s0 /opt/stack/data/cinder/mnt/d6d52e95852889b6160aa9e9a4be1733/volume-05881977-e107-4f75-8bfc-d68075e8fdba.info" returned: 0 in 0.451s {{(pid=79256) execute /opt/stack/data/venv/lib/python3.10/site-packages/oslo_concurrency/processutils.py:396}}
Feb 13 18:20:55 devstack cinder-volume[79256]: WARNING cinder.volume.drivers.remotefs [None req-09ce90fe-ad43-4aaa-9d3a-beda95a92a0a tempest-GroupSnapshotsTest-1199610525 None] /opt/stack/data/cinder/mnt/d6d52e95852889b6160aa9e9a4be1733/volume-05881977-e107-4f75-8bfc-d68075e8fdba.info is being set with open permissions: ugo+rw: NotImplementedError
Feb 13 18:20:55 devstack cinder-volume[79256]: DEBUG oslo_concurrency.processutils [None req-09ce90fe-ad43-4aaa-9d3a-beda95a92a0a tempest-GroupSnapshotsTest-1199610525 None] Running cmd (subprocess): sudo cinder-rootwrap /etc/cinder/rootwrap.conf chmod ugo+rw /opt/stack/data/cinder/mnt/d6d52e95852889b6160aa9e9a4be1733/volume-05881977-e107-4f75-8bfc-d68075e8fdba.info {{(pid=79256) execute /opt/stack/data/venv/lib/python3.10/site-packages/oslo_concurrency/processutils.py:368}}
Feb 13 18:20:55 devstack sudo[81100]: quobyte : PWD=/ ; USER=root ; COMMAND=/opt/stack/data/venv/bin/cinder-rootwrap /etc/cinder/rootwrap.conf chmod ugo+rw /opt/stack/data/cinder/mnt/d6d52e95852889b6160aa9e9a4be1733/volume-05881977-e107-4f75-8bfc-d68075e8fdba.info
Feb 13 18:20:55 devstack sudo[81100]: pam_unix(sudo:session): session opened for user root(uid=0) by (uid=1000)
Feb 13 18:20:56 devstack sudo[81100]: pam_unix(sudo:session): session closed for user root
Feb 13 18:20:56 devstack cinder-volume[79256]: DEBUG oslo_concurrency.processutils [None req-09ce90fe-ad43-4aaa-9d3a-beda95a92a0a tempest-GroupSnapshotsTest-1199610525 None] CMD "sudo cinder-rootwrap /etc/cinder/rootwrap.conf chmod ugo+rw /opt/stack/data/cinder/mnt/d6d52e95852889b6160aa9e9a4be1733/volume-05881977-e107-4f75-8bfc-d68075e8fdba.info" returned: 0 in 0.523s {{(pid=79256) execute /opt/stack/data/venv/lib/python3.10/site-packages/oslo_concurrency/processutils.py:396}}
Feb 13 18:20:56 devstack cinder-volume[79256]: DEBUG oslo_concurrency.lockutils [None req-09ce90fe-ad43-4aaa-9d3a-beda95a92a0a tempest-GroupSnapshotsTest-1199610525 None] Lock "quobyte" "released" by "cinder.volume.drivers.quobyte.QuobyteDriver.create_snapshot" :: held 3.666s {{(pid=79256) inner /opt/stack/data/venv/lib/python3.10/site-packages/oslo_concurrency/lockutils.py:538}}
Feb 13 18:20:56 devstack cinder-volume[79256]: DEBUG oslo_concurrency.lockutils [None req-09ce90fe-ad43-4aaa-9d3a-beda95a92a0a tempest-GroupSnapshotsTest-1199610525 None] Acquiring lock "quobyte" by "cinder.volume.drivers.quobyte.QuobyteDriver.create_snapshot" {{(pid=79256) inner /opt/stack/data/venv/lib/python3.10/site-packages/oslo_concurrency/lockutils.py:506}}
Feb 13 18:20:56 devstack cinder-volume[79256]: DEBUG oslo_concurrency.lockutils [None req-09ce90fe-ad43-4aaa-9d3a-beda95a92a0a tempest-GroupSnapshotsTest-1199610525 None] Lock "quobyte" acquired by "cinder.volume.drivers.quobyte.QuobyteDriver.create_snapshot" :: waited 0.001s {{(pid=79256) inner /opt/stack/data/venv/lib/python3.10/site-packages/oslo_concurrency/lockutils.py:519}}
Feb 13 18:20:56 devstack cinder-volume[79256]: DEBUG cinder.volume.drivers.remotefs [None req-09ce90fe-ad43-4aaa-9d3a-beda95a92a0a tempest-GroupSnapshotsTest-1199610525 None] Creating offline snapshot ae93b885-2492-4dac-bef4-be99078cf060 of volume 68edfd71-d881-483a-a9d1-ef518cdfc26b {{(pid=79256) _create_snapshot /opt/stack/cinder/cinder/volume/drivers/remotefs.py:1817}}
Feb 13 18:20:56 devstack cinder-volume[79256]: DEBUG oslo.privsep.daemon [-] privsep: reply[3b4a613d-38e6-41f5-a115-9f597975d239]: (4, 'qcow2') {{(pid=79985) _call_back /opt/stack/data/venv/lib/python3.10/site-packages/oslo_privsep/daemon.py:515}}
Feb 13 18:20:56 devstack cinder-volume[79256]: DEBUG oslo_concurrency.processutils [None req-09ce90fe-ad43-4aaa-9d3a-beda95a92a0a tempest-GroupSnapshotsTest-1199610525 None] Running cmd (subprocess): /opt/stack/data/venv/bin/python3.10 -m oslo_concurrency.prlimit --as=1073741824 --cpu=60 -- sudo cinder-rootwrap /etc/cinder/rootwrap.conf env LC_ALL=C qemu-img info -f qcow2 --output=json --force-share /opt/stack/data/cinder/mnt/d6d52e95852889b6160aa9e9a4be1733/volume-68edfd71-d881-483a-a9d1-ef518cdfc26b {{(pid=79256) execute /opt/stack/data/venv/lib/python3.10/site-packages/oslo_concurrency/processutils.py:368}}
Feb 13 18:20:56 devstack sudo[81103]: quobyte : PWD=/ ; USER=root ; COMMAND=/opt/stack/data/venv/bin/cinder-rootwrap /etc/cinder/rootwrap.conf env LC_ALL=C qemu-img info -f qcow2 --output=json --force-share /opt/stack/data/cinder/mnt/d6d52e95852889b6160aa9e9a4be1733/volume-68edfd71-d881-483a-a9d1-ef518cdfc26b
Feb 13 18:20:56 devstack sudo[81103]: pam_unix(sudo:session): session opened for user root(uid=0) by (uid=1000)
Feb 13 18:20:57 devstack sudo[81103]: pam_unix(sudo:session): session closed for user root
Feb 13 18:20:57 devstack cinder-volume[79256]: DEBUG oslo_concurrency.processutils [None req-09ce90fe-ad43-4aaa-9d3a-beda95a92a0a tempest-GroupSnapshotsTest-1199610525 None] CMD "/opt/stack/data/venv/bin/python3.10 -m oslo_concurrency.prlimit --as=1073741824 --cpu=60 -- sudo cinder-rootwrap /etc/cinder/rootwrap.conf env LC_ALL=C qemu-img info -f qcow2 --output=json --force-share /opt/stack/data/cinder/mnt/d6d52e95852889b6160aa9e9a4be1733/volume-68edfd71-d881-483a-a9d1-ef518cdfc26b" returned: 0 in 0.509s {{(pid=79256) execute /opt/stack/data/venv/lib/python3.10/site-packages/oslo_concurrency/processutils.py:396}}
Feb 13 18:20:57 devstack cinder-volume[79256]: DEBUG oslo_concurrency.processutils [None req-09ce90fe-ad43-4aaa-9d3a-beda95a92a0a tempest-GroupSnapshotsTest-1199610525 None] Running cmd (subprocess): sudo cinder-rootwrap /etc/cinder/rootwrap.conf qemu-img create -f qcow2 -o backing_file=/opt/stack/data/cinder/mnt/d6d52e95852889b6160aa9e9a4be1733/volume-68edfd71-d881-483a-a9d1-ef518cdfc26b,backing_fmt=qcow2 /opt/stack/data/cinder/mnt/d6d52e95852889b6160aa9e9a4be1733/volume-68edfd71-d881-483a-a9d1-ef518cdfc26b.ae93b885-2492-4dac-bef4-be99078cf060 1G {{(pid=79256) execute /opt/stack/data/venv/lib/python3.10/site-packages/oslo_concurrency/processutils.py:368}}
Feb 13 18:20:57 devstack sudo[81108]: quobyte : PWD=/ ; USER=root ; COMMAND=/opt/stack/data/venv/bin/cinder-rootwrap /etc/cinder/rootwrap.conf qemu-img create -f qcow2 -o backing_file=/opt/stack/data/cinder/mnt/d6d52e95852889b6160aa9e9a4be1733/volume-68edfd71-d881-483a-a9d1-ef518cdfc26b,backing_fmt=qcow2 /opt/stack/data/cinder/mnt/d6d52e95852889b6160aa9e9a4be1733/volume-68edfd71-d881-483a-a9d1-ef518cdfc26b.ae93b885-2492-4dac-bef4-be99078cf060 1G
Feb 13 18:20:57 devstack sudo[81108]: pam_unix(sudo:session): session opened for user root(uid=0) by (uid=1000)
Feb 13 18:20:57 devstack sudo[81108]: pam_unix(sudo:session): session closed for user root
Feb 13 18:20:57 devstack cinder-volume[79256]: DEBUG oslo_concurrency.processutils [None req-09ce90fe-ad43-4aaa-9d3a-beda95a92a0a tempest-GroupSnapshotsTest-1199610525 None] CMD "sudo cinder-rootwrap /etc/cinder/rootwrap.conf qemu-img create -f qcow2 -o backing_file=/opt/stack/data/cinder/mnt/d6d52e95852889b6160aa9e9a4be1733/volume-68edfd71-d881-483a-a9d1-ef518cdfc26b,backing_fmt=qcow2 /opt/stack/data/cinder/mnt/d6d52e95852889b6160aa9e9a4be1733/volume-68edfd71-d881-483a-a9d1-ef518cdfc26b.ae93b885-2492-4dac-bef4-be99078cf060 1G" returned: 0 in 0.742s {{(pid=79256) execute /opt/stack/data/venv/lib/python3.10/site-packages/oslo_concurrency/processutils.py:396}}
Feb 13 18:20:57 devstack cinder-volume[79256]: DEBUG oslo_concurrency.processutils [None req-09ce90fe-ad43-4aaa-9d3a-beda95a92a0a tempest-GroupSnapshotsTest-1199610525 None] Running cmd (subprocess): sudo cinder-rootwrap /etc/cinder/rootwrap.conf qemu-img rebase -u -b volume-68edfd71-d881-483a-a9d1-ef518cdfc26b -F qcow2 /opt/stack/data/cinder/mnt/d6d52e95852889b6160aa9e9a4be1733/volume-68edfd71-d881-483a-a9d1-ef518cdfc26b.ae93b885-2492-4dac-bef4-be99078cf060 {{(pid=79256) execute /opt/stack/data/venv/lib/python3.10/site-packages/oslo_concurrency/processutils.py:368}}
Feb 13 18:20:57 devstack sudo[81137]: quobyte : PWD=/ ; USER=root ; COMMAND=/opt/stack/data/venv/bin/cinder-rootwrap /etc/cinder/rootwrap.conf qemu-img rebase -u -b volume-68edfd71-d881-483a-a9d1-ef518cdfc26b -F qcow2 /opt/stack/data/cinder/mnt/d6d52e95852889b6160aa9e9a4be1733/volume-68edfd71-d881-483a-a9d1-ef518cdfc26b.ae93b885-2492-4dac-bef4-be99078cf060
Feb 13 18:20:57 devstack sudo[81137]: pam_unix(sudo:session): session opened for user root(uid=0) by (uid=1000)
Feb 13 18:20:58 devstack sudo[81137]: pam_unix(sudo:session): session closed for user root
Feb 13 18:20:58 devstack cinder-volume[79256]: DEBUG oslo_concurrency.processutils [None req-09ce90fe-ad43-4aaa-9d3a-beda95a92a0a tempest-GroupSnapshotsTest-1199610525 None] CMD "sudo cinder-rootwrap /etc/cinder/rootwrap.conf qemu-img rebase -u -b volume-68edfd71-d881-483a-a9d1-ef518cdfc26b -F qcow2 /opt/stack/data/cinder/mnt/d6d52e95852889b6160aa9e9a4be1733/volume-68edfd71-d881-483a-a9d1-ef518cdfc26b.ae93b885-2492-4dac-bef4-be99078cf060" returned: 0 in 0.494s {{(pid=79256) execute /opt/stack/data/venv/lib/python3.10/site-packages/oslo_concurrency/processutils.py:396}}
Feb 13 18:20:58 devstack cinder-volume[79256]: WARNING cinder.volume.drivers.remotefs [None req-09ce90fe-ad43-4aaa-9d3a-beda95a92a0a tempest-GroupSnapshotsTest-1199610525 None] /opt/stack/data/cinder/mnt/d6d52e95852889b6160aa9e9a4be1733/volume-68edfd71-d881-483a-a9d1-ef518cdfc26b.ae93b885-2492-4dac-bef4-be99078cf060 is being set with open permissions: ugo+rw: NotImplementedError
Feb 13 18:20:58 devstack cinder-volume[79256]: DEBUG oslo_concurrency.processutils [None req-09ce90fe-ad43-4aaa-9d3a-beda95a92a0a tempest-GroupSnapshotsTest-1199610525 None] Running cmd (subprocess): sudo cinder-rootwrap /etc/cinder/rootwrap.conf chmod ugo+rw /opt/stack/data/cinder/mnt/d6d52e95852889b6160aa9e9a4be1733/volume-68edfd71-d881-483a-a9d1-ef518cdfc26b.ae93b885-2492-4dac-bef4-be99078cf060 {{(pid=79256) execute /opt/stack/data/venv/lib/python3.10/site-packages/oslo_concurrency/processutils.py:368}}
Feb 13 18:20:58 devstack sudo[81142]: quobyte : PWD=/ ; USER=root ; COMMAND=/opt/stack/data/venv/bin/cinder-rootwrap /etc/cinder/rootwrap.conf chmod ugo+rw /opt/stack/data/cinder/mnt/d6d52e95852889b6160aa9e9a4be1733/volume-68edfd71-d881-483a-a9d1-ef518cdfc26b.ae93b885-2492-4dac-bef4-be99078cf060
Feb 13 18:20:58 devstack sudo[81142]: pam_unix(sudo:session): session opened for user root(uid=0) by (uid=1000)
Feb 13 18:20:58 devstack sudo[81142]: pam_unix(sudo:session): session closed for user root
Feb 13 18:20:58 devstack cinder-volume[79256]: DEBUG oslo_concurrency.processutils [None req-09ce90fe-ad43-4aaa-9d3a-beda95a92a0a tempest-GroupSnapshotsTest-1199610525 None] CMD "sudo cinder-rootwrap /etc/cinder/rootwrap.conf chmod ugo+rw /opt/stack/data/cinder/mnt/d6d52e95852889b6160aa9e9a4be1733/volume-68edfd71-d881-483a-a9d1-ef518cdfc26b.ae93b885-2492-4dac-bef4-be99078cf060" returned: 0 in 0.461s {{(pid=79256) execute /opt/stack/data/venv/lib/python3.10/site-packages/oslo_concurrency/processutils.py:396}}
Feb 13 18:20:58 devstack cinder-volume[79256]: DEBUG oslo_concurrency.processutils [None req-09ce90fe-ad43-4aaa-9d3a-beda95a92a0a tempest-GroupSnapshotsTest-1199610525 None] Running cmd (subprocess): sudo cinder-rootwrap /etc/cinder/rootwrap.conf truncate -s0 /opt/stack/data/cinder/mnt/d6d52e95852889b6160aa9e9a4be1733/volume-68edfd71-d881-483a-a9d1-ef518cdfc26b.info {{(pid=79256) execute /opt/stack/data/venv/lib/python3.10/site-packages/oslo_concurrency/processutils.py:368}}
Feb 13 18:20:58 devstack sudo[81151]: quobyte : PWD=/ ; USER=root ; COMMAND=/opt/stack/data/venv/bin/cinder-rootwrap /etc/cinder/rootwrap.conf truncate -s0 /opt/stack/data/cinder/mnt/d6d52e95852889b6160aa9e9a4be1733/volume-68edfd71-d881-483a-a9d1-ef518cdfc26b.info
Feb 13 18:20:58 devstack sudo[81151]: pam_unix(sudo:session): session opened for user root(uid=0) by (uid=1000)
Feb 13 18:20:59 devstack sudo[81151]: pam_unix(sudo:session): session closed for user root
Feb 13 18:20:59 devstack cinder-volume[79256]: DEBUG oslo_concurrency.processutils [None req-09ce90fe-ad43-4aaa-9d3a-beda95a92a0a tempest-GroupSnapshotsTest-1199610525 None] CMD "sudo cinder-rootwrap /etc/cinder/rootwrap.conf truncate -s0 /opt/stack/data/cinder/mnt/d6d52e95852889b6160aa9e9a4be1733/volume-68edfd71-d881-483a-a9d1-ef518cdfc26b.info" returned: 0 in 0.417s {{(pid=79256) execute /opt/stack/data/venv/lib/python3.10/site-packages/oslo_concurrency/processutils.py:396}}
Feb 13 18:20:59 devstack cinder-volume[79256]: WARNING cinder.volume.drivers.remotefs [None req-09ce90fe-ad43-4aaa-9d3a-beda95a92a0a tempest-GroupSnapshotsTest-1199610525 None] /opt/stack/data/cinder/mnt/d6d52e95852889b6160aa9e9a4be1733/volume-68edfd71-d881-483a-a9d1-ef518cdfc26b.info is being set with open permissions: ugo+rw: NotImplementedError
Feb 13 18:20:59 devstack cinder-volume[79256]: DEBUG oslo_concurrency.processutils [None req-09ce90fe-ad43-4aaa-9d3a-beda95a92a0a tempest-GroupSnapshotsTest-1199610525 None] Running cmd (subprocess): sudo cinder-rootwrap /etc/cinder/rootwrap.conf chmod ugo+rw /opt/stack/data/cinder/mnt/d6d52e95852889b6160aa9e9a4be1733/volume-68edfd71-d881-483a-a9d1-ef518cdfc26b.info {{(pid=79256) execute /opt/stack/data/venv/lib/python3.10/site-packages/oslo_concurrency/processutils.py:368}}
Feb 13 18:20:59 devstack sudo[81154]: quobyte : PWD=/ ; USER=root ; COMMAND=/opt/stack/data/venv/bin/cinder-rootwrap /etc/cinder/rootwrap.conf chmod ugo+rw /opt/stack/data/cinder/mnt/d6d52e95852889b6160aa9e9a4be1733/volume-68edfd71-d881-483a-a9d1-ef518cdfc26b.info
Feb 13 18:20:59 devstack sudo[81154]: pam_unix(sudo:session): session opened for user root(uid=0) by (uid=1000)
Feb 13 18:20:59 devstack sudo[81154]: pam_unix(sudo:session): session closed for user root
Feb 13 18:20:59 devstack cinder-volume[79256]: DEBUG oslo_concurrency.processutils [None req-09ce90fe-ad43-4aaa-9d3a-beda95a92a0a tempest-GroupSnapshotsTest-1199610525 None] CMD "sudo cinder-rootwrap /etc/cinder/rootwrap.conf chmod ugo+rw /opt/stack/data/cinder/mnt/d6d52e95852889b6160aa9e9a4be1733/volume-68edfd71-d881-483a-a9d1-ef518cdfc26b.info" returned: 0 in 0.415s {{(pid=79256) execute /opt/stack/data/venv/lib/python3.10/site-packages/oslo_concurrency/processutils.py:396}}
Feb 13 18:20:59 devstack cinder-volume[79256]: DEBUG oslo_concurrency.lockutils [None req-09ce90fe-ad43-4aaa-9d3a-beda95a92a0a tempest-GroupSnapshotsTest-1199610525 None] Lock "quobyte" "released" by "cinder.volume.drivers.quobyte.QuobyteDriver.create_snapshot" :: held 3.101s {{(pid=79256) inner /opt/stack/data/venv/lib/python3.10/site-packages/oslo_concurrency/lockutils.py:538}}
Feb 13 18:20:59 devstack cinder-volume[79256]: DEBUG oslo_concurrency.lockutils [None req-aa09be4f-be7f-4b28-bee5-b13b6ee12119 tempest-SnapshotsActionsTest-1027741429 None] Lock "quobyte" acquired by "cinder.volume.drivers.quobyte.QuobyteDriver.create_snapshot" :: waited 5.477s {{(pid=79256) inner /opt/stack/data/venv/lib/python3.10/site-packages/oslo_concurrency/lockutils.py:519}}
Feb 13 18:20:59 devstack cinder-volume[79256]: DEBUG cinder.volume.drivers.remotefs [None req-aa09be4f-be7f-4b28-bee5-b13b6ee12119 tempest-SnapshotsActionsTest-1027741429 None] Creating offline snapshot d3685a39-0f64-4456-a77f-53528e7b3c47 of volume 1edacf7f-d143-4e75-b8bd-38c0e6be565d {{(pid=79256) _create_snapshot /opt/stack/cinder/cinder/volume/drivers/remotefs.py:1817}}
Feb 13 18:20:59 devstack cinder-volume[79256]: DEBUG oslo.privsep.daemon [-] privsep: reply[0ff8efff-6b49-4132-803d-d496b2ebd0fd]: (4, 'qcow2') {{(pid=79985) _call_back /opt/stack/data/venv/lib/python3.10/site-packages/oslo_privsep/daemon.py:515}}
Feb 13 18:20:59 devstack cinder-volume[79256]: DEBUG oslo_concurrency.processutils [None req-aa09be4f-be7f-4b28-bee5-b13b6ee12119 tempest-SnapshotsActionsTest-1027741429 None] Running cmd (subprocess): /opt/stack/data/venv/bin/python3.10 -m oslo_concurrency.prlimit --as=1073741824 --cpu=60 -- sudo cinder-rootwrap /etc/cinder/rootwrap.conf env LC_ALL=C qemu-img info -f qcow2 --output=json --force-share /opt/stack/data/cinder/mnt/d6d52e95852889b6160aa9e9a4be1733/volume-1edacf7f-d143-4e75-b8bd-38c0e6be565d.785fbc4a-ecae-4ec9-8b42-3d6a9eeafada {{(pid=79256) execute /opt/stack/data/venv/lib/python3.10/site-packages/oslo_concurrency/processutils.py:368}}
Feb 13 18:20:59 devstack sudo[81157]: quobyte : PWD=/ ; USER=root ; COMMAND=/opt/stack/data/venv/bin/cinder-rootwrap /etc/cinder/rootwrap.conf env LC_ALL=C qemu-img info -f qcow2 --output=json --force-share /opt/stack/data/cinder/mnt/d6d52e95852889b6160aa9e9a4be1733/volume-1edacf7f-d143-4e75-b8bd-38c0e6be565d.785fbc4a-ecae-4ec9-8b42-3d6a9eeafada
Feb 13 18:20:59 devstack sudo[81157]: pam_unix(sudo:session): session opened for user root(uid=0) by (uid=1000)
Feb 13 18:20:59 devstack cinder-volume[79256]: INFO cinder.volume.manager [None req-09ce90fe-ad43-4aaa-9d3a-beda95a92a0a tempest-GroupSnapshotsTest-1199610525 None] group_snapshot 1b49bc3a-ce82-4d7a-9ce3-768425c936ad: created successfully
Feb 13 18:21:00 devstack sudo[81157]: pam_unix(sudo:session): session closed for user root
Feb 13 18:21:00 devstack cinder-volume[79256]: DEBUG oslo_concurrency.processutils [None req-aa09be4f-be7f-4b28-bee5-b13b6ee12119 tempest-SnapshotsActionsTest-1027741429 None] CMD "/opt/stack/data/venv/bin/python3.10 -m oslo_concurrency.prlimit --as=1073741824 --cpu=60 -- sudo cinder-rootwrap /etc/cinder/rootwrap.conf env LC_ALL=C qemu-img info -f qcow2 --output=json --force-share /opt/stack/data/cinder/mnt/d6d52e95852889b6160aa9e9a4be1733/volume-1edacf7f-d143-4e75-b8bd-38c0e6be565d.785fbc4a-ecae-4ec9-8b42-3d6a9eeafada" returned: 0 in 0.512s {{(pid=79256) execute /opt/stack/data/venv/lib/python3.10/site-packages/oslo_concurrency/processutils.py:396}}
Feb 13 18:21:00 devstack cinder-volume[79256]: DEBUG cinder.volume.drivers.remotefs [None req-aa09be4f-be7f-4b28-bee5-b13b6ee12119 tempest-SnapshotsActionsTest-1027741429 None] Fetching qemu-img info with special backing_file_template: (/opt/stack/data/cinder/mnt/[0-9a-f]+/)?(volume-1edacf7f-d143-4e75-b8bd-38c0e6be565d(.(tmp-snap-)?[0-9a-f-]+)?|volume_from_snapshot_cache/(tmp-snap-)?[0-9a-f-]+(.(child-|parent-)[0-9a-f-]+)?)$ {{(pid=79256) _qemu_img_info_base /opt/stack/cinder/cinder/volume/drivers/remotefs.py:898}}
Feb 13 18:21:00 devstack cinder-volume[79256]: DEBUG oslo_concurrency.processutils [None req-aa09be4f-be7f-4b28-bee5-b13b6ee12119 tempest-SnapshotsActionsTest-1027741429 None] Running cmd (subprocess): sudo cinder-rootwrap /etc/cinder/rootwrap.conf qemu-img create -f qcow2 -o backing_file=/opt/stack/data/cinder/mnt/d6d52e95852889b6160aa9e9a4be1733/volume-1edacf7f-d143-4e75-b8bd-38c0e6be565d.785fbc4a-ecae-4ec9-8b42-3d6a9eeafada,backing_fmt=qcow2 /opt/stack/data/cinder/mnt/d6d52e95852889b6160aa9e9a4be1733/volume-1edacf7f-d143-4e75-b8bd-38c0e6be565d.d3685a39-0f64-4456-a77f-53528e7b3c47 1G {{(pid=79256) execute /opt/stack/data/venv/lib/python3.10/site-packages/oslo_concurrency/processutils.py:368}}
Feb 13 18:21:00 devstack sudo[81162]: quobyte : PWD=/ ; USER=root ; COMMAND=/opt/stack/data/venv/bin/cinder-rootwrap /etc/cinder/rootwrap.conf qemu-img create -f qcow2 -o backing_file=/opt/stack/data/cinder/mnt/d6d52e95852889b6160aa9e9a4be1733/volume-1edacf7f-d143-4e75-b8bd-38c0e6be565d.785fbc4a-ecae-4ec9-8b42-3d6a9eeafada,backing_fmt=qcow2 /opt/stack/data/cinder/mnt/d6d52e95852889b6160aa9e9a4be1733/volume-1edacf7f-d143-4e75-b8bd-38c0e6be565d.d3685a39-0f64-4456-a77f-53528e7b3c47 1G
Feb 13 18:21:00 devstack sudo[81162]: pam_unix(sudo:session): session opened for user root(uid=0) by (uid=1000)
Feb 13 18:21:00 devstack cinder-volume[79256]: INFO cinder.volume.manager [None req-b18a3d45-e8dd-4fcd-af15-d9560d67a7b2 tempest-GroupSnapshotsTest-1199610525 None] group_snapshot 1b49bc3a-ce82-4d7a-9ce3-768425c936ad: deleting
Feb 13 18:21:00 devstack cinder-volume[79256]: WARNING cinder.volume.volume_utils [None req-b18a3d45-e8dd-4fcd-af15-d9560d67a7b2 tempest-GroupSnapshotsTest-1199610525 None] Volume driver (QuobyteDriver 1.1.14) is currently unsupported and may be removed in the next release of OpenStack. Use at your own risk.
Feb 13 18:21:00 devstack cinder-volume[79256]: DEBUG cinder.volume.manager [None req-b18a3d45-e8dd-4fcd-af15-d9560d67a7b2 tempest-GroupSnapshotsTest-1199610525 None] group_snapshot 1b49bc3a-ce82-4d7a-9ce3-768425c936ad: deleting {{(pid=79256) delete_group_snapshot /opt/stack/cinder/cinder/volume/manager.py:4350}}
Feb 13 18:21:00 devstack cinder-volume[79256]: DEBUG cinder.coordination [None req-b18a3d45-e8dd-4fcd-af15-d9560d67a7b2 tempest-GroupSnapshotsTest-1199610525 None] Acquiring lock "cinder-quobyte-05881977-e107-4f75-8bfc-d68075e8fdba" by "delete_snapshot" {{(pid=79256) __acquire /opt/stack/cinder/cinder/coordination.py:143}}
Feb 13 18:21:00 devstack cinder-volume[79256]: DEBUG cinder.coordination [None req-b18a3d45-e8dd-4fcd-af15-d9560d67a7b2 tempest-GroupSnapshotsTest-1199610525 None] Lock "cinder-quobyte-05881977-e107-4f75-8bfc-d68075e8fdba" acquired by "delete_snapshot" :: waited 0.011s {{(pid=79256) __acquire /opt/stack/cinder/cinder/coordination.py:146}}
Feb 13 18:21:00 devstack cinder-volume[79256]: DEBUG cinder.coordination [None req-b18a3d45-e8dd-4fcd-af15-d9560d67a7b2 tempest-GroupSnapshotsTest-1199610525 None] Acquiring lock "cinder-quobyte-1af5a273-8ed9-43ae-8ae3-9c41833a542a" by "_delete_snapshot" {{(pid=79256) __acquire /opt/stack/cinder/cinder/coordination.py:143}}
Feb 13 18:21:00 devstack cinder-volume[79256]: DEBUG cinder.coordination [None req-b18a3d45-e8dd-4fcd-af15-d9560d67a7b2 tempest-GroupSnapshotsTest-1199610525 None] Lock "cinder-quobyte-1af5a273-8ed9-43ae-8ae3-9c41833a542a" acquired by "_delete_snapshot" :: waited 0.010s {{(pid=79256) __acquire /opt/stack/cinder/cinder/coordination.py:146}}
Feb 13 18:21:00 devstack cinder-volume[79256]: DEBUG cinder.volume.drivers.remotefs [None req-b18a3d45-e8dd-4fcd-af15-d9560d67a7b2 tempest-GroupSnapshotsTest-1199610525 None] Deleting offline snapshot 1af5a273-8ed9-43ae-8ae3-9c41833a542a of volume 05881977-e107-4f75-8bfc-d68075e8fdba {{(pid=79256) _delete_snapshot /opt/stack/cinder/cinder/volume/drivers/remotefs.py:1290}}
Feb 13 18:21:00 devstack cinder-volume[79256]: DEBUG cinder.volume.drivers.remotefs [None req-b18a3d45-e8dd-4fcd-af15-d9560d67a7b2 tempest-GroupSnapshotsTest-1199610525 None] snapshot_file for this snap is: volume-05881977-e107-4f75-8bfc-d68075e8fdba.1af5a273-8ed9-43ae-8ae3-9c41833a542a {{(pid=79256) _delete_snapshot /opt/stack/cinder/cinder/volume/drivers/remotefs.py:1319}}
Feb 13 18:21:00 devstack cinder-volume[79256]: DEBUG oslo.privsep.daemon [-] privsep: reply[c1935455-46b5-40d5-9fbe-ea232fdabc11]: (4, 'qcow2') {{(pid=79985) _call_back /opt/stack/data/venv/lib/python3.10/site-packages/oslo_privsep/daemon.py:515}}
Feb 13 18:21:00 devstack cinder-volume[79256]: DEBUG oslo_concurrency.processutils [None req-b18a3d45-e8dd-4fcd-af15-d9560d67a7b2 tempest-GroupSnapshotsTest-1199610525 None] Running cmd (subprocess): /opt/stack/data/venv/bin/python3.10 -m oslo_concurrency.prlimit --as=1073741824 --cpu=60 -- sudo cinder-rootwrap /etc/cinder/rootwrap.conf env LC_ALL=C qemu-img info -f qcow2 --output=json --force-share /opt/stack/data/cinder/mnt/d6d52e95852889b6160aa9e9a4be1733/volume-05881977-e107-4f75-8bfc-d68075e8fdba.1af5a273-8ed9-43ae-8ae3-9c41833a542a {{(pid=79256) execute /opt/stack/data/venv/lib/python3.10/site-packages/oslo_concurrency/processutils.py:368}}
Feb 13 18:21:00 devstack sudo[81164]: quobyte : PWD=/ ; USER=root ; COMMAND=/opt/stack/data/venv/bin/cinder-rootwrap /etc/cinder/rootwrap.conf env LC_ALL=C qemu-img info -f qcow2 --output=json --force-share /opt/stack/data/cinder/mnt/d6d52e95852889b6160aa9e9a4be1733/volume-05881977-e107-4f75-8bfc-d68075e8fdba.1af5a273-8ed9-43ae-8ae3-9c41833a542a
Feb 13 18:21:00 devstack sudo[81164]: pam_unix(sudo:session): session opened for user root(uid=0) by (uid=1000)
Feb 13 18:21:00 devstack sudo[81162]: pam_unix(sudo:session): session closed for user root
Feb 13 18:21:00 devstack cinder-volume[79256]: DEBUG oslo_concurrency.processutils [None req-aa09be4f-be7f-4b28-bee5-b13b6ee12119 tempest-SnapshotsActionsTest-1027741429 None] CMD "sudo cinder-rootwrap /etc/cinder/rootwrap.conf qemu-img create -f qcow2 -o backing_file=/opt/stack/data/cinder/mnt/d6d52e95852889b6160aa9e9a4be1733/volume-1edacf7f-d143-4e75-b8bd-38c0e6be565d.785fbc4a-ecae-4ec9-8b42-3d6a9eeafada,backing_fmt=qcow2 /opt/stack/data/cinder/mnt/d6d52e95852889b6160aa9e9a4be1733/volume-1edacf7f-d143-4e75-b8bd-38c0e6be565d.d3685a39-0f64-4456-a77f-53528e7b3c47 1G" returned: 0 in 0.581s {{(pid=79256) execute /opt/stack/data/venv/lib/python3.10/site-packages/oslo_concurrency/processutils.py:396}}
Feb 13 18:21:00 devstack cinder-volume[79256]: DEBUG oslo_concurrency.processutils [None req-aa09be4f-be7f-4b28-bee5-b13b6ee12119 tempest-SnapshotsActionsTest-1027741429 None] Running cmd (subprocess): sudo cinder-rootwrap /etc/cinder/rootwrap.conf qemu-img rebase -u -b volume-1edacf7f-d143-4e75-b8bd-38c0e6be565d.785fbc4a-ecae-4ec9-8b42-3d6a9eeafada -F qcow2 /opt/stack/data/cinder/mnt/d6d52e95852889b6160aa9e9a4be1733/volume-1edacf7f-d143-4e75-b8bd-38c0e6be565d.d3685a39-0f64-4456-a77f-53528e7b3c47 {{(pid=79256) execute /opt/stack/data/venv/lib/python3.10/site-packages/oslo_concurrency/processutils.py:368}}
Feb 13 18:21:00 devstack sudo[81169]: quobyte : PWD=/ ; USER=root ; COMMAND=/opt/stack/data/venv/bin/cinder-rootwrap /etc/cinder/rootwrap.conf qemu-img rebase -u -b volume-1edacf7f-d143-4e75-b8bd-38c0e6be565d.785fbc4a-ecae-4ec9-8b42-3d6a9eeafada -F qcow2 /opt/stack/data/cinder/mnt/d6d52e95852889b6160aa9e9a4be1733/volume-1edacf7f-d143-4e75-b8bd-38c0e6be565d.d3685a39-0f64-4456-a77f-53528e7b3c47
