Jul 21 19:13:02 devstack cinder-volume[87498]: DEBUG oslo_concurrency.processutils [None req-802bb05a-fc30-4c1a-8e9c-5bc1b7cf28fa tempest-VolumeRetypeWithoutMigrationTest-1494591621 None] Running cmd (subprocess): sudo cinder-rootwrap /etc/cinder/rootwrap.conf df --portability --block-size 1 /opt/stack/data/cinder/mnt/297f8edcb43b73059a963157c477c916 {{(pid=87498) execute /opt/stack/data/venv/lib/python3.12/site-packages/oslo_concurrency/processutils.py:440}}
Jul 21 19:13:02 devstack sudo[95814]: quobyte : PWD=/ ; USER=root ; COMMAND=/opt/stack/data/venv/bin/cinder-rootwrap /etc/cinder/rootwrap.conf df --portability --block-size 1 /opt/stack/data/cinder/mnt/297f8edcb43b73059a963157c477c916
Jul 21 19:13:02 devstack sudo[95814]: pam_unix(sudo:session): session opened for user root(uid=0) by (uid=1000)
Jul 21 19:13:03 devstack sudo[95814]: pam_unix(sudo:session): session closed for user root
Jul 21 19:13:03 devstack cinder-volume[87498]: DEBUG oslo_concurrency.processutils [None req-802bb05a-fc30-4c1a-8e9c-5bc1b7cf28fa tempest-VolumeRetypeWithoutMigrationTest-1494591621 None] CMD "sudo cinder-rootwrap /etc/cinder/rootwrap.conf df --portability --block-size 1 /opt/stack/data/cinder/mnt/297f8edcb43b73059a963157c477c916" returned: 0 in 0.311s {{(pid=87498) execute /opt/stack/data/venv/lib/python3.12/site-packages/oslo_concurrency/processutils.py:468}}
Jul 21 19:13:03 devstack cinder-volume[87498]: DEBUG cinder.manager [None req-802bb05a-fc30-4c1a-8e9c-5bc1b7cf28fa tempest-VolumeRetypeWithoutMigrationTest-1494591621 None] Notifying Schedulers of capabilities ... {{(pid=87498) _publish_service_capabilities /opt/stack/cinder/cinder/manager.py:219}}
Jul 21 19:13:03 devstack cinder-volume[87498]: INFO cinder.volume.manager [None req-802bb05a-fc30-4c1a-8e9c-5bc1b7cf28fa tempest-VolumeRetypeWithoutMigrationTest-1494591621 None] Deleted volume successfully.
Jul 21 19:13:03 devstack cinder-volume[87498]: DEBUG cinder.coordination [None req-802bb05a-fc30-4c1a-8e9c-5bc1b7cf28fa tempest-VolumeRetypeWithoutMigrationTest-1494591621 None] Lock "cinder-991fbb26-e89e-4edd-af62-d54303dcb443-delete_volume" released by "delete_volume" :: held 1.598s {{(pid=87498) __release /opt/stack/cinder/cinder/coordination.py:152}}
Jul 21 19:13:03 devstack cinder-volume[87498]: DEBUG cinder.coordination [None req-2b633576-6e96-42ba-820a-fdcc546f202e tempest-ServerRescueNegativeTestJSON-593995879 None] Acquiring lock "cinder-be7533bb-730c-4727-b952-221e27fc3e3f-delete_volume" by "delete_volume" {{(pid=87498) __acquire /opt/stack/cinder/cinder/coordination.py:138}}
Jul 21 19:13:03 devstack cinder-volume[87498]: DEBUG cinder.coordination [None req-2b633576-6e96-42ba-820a-fdcc546f202e tempest-ServerRescueNegativeTestJSON-593995879 None] Lock "cinder-be7533bb-730c-4727-b952-221e27fc3e3f-delete_volume" acquired by "delete_volume" :: waited 0.045s {{(pid=87498) __acquire /opt/stack/cinder/cinder/coordination.py:141}}
Jul 21 19:13:03 devstack cinder-volume[87498]: DEBUG oslo_concurrency.lockutils [None req-f6c7fe1a-63b6-44dd-9441-d0108b95cc26 tempest-VolumeSnapshotQuotasNegativeTestJSON-1039550041 None] Acquiring lock "quobyte" by "cinder.volume.drivers.quobyte.QuobyteDriver.create_snapshot" {{(pid=87498) inner /opt/stack/data/venv/lib/python3.12/site-packages/oslo_concurrency/lockutils.py:512}}
Jul 21 19:13:03 devstack cinder-volume[87498]: DEBUG oslo_concurrency.lockutils [None req-f6c7fe1a-63b6-44dd-9441-d0108b95cc26 tempest-VolumeSnapshotQuotasNegativeTestJSON-1039550041 None] Lock "quobyte" acquired by "cinder.volume.drivers.quobyte.QuobyteDriver.create_snapshot" :: waited 0.002s {{(pid=87498) inner /opt/stack/data/venv/lib/python3.12/site-packages/oslo_concurrency/lockutils.py:525}}
Jul 21 19:13:03 devstack cinder-volume[87498]: DEBUG cinder.coordination [None req-2b633576-6e96-42ba-820a-fdcc546f202e tempest-ServerRescueNegativeTestJSON-593995879 None] Acquiring lock "cinder-quobyte-be7533bb-730c-4727-b952-221e27fc3e3f" by "delete_volume" {{(pid=87498) __acquire /opt/stack/cinder/cinder/coordination.py:138}}
Jul 21 19:13:04 devstack cinder-volume[87498]: DEBUG cinder.volume.drivers.remotefs [None req-f6c7fe1a-63b6-44dd-9441-d0108b95cc26 tempest-VolumeSnapshotQuotasNegativeTestJSON-1039550041 None] Creating offline snapshot cd30df62-5201-4419-a266-7297ab62d026 of volume 9198f9b5-8756-446c-9cf9-8457cadc6cc3 {{(pid=87498) _create_snapshot /opt/stack/cinder/cinder/volume/drivers/remotefs.py:1816}}
Jul 21 19:13:04 devstack cinder-volume[87498]: DEBUG cinder.coordination [None req-2b633576-6e96-42ba-820a-fdcc546f202e tempest-ServerRescueNegativeTestJSON-593995879 None] Lock "cinder-quobyte-be7533bb-730c-4727-b952-221e27fc3e3f" acquired by "delete_volume" :: waited 0.050s {{(pid=87498) __acquire /opt/stack/cinder/cinder/coordination.py:141}}
Jul 21 19:13:04 devstack cinder-volume[87498]: DEBUG oslo.privsep.daemon [-] privsep: reply[04092897-71e5-4cc7-91f4-d98a7ee5b8af]: (4, 'qcow2') {{(pid=89570) _call_back /opt/stack/data/venv/lib/python3.12/site-packages/oslo_privsep/daemon.py:580}}
Jul 21 19:13:04 devstack cinder-volume[87498]: DEBUG oslo_concurrency.processutils [None req-f6c7fe1a-63b6-44dd-9441-d0108b95cc26 tempest-VolumeSnapshotQuotasNegativeTestJSON-1039550041 None] Running cmd (subprocess): /opt/stack/data/venv/bin/python3.12 -m oslo_concurrency.prlimit --as=1073741824 --cpu=60 -- sudo cinder-rootwrap /etc/cinder/rootwrap.conf env LC_ALL=C qemu-img info -f qcow2 --output=json --force-share /opt/stack/data/cinder/mnt/297f8edcb43b73059a963157c477c916/volume-9198f9b5-8756-446c-9cf9-8457cadc6cc3 {{(pid=87498) execute /opt/stack/data/venv/lib/python3.12/site-packages/oslo_concurrency/processutils.py:440}}
Jul 21 19:13:04 devstack cinder-volume[87498]: DEBUG oslo.privsep.daemon [-] privsep: reply[f7894a6c-91d6-4bbe-a3c1-eba8ccf1c630]: (4, 'qcow2') {{(pid=89570) _call_back /opt/stack/data/venv/lib/python3.12/site-packages/oslo_privsep/daemon.py:580}}
Jul 21 19:13:04 devstack cinder-volume[87498]: DEBUG oslo_concurrency.processutils [None req-2b633576-6e96-42ba-820a-fdcc546f202e tempest-ServerRescueNegativeTestJSON-593995879 None] Running cmd (subprocess): /opt/stack/data/venv/bin/python3.12 -m oslo_concurrency.prlimit --as=1073741824 --cpu=60 -- sudo cinder-rootwrap /etc/cinder/rootwrap.conf env LC_ALL=C qemu-img info -f qcow2 --output=json --force-share /opt/stack/data/cinder/mnt/297f8edcb43b73059a963157c477c916/volume-be7533bb-730c-4727-b952-221e27fc3e3f {{(pid=87498) execute /opt/stack/data/venv/lib/python3.12/site-packages/oslo_concurrency/processutils.py:440}}
Jul 21 19:13:04 devstack sudo[95821]: quobyte : PWD=/ ; USER=root ; COMMAND=/opt/stack/data/venv/bin/cinder-rootwrap /etc/cinder/rootwrap.conf env LC_ALL=C qemu-img info -f qcow2 --output=json --force-share /opt/stack/data/cinder/mnt/297f8edcb43b73059a963157c477c916/volume-9198f9b5-8756-446c-9cf9-8457cadc6cc3
Jul 21 19:13:04 devstack sudo[95821]: pam_unix(sudo:session): session opened for user root(uid=0) by (uid=1000)
Jul 21 19:13:04 devstack sudo[95822]: quobyte : PWD=/ ; USER=root ; COMMAND=/opt/stack/data/venv/bin/cinder-rootwrap /etc/cinder/rootwrap.conf env LC_ALL=C qemu-img info -f qcow2 --output=json --force-share /opt/stack/data/cinder/mnt/297f8edcb43b73059a963157c477c916/volume-be7533bb-730c-4727-b952-221e27fc3e3f
Jul 21 19:13:04 devstack sudo[95822]: pam_unix(sudo:session): session opened for user root(uid=0) by (uid=1000)
Jul 21 19:13:04 devstack sudo[95821]: pam_unix(sudo:session): session closed for user root
Jul 21 19:13:04 devstack cinder-volume[87498]: DEBUG oslo_concurrency.processutils [None req-f6c7fe1a-63b6-44dd-9441-d0108b95cc26 tempest-VolumeSnapshotQuotasNegativeTestJSON-1039550041 None] CMD "/opt/stack/data/venv/bin/python3.12 -m oslo_concurrency.prlimit --as=1073741824 --cpu=60 -- sudo cinder-rootwrap /etc/cinder/rootwrap.conf env LC_ALL=C qemu-img info -f qcow2 --output=json --force-share /opt/stack/data/cinder/mnt/297f8edcb43b73059a963157c477c916/volume-9198f9b5-8756-446c-9cf9-8457cadc6cc3" returned: 0 in 0.625s {{(pid=87498) execute /opt/stack/data/venv/lib/python3.12/site-packages/oslo_concurrency/processutils.py:468}}
Jul 21 19:13:04 devstack cinder-volume[87498]: DEBUG oslo_concurrency.processutils [None req-f6c7fe1a-63b6-44dd-9441-d0108b95cc26 tempest-VolumeSnapshotQuotasNegativeTestJSON-1039550041 None] Running cmd (subprocess): sudo cinder-rootwrap /etc/cinder/rootwrap.conf qemu-img create -f qcow2 -o backing_file=/opt/stack/data/cinder/mnt/297f8edcb43b73059a963157c477c916/volume-9198f9b5-8756-446c-9cf9-8457cadc6cc3,backing_fmt=qcow2 /opt/stack/data/cinder/mnt/297f8edcb43b73059a963157c477c916/volume-9198f9b5-8756-446c-9cf9-8457cadc6cc3.cd30df62-5201-4419-a266-7297ab62d026 1G {{(pid=87498) execute /opt/stack/data/venv/lib/python3.12/site-packages/oslo_concurrency/processutils.py:440}}
Jul 21 19:13:04 devstack sudo[95831]: quobyte : PWD=/ ; USER=root ; COMMAND=/opt/stack/data/venv/bin/cinder-rootwrap /etc/cinder/rootwrap.conf qemu-img create -f qcow2 -o backing_file=/opt/stack/data/cinder/mnt/297f8edcb43b73059a963157c477c916/volume-9198f9b5-8756-446c-9cf9-8457cadc6cc3,backing_fmt=qcow2 /opt/stack/data/cinder/mnt/297f8edcb43b73059a963157c477c916/volume-9198f9b5-8756-446c-9cf9-8457cadc6cc3.cd30df62-5201-4419-a266-7297ab62d026 1G
Jul 21 19:13:04 devstack sudo[95831]: pam_unix(sudo:session): session opened for user root(uid=0) by (uid=1000)
Jul 21 19:13:04 devstack sudo[95822]: pam_unix(sudo:session): session closed for user root
Jul 21 19:13:04 devstack cinder-volume[87498]: DEBUG oslo_concurrency.processutils [None req-2b633576-6e96-42ba-820a-fdcc546f202e tempest-ServerRescueNegativeTestJSON-593995879 None] CMD "/opt/stack/data/venv/bin/python3.12 -m oslo_concurrency.prlimit --as=1073741824 --cpu=60 -- sudo cinder-rootwrap /etc/cinder/rootwrap.conf env LC_ALL=C qemu-img info -f qcow2 --output=json --force-share /opt/stack/data/cinder/mnt/297f8edcb43b73059a963157c477c916/volume-be7533bb-730c-4727-b952-221e27fc3e3f" returned: 0 in 0.718s {{(pid=87498) execute /opt/stack/data/venv/lib/python3.12/site-packages/oslo_concurrency/processutils.py:468}}
Jul 21 19:13:04 devstack cinder-volume[87498]: DEBUG oslo_concurrency.processutils [None req-2b633576-6e96-42ba-820a-fdcc546f202e tempest-ServerRescueNegativeTestJSON-593995879 None] Running cmd (subprocess): sudo cinder-rootwrap /etc/cinder/rootwrap.conf rm -f /opt/stack/data/cinder/mnt/297f8edcb43b73059a963157c477c916/volume-be7533bb-730c-4727-b952-221e27fc3e3f {{(pid=87498) execute /opt/stack/data/venv/lib/python3.12/site-packages/oslo_concurrency/processutils.py:440}}
Jul 21 19:13:04 devstack sudo[95834]: quobyte : PWD=/ ; USER=root ; COMMAND=/opt/stack/data/venv/bin/cinder-rootwrap /etc/cinder/rootwrap.conf rm -f /opt/stack/data/cinder/mnt/297f8edcb43b73059a963157c477c916/volume-be7533bb-730c-4727-b952-221e27fc3e3f
Jul 21 19:13:04 devstack sudo[95834]: pam_unix(sudo:session): session opened for user root(uid=0) by (uid=1000)
Jul 21 19:13:05 devstack sudo[95834]: pam_unix(sudo:session): session closed for user root
Jul 21 19:13:05 devstack cinder-volume[87498]: DEBUG oslo_concurrency.processutils [None req-2b633576-6e96-42ba-820a-fdcc546f202e tempest-ServerRescueNegativeTestJSON-593995879 None] CMD "sudo cinder-rootwrap /etc/cinder/rootwrap.conf rm -f /opt/stack/data/cinder/mnt/297f8edcb43b73059a963157c477c916/volume-be7533bb-730c-4727-b952-221e27fc3e3f" returned: 0 in 0.653s {{(pid=87498) execute /opt/stack/data/venv/lib/python3.12/site-packages/oslo_concurrency/processutils.py:468}}
Jul 21 19:13:05 devstack sudo[95831]: pam_unix(sudo:session): session closed for user root
Jul 21 19:13:05 devstack cinder-volume[87498]: DEBUG oslo_concurrency.processutils [None req-f6c7fe1a-63b6-44dd-9441-d0108b95cc26 tempest-VolumeSnapshotQuotasNegativeTestJSON-1039550041 None] CMD "sudo cinder-rootwrap /etc/cinder/rootwrap.conf qemu-img create -f qcow2 -o backing_file=/opt/stack/data/cinder/mnt/297f8edcb43b73059a963157c477c916/volume-9198f9b5-8756-446c-9cf9-8457cadc6cc3,backing_fmt=qcow2 /opt/stack/data/cinder/mnt/297f8edcb43b73059a963157c477c916/volume-9198f9b5-8756-446c-9cf9-8457cadc6cc3.cd30df62-5201-4419-a266-7297ab62d026 1G" returned: 0 in 0.787s {{(pid=87498) execute /opt/stack/data/venv/lib/python3.12/site-packages/oslo_concurrency/processutils.py:468}}
Jul 21 19:13:05 devstack cinder-volume[87498]: DEBUG oslo_concurrency.processutils [None req-f6c7fe1a-63b6-44dd-9441-d0108b95cc26 tempest-VolumeSnapshotQuotasNegativeTestJSON-1039550041 None] Running cmd (subprocess): sudo cinder-rootwrap /etc/cinder/rootwrap.conf qemu-img rebase -u -b volume-9198f9b5-8756-446c-9cf9-8457cadc6cc3 -F qcow2 /opt/stack/data/cinder/mnt/297f8edcb43b73059a963157c477c916/volume-9198f9b5-8756-446c-9cf9-8457cadc6cc3.cd30df62-5201-4419-a266-7297ab62d026 {{(pid=87498) execute /opt/stack/data/venv/lib/python3.12/site-packages/oslo_concurrency/processutils.py:440}}
Jul 21 19:13:05 devstack cinder-volume[87498]: DEBUG cinder.coordination [None req-2b633576-6e96-42ba-820a-fdcc546f202e tempest-ServerRescueNegativeTestJSON-593995879 None] Lock "cinder-quobyte-be7533bb-730c-4727-b952-221e27fc3e3f" released by "delete_volume" :: held 1.463s {{(pid=87498) __release /opt/stack/cinder/cinder/coordination.py:152}}
Jul 21 19:13:05 devstack cinder-volume[87498]: DEBUG dbcounter [-] [87498] Writing DB stats cinder:UPDATE=120,cinder:SELECT=101,cinder:INSERT=21,cinder:DELETE=8 {{(pid=87498) stat_writer /opt/stack/data/venv/lib/python3.12/site-packages/dbcounter.py:115}}
Jul 21 19:13:05 devstack sudo[95841]: quobyte : PWD=/ ; USER=root ; COMMAND=/opt/stack/data/venv/bin/cinder-rootwrap /etc/cinder/rootwrap.conf qemu-img rebase -u -b volume-9198f9b5-8756-446c-9cf9-8457cadc6cc3 -F qcow2 /opt/stack/data/cinder/mnt/297f8edcb43b73059a963157c477c916/volume-9198f9b5-8756-446c-9cf9-8457cadc6cc3.cd30df62-5201-4419-a266-7297ab62d026
Jul 21 19:13:05 devstack sudo[95841]: pam_unix(sudo:session): session opened for user root(uid=0) by (uid=1000)
Jul 21 19:13:05 devstack cinder-volume[87498]: DEBUG cinder.quota [None req-2b633576-6e96-42ba-820a-fdcc546f202e tempest-ServerRescueNegativeTestJSON-593995879 None] Created reservations ['7504bcf6-af9f-47b3-8ac4-bfa8b20f1662', 'e3b6d1dc-99de-47d1-92a0-53550ad571f7', '967c60f9-38ee-49ff-8bcf-83dbc013fcef', '9d18902b-25ad-4988-b896-d620d2ca6d38'] {{(pid=87498) reserve /opt/stack/cinder/cinder/quota.py:752}}
Jul 21 19:13:05 devstack cinder-volume[87498]: DEBUG oslo_concurrency.lockutils [None req-2b633576-6e96-42ba-820a-fdcc546f202e tempest-ServerRescueNegativeTestJSON-593995879 None] Acquiring lock "quobyte_ensure" by "cinder.volume.drivers.quobyte.QuobyteDriver._ensure_shares_mounted" {{(pid=87498) inner /opt/stack/data/venv/lib/python3.12/site-packages/oslo_concurrency/lockutils.py:512}}
Jul 21 19:13:05 devstack cinder-volume[87498]: DEBUG oslo_concurrency.lockutils [None req-2b633576-6e96-42ba-820a-fdcc546f202e tempest-ServerRescueNegativeTestJSON-593995879 None] Lock "quobyte_ensure" acquired by "cinder.volume.drivers.quobyte.QuobyteDriver._ensure_shares_mounted" :: waited 0.001s {{(pid=87498) inner /opt/stack/data/venv/lib/python3.12/site-packages/oslo_concurrency/lockutils.py:525}}
Jul 21 19:13:05 devstack cinder-volume[87498]: DEBUG cinder.volume.drivers.quobyte [None req-2b633576-6e96-42ba-820a-fdcc546f202e tempest-ServerRescueNegativeTestJSON-593995879 None] Quobyte Volume URL set to: {'osci02.corp.quobyte.com/cinder-vol-8fa0fc6f-b9ee-47d2-bd78-f2f6012130c7': None} {{(pid=87498) _load_shares_config /opt/stack/cinder/cinder/volume/drivers/quobyte.py:651}}
Jul 21 19:13:05 devstack cinder-volume[87498]: DEBUG cinder.volume.drivers.quobyte [None req-2b633576-6e96-42ba-820a-fdcc546f202e tempest-ServerRescueNegativeTestJSON-593995879 None] Available shares ['osci02.corp.quobyte.com/cinder-vol-8fa0fc6f-b9ee-47d2-bd78-f2f6012130c7'] {{(pid=87498) _ensure_shares_mounted /opt/stack/cinder/cinder/volume/drivers/quobyte.py:681}}
Jul 21 19:13:05 devstack cinder-volume[87498]: DEBUG oslo_concurrency.lockutils [None req-2b633576-6e96-42ba-820a-fdcc546f202e tempest-ServerRescueNegativeTestJSON-593995879 None] Lock "quobyte_ensure" "released" by "cinder.volume.drivers.quobyte.QuobyteDriver._ensure_shares_mounted" :: held 0.012s {{(pid=87498) inner /opt/stack/data/venv/lib/python3.12/site-packages/oslo_concurrency/lockutils.py:544}}
Jul 21 19:13:05 devstack cinder-volume[87498]: DEBUG oslo_concurrency.processutils [None req-2b633576-6e96-42ba-820a-fdcc546f202e tempest-ServerRescueNegativeTestJSON-593995879 None] Running cmd (subprocess): sudo cinder-rootwrap /etc/cinder/rootwrap.conf df --portability --block-size 1 /opt/stack/data/cinder/mnt/297f8edcb43b73059a963157c477c916 {{(pid=87498) execute /opt/stack/data/venv/lib/python3.12/site-packages/oslo_concurrency/processutils.py:440}}
Jul 21 19:13:05 devstack sudo[95843]: quobyte : PWD=/ ; USER=root ; COMMAND=/opt/stack/data/venv/bin/cinder-rootwrap /etc/cinder/rootwrap.conf df --portability --block-size 1 /opt/stack/data/cinder/mnt/297f8edcb43b73059a963157c477c916
Jul 21 19:13:05 devstack sudo[95843]: pam_unix(sudo:session): session opened for user root(uid=0) by (uid=1000)
Jul 21 19:13:05 devstack sudo[95841]: pam_unix(sudo:session): session closed for user root
Jul 21 19:13:05 devstack cinder-volume[87498]: DEBUG oslo_concurrency.processutils [None req-f6c7fe1a-63b6-44dd-9441-d0108b95cc26 tempest-VolumeSnapshotQuotasNegativeTestJSON-1039550041 None] CMD "sudo cinder-rootwrap /etc/cinder/rootwrap.conf qemu-img rebase -u -b volume-9198f9b5-8756-446c-9cf9-8457cadc6cc3 -F qcow2 /opt/stack/data/cinder/mnt/297f8edcb43b73059a963157c477c916/volume-9198f9b5-8756-446c-9cf9-8457cadc6cc3.cd30df62-5201-4419-a266-7297ab62d026" returned: 0 in 0.477s {{(pid=87498) execute /opt/stack/data/venv/lib/python3.12/site-packages/oslo_concurrency/processutils.py:468}}
Jul 21 19:13:05 devstack cinder-volume[87498]: WARNING cinder.volume.drivers.remotefs [None req-f6c7fe1a-63b6-44dd-9441-d0108b95cc26 tempest-VolumeSnapshotQuotasNegativeTestJSON-1039550041 None] /opt/stack/data/cinder/mnt/297f8edcb43b73059a963157c477c916/volume-9198f9b5-8756-446c-9cf9-8457cadc6cc3.cd30df62-5201-4419-a266-7297ab62d026 is being set with open permissions: ugo+rw
Jul 21 19:13:05 devstack cinder-volume[87498]: DEBUG oslo_concurrency.processutils [None req-f6c7fe1a-63b6-44dd-9441-d0108b95cc26 tempest-VolumeSnapshotQuotasNegativeTestJSON-1039550041 None] Running cmd (subprocess): sudo cinder-rootwrap /etc/cinder/rootwrap.conf chmod ugo+rw /opt/stack/data/cinder/mnt/297f8edcb43b73059a963157c477c916/volume-9198f9b5-8756-446c-9cf9-8457cadc6cc3.cd30df62-5201-4419-a266-7297ab62d026 {{(pid=87498) execute /opt/stack/data/venv/lib/python3.12/site-packages/oslo_concurrency/processutils.py:440}}
Jul 21 19:13:06 devstack sudo[95848]: quobyte : PWD=/ ; USER=root ; COMMAND=/opt/stack/data/venv/bin/cinder-rootwrap /etc/cinder/rootwrap.conf chmod ugo+rw /opt/stack/data/cinder/mnt/297f8edcb43b73059a963157c477c916/volume-9198f9b5-8756-446c-9cf9-8457cadc6cc3.cd30df62-5201-4419-a266-7297ab62d026
Jul 21 19:13:06 devstack sudo[95848]: pam_unix(sudo:session): session opened for user root(uid=0) by (uid=1000)
Jul 21 19:13:06 devstack sudo[95843]: pam_unix(sudo:session): session closed for user root
Jul 21 19:13:06 devstack cinder-volume[87498]: DEBUG oslo_concurrency.processutils [None req-2b633576-6e96-42ba-820a-fdcc546f202e tempest-ServerRescueNegativeTestJSON-593995879 None] CMD "sudo cinder-rootwrap /etc/cinder/rootwrap.conf df --portability --block-size 1 /opt/stack/data/cinder/mnt/297f8edcb43b73059a963157c477c916" returned: 0 in 0.402s {{(pid=87498) execute /opt/stack/data/venv/lib/python3.12/site-packages/oslo_concurrency/processutils.py:468}}
Jul 21 19:13:06 devstack cinder-volume[87498]: DEBUG cinder.manager [None req-2b633576-6e96-42ba-820a-fdcc546f202e tempest-ServerRescueNegativeTestJSON-593995879 None] Notifying Schedulers of capabilities ... {{(pid=87498) _publish_service_capabilities /opt/stack/cinder/cinder/manager.py:219}}
Jul 21 19:13:06 devstack cinder-volume[87498]: INFO cinder.volume.manager [None req-2b633576-6e96-42ba-820a-fdcc546f202e tempest-ServerRescueNegativeTestJSON-593995879 None] Deleted volume successfully.
Jul 21 19:13:06 devstack cinder-volume[87498]: DEBUG cinder.coordination [None req-2b633576-6e96-42ba-820a-fdcc546f202e tempest-ServerRescueNegativeTestJSON-593995879 None] Lock "cinder-be7533bb-730c-4727-b952-221e27fc3e3f-delete_volume" released by "delete_volume" :: held 2.289s {{(pid=87498) __release /opt/stack/cinder/cinder/coordination.py:152}}
Jul 21 19:13:06 devstack sudo[95848]: pam_unix(sudo:session): session closed for user root
Jul 21 19:13:06 devstack cinder-volume[87498]: DEBUG oslo_concurrency.processutils [None req-f6c7fe1a-63b6-44dd-9441-d0108b95cc26 tempest-VolumeSnapshotQuotasNegativeTestJSON-1039550041 None] CMD "sudo cinder-rootwrap /etc/cinder/rootwrap.conf chmod ugo+rw /opt/stack/data/cinder/mnt/297f8edcb43b73059a963157c477c916/volume-9198f9b5-8756-446c-9cf9-8457cadc6cc3.cd30df62-5201-4419-a266-7297ab62d026" returned: 0 in 0.495s {{(pid=87498) execute /opt/stack/data/venv/lib/python3.12/site-packages/oslo_concurrency/processutils.py:468}}
Jul 21 19:13:06 devstack cinder-volume[87498]: DEBUG dbcounter [-] [87498] Writing DB stats cinder:SELECT=90,cinder:UPDATE=104,cinder:INSERT=29,cinder:DELETE=8 {{(pid=87498) stat_writer /opt/stack/data/venv/lib/python3.12/site-packages/dbcounter.py:115}}
Jul 21 19:13:06 devstack cinder-volume[87498]: DEBUG oslo_concurrency.processutils [None req-f6c7fe1a-63b6-44dd-9441-d0108b95cc26 tempest-VolumeSnapshotQuotasNegativeTestJSON-1039550041 None] Running cmd (subprocess): sudo cinder-rootwrap /etc/cinder/rootwrap.conf truncate -s0 /opt/stack/data/cinder/mnt/297f8edcb43b73059a963157c477c916/volume-9198f9b5-8756-446c-9cf9-8457cadc6cc3.info {{(pid=87498) execute /opt/stack/data/venv/lib/python3.12/site-packages/oslo_concurrency/processutils.py:440}}
Jul 21 19:13:06 devstack sudo[95852]: quobyte : PWD=/ ; USER=root ; COMMAND=/opt/stack/data/venv/bin/cinder-rootwrap /etc/cinder/rootwrap.conf truncate -s0 /opt/stack/data/cinder/mnt/297f8edcb43b73059a963157c477c916/volume-9198f9b5-8756-446c-9cf9-8457cadc6cc3.info
Jul 21 19:13:06 devstack sudo[95852]: pam_unix(sudo:session): session opened for user root(uid=0) by (uid=1000)
Jul 21 19:13:07 devstack sudo[95852]: pam_unix(sudo:session): session closed for user root
Jul 21 19:13:07 devstack cinder-volume[87498]: DEBUG oslo_concurrency.processutils [None req-f6c7fe1a-63b6-44dd-9441-d0108b95cc26 tempest-VolumeSnapshotQuotasNegativeTestJSON-1039550041 None] CMD "sudo cinder-rootwrap /etc/cinder/rootwrap.conf truncate -s0 /opt/stack/data/cinder/mnt/297f8edcb43b73059a963157c477c916/volume-9198f9b5-8756-446c-9cf9-8457cadc6cc3.info" returned: 0 in 0.591s {{(pid=87498) execute /opt/stack/data/venv/lib/python3.12/site-packages/oslo_concurrency/processutils.py:468}}
Jul 21 19:13:07 devstack cinder-volume[87498]: WARNING cinder.volume.drivers.remotefs [None req-f6c7fe1a-63b6-44dd-9441-d0108b95cc26 tempest-VolumeSnapshotQuotasNegativeTestJSON-1039550041 None] /opt/stack/data/cinder/mnt/297f8edcb43b73059a963157c477c916/volume-9198f9b5-8756-446c-9cf9-8457cadc6cc3.info is being set with open permissions: ugo+rw
Jul 21 19:13:07 devstack cinder-volume[87498]: DEBUG oslo_concurrency.processutils [None req-f6c7fe1a-63b6-44dd-9441-d0108b95cc26 tempest-VolumeSnapshotQuotasNegativeTestJSON-1039550041 None] Running cmd (subprocess): sudo cinder-rootwrap /etc/cinder/rootwrap.conf chmod ugo+rw /opt/stack/data/cinder/mnt/297f8edcb43b73059a963157c477c916/volume-9198f9b5-8756-446c-9cf9-8457cadc6cc3.info {{(pid=87498) execute /opt/stack/data/venv/lib/python3.12/site-packages/oslo_concurrency/processutils.py:440}}
Jul 21 19:13:07 devstack sudo[95872]: quobyte : PWD=/ ; USER=root ; COMMAND=/opt/stack/data/venv/bin/cinder-rootwrap /etc/cinder/rootwrap.conf chmod ugo+rw /opt/stack/data/cinder/mnt/297f8edcb43b73059a963157c477c916/volume-9198f9b5-8756-446c-9cf9-8457cadc6cc3.info
Jul 21 19:13:07 devstack sudo[95872]: pam_unix(sudo:session): session opened for user root(uid=0) by (uid=1000)
Jul 21 19:13:07 devstack sudo[95872]: pam_unix(sudo:session): session closed for user root
Jul 21 19:13:07 devstack cinder-volume[87498]: DEBUG oslo_concurrency.processutils [None req-f6c7fe1a-63b6-44dd-9441-d0108b95cc26 tempest-VolumeSnapshotQuotasNegativeTestJSON-1039550041 None] CMD "sudo cinder-rootwrap /etc/cinder/rootwrap.conf chmod ugo+rw /opt/stack/data/cinder/mnt/297f8edcb43b73059a963157c477c916/volume-9198f9b5-8756-446c-9cf9-8457cadc6cc3.info" returned: 0 in 0.576s {{(pid=87498) execute /opt/stack/data/venv/lib/python3.12/site-packages/oslo_concurrency/processutils.py:468}}
Jul 21 19:13:07 devstack cinder-volume[87498]: DEBUG oslo_concurrency.lockutils [None req-f6c7fe1a-63b6-44dd-9441-d0108b95cc26 tempest-VolumeSnapshotQuotasNegativeTestJSON-1039550041 None] Lock "quobyte" "released" by "cinder.volume.drivers.quobyte.QuobyteDriver.create_snapshot" :: held 3.851s {{(pid=87498) inner /opt/stack/data/venv/lib/python3.12/site-packages/oslo_concurrency/lockutils.py:544}}
Jul 21 19:13:07 devstack cinder-volume[87498]: INFO cinder.volume.manager [None req-f6c7fe1a-63b6-44dd-9441-d0108b95cc26 tempest-VolumeSnapshotQuotasNegativeTestJSON-1039550041 None] Create snapshot completed successfully
Jul 21 19:13:09 devstack cinder-volume[87498]: DEBUG cinder.coordination [None req-ea2b480a-eba2-4cc6-8256-25a902bd8d02 tempest-VolumeSnapshotQuotasNegativeTestJSON-1039550041 None] Acquiring lock "cinder-cd30df62-5201-4419-a266-7297ab62d026-delete_snapshot" by "delete_snapshot" {{(pid=87498) __acquire /opt/stack/cinder/cinder/coordination.py:138}}
Jul 21 19:13:09 devstack cinder-volume[87498]: DEBUG cinder.coordination [None req-ea2b480a-eba2-4cc6-8256-25a902bd8d02 tempest-VolumeSnapshotQuotasNegativeTestJSON-1039550041 None] Lock "cinder-cd30df62-5201-4419-a266-7297ab62d026-delete_snapshot" acquired by "delete_snapshot" :: waited 0.048s {{(pid=87498) __acquire /opt/stack/cinder/cinder/coordination.py:141}}
Jul 21 19:13:09 devstack cinder-volume[87498]: DEBUG cinder.coordination [None req-ea2b480a-eba2-4cc6-8256-25a902bd8d02 tempest-VolumeSnapshotQuotasNegativeTestJSON-1039550041 None] Acquiring lock "cinder-quobyte-9198f9b5-8756-446c-9cf9-8457cadc6cc3" by "delete_snapshot" {{(pid=87498) __acquire /opt/stack/cinder/cinder/coordination.py:138}}
Jul 21 19:13:09 devstack cinder-volume[87498]: DEBUG cinder.coordination [None req-ea2b480a-eba2-4cc6-8256-25a902bd8d02 tempest-VolumeSnapshotQuotasNegativeTestJSON-1039550041 None] Lock "cinder-quobyte-9198f9b5-8756-446c-9cf9-8457cadc6cc3" acquired by "delete_snapshot" :: waited 0.020s {{(pid=87498) __acquire /opt/stack/cinder/cinder/coordination.py:141}}
Jul 21 19:13:09 devstack cinder-volume[87498]: DEBUG cinder.coordination [None req-ea2b480a-eba2-4cc6-8256-25a902bd8d02 tempest-VolumeSnapshotQuotasNegativeTestJSON-1039550041 None] Acquiring lock "cinder-quobyte-cd30df62-5201-4419-a266-7297ab62d026" by "_delete_snapshot" {{(pid=87498) __acquire /opt/stack/cinder/cinder/coordination.py:138}}
Jul 21 19:13:09 devstack cinder-volume[87498]: DEBUG cinder.coordination [None req-ea2b480a-eba2-4cc6-8256-25a902bd8d02 tempest-VolumeSnapshotQuotasNegativeTestJSON-1039550041 None] Lock "cinder-quobyte-cd30df62-5201-4419-a266-7297ab62d026" acquired by "_delete_snapshot" :: waited 0.024s {{(pid=87498) __acquire /opt/stack/cinder/cinder/coordination.py:141}}
Jul 21 19:13:09 devstack cinder-volume[87498]: DEBUG cinder.volume.drivers.remotefs [None req-ea2b480a-eba2-4cc6-8256-25a902bd8d02 tempest-VolumeSnapshotQuotasNegativeTestJSON-1039550041 None] Deleting offline snapshot cd30df62-5201-4419-a266-7297ab62d026 of volume 9198f9b5-8756-446c-9cf9-8457cadc6cc3 {{(pid=87498) _delete_snapshot /opt/stack/cinder/cinder/volume/drivers/remotefs.py:1288}}
Jul 21 19:13:09 devstack cinder-volume[87498]: DEBUG cinder.volume.drivers.remotefs [None req-ea2b480a-eba2-4cc6-8256-25a902bd8d02 tempest-VolumeSnapshotQuotasNegativeTestJSON-1039550041 None] snapshot_file for this snap is: volume-9198f9b5-8756-446c-9cf9-8457cadc6cc3.cd30df62-5201-4419-a266-7297ab62d026 {{(pid=87498) _delete_snapshot /opt/stack/cinder/cinder/volume/drivers/remotefs.py:1317}}
Jul 21 19:13:09 devstack cinder-volume[87498]: DEBUG oslo.privsep.daemon [-] privsep: reply[2630da97-eb80-41f3-bbdb-73f32614466f]: (4, 'qcow2') {{(pid=89570) _call_back /opt/stack/data/venv/lib/python3.12/site-packages/oslo_privsep/daemon.py:580}}
Jul 21 19:13:09 devstack cinder-volume[87498]: DEBUG oslo_concurrency.processutils [None req-ea2b480a-eba2-4cc6-8256-25a902bd8d02 tempest-VolumeSnapshotQuotasNegativeTestJSON-1039550041 None] Running cmd (subprocess): /opt/stack/data/venv/bin/python3.12 -m oslo_concurrency.prlimit --as=1073741824 --cpu=60 -- sudo cinder-rootwrap /etc/cinder/rootwrap.conf env LC_ALL=C qemu-img info -f qcow2 --output=json --force-share /opt/stack/data/cinder/mnt/297f8edcb43b73059a963157c477c916/volume-9198f9b5-8756-446c-9cf9-8457cadc6cc3.cd30df62-5201-4419-a266-7297ab62d026 {{(pid=87498) execute /opt/stack/data/venv/lib/python3.12/site-packages/oslo_concurrency/processutils.py:440}}
Jul 21 19:13:09 devstack sudo[95886]: quobyte : PWD=/ ; USER=root ; COMMAND=/opt/stack/data/venv/bin/cinder-rootwrap /etc/cinder/rootwrap.conf env LC_ALL=C qemu-img info -f qcow2 --output=json --force-share /opt/stack/data/cinder/mnt/297f8edcb43b73059a963157c477c916/volume-9198f9b5-8756-446c-9cf9-8457cadc6cc3.cd30df62-5201-4419-a266-7297ab62d026
Jul 21 19:13:09 devstack sudo[95886]: pam_unix(sudo:session): session opened for user root(uid=0) by (uid=1000)
Jul 21 19:13:10 devstack sudo[95886]: pam_unix(sudo:session): session closed for user root
Jul 21 19:13:10 devstack cinder-volume[87498]: DEBUG oslo_concurrency.processutils [None req-ea2b480a-eba2-4cc6-8256-25a902bd8d02 tempest-VolumeSnapshotQuotasNegativeTestJSON-1039550041 None] CMD "/opt/stack/data/venv/bin/python3.12 -m oslo_concurrency.prlimit --as=1073741824 --cpu=60 -- sudo cinder-rootwrap /etc/cinder/rootwrap.conf env LC_ALL=C qemu-img info -f qcow2 --output=json --force-share /opt/stack/data/cinder/mnt/297f8edcb43b73059a963157c477c916/volume-9198f9b5-8756-446c-9cf9-8457cadc6cc3.cd30df62-5201-4419-a266-7297ab62d026" returned: 0 in 0.703s {{(pid=87498) execute /opt/stack/data/venv/lib/python3.12/site-packages/oslo_concurrency/processutils.py:468}}
Jul 21 19:13:10 devstack cinder-volume[87498]: DEBUG cinder.volume.drivers.remotefs [None req-ea2b480a-eba2-4cc6-8256-25a902bd8d02 tempest-VolumeSnapshotQuotasNegativeTestJSON-1039550041 None] Fetching qemu-img info with special backing_file_template: (/opt/stack/data/cinder/mnt/[0-9a-f]+/)?(volume-9198f9b5-8756-446c-9cf9-8457cadc6cc3(.(tmp-snap-)?[0-9a-f-]+)?|volume_from_snapshot_cache/(tmp-snap-)?[0-9a-f-]+(.(child-|parent-)[0-9a-f-]+)?)$ {{(pid=87498) _qemu_img_info_base /opt/stack/cinder/cinder/volume/drivers/remotefs.py:896}}
Jul 21 19:13:10 devstack cinder-volume[87498]: DEBUG oslo.privsep.daemon [-] privsep: reply[d453d6e6-7cb9-42ce-949d-dcb4a662612f]: (4, 'qcow2') {{(pid=89570) _call_back /opt/stack/data/venv/lib/python3.12/site-packages/oslo_privsep/daemon.py:580}}
Jul 21 19:13:10 devstack cinder-volume[87498]: DEBUG oslo_concurrency.processutils [None req-ea2b480a-eba2-4cc6-8256-25a902bd8d02 tempest-VolumeSnapshotQuotasNegativeTestJSON-1039550041 None] Running cmd (subprocess): /opt/stack/data/venv/bin/python3.12 -m oslo_concurrency.prlimit --as=1073741824 --cpu=60 -- sudo cinder-rootwrap /etc/cinder/rootwrap.conf env LC_ALL=C qemu-img info -f qcow2 --output=json --force-share /opt/stack/data/cinder/mnt/297f8edcb43b73059a963157c477c916/volume-9198f9b5-8756-446c-9cf9-8457cadc6cc3 {{(pid=87498) execute /opt/stack/data/venv/lib/python3.12/site-packages/oslo_concurrency/processutils.py:440}}
Jul 21 19:13:10 devstack sudo[95892]: quobyte : PWD=/ ; USER=root ; COMMAND=/opt/stack/data/venv/bin/cinder-rootwrap /etc/cinder/rootwrap.conf env LC_ALL=C qemu-img info -f qcow2 --output=json --force-share /opt/stack/data/cinder/mnt/297f8edcb43b73059a963157c477c916/volume-9198f9b5-8756-446c-9cf9-8457cadc6cc3
Jul 21 19:13:10 devstack sudo[95892]: pam_unix(sudo:session): session opened for user root(uid=0) by (uid=1000)
Jul 21 19:13:10 devstack sudo[95892]: pam_unix(sudo:session): session closed for user root
Jul 21 19:13:10 devstack cinder-volume[87498]: DEBUG oslo_concurrency.processutils [None req-ea2b480a-eba2-4cc6-8256-25a902bd8d02 tempest-VolumeSnapshotQuotasNegativeTestJSON-1039550041 None] CMD "/opt/stack/data/venv/bin/python3.12 -m oslo_concurrency.prlimit --as=1073741824 --cpu=60 -- sudo cinder-rootwrap /etc/cinder/rootwrap.conf env LC_ALL=C qemu-img info -f qcow2 --output=json --force-share /opt/stack/data/cinder/mnt/297f8edcb43b73059a963157c477c916/volume-9198f9b5-8756-446c-9cf9-8457cadc6cc3" returned: 0 in 0.572s {{(pid=87498) execute /opt/stack/data/venv/lib/python3.12/site-packages/oslo_concurrency/processutils.py:468}}
Jul 21 19:13:10 devstack cinder-volume[87498]: DEBUG oslo_concurrency.processutils [None req-ea2b480a-eba2-4cc6-8256-25a902bd8d02 tempest-VolumeSnapshotQuotasNegativeTestJSON-1039550041 None] Running cmd (subprocess): sudo cinder-rootwrap /etc/cinder/rootwrap.conf qemu-img commit -d /opt/stack/data/cinder/mnt/297f8edcb43b73059a963157c477c916/volume-9198f9b5-8756-446c-9cf9-8457cadc6cc3.cd30df62-5201-4419-a266-7297ab62d026 {{(pid=87498) execute /opt/stack/data/venv/lib/python3.12/site-packages/oslo_concurrency/processutils.py:440}}
Jul 21 19:13:10 devstack sudo[95916]: quobyte : PWD=/ ; USER=root ; COMMAND=/opt/stack/data/venv/bin/cinder-rootwrap /etc/cinder/rootwrap.conf qemu-img commit -d /opt/stack/data/cinder/mnt/297f8edcb43b73059a963157c477c916/volume-9198f9b5-8756-446c-9cf9-8457cadc6cc3.cd30df62-5201-4419-a266-7297ab62d026
Jul 21 19:13:10 devstack sudo[95916]: pam_unix(sudo:session): session opened for user root(uid=0) by (uid=1000)
Jul 21 19:13:11 devstack sudo[95916]: pam_unix(sudo:session): session closed for user root
Jul 21 19:13:11 devstack cinder-volume[87498]: DEBUG oslo_concurrency.processutils [None req-ea2b480a-eba2-4cc6-8256-25a902bd8d02 tempest-VolumeSnapshotQuotasNegativeTestJSON-1039550041 None] CMD "sudo cinder-rootwrap /etc/cinder/rootwrap.conf qemu-img commit -d /opt/stack/data/cinder/mnt/297f8edcb43b73059a963157c477c916/volume-9198f9b5-8756-446c-9cf9-8457cadc6cc3.cd30df62-5201-4419-a266-7297ab62d026" returned: 0 in 0.527s {{(pid=87498) execute /opt/stack/data/venv/lib/python3.12/site-packages/oslo_concurrency/processutils.py:468}}
Jul 21 19:13:11 devstack cinder-volume[87498]: DEBUG oslo_concurrency.processutils [None req-ea2b480a-eba2-4cc6-8256-25a902bd8d02 tempest-VolumeSnapshotQuotasNegativeTestJSON-1039550041 None] Running cmd (subprocess): sudo cinder-rootwrap /etc/cinder/rootwrap.conf rm -f /opt/stack/data/cinder/mnt/297f8edcb43b73059a963157c477c916/volume-9198f9b5-8756-446c-9cf9-8457cadc6cc3.cd30df62-5201-4419-a266-7297ab62d026 {{(pid=87498) execute /opt/stack/data/venv/lib/python3.12/site-packages/oslo_concurrency/processutils.py:440}}
Jul 21 19:13:11 devstack sudo[95923]: quobyte : PWD=/ ; USER=root ; COMMAND=/opt/stack/data/venv/bin/cinder-rootwrap /etc/cinder/rootwrap.conf rm -f /opt/stack/data/cinder/mnt/297f8edcb43b73059a963157c477c916/volume-9198f9b5-8756-446c-9cf9-8457cadc6cc3.cd30df62-5201-4419-a266-7297ab62d026
Jul 21 19:13:11 devstack sudo[95923]: pam_unix(sudo:session): session opened for user root(uid=0) by (uid=1000)
Jul 21 19:13:11 devstack sudo[95923]: pam_unix(sudo:session): session closed for user root
Jul 21 19:13:11 devstack cinder-volume[87498]: DEBUG oslo_concurrency.processutils [None req-ea2b480a-eba2-4cc6-8256-25a902bd8d02 tempest-VolumeSnapshotQuotasNegativeTestJSON-1039550041 None] CMD "sudo cinder-rootwrap /etc/cinder/rootwrap.conf rm -f /opt/stack/data/cinder/mnt/297f8edcb43b73059a963157c477c916/volume-9198f9b5-8756-446c-9cf9-8457cadc6cc3.cd30df62-5201-4419-a266-7297ab62d026" returned: 0 in 0.398s {{(pid=87498) execute /opt/stack/data/venv/lib/python3.12/site-packages/oslo_concurrency/processutils.py:468}}
Jul 21 19:13:11 devstack cinder-volume[87498]: DEBUG cinder.coordination [None req-ea2b480a-eba2-4cc6-8256-25a902bd8d02 tempest-VolumeSnapshotQuotasNegativeTestJSON-1039550041 None] Lock "cinder-quobyte-cd30df62-5201-4419-a266-7297ab62d026" released by "_delete_snapshot" :: held 2.435s {{(pid=87498) __release /opt/stack/cinder/cinder/coordination.py:152}}
Jul 21 19:13:11 devstack cinder-volume[87498]: DEBUG cinder.coordination [None req-ea2b480a-eba2-4cc6-8256-25a902bd8d02 tempest-VolumeSnapshotQuotasNegativeTestJSON-1039550041 None] Lock "cinder-quobyte-9198f9b5-8756-446c-9cf9-8457cadc6cc3" released by "delete_snapshot" :: held 2.475s {{(pid=87498) __release /opt/stack/cinder/cinder/coordination.py:152}}
Jul 21 19:13:11 devstack cinder-volume[87498]: DEBUG cinder.quota [None req-ea2b480a-eba2-4cc6-8256-25a902bd8d02 tempest-VolumeSnapshotQuotasNegativeTestJSON-1039550041 None] Created reservations ['d40e6f5d-9c09-4d58-bcf4-14e98097a451', '19409c37-eabc-400b-9bc8-dd815780a854', 'cb5367cb-8496-4ccb-ad46-8235a9e222d8', 'dc29d7bb-19dc-4f64-8e64-fc1f94739690'] {{(pid=87498) reserve /opt/stack/cinder/cinder/quota.py:752}}
Jul 21 19:13:11 devstack cinder-volume[87498]: INFO cinder.volume.manager [None req-ea2b480a-eba2-4cc6-8256-25a902bd8d02 tempest-VolumeSnapshotQuotasNegativeTestJSON-1039550041 None] Delete snapshot completed successfully.
Jul 21 19:13:11 devstack cinder-volume[87498]: DEBUG cinder.coordination [None req-ea2b480a-eba2-4cc6-8256-25a902bd8d02 tempest-VolumeSnapshotQuotasNegativeTestJSON-1039550041 None] Lock "cinder-cd30df62-5201-4419-a266-7297ab62d026-delete_snapshot" released by "delete_snapshot" :: held 2.700s {{(pid=87498) __release /opt/stack/cinder/cinder/coordination.py:152}}
Jul 21 19:13:12 devstack cinder-volume[87498]: DEBUG cinder.coordination [None req-d1df2d53-07d0-45ca-ab64-1a397c43a563 tempest-VolumeSnapshotQuotasNegativeTestJSON-1039550041 None] Acquiring lock "cinder-9198f9b5-8756-446c-9cf9-8457cadc6cc3-delete_volume" by "delete_volume" {{(pid=87498) __acquire /opt/stack/cinder/cinder/coordination.py:138}}
Jul 21 19:13:12 devstack cinder-volume[87498]: DEBUG cinder.coordination [None req-d1df2d53-07d0-45ca-ab64-1a397c43a563 tempest-VolumeSnapshotQuotasNegativeTestJSON-1039550041 None] Lock "cinder-9198f9b5-8756-446c-9cf9-8457cadc6cc3-delete_volume" acquired by "delete_volume" :: waited 0.027s {{(pid=87498) __acquire /opt/stack/cinder/cinder/coordination.py:141}}
Jul 21 19:13:12 devstack cinder-volume[87498]: DEBUG cinder.coordination [None req-d1df2d53-07d0-45ca-ab64-1a397c43a563 tempest-VolumeSnapshotQuotasNegativeTestJSON-1039550041 None] Acquiring lock "cinder-quobyte-9198f9b5-8756-446c-9cf9-8457cadc6cc3" by "delete_volume" {{(pid=87498) __acquire /opt/stack/cinder/cinder/coordination.py:138}}
Jul 21 19:13:12 devstack cinder-volume[87498]: DEBUG cinder.coordination [None req-d1df2d53-07d0-45ca-ab64-1a397c43a563 tempest-VolumeSnapshotQuotasNegativeTestJSON-1039550041 None] Lock "cinder-quobyte-9198f9b5-8756-446c-9cf9-8457cadc6cc3" acquired by "delete_volume" :: waited 0.024s {{(pid=87498) __acquire /opt/stack/cinder/cinder/coordination.py:141}}
Jul 21 19:13:12 devstack cinder-volume[87498]: DEBUG oslo.privsep.daemon [-] privsep: reply[1c4bd084-8d18-4a78-9d99-8ab0853f31af]: (4, 'qcow2') {{(pid=89570) _call_back /opt/stack/data/venv/lib/python3.12/site-packages/oslo_privsep/daemon.py:580}}
Jul 21 19:13:12 devstack cinder-volume[87498]: DEBUG oslo_concurrency.processutils [None req-d1df2d53-07d0-45ca-ab64-1a397c43a563 tempest-VolumeSnapshotQuotasNegativeTestJSON-1039550041 None] Running cmd (subprocess): /opt/stack/data/venv/bin/python3.12 -m oslo_concurrency.prlimit --as=1073741824 --cpu=60 -- sudo cinder-rootwrap /etc/cinder/rootwrap.conf env LC_ALL=C qemu-img info -f qcow2 --output=json --force-share /opt/stack/data/cinder/mnt/297f8edcb43b73059a963157c477c916/volume-9198f9b5-8756-446c-9cf9-8457cadc6cc3 {{(pid=87498) execute /opt/stack/data/venv/lib/python3.12/site-packages/oslo_concurrency/processutils.py:440}}
Jul 21 19:13:12 devstack sudo[95931]: quobyte : PWD=/ ; USER=root ; COMMAND=/opt/stack/data/venv/bin/cinder-rootwrap /etc/cinder/rootwrap.conf env LC_ALL=C qemu-img info -f qcow2 --output=json --force-share /opt/stack/data/cinder/mnt/297f8edcb43b73059a963157c477c916/volume-9198f9b5-8756-446c-9cf9-8457cadc6cc3
Jul 21 19:13:12 devstack sudo[95931]: pam_unix(sudo:session): session opened for user root(uid=0) by (uid=1000)
Jul 21 19:13:13 devstack sudo[95931]: pam_unix(sudo:session): session closed for user root
Jul 21 19:13:13 devstack cinder-volume[87498]: DEBUG oslo_concurrency.processutils [None req-d1df2d53-07d0-45ca-ab64-1a397c43a563 tempest-VolumeSnapshotQuotasNegativeTestJSON-1039550041 None] CMD "/opt/stack/data/venv/bin/python3.12 -m oslo_concurrency.prlimit --as=1073741824 --cpu=60 -- sudo cinder-rootwrap /etc/cinder/rootwrap.conf env LC_ALL=C qemu-img info -f qcow2 --output=json --force-share /opt/stack/data/cinder/mnt/297f8edcb43b73059a963157c477c916/volume-9198f9b5-8756-446c-9cf9-8457cadc6cc3" returned: 0 in 0.415s {{(pid=87498) execute /opt/stack/data/venv/lib/python3.12/site-packages/oslo_concurrency/processutils.py:468}}
Jul 21 19:13:13 devstack cinder-volume[87498]: DEBUG oslo_concurrency.processutils [None req-d1df2d53-07d0-45ca-ab64-1a397c43a563 tempest-VolumeSnapshotQuotasNegativeTestJSON-1039550041 None] Running cmd (subprocess): sudo cinder-rootwrap /etc/cinder/rootwrap.conf rm -f /opt/stack/data/cinder/mnt/297f8edcb43b73059a963157c477c916/volume-9198f9b5-8756-446c-9cf9-8457cadc6cc3 {{(pid=87498) execute /opt/stack/data/venv/lib/python3.12/site-packages/oslo_concurrency/processutils.py:440}}
Jul 21 19:13:13 devstack sudo[95938]: quobyte : PWD=/ ; USER=root ; COMMAND=/opt/stack/data/venv/bin/cinder-rootwrap /etc/cinder/rootwrap.conf rm -f /opt/stack/data/cinder/mnt/297f8edcb43b73059a963157c477c916/volume-9198f9b5-8756-446c-9cf9-8457cadc6cc3
Jul 21 19:13:13 devstack sudo[95938]: pam_unix(sudo:session): session opened for user root(uid=0) by (uid=1000)
Jul 21 19:13:13 devstack sudo[95938]: pam_unix(sudo:session): session closed for user root
Jul 21 19:13:13 devstack cinder-volume[87498]: DEBUG oslo_concurrency.processutils [None req-d1df2d53-07d0-45ca-ab64-1a397c43a563 tempest-VolumeSnapshotQuotasNegativeTestJSON-1039550041 None] CMD "sudo cinder-rootwrap /etc/cinder/rootwrap.conf rm -f /opt/stack/data/cinder/mnt/297f8edcb43b73059a963157c477c916/volume-9198f9b5-8756-446c-9cf9-8457cadc6cc3" returned: 0 in 0.339s {{(pid=87498) execute /opt/stack/data/venv/lib/python3.12/site-packages/oslo_concurrency/processutils.py:468}}
Jul 21 19:13:13 devstack cinder-volume[87498]: DEBUG cinder.coordination [None req-d1df2d53-07d0-45ca-ab64-1a397c43a563 tempest-VolumeSnapshotQuotasNegativeTestJSON-1039550041 None] Lock "cinder-quobyte-9198f9b5-8756-446c-9cf9-8457cadc6cc3" released by "delete_volume" :: held 0.824s {{(pid=87498) __release /opt/stack/cinder/cinder/coordination.py:152}}
Jul 21 19:13:13 devstack cinder-volume[87498]: DEBUG cinder.quota [None req-d1df2d53-07d0-45ca-ab64-1a397c43a563 tempest-VolumeSnapshotQuotasNegativeTestJSON-1039550041 None] Created reservations ['0395ca6a-bd8c-4ba0-86e7-76bd7c0e119c', '1b7fdf88-50c3-4468-8959-efe14f376141', 'bdbb2111-1c26-45fa-af99-80ebd21b7d38', '1af564f9-d6bb-4f99-bd90-0c8e8ab2104e'] {{(pid=87498) reserve /opt/stack/cinder/cinder/quota.py:752}}
Jul 21 19:13:13 devstack cinder-volume[87498]: DEBUG oslo_concurrency.lockutils [None req-d1df2d53-07d0-45ca-ab64-1a397c43a563 tempest-VolumeSnapshotQuotasNegativeTestJSON-1039550041 None] Acquiring lock "quobyte_ensure" by "cinder.volume.drivers.quobyte.QuobyteDriver._ensure_shares_mounted" {{(pid=87498) inner /opt/stack/data/venv/lib/python3.12/site-packages/oslo_concurrency/lockutils.py:512}}
Jul 21 19:13:13 devstack cinder-volume[87498]: DEBUG oslo_concurrency.lockutils [None req-d1df2d53-07d0-45ca-ab64-1a397c43a563 tempest-VolumeSnapshotQuotasNegativeTestJSON-1039550041 None] Lock "quobyte_ensure" acquired by "cinder.volume.drivers.quobyte.QuobyteDriver._ensure_shares_mounted" :: waited 0.001s {{(pid=87498) inner /opt/stack/data/venv/lib/python3.12/site-packages/oslo_concurrency/lockutils.py:525}}
Jul 21 19:13:13 devstack cinder-volume[87498]: DEBUG cinder.volume.drivers.quobyte [None req-d1df2d53-07d0-45ca-ab64-1a397c43a563 tempest-VolumeSnapshotQuotasNegativeTestJSON-1039550041 None] Quobyte Volume URL set to: {'osci02.corp.quobyte.com/cinder-vol-8fa0fc6f-b9ee-47d2-bd78-f2f6012130c7': None} {{(pid=87498) _load_shares_config /opt/stack/cinder/cinder/volume/drivers/quobyte.py:651}}
Jul 21 19:13:13 devstack cinder-volume[87498]: DEBUG cinder.volume.drivers.quobyte [None req-d1df2d53-07d0-45ca-ab64-1a397c43a563 tempest-VolumeSnapshotQuotasNegativeTestJSON-1039550041 None] Available shares ['osci02.corp.quobyte.com/cinder-vol-8fa0fc6f-b9ee-47d2-bd78-f2f6012130c7'] {{(pid=87498) _ensure_shares_mounted /opt/stack/cinder/cinder/volume/drivers/quobyte.py:681}}
Jul 21 19:13:13 devstack cinder-volume[87498]: DEBUG oslo_concurrency.lockutils [None req-d1df2d53-07d0-45ca-ab64-1a397c43a563 tempest-VolumeSnapshotQuotasNegativeTestJSON-1039550041 None] Lock "quobyte_ensure" "released" by "cinder.volume.drivers.quobyte.QuobyteDriver._ensure_shares_mounted" :: held 0.016s {{(pid=87498) inner /opt/stack/data/venv/lib/python3.12/site-packages/oslo_concurrency/lockutils.py:544}}
Jul 21 19:13:13 devstack cinder-volume[87498]: DEBUG oslo_concurrency.processutils [None req-d1df2d53-07d0-45ca-ab64-1a397c43a563 tempest-VolumeSnapshotQuotasNegativeTestJSON-1039550041 None] Running cmd (subprocess): sudo cinder-rootwrap /etc/cinder/rootwrap.conf df --portability --block-size 1 /opt/stack/data/cinder/mnt/297f8edcb43b73059a963157c477c916 {{(pid=87498) execute /opt/stack/data/venv/lib/python3.12/site-packages/oslo_concurrency/processutils.py:440}}
Jul 21 19:13:13 devstack sudo[95941]: quobyte : PWD=/ ; USER=root ; COMMAND=/opt/stack/data/venv/bin/cinder-rootwrap /etc/cinder/rootwrap.conf df --portability --block-size 1 /opt/stack/data/cinder/mnt/297f8edcb43b73059a963157c477c916
Jul 21 19:13:13 devstack sudo[95941]: pam_unix(sudo:session): session opened for user root(uid=0) by (uid=1000)
Jul 21 19:13:14 devstack sudo[95941]: pam_unix(sudo:session): session closed for user root
Jul 21 19:13:14 devstack cinder-volume[87498]: DEBUG oslo_concurrency.processutils [None req-d1df2d53-07d0-45ca-ab64-1a397c43a563 tempest-VolumeSnapshotQuotasNegativeTestJSON-1039550041 None] CMD "sudo cinder-rootwrap /etc/cinder/rootwrap.conf df --portability --block-size 1 /opt/stack/data/cinder/mnt/297f8edcb43b73059a963157c477c916" returned: 0 in 0.307s {{(pid=87498) execute /opt/stack/data/venv/lib/python3.12/site-packages/oslo_concurrency/processutils.py:468}}
Jul 21 19:13:14 devstack cinder-volume[87498]: DEBUG cinder.manager [None req-d1df2d53-07d0-45ca-ab64-1a397c43a563 tempest-VolumeSnapshotQuotasNegativeTestJSON-1039550041 None] Notifying Schedulers of capabilities ... {{(pid=87498) _publish_service_capabilities /opt/stack/cinder/cinder/manager.py:219}}
Jul 21 19:13:14 devstack cinder-volume[87498]: INFO cinder.volume.manager [None req-d1df2d53-07d0-45ca-ab64-1a397c43a563 tempest-VolumeSnapshotQuotasNegativeTestJSON-1039550041 None] Deleted volume successfully.
Jul 21 19:13:14 devstack cinder-volume[87498]: DEBUG cinder.coordination [None req-d1df2d53-07d0-45ca-ab64-1a397c43a563 tempest-VolumeSnapshotQuotasNegativeTestJSON-1039550041 None] Lock "cinder-9198f9b5-8756-446c-9cf9-8457cadc6cc3-delete_volume" released by "delete_volume" :: held 1.451s {{(pid=87498) __release /opt/stack/cinder/cinder/coordination.py:152}}
Jul 21 19:13:19 devstack cinder-volume[87498]: INFO cinder.volume.manager [None req-8d0c126e-0178-4dd7-87aa-bab3b00e636d tempest-GroupsTest-99239013 None] Group tempest-Group1-1929324139: creating
Jul 21 19:13:19 devstack cinder-volume[87498]: INFO cinder.volume.manager [None req-8d0c126e-0178-4dd7-87aa-bab3b00e636d tempest-GroupsTest-99239013 None] Group tempest-Group1-1929324139: created successfully
Jul 21 19:13:19 devstack cinder-volume[87498]: INFO cinder.volume.manager [None req-8d0c126e-0178-4dd7-87aa-bab3b00e636d tempest-GroupsTest-99239013 None] Create group completed successfully.
Jul 21 19:13:20 devstack cinder-volume[87498]: INFO cinder.volume.manager [None req-c7e285d8-5083-4cc0-9ae3-400651cd621f tempest-GroupsTest-99239013 None] Group tempest-Group2-458960094: creating
Jul 21 19:13:20 devstack cinder-volume[87498]: INFO cinder.volume.manager [None req-c7e285d8-5083-4cc0-9ae3-400651cd621f tempest-GroupsTest-99239013 None] Group tempest-Group2-458960094: created successfully
Jul 21 19:13:20 devstack cinder-volume[87498]: INFO cinder.volume.manager [None req-c7e285d8-5083-4cc0-9ae3-400651cd621f tempest-GroupsTest-99239013 None] Create group completed successfully.
Jul 21 19:13:22 devstack cinder-volume[87498]: DEBUG cinder.volume.flows.manager.create_volume [None req-1c346e5d-099d-422e-a120-f3839511cf01 tempest-GroupsTest-99239013 None] Volume reschedule parameters: True retry: {'num_attempts': 1, 'backends': ['devstack@QuobyteHD#QuobyteHD'], 'hosts': ['devstack@QuobyteHD#QuobyteHD']} {{(pid=87498) get_flow /opt/stack/cinder/cinder/volume/flows/manager/create_volume.py:1397}}
Jul 21 19:13:22 devstack cinder-volume[87498]: DEBUG cinder.volume.manager [None req-1c346e5d-099d-422e-a120-f3839511cf01 tempest-GroupsTest-99239013 None] Flow 'volume_create_manager' (e63628e7-d05a-4abe-8221-6a3c81e4a0fc) transitioned into state 'RUNNING' from state 'PENDING' {{(pid=87498) _flow_receiver /opt/stack/data/venv/lib/python3.12/site-packages/taskflow/listeners/logging.py:160}}
