Jun 17 12:53:12 devstack cinder-volume[92162]: DEBUG oslo_concurrency.lockutils [None req-291f33ac-7f81-4b9e-9e93-01df8f1271b5 tempest-GroupSnapshotsTest-961170595 None] Lock "quobyte" acquired by "cinder.volume.drivers.quobyte.QuobyteDriver.create_volume" :: waited 0.000s {{(pid=92162) inner /opt/stack/data/venv/lib/python3.12/site-packages/oslo_concurrency/lockutils.py:519}}
Jun 17 12:53:12 devstack cinder-volume[92162]: DEBUG cinder.volume.drivers.quobyte [None req-291f33ac-7f81-4b9e-9e93-01df8f1271b5 tempest-GroupSnapshotsTest-961170595 None] ==> create_volume: call "{'self': , 'volume': Volume(_name_id=None,admin_metadata=,attach_status='detached',availability_zone='nova',bootable=False,cluster=,cluster_name=None,consistencygroup=,consistencygroup_id=8d08b406-fc74-4298-8dc4-f901eceda393,created_at=2026-06-17T10:53:12Z,deleted=False,deleted_at=None,display_description=None,display_name='tempest-volume-1137293898',ec2_id=None,encryption_key_id=None,glance_metadata=,group=,group_id=8d08b406-fc74-4298-8dc4-f901eceda393,host='devstack@QuobyteHD#QuobyteHD',id=af60c335-3faa-4c6d-ac54-167b917641ae,launched_at=None,metadata={},migration_status=None,multiattach=False,previous_status=None,project_id='1a553f3ac64e48a79e3f670948522ec9',provider_auth=None,provider_geometry=None,provider_id=None,provider_location=None,replication_driver_data=None,replication_extended_status=None,replication_status=None,scheduled_at=2026-06-17T10:53:12Z,service_uuid=None,shared_targets=True,size=1,snapshot_id=None,snapshots=,source_volid=None,status='creating',terminated_at=None,updated_at=2026-06-17T10:53:12Z,use_quota=True,user_id='f20776014cb249d9a8e5db4c1ca5175e',volume_attachment=VolumeAttachmentList,volume_type=VolumeType(c1334fb1-4ae4-4050-8814-787d045cfdf0),volume_type_id=c1334fb1-4ae4-4050-8814-787d045cfdf0)}" {{(pid=92162) trace_logging_wrapper /opt/stack/cinder/cinder/volume/volume_utils.py:1497}}
Jun 17 12:53:12 devstack cinder-volume[92162]: DEBUG cinder.volume.drivers.remotefs [None req-291f33ac-7f81-4b9e-9e93-01df8f1271b5 tempest-GroupSnapshotsTest-961170595 None] Creating volume af60c335-3faa-4c6d-ac54-167b917641ae {{(pid=92162) create_volume /opt/stack/cinder/cinder/volume/drivers/remotefs.py:292}}
Jun 17 12:53:12 devstack cinder-volume[92162]: DEBUG oslo_concurrency.lockutils [None req-291f33ac-7f81-4b9e-9e93-01df8f1271b5 tempest-GroupSnapshotsTest-961170595 None] Acquiring lock "quobyte_ensure" by "cinder.volume.drivers.quobyte.QuobyteDriver._ensure_shares_mounted" {{(pid=92162) inner /opt/stack/data/venv/lib/python3.12/site-packages/oslo_concurrency/lockutils.py:506}}
Jun 17 12:53:12 devstack cinder-volume[92162]: DEBUG oslo_concurrency.lockutils [None req-291f33ac-7f81-4b9e-9e93-01df8f1271b5 tempest-GroupSnapshotsTest-961170595 None] Lock "quobyte_ensure" acquired by "cinder.volume.drivers.quobyte.QuobyteDriver._ensure_shares_mounted" :: waited 0.000s {{(pid=92162) inner /opt/stack/data/venv/lib/python3.12/site-packages/oslo_concurrency/lockutils.py:519}}
Jun 17 12:53:12 devstack cinder-volume[92162]: DEBUG cinder.volume.drivers.quobyte [None req-291f33ac-7f81-4b9e-9e93-01df8f1271b5 tempest-GroupSnapshotsTest-961170595 None] Quobyte Volume URL set to: {'osci02.corp.quobyte.com/cinder-vol-598a3bec-992c-4287-8318-0de6672db079': None} {{(pid=92162) _load_shares_config /opt/stack/cinder/cinder/volume/drivers/quobyte.py:617}}
Jun 17 12:53:12 devstack cinder-volume[92162]: DEBUG cinder.volume.drivers.quobyte [None req-291f33ac-7f81-4b9e-9e93-01df8f1271b5 tempest-GroupSnapshotsTest-961170595 None] Available shares ['osci02.corp.quobyte.com/cinder-vol-598a3bec-992c-4287-8318-0de6672db079'] {{(pid=92162) _ensure_shares_mounted /opt/stack/cinder/cinder/volume/drivers/quobyte.py:647}}
Jun 17 12:53:12 devstack cinder-volume[92162]: DEBUG oslo_concurrency.lockutils [None req-291f33ac-7f81-4b9e-9e93-01df8f1271b5 tempest-GroupSnapshotsTest-961170595 None] Lock "quobyte_ensure" "released" by "cinder.volume.drivers.quobyte.QuobyteDriver._ensure_shares_mounted" :: held 0.011s {{(pid=92162) inner /opt/stack/data/venv/lib/python3.12/site-packages/oslo_concurrency/lockutils.py:538}}
Jun 17 12:53:12 devstack cinder-volume[92162]: DEBUG cinder.volume.drivers.quobyte [None req-291f33ac-7f81-4b9e-9e93-01df8f1271b5 tempest-GroupSnapshotsTest-961170595 None] Selected osci02.corp.quobyte.com/cinder-vol-598a3bec-992c-4287-8318-0de6672db079 as target Quobyte volume. {{(pid=92162) _find_share /opt/stack/cinder/cinder/volume/drivers/quobyte.py:668}}
Jun 17 12:53:12 devstack cinder-volume[92162]: INFO cinder.volume.drivers.remotefs [None req-291f33ac-7f81-4b9e-9e93-01df8f1271b5 tempest-GroupSnapshotsTest-961170595 None] casted to osci02.corp.quobyte.com/cinder-vol-598a3bec-992c-4287-8318-0de6672db079
Jun 17 12:53:12 devstack cinder-volume[92162]: DEBUG oslo_concurrency.processutils [None req-291f33ac-7f81-4b9e-9e93-01df8f1271b5 tempest-GroupSnapshotsTest-961170595 None] Running cmd (subprocess): sudo cinder-rootwrap /etc/cinder/rootwrap.conf qemu-img create -f qcow2 -o preallocation=metadata /opt/stack/data/cinder/mnt/fe8e0950ced04bcbed8026fc9ad4f1a8/volume-af60c335-3faa-4c6d-ac54-167b917641ae 1073741824 {{(pid=92162) execute /opt/stack/data/venv/lib/python3.12/site-packages/oslo_concurrency/processutils.py:440}}
Jun 17 12:53:12 devstack sudo[94925]: quobyte : PWD=/ ; USER=root ; COMMAND=/opt/stack/data/venv/bin/cinder-rootwrap /etc/cinder/rootwrap.conf qemu-img create -f qcow2 -o preallocation=metadata /opt/stack/data/cinder/mnt/fe8e0950ced04bcbed8026fc9ad4f1a8/volume-af60c335-3faa-4c6d-ac54-167b917641ae 1073741824
Jun 17 12:53:12 devstack sudo[94925]: pam_unix(sudo:session): session opened for user root(uid=0) by (uid=1000)
Jun 17 12:53:12 devstack cinder-volume[92162]: DEBUG oslo_concurrency.lockutils [None req-173f6235-a6db-4292-81d4-3cbdfcff12b2 tempest-SnapshotsActionsTest-1391448083 None] Acquiring lock "quobyte" by "cinder.volume.drivers.quobyte.QuobyteDriver.create_snapshot" {{(pid=92162) inner /opt/stack/data/venv/lib/python3.12/site-packages/oslo_concurrency/lockutils.py:506}}
Jun 17 12:53:13 devstack sudo[94925]: pam_unix(sudo:session): session closed for user root
Jun 17 12:53:13 devstack cinder-volume[92162]: DEBUG oslo_concurrency.processutils [None req-291f33ac-7f81-4b9e-9e93-01df8f1271b5 tempest-GroupSnapshotsTest-961170595 None] CMD "sudo cinder-rootwrap /etc/cinder/rootwrap.conf qemu-img create -f qcow2 -o preallocation=metadata /opt/stack/data/cinder/mnt/fe8e0950ced04bcbed8026fc9ad4f1a8/volume-af60c335-3faa-4c6d-ac54-167b917641ae 1073741824" returned: 0 in 0.981s {{(pid=92162) execute /opt/stack/data/venv/lib/python3.12/site-packages/oslo_concurrency/processutils.py:468}}
Jun 17 12:53:13 devstack cinder-volume[92162]: DEBUG oslo_concurrency.processutils [None req-291f33ac-7f81-4b9e-9e93-01df8f1271b5 tempest-GroupSnapshotsTest-961170595 None] Running cmd (subprocess): sudo cinder-rootwrap /etc/cinder/rootwrap.conf chmod ugo+rw /opt/stack/data/cinder/mnt/fe8e0950ced04bcbed8026fc9ad4f1a8/volume-af60c335-3faa-4c6d-ac54-167b917641ae {{(pid=92162) execute /opt/stack/data/venv/lib/python3.12/site-packages/oslo_concurrency/processutils.py:440}}
Jun 17 12:53:13 devstack sudo[94932]: quobyte : PWD=/ ; USER=root ; COMMAND=/opt/stack/data/venv/bin/cinder-rootwrap /etc/cinder/rootwrap.conf chmod ugo+rw /opt/stack/data/cinder/mnt/fe8e0950ced04bcbed8026fc9ad4f1a8/volume-af60c335-3faa-4c6d-ac54-167b917641ae
Jun 17 12:53:13 devstack sudo[94932]: pam_unix(sudo:session): session opened for user root(uid=0) by (uid=1000)
Jun 17 12:53:14 devstack sudo[94932]: pam_unix(sudo:session): session closed for user root
Jun 17 12:53:14 devstack cinder-volume[92162]: DEBUG oslo_concurrency.processutils [None req-291f33ac-7f81-4b9e-9e93-01df8f1271b5 tempest-GroupSnapshotsTest-961170595 None] CMD "sudo cinder-rootwrap /etc/cinder/rootwrap.conf chmod ugo+rw /opt/stack/data/cinder/mnt/fe8e0950ced04bcbed8026fc9ad4f1a8/volume-af60c335-3faa-4c6d-ac54-167b917641ae" returned: 0 in 0.778s {{(pid=92162) execute /opt/stack/data/venv/lib/python3.12/site-packages/oslo_concurrency/processutils.py:468}}
Jun 17 12:53:14 devstack cinder-volume[92162]: DEBUG cinder.volume.drivers.quobyte [None req-291f33ac-7f81-4b9e-9e93-01df8f1271b5 tempest-GroupSnapshotsTest-961170595 None] <== create_volume: return (1837ms) {'provider_location': 'osci02.corp.quobyte.com/cinder-vol-598a3bec-992c-4287-8318-0de6672db079'} {{(pid=92162) trace_logging_wrapper /opt/stack/cinder/cinder/volume/volume_utils.py:1522}}
Jun 17 12:53:14 devstack cinder-volume[92162]: DEBUG oslo_concurrency.lockutils [None req-291f33ac-7f81-4b9e-9e93-01df8f1271b5 tempest-GroupSnapshotsTest-961170595 None] Lock "quobyte" "released" by "cinder.volume.drivers.quobyte.QuobyteDriver.create_volume" :: held 1.839s {{(pid=92162) inner /opt/stack/data/venv/lib/python3.12/site-packages/oslo_concurrency/lockutils.py:538}}
Jun 17 12:53:14 devstack cinder-volume[92162]: DEBUG oslo_concurrency.lockutils [None req-173f6235-a6db-4292-81d4-3cbdfcff12b2 tempest-SnapshotsActionsTest-1391448083 None] Lock "quobyte" acquired by "cinder.volume.drivers.quobyte.QuobyteDriver.create_snapshot" :: waited 1.586s {{(pid=92162) inner /opt/stack/data/venv/lib/python3.12/site-packages/oslo_concurrency/lockutils.py:519}}
Jun 17 12:53:14 devstack cinder-volume[92162]: DEBUG cinder.volume.manager [None req-291f33ac-7f81-4b9e-9e93-01df8f1271b5 tempest-GroupSnapshotsTest-961170595 None] Task 'cinder.volume.flows.manager.create_volume.CreateVolumeFromSpecTask;volume:create' (a8eb1f8b-e82d-40ca-8753-347ece4020bb) transitioned into state 'SUCCESS' from state 'RUNNING' with result '{'status': 'creating', 'volume_name': 'volume-af60c335-3faa-4c6d-ac54-167b917641ae', 'volume_size': 1}' {{(pid=92162) _task_receiver /opt/stack/data/venv/lib/python3.12/site-packages/taskflow/listeners/logging.py:182}}
Jun 17 12:53:14 devstack cinder-volume[92162]: DEBUG cinder.volume.manager [None req-291f33ac-7f81-4b9e-9e93-01df8f1271b5 tempest-GroupSnapshotsTest-961170595 None] Task 'cinder.volume.flows.manager.create_volume.CreateVolumeOnFinishTask;volume:create, create.end' (bdc5d772-ab16-4a46-a974-c55fab779e9a) transitioned into state 'RUNNING' from state 'PENDING' {{(pid=92162) _task_receiver /opt/stack/data/venv/lib/python3.12/site-packages/taskflow/listeners/logging.py:194}}
Jun 17 12:53:14 devstack cinder-volume[92162]: DEBUG cinder.volume.drivers.remotefs [None req-173f6235-a6db-4292-81d4-3cbdfcff12b2 tempest-SnapshotsActionsTest-1391448083 None] Creating offline snapshot c28c8b6d-01ee-4a3c-8d2a-ec1895782989 of volume 2a818c80-bc3c-4b73-9f2a-1015dc2bca6b {{(pid=92162) _create_snapshot /opt/stack/cinder/cinder/volume/drivers/remotefs.py:1816}}
Jun 17 12:53:14 devstack cinder-volume[92162]: INFO cinder.volume.flows.manager.create_volume [None req-291f33ac-7f81-4b9e-9e93-01df8f1271b5 tempest-GroupSnapshotsTest-961170595 None] Volume volume-af60c335-3faa-4c6d-ac54-167b917641ae (af60c335-3faa-4c6d-ac54-167b917641ae): created successfully
Jun 17 12:53:14 devstack cinder-volume[92162]: DEBUG cinder.volume.manager [None req-291f33ac-7f81-4b9e-9e93-01df8f1271b5 tempest-GroupSnapshotsTest-961170595 None] Task 'cinder.volume.flows.manager.create_volume.CreateVolumeOnFinishTask;volume:create, create.end' (bdc5d772-ab16-4a46-a974-c55fab779e9a) transitioned into state 'SUCCESS' from state 'RUNNING' with result 'None' {{(pid=92162) _task_receiver /opt/stack/data/venv/lib/python3.12/site-packages/taskflow/listeners/logging.py:182}}
Jun 17 12:53:14 devstack cinder-volume[92162]: DEBUG cinder.volume.manager [None req-291f33ac-7f81-4b9e-9e93-01df8f1271b5 tempest-GroupSnapshotsTest-961170595 None] Flow 'volume_create_manager' (e2a55631-8e13-4845-b78c-3603958cb57f) transitioned into state 'SUCCESS' from state 'RUNNING' {{(pid=92162) _flow_receiver /opt/stack/data/venv/lib/python3.12/site-packages/taskflow/listeners/logging.py:145}}
Jun 17 12:53:14 devstack cinder-volume[92162]: DEBUG oslo.privsep.daemon [-] privsep: reply[69a05388-8618-4f6a-b3ae-5862b3b107d3]: (4, 'qcow2') {{(pid=93903) _call_back /opt/stack/data/venv/lib/python3.12/site-packages/oslo_privsep/daemon.py:573}}
Jun 17 12:53:14 devstack cinder-volume[92162]: DEBUG oslo_concurrency.processutils [None req-173f6235-a6db-4292-81d4-3cbdfcff12b2 tempest-SnapshotsActionsTest-1391448083 None] Running cmd (subprocess): /opt/stack/data/venv/bin/python3.12 -m oslo_concurrency.prlimit --as=1073741824 --cpu=60 -- sudo cinder-rootwrap /etc/cinder/rootwrap.conf env LC_ALL=C qemu-img info -f qcow2 --output=json --force-share /opt/stack/data/cinder/mnt/fe8e0950ced04bcbed8026fc9ad4f1a8/volume-2a818c80-bc3c-4b73-9f2a-1015dc2bca6b {{(pid=92162) execute /opt/stack/data/venv/lib/python3.12/site-packages/oslo_concurrency/processutils.py:440}}
Jun 17 12:53:14 devstack cinder-volume[92162]: INFO cinder.volume.manager [None req-291f33ac-7f81-4b9e-9e93-01df8f1271b5 tempest-GroupSnapshotsTest-961170595 None] Created volume successfully.
Jun 17 12:53:14 devstack sudo[94936]: quobyte : PWD=/ ; USER=root ; COMMAND=/opt/stack/data/venv/bin/cinder-rootwrap /etc/cinder/rootwrap.conf env LC_ALL=C qemu-img info -f qcow2 --output=json --force-share /opt/stack/data/cinder/mnt/fe8e0950ced04bcbed8026fc9ad4f1a8/volume-2a818c80-bc3c-4b73-9f2a-1015dc2bca6b
Jun 17 12:53:14 devstack sudo[94936]: pam_unix(sudo:session): session opened for user root(uid=0) by (uid=1000)
Jun 17 12:53:14 devstack cinder-volume[92162]: INFO cinder.volume.manager [None req-3b74d5a9-2cf6-468a-9534-bc25382d4914 tempest-GroupSnapshotsTest-961170595 None] GroupSnapshot 7a4e929e-c9bb-4dcd-89ca-e2daa1658b98: creating.
Jun 17 12:53:14 devstack cinder-volume[92162]: DEBUG cinder.volume.manager [None req-3b74d5a9-2cf6-468a-9534-bc25382d4914 tempest-GroupSnapshotsTest-961170595 None] Group snapshot 7a4e929e-c9bb-4dcd-89ca-e2daa1658b98: creating. {{(pid=92162) create_group_snapshot /opt/stack/cinder/cinder/volume/manager.py:4176}}
Jun 17 12:53:14 devstack cinder-volume[92162]: DEBUG oslo_concurrency.lockutils [None req-3b74d5a9-2cf6-468a-9534-bc25382d4914 tempest-GroupSnapshotsTest-961170595 None] Acquiring lock "quobyte" by "cinder.volume.drivers.quobyte.QuobyteDriver.create_snapshot" {{(pid=92162) inner /opt/stack/data/venv/lib/python3.12/site-packages/oslo_concurrency/lockutils.py:506}}
Jun 17 12:53:15 devstack sudo[94936]: pam_unix(sudo:session): session closed for user root
Jun 17 12:53:15 devstack cinder-volume[92162]: DEBUG oslo_concurrency.processutils [None req-173f6235-a6db-4292-81d4-3cbdfcff12b2 tempest-SnapshotsActionsTest-1391448083 None] CMD "/opt/stack/data/venv/bin/python3.12 -m oslo_concurrency.prlimit --as=1073741824 --cpu=60 -- sudo cinder-rootwrap /etc/cinder/rootwrap.conf env LC_ALL=C qemu-img info -f qcow2 --output=json --force-share /opt/stack/data/cinder/mnt/fe8e0950ced04bcbed8026fc9ad4f1a8/volume-2a818c80-bc3c-4b73-9f2a-1015dc2bca6b" returned: 0 in 0.912s {{(pid=92162) execute /opt/stack/data/venv/lib/python3.12/site-packages/oslo_concurrency/processutils.py:468}}
Jun 17 12:53:15 devstack cinder-volume[92162]: DEBUG oslo_concurrency.processutils [None req-173f6235-a6db-4292-81d4-3cbdfcff12b2 tempest-SnapshotsActionsTest-1391448083 None] Running cmd (subprocess): sudo cinder-rootwrap /etc/cinder/rootwrap.conf qemu-img create -f qcow2 -o backing_file=/opt/stack/data/cinder/mnt/fe8e0950ced04bcbed8026fc9ad4f1a8/volume-2a818c80-bc3c-4b73-9f2a-1015dc2bca6b,backing_fmt=qcow2 /opt/stack/data/cinder/mnt/fe8e0950ced04bcbed8026fc9ad4f1a8/volume-2a818c80-bc3c-4b73-9f2a-1015dc2bca6b.c28c8b6d-01ee-4a3c-8d2a-ec1895782989 1G {{(pid=92162) execute /opt/stack/data/venv/lib/python3.12/site-packages/oslo_concurrency/processutils.py:440}}
Jun 17 12:53:15 devstack sudo[94942]: quobyte : PWD=/ ; USER=root ; COMMAND=/opt/stack/data/venv/bin/cinder-rootwrap /etc/cinder/rootwrap.conf qemu-img create -f qcow2 -o backing_file=/opt/stack/data/cinder/mnt/fe8e0950ced04bcbed8026fc9ad4f1a8/volume-2a818c80-bc3c-4b73-9f2a-1015dc2bca6b,backing_fmt=qcow2 /opt/stack/data/cinder/mnt/fe8e0950ced04bcbed8026fc9ad4f1a8/volume-2a818c80-bc3c-4b73-9f2a-1015dc2bca6b.c28c8b6d-01ee-4a3c-8d2a-ec1895782989 1G
Jun 17 12:53:15 devstack sudo[94942]: pam_unix(sudo:session): session opened for user root(uid=0) by (uid=1000)
Jun 17 12:53:15 devstack sudo[94942]: pam_unix(sudo:session): session closed for user root
Jun 17 12:53:15 devstack cinder-volume[92162]: DEBUG oslo_concurrency.processutils [None req-173f6235-a6db-4292-81d4-3cbdfcff12b2 tempest-SnapshotsActionsTest-1391448083 None] CMD "sudo cinder-rootwrap /etc/cinder/rootwrap.conf qemu-img create -f qcow2 -o backing_file=/opt/stack/data/cinder/mnt/fe8e0950ced04bcbed8026fc9ad4f1a8/volume-2a818c80-bc3c-4b73-9f2a-1015dc2bca6b,backing_fmt=qcow2 /opt/stack/data/cinder/mnt/fe8e0950ced04bcbed8026fc9ad4f1a8/volume-2a818c80-bc3c-4b73-9f2a-1015dc2bca6b.c28c8b6d-01ee-4a3c-8d2a-ec1895782989 1G" returned: 0 in 0.847s {{(pid=92162) execute /opt/stack/data/venv/lib/python3.12/site-packages/oslo_concurrency/processutils.py:468}}
Jun 17 12:53:15 devstack cinder-volume[92162]: DEBUG oslo_concurrency.processutils [None req-173f6235-a6db-4292-81d4-3cbdfcff12b2 tempest-SnapshotsActionsTest-1391448083 None] Running cmd (subprocess): sudo cinder-rootwrap /etc/cinder/rootwrap.conf qemu-img rebase -u -b volume-2a818c80-bc3c-4b73-9f2a-1015dc2bca6b -F qcow2 /opt/stack/data/cinder/mnt/fe8e0950ced04bcbed8026fc9ad4f1a8/volume-2a818c80-bc3c-4b73-9f2a-1015dc2bca6b.c28c8b6d-01ee-4a3c-8d2a-ec1895782989 {{(pid=92162) execute /opt/stack/data/venv/lib/python3.12/site-packages/oslo_concurrency/processutils.py:440}}
Jun 17 12:53:16 devstack sudo[94949]: quobyte : PWD=/ ; USER=root ; COMMAND=/opt/stack/data/venv/bin/cinder-rootwrap /etc/cinder/rootwrap.conf qemu-img rebase -u -b volume-2a818c80-bc3c-4b73-9f2a-1015dc2bca6b -F qcow2 /opt/stack/data/cinder/mnt/fe8e0950ced04bcbed8026fc9ad4f1a8/volume-2a818c80-bc3c-4b73-9f2a-1015dc2bca6b.c28c8b6d-01ee-4a3c-8d2a-ec1895782989
Jun 17 12:53:16 devstack sudo[94949]: pam_unix(sudo:session): session opened for user root(uid=0) by (uid=1000)
Jun 17 12:53:16 devstack sudo[94949]: pam_unix(sudo:session): session closed for user root
Jun 17 12:53:16 devstack cinder-volume[92162]: DEBUG oslo_concurrency.processutils [None req-173f6235-a6db-4292-81d4-3cbdfcff12b2 tempest-SnapshotsActionsTest-1391448083 None] CMD "sudo cinder-rootwrap /etc/cinder/rootwrap.conf qemu-img rebase -u -b volume-2a818c80-bc3c-4b73-9f2a-1015dc2bca6b -F qcow2 /opt/stack/data/cinder/mnt/fe8e0950ced04bcbed8026fc9ad4f1a8/volume-2a818c80-bc3c-4b73-9f2a-1015dc2bca6b.c28c8b6d-01ee-4a3c-8d2a-ec1895782989" returned: 0 in 0.659s {{(pid=92162) execute /opt/stack/data/venv/lib/python3.12/site-packages/oslo_concurrency/processutils.py:468}}
Jun 17 12:53:16 devstack cinder-volume[92162]: WARNING cinder.volume.drivers.remotefs [None req-173f6235-a6db-4292-81d4-3cbdfcff12b2 tempest-SnapshotsActionsTest-1391448083 None] /opt/stack/data/cinder/mnt/fe8e0950ced04bcbed8026fc9ad4f1a8/volume-2a818c80-bc3c-4b73-9f2a-1015dc2bca6b.c28c8b6d-01ee-4a3c-8d2a-ec1895782989 is being set with open permissions: ugo+rw
Jun 17 12:53:16 devstack cinder-volume[92162]: DEBUG oslo_concurrency.processutils [None req-173f6235-a6db-4292-81d4-3cbdfcff12b2 tempest-SnapshotsActionsTest-1391448083 None] Running cmd (subprocess): sudo cinder-rootwrap /etc/cinder/rootwrap.conf chmod ugo+rw /opt/stack/data/cinder/mnt/fe8e0950ced04bcbed8026fc9ad4f1a8/volume-2a818c80-bc3c-4b73-9f2a-1015dc2bca6b.c28c8b6d-01ee-4a3c-8d2a-ec1895782989 {{(pid=92162) execute /opt/stack/data/venv/lib/python3.12/site-packages/oslo_concurrency/processutils.py:440}}
Jun 17 12:53:16 devstack sudo[94956]: quobyte : PWD=/ ; USER=root ; COMMAND=/opt/stack/data/venv/bin/cinder-rootwrap /etc/cinder/rootwrap.conf chmod ugo+rw /opt/stack/data/cinder/mnt/fe8e0950ced04bcbed8026fc9ad4f1a8/volume-2a818c80-bc3c-4b73-9f2a-1015dc2bca6b.c28c8b6d-01ee-4a3c-8d2a-ec1895782989
Jun 17 12:53:16 devstack sudo[94956]: pam_unix(sudo:session): session opened for user root(uid=0) by (uid=1000)
Jun 17 12:53:17 devstack sudo[94956]: pam_unix(sudo:session): session closed for user root
Jun 17 12:53:17 devstack cinder-volume[92162]: DEBUG oslo_concurrency.processutils [None req-173f6235-a6db-4292-81d4-3cbdfcff12b2 tempest-SnapshotsActionsTest-1391448083 None] CMD "sudo cinder-rootwrap /etc/cinder/rootwrap.conf chmod ugo+rw /opt/stack/data/cinder/mnt/fe8e0950ced04bcbed8026fc9ad4f1a8/volume-2a818c80-bc3c-4b73-9f2a-1015dc2bca6b.c28c8b6d-01ee-4a3c-8d2a-ec1895782989" returned: 0 in 0.762s {{(pid=92162) execute /opt/stack/data/venv/lib/python3.12/site-packages/oslo_concurrency/processutils.py:468}}
Jun 17 12:53:17 devstack cinder-volume[92162]: DEBUG oslo_concurrency.processutils [None req-173f6235-a6db-4292-81d4-3cbdfcff12b2 tempest-SnapshotsActionsTest-1391448083 None] Running cmd (subprocess): sudo cinder-rootwrap /etc/cinder/rootwrap.conf truncate -s0 /opt/stack/data/cinder/mnt/fe8e0950ced04bcbed8026fc9ad4f1a8/volume-2a818c80-bc3c-4b73-9f2a-1015dc2bca6b.info {{(pid=92162) execute /opt/stack/data/venv/lib/python3.12/site-packages/oslo_concurrency/processutils.py:440}}
Jun 17 12:53:17 devstack sudo[94959]: quobyte : PWD=/ ; USER=root ; COMMAND=/opt/stack/data/venv/bin/cinder-rootwrap /etc/cinder/rootwrap.conf truncate -s0 /opt/stack/data/cinder/mnt/fe8e0950ced04bcbed8026fc9ad4f1a8/volume-2a818c80-bc3c-4b73-9f2a-1015dc2bca6b.info
Jun 17 12:53:17 devstack sudo[94959]: pam_unix(sudo:session): session opened for user root(uid=0) by (uid=1000)
Jun 17 12:53:18 devstack sudo[94959]: pam_unix(sudo:session): session closed for user root
Jun 17 12:53:18 devstack cinder-volume[92162]: DEBUG oslo_concurrency.processutils [None req-173f6235-a6db-4292-81d4-3cbdfcff12b2 tempest-SnapshotsActionsTest-1391448083 None] CMD "sudo cinder-rootwrap /etc/cinder/rootwrap.conf truncate -s0 /opt/stack/data/cinder/mnt/fe8e0950ced04bcbed8026fc9ad4f1a8/volume-2a818c80-bc3c-4b73-9f2a-1015dc2bca6b.info" returned: 0 in 0.752s {{(pid=92162) execute /opt/stack/data/venv/lib/python3.12/site-packages/oslo_concurrency/processutils.py:468}}
Jun 17 12:53:18 devstack cinder-volume[92162]: WARNING cinder.volume.drivers.remotefs [None req-173f6235-a6db-4292-81d4-3cbdfcff12b2 tempest-SnapshotsActionsTest-1391448083 None] /opt/stack/data/cinder/mnt/fe8e0950ced04bcbed8026fc9ad4f1a8/volume-2a818c80-bc3c-4b73-9f2a-1015dc2bca6b.info is being set with open permissions: ugo+rw
Jun 17 12:53:18 devstack cinder-volume[92162]: DEBUG oslo_concurrency.processutils [None req-173f6235-a6db-4292-81d4-3cbdfcff12b2 tempest-SnapshotsActionsTest-1391448083 None] Running cmd (subprocess): sudo cinder-rootwrap /etc/cinder/rootwrap.conf chmod ugo+rw /opt/stack/data/cinder/mnt/fe8e0950ced04bcbed8026fc9ad4f1a8/volume-2a818c80-bc3c-4b73-9f2a-1015dc2bca6b.info {{(pid=92162) execute /opt/stack/data/venv/lib/python3.12/site-packages/oslo_concurrency/processutils.py:440}}
Jun 17 12:53:18 devstack sudo[94963]: quobyte : PWD=/ ; USER=root ; COMMAND=/opt/stack/data/venv/bin/cinder-rootwrap /etc/cinder/rootwrap.conf chmod ugo+rw /opt/stack/data/cinder/mnt/fe8e0950ced04bcbed8026fc9ad4f1a8/volume-2a818c80-bc3c-4b73-9f2a-1015dc2bca6b.info
Jun 17 12:53:18 devstack sudo[94963]: pam_unix(sudo:session): session opened for user root(uid=0) by (uid=1000)
Jun 17 12:53:18 devstack sudo[94963]: pam_unix(sudo:session): session closed for user root
Jun 17 12:53:18 devstack cinder-volume[92162]: DEBUG oslo_concurrency.processutils [None req-173f6235-a6db-4292-81d4-3cbdfcff12b2 tempest-SnapshotsActionsTest-1391448083 None] CMD "sudo cinder-rootwrap /etc/cinder/rootwrap.conf chmod ugo+rw /opt/stack/data/cinder/mnt/fe8e0950ced04bcbed8026fc9ad4f1a8/volume-2a818c80-bc3c-4b73-9f2a-1015dc2bca6b.info" returned: 0 in 0.670s {{(pid=92162) execute /opt/stack/data/venv/lib/python3.12/site-packages/oslo_concurrency/processutils.py:468}}
Jun 17 12:53:18 devstack cinder-volume[92162]: DEBUG oslo_concurrency.lockutils [None req-173f6235-a6db-4292-81d4-3cbdfcff12b2 tempest-SnapshotsActionsTest-1391448083 None] Lock "quobyte" "released" by "cinder.volume.drivers.quobyte.QuobyteDriver.create_snapshot" :: held 4.815s {{(pid=92162) inner /opt/stack/data/venv/lib/python3.12/site-packages/oslo_concurrency/lockutils.py:538}}
Jun 17 12:53:18 devstack cinder-volume[92162]: DEBUG oslo_concurrency.lockutils [None req-3b74d5a9-2cf6-468a-9534-bc25382d4914 tempest-GroupSnapshotsTest-961170595 None] Lock "quobyte" acquired by "cinder.volume.drivers.quobyte.QuobyteDriver.create_snapshot" :: waited 4.026s {{(pid=92162) inner /opt/stack/data/venv/lib/python3.12/site-packages/oslo_concurrency/lockutils.py:519}}
Jun 17 12:53:19 devstack cinder-volume[92162]: DEBUG cinder.volume.drivers.remotefs [None req-3b74d5a9-2cf6-468a-9534-bc25382d4914 tempest-GroupSnapshotsTest-961170595 None] Creating offline snapshot 0220a521-1c12-4388-a4b9-c19a5fdf46fd of volume af60c335-3faa-4c6d-ac54-167b917641ae {{(pid=92162) _create_snapshot /opt/stack/cinder/cinder/volume/drivers/remotefs.py:1816}}
Jun 17 12:53:19 devstack cinder-volume[92162]: INFO cinder.volume.manager [None req-173f6235-a6db-4292-81d4-3cbdfcff12b2 tempest-SnapshotsActionsTest-1391448083 None] Create snapshot completed successfully
Jun 17 12:53:19 devstack cinder-volume[92162]: DEBUG oslo.privsep.daemon [-] privsep: reply[b3b7b0d8-16ad-4062-840b-7c7eea17d123]: (4, 'qcow2') {{(pid=93903) _call_back /opt/stack/data/venv/lib/python3.12/site-packages/oslo_privsep/daemon.py:573}}
Jun 17 12:53:19 devstack cinder-volume[92162]: DEBUG oslo_concurrency.processutils [None req-3b74d5a9-2cf6-468a-9534-bc25382d4914 tempest-GroupSnapshotsTest-961170595 None] Running cmd (subprocess): /opt/stack/data/venv/bin/python3.12 -m oslo_concurrency.prlimit --as=1073741824 --cpu=60 -- sudo cinder-rootwrap /etc/cinder/rootwrap.conf env LC_ALL=C qemu-img info -f qcow2 --output=json --force-share /opt/stack/data/cinder/mnt/fe8e0950ced04bcbed8026fc9ad4f1a8/volume-af60c335-3faa-4c6d-ac54-167b917641ae {{(pid=92162) execute /opt/stack/data/venv/lib/python3.12/site-packages/oslo_concurrency/processutils.py:440}}
Jun 17 12:53:19 devstack sudo[94968]: quobyte : PWD=/ ; USER=root ; COMMAND=/opt/stack/data/venv/bin/cinder-rootwrap /etc/cinder/rootwrap.conf env LC_ALL=C qemu-img info -f qcow2 --output=json --force-share /opt/stack/data/cinder/mnt/fe8e0950ced04bcbed8026fc9ad4f1a8/volume-af60c335-3faa-4c6d-ac54-167b917641ae
Jun 17 12:53:19 devstack sudo[94968]: pam_unix(sudo:session): session opened for user root(uid=0) by (uid=1000)
Jun 17 12:53:19 devstack sudo[94968]: pam_unix(sudo:session): session closed for user root
Jun 17 12:53:19 devstack cinder-volume[92162]: DEBUG oslo_concurrency.processutils [None req-3b74d5a9-2cf6-468a-9534-bc25382d4914 tempest-GroupSnapshotsTest-961170595 None] CMD "/opt/stack/data/venv/bin/python3.12 -m oslo_concurrency.prlimit --as=1073741824 --cpu=60 -- sudo cinder-rootwrap /etc/cinder/rootwrap.conf env LC_ALL=C qemu-img info -f qcow2 --output=json --force-share /opt/stack/data/cinder/mnt/fe8e0950ced04bcbed8026fc9ad4f1a8/volume-af60c335-3faa-4c6d-ac54-167b917641ae" returned: 0 in 0.809s {{(pid=92162) execute /opt/stack/data/venv/lib/python3.12/site-packages/oslo_concurrency/processutils.py:468}}
Jun 17 12:53:19 devstack cinder-volume[92162]: DEBUG oslo_concurrency.processutils [None req-3b74d5a9-2cf6-468a-9534-bc25382d4914 tempest-GroupSnapshotsTest-961170595 None] Running cmd (subprocess): sudo cinder-rootwrap /etc/cinder/rootwrap.conf qemu-img create -f qcow2 -o backing_file=/opt/stack/data/cinder/mnt/fe8e0950ced04bcbed8026fc9ad4f1a8/volume-af60c335-3faa-4c6d-ac54-167b917641ae,backing_fmt=qcow2 /opt/stack/data/cinder/mnt/fe8e0950ced04bcbed8026fc9ad4f1a8/volume-af60c335-3faa-4c6d-ac54-167b917641ae.0220a521-1c12-4388-a4b9-c19a5fdf46fd 1G {{(pid=92162) execute /opt/stack/data/venv/lib/python3.12/site-packages/oslo_concurrency/processutils.py:440}}
Jun 17 12:53:19 devstack sudo[94973]: quobyte : PWD=/ ; USER=root ; COMMAND=/opt/stack/data/venv/bin/cinder-rootwrap /etc/cinder/rootwrap.conf qemu-img create -f qcow2 -o backing_file=/opt/stack/data/cinder/mnt/fe8e0950ced04bcbed8026fc9ad4f1a8/volume-af60c335-3faa-4c6d-ac54-167b917641ae,backing_fmt=qcow2 /opt/stack/data/cinder/mnt/fe8e0950ced04bcbed8026fc9ad4f1a8/volume-af60c335-3faa-4c6d-ac54-167b917641ae.0220a521-1c12-4388-a4b9-c19a5fdf46fd 1G
Jun 17 12:53:19 devstack sudo[94973]: pam_unix(sudo:session): session opened for user root(uid=0) by (uid=1000)
Jun 17 12:53:21 devstack cinder-volume[92162]: DEBUG oslo_concurrency.lockutils [None req-1581d603-443f-4cc5-8908-eb3fad10e9d5 tempest-SnapshotsActionsTest-1391448083 None] Acquiring lock "quobyte" by "cinder.volume.drivers.quobyte.QuobyteDriver.create_snapshot" {{(pid=92162) inner /opt/stack/data/venv/lib/python3.12/site-packages/oslo_concurrency/lockutils.py:506}}
Jun 17 12:53:21 devstack sudo[94973]: pam_unix(sudo:session): session closed for user root
Jun 17 12:53:21 devstack cinder-volume[92162]: DEBUG oslo_concurrency.processutils [None req-3b74d5a9-2cf6-468a-9534-bc25382d4914 tempest-GroupSnapshotsTest-961170595 None] CMD "sudo cinder-rootwrap /etc/cinder/rootwrap.conf qemu-img create -f qcow2 -o backing_file=/opt/stack/data/cinder/mnt/fe8e0950ced04bcbed8026fc9ad4f1a8/volume-af60c335-3faa-4c6d-ac54-167b917641ae,backing_fmt=qcow2 /opt/stack/data/cinder/mnt/fe8e0950ced04bcbed8026fc9ad4f1a8/volume-af60c335-3faa-4c6d-ac54-167b917641ae.0220a521-1c12-4388-a4b9-c19a5fdf46fd 1G" returned: 0 in 1.297s {{(pid=92162) execute /opt/stack/data/venv/lib/python3.12/site-packages/oslo_concurrency/processutils.py:468}}
Jun 17 12:53:21 devstack cinder-volume[92162]: DEBUG oslo_concurrency.processutils [None req-3b74d5a9-2cf6-468a-9534-bc25382d4914 tempest-GroupSnapshotsTest-961170595 None] Running cmd (subprocess): sudo cinder-rootwrap /etc/cinder/rootwrap.conf qemu-img rebase -u -b volume-af60c335-3faa-4c6d-ac54-167b917641ae -F qcow2 /opt/stack/data/cinder/mnt/fe8e0950ced04bcbed8026fc9ad4f1a8/volume-af60c335-3faa-4c6d-ac54-167b917641ae.0220a521-1c12-4388-a4b9-c19a5fdf46fd {{(pid=92162) execute /opt/stack/data/venv/lib/python3.12/site-packages/oslo_concurrency/processutils.py:440}}
Jun 17 12:53:21 devstack sudo[94981]: quobyte : PWD=/ ; USER=root ; COMMAND=/opt/stack/data/venv/bin/cinder-rootwrap /etc/cinder/rootwrap.conf qemu-img rebase -u -b volume-af60c335-3faa-4c6d-ac54-167b917641ae -F qcow2 /opt/stack/data/cinder/mnt/fe8e0950ced04bcbed8026fc9ad4f1a8/volume-af60c335-3faa-4c6d-ac54-167b917641ae.0220a521-1c12-4388-a4b9-c19a5fdf46fd
Jun 17 12:53:21 devstack sudo[94981]: pam_unix(sudo:session): session opened for user root(uid=0) by (uid=1000)
Jun 17 12:53:21 devstack sudo[94981]: pam_unix(sudo:session): session closed for user root
Jun 17 12:53:21 devstack cinder-volume[92162]: DEBUG oslo_concurrency.processutils [None req-3b74d5a9-2cf6-468a-9534-bc25382d4914 tempest-GroupSnapshotsTest-961170595 None] CMD "sudo cinder-rootwrap /etc/cinder/rootwrap.conf qemu-img rebase -u -b volume-af60c335-3faa-4c6d-ac54-167b917641ae -F qcow2 /opt/stack/data/cinder/mnt/fe8e0950ced04bcbed8026fc9ad4f1a8/volume-af60c335-3faa-4c6d-ac54-167b917641ae.0220a521-1c12-4388-a4b9-c19a5fdf46fd" returned: 0 in 0.779s {{(pid=92162) execute /opt/stack/data/venv/lib/python3.12/site-packages/oslo_concurrency/processutils.py:468}}
Jun 17 12:53:21 devstack cinder-volume[92162]: WARNING cinder.volume.drivers.remotefs [None req-3b74d5a9-2cf6-468a-9534-bc25382d4914 tempest-GroupSnapshotsTest-961170595 None] /opt/stack/data/cinder/mnt/fe8e0950ced04bcbed8026fc9ad4f1a8/volume-af60c335-3faa-4c6d-ac54-167b917641ae.0220a521-1c12-4388-a4b9-c19a5fdf46fd is being set with open permissions: ugo+rw: NotImplementedError
Jun 17 12:53:21 devstack cinder-volume[92162]: DEBUG oslo_concurrency.processutils [None req-3b74d5a9-2cf6-468a-9534-bc25382d4914 tempest-GroupSnapshotsTest-961170595 None] Running cmd (subprocess): sudo cinder-rootwrap /etc/cinder/rootwrap.conf chmod ugo+rw /opt/stack/data/cinder/mnt/fe8e0950ced04bcbed8026fc9ad4f1a8/volume-af60c335-3faa-4c6d-ac54-167b917641ae.0220a521-1c12-4388-a4b9-c19a5fdf46fd {{(pid=92162) execute /opt/stack/data/venv/lib/python3.12/site-packages/oslo_concurrency/processutils.py:440}}
Jun 17 12:53:21 devstack sudo[94988]: quobyte : PWD=/ ; USER=root ; COMMAND=/opt/stack/data/venv/bin/cinder-rootwrap /etc/cinder/rootwrap.conf chmod ugo+rw /opt/stack/data/cinder/mnt/fe8e0950ced04bcbed8026fc9ad4f1a8/volume-af60c335-3faa-4c6d-ac54-167b917641ae.0220a521-1c12-4388-a4b9-c19a5fdf46fd
Jun 17 12:53:21 devstack sudo[94988]: pam_unix(sudo:session): session opened for user root(uid=0) by (uid=1000)
Jun 17 12:53:22 devstack sudo[94988]: pam_unix(sudo:session): session closed for user root
Jun 17 12:53:22 devstack cinder-volume[92162]: DEBUG oslo_concurrency.processutils [None req-3b74d5a9-2cf6-468a-9534-bc25382d4914 tempest-GroupSnapshotsTest-961170595 None] CMD "sudo cinder-rootwrap /etc/cinder/rootwrap.conf chmod ugo+rw /opt/stack/data/cinder/mnt/fe8e0950ced04bcbed8026fc9ad4f1a8/volume-af60c335-3faa-4c6d-ac54-167b917641ae.0220a521-1c12-4388-a4b9-c19a5fdf46fd" returned: 0 in 0.653s {{(pid=92162) execute /opt/stack/data/venv/lib/python3.12/site-packages/oslo_concurrency/processutils.py:468}}
Jun 17 12:53:22 devstack cinder-volume[92162]: DEBUG oslo_concurrency.processutils [None req-3b74d5a9-2cf6-468a-9534-bc25382d4914 tempest-GroupSnapshotsTest-961170595 None] Running cmd (subprocess): sudo cinder-rootwrap /etc/cinder/rootwrap.conf truncate -s0 /opt/stack/data/cinder/mnt/fe8e0950ced04bcbed8026fc9ad4f1a8/volume-af60c335-3faa-4c6d-ac54-167b917641ae.info {{(pid=92162) execute /opt/stack/data/venv/lib/python3.12/site-packages/oslo_concurrency/processutils.py:440}}
Jun 17 12:53:22 devstack sudo[94991]: quobyte : PWD=/ ; USER=root ; COMMAND=/opt/stack/data/venv/bin/cinder-rootwrap /etc/cinder/rootwrap.conf truncate -s0 /opt/stack/data/cinder/mnt/fe8e0950ced04bcbed8026fc9ad4f1a8/volume-af60c335-3faa-4c6d-ac54-167b917641ae.info
Jun 17 12:53:22 devstack sudo[94991]: pam_unix(sudo:session): session opened for user root(uid=0) by (uid=1000)
Jun 17 12:53:23 devstack sudo[94991]: pam_unix(sudo:session): session closed for user root
Jun 17 12:53:23 devstack cinder-volume[92162]: DEBUG oslo_concurrency.processutils [None req-3b74d5a9-2cf6-468a-9534-bc25382d4914 tempest-GroupSnapshotsTest-961170595 None] CMD "sudo cinder-rootwrap /etc/cinder/rootwrap.conf truncate -s0 /opt/stack/data/cinder/mnt/fe8e0950ced04bcbed8026fc9ad4f1a8/volume-af60c335-3faa-4c6d-ac54-167b917641ae.info" returned: 0 in 0.690s {{(pid=92162) execute /opt/stack/data/venv/lib/python3.12/site-packages/oslo_concurrency/processutils.py:468}}
Jun 17 12:53:23 devstack cinder-volume[92162]: WARNING cinder.volume.drivers.remotefs [None req-3b74d5a9-2cf6-468a-9534-bc25382d4914 tempest-GroupSnapshotsTest-961170595 None] /opt/stack/data/cinder/mnt/fe8e0950ced04bcbed8026fc9ad4f1a8/volume-af60c335-3faa-4c6d-ac54-167b917641ae.info is being set with open permissions: ugo+rw: NotImplementedError
Jun 17 12:53:23 devstack cinder-volume[92162]: DEBUG oslo_concurrency.processutils [None req-3b74d5a9-2cf6-468a-9534-bc25382d4914 tempest-GroupSnapshotsTest-961170595 None] Running cmd (subprocess): sudo cinder-rootwrap /etc/cinder/rootwrap.conf chmod ugo+rw /opt/stack/data/cinder/mnt/fe8e0950ced04bcbed8026fc9ad4f1a8/volume-af60c335-3faa-4c6d-ac54-167b917641ae.info {{(pid=92162) execute /opt/stack/data/venv/lib/python3.12/site-packages/oslo_concurrency/processutils.py:440}}
Jun 17 12:53:23 devstack sudo[94995]: quobyte : PWD=/ ; USER=root ; COMMAND=/opt/stack/data/venv/bin/cinder-rootwrap /etc/cinder/rootwrap.conf chmod ugo+rw /opt/stack/data/cinder/mnt/fe8e0950ced04bcbed8026fc9ad4f1a8/volume-af60c335-3faa-4c6d-ac54-167b917641ae.info
Jun 17 12:53:23 devstack sudo[94995]: pam_unix(sudo:session): session opened for user root(uid=0) by (uid=1000)
Jun 17 12:53:24 devstack sudo[94995]: pam_unix(sudo:session): session closed for user root
Jun 17 12:53:24 devstack cinder-volume[92162]: DEBUG oslo_concurrency.processutils [None req-3b74d5a9-2cf6-468a-9534-bc25382d4914 tempest-GroupSnapshotsTest-961170595 None] CMD "sudo cinder-rootwrap /etc/cinder/rootwrap.conf chmod ugo+rw /opt/stack/data/cinder/mnt/fe8e0950ced04bcbed8026fc9ad4f1a8/volume-af60c335-3faa-4c6d-ac54-167b917641ae.info" returned: 0 in 0.681s {{(pid=92162) execute /opt/stack/data/venv/lib/python3.12/site-packages/oslo_concurrency/processutils.py:468}}
Jun 17 12:53:24 devstack cinder-volume[92162]: DEBUG oslo_concurrency.lockutils [None req-3b74d5a9-2cf6-468a-9534-bc25382d4914 tempest-GroupSnapshotsTest-961170595 None] Lock "quobyte" "released" by "cinder.volume.drivers.quobyte.QuobyteDriver.create_snapshot" :: held 5.065s {{(pid=92162) inner /opt/stack/data/venv/lib/python3.12/site-packages/oslo_concurrency/lockutils.py:538}}
Jun 17 12:53:24 devstack cinder-volume[92162]: DEBUG oslo_concurrency.lockutils [None req-1581d603-443f-4cc5-8908-eb3fad10e9d5 tempest-SnapshotsActionsTest-1391448083 None] Lock "quobyte" acquired by "cinder.volume.drivers.quobyte.QuobyteDriver.create_snapshot" :: waited 3.018s {{(pid=92162) inner /opt/stack/data/venv/lib/python3.12/site-packages/oslo_concurrency/lockutils.py:519}}
Jun 17 12:53:24 devstack cinder-volume[92162]: DEBUG cinder.volume.drivers.remotefs [None req-1581d603-443f-4cc5-8908-eb3fad10e9d5 tempest-SnapshotsActionsTest-1391448083 None] Creating offline snapshot d0e0ff29-cf5b-435d-8859-e8dcee4f1205 of volume 2a818c80-bc3c-4b73-9f2a-1015dc2bca6b {{(pid=92162) _create_snapshot /opt/stack/cinder/cinder/volume/drivers/remotefs.py:1816}}
Jun 17 12:53:24 devstack cinder-volume[92162]: DEBUG oslo.privsep.daemon [-] privsep: reply[f1bfb706-e849-43c1-ab9c-55058b5e5ee4]: (4, 'qcow2') {{(pid=93903) _call_back /opt/stack/data/venv/lib/python3.12/site-packages/oslo_privsep/daemon.py:573}}
Jun 17 12:53:24 devstack cinder-volume[92162]: DEBUG oslo_concurrency.processutils [None req-1581d603-443f-4cc5-8908-eb3fad10e9d5 tempest-SnapshotsActionsTest-1391448083 None] Running cmd (subprocess): /opt/stack/data/venv/bin/python3.12 -m oslo_concurrency.prlimit --as=1073741824 --cpu=60 -- sudo cinder-rootwrap /etc/cinder/rootwrap.conf env LC_ALL=C qemu-img info -f qcow2 --output=json --force-share /opt/stack/data/cinder/mnt/fe8e0950ced04bcbed8026fc9ad4f1a8/volume-2a818c80-bc3c-4b73-9f2a-1015dc2bca6b.c28c8b6d-01ee-4a3c-8d2a-ec1895782989 {{(pid=92162) execute /opt/stack/data/venv/lib/python3.12/site-packages/oslo_concurrency/processutils.py:440}}
Jun 17 12:53:24 devstack sudo[94998]: quobyte : PWD=/ ; USER=root ; COMMAND=/opt/stack/data/venv/bin/cinder-rootwrap /etc/cinder/rootwrap.conf env LC_ALL=C qemu-img info -f qcow2 --output=json --force-share /opt/stack/data/cinder/mnt/fe8e0950ced04bcbed8026fc9ad4f1a8/volume-2a818c80-bc3c-4b73-9f2a-1015dc2bca6b.c28c8b6d-01ee-4a3c-8d2a-ec1895782989
Jun 17 12:53:24 devstack sudo[94998]: pam_unix(sudo:session): session opened for user root(uid=0) by (uid=1000)
Jun 17 12:53:24 devstack cinder-volume[92162]: INFO cinder.volume.manager [None req-3b74d5a9-2cf6-468a-9534-bc25382d4914 tempest-GroupSnapshotsTest-961170595 None] group_snapshot 7a4e929e-c9bb-4dcd-89ca-e2daa1658b98: created successfully
Jun 17 12:53:25 devstack sudo[94998]: pam_unix(sudo:session): session closed for user root
Jun 17 12:53:25 devstack cinder-volume[92162]: DEBUG oslo_concurrency.processutils [None req-1581d603-443f-4cc5-8908-eb3fad10e9d5 tempest-SnapshotsActionsTest-1391448083 None] CMD "/opt/stack/data/venv/bin/python3.12 -m oslo_concurrency.prlimit --as=1073741824 --cpu=60 -- sudo cinder-rootwrap /etc/cinder/rootwrap.conf env LC_ALL=C qemu-img info -f qcow2 --output=json --force-share /opt/stack/data/cinder/mnt/fe8e0950ced04bcbed8026fc9ad4f1a8/volume-2a818c80-bc3c-4b73-9f2a-1015dc2bca6b.c28c8b6d-01ee-4a3c-8d2a-ec1895782989" returned: 0 in 0.906s {{(pid=92162) execute /opt/stack/data/venv/lib/python3.12/site-packages/oslo_concurrency/processutils.py:468}}
Jun 17 12:53:25 devstack cinder-volume[92162]: DEBUG cinder.volume.drivers.remotefs [None req-1581d603-443f-4cc5-8908-eb3fad10e9d5 tempest-SnapshotsActionsTest-1391448083 None] Fetching qemu-img info with special backing_file_template: (/opt/stack/data/cinder/mnt/[0-9a-f]+/)?(volume-2a818c80-bc3c-4b73-9f2a-1015dc2bca6b(.(tmp-snap-)?[0-9a-f-]+)?|volume_from_snapshot_cache/(tmp-snap-)?[0-9a-f-]+(.(child-|parent-)[0-9a-f-]+)?)$ {{(pid=92162) _qemu_img_info_base /opt/stack/cinder/cinder/volume/drivers/remotefs.py:896}}
Jun 17 12:53:25 devstack cinder-volume[92162]: DEBUG oslo_concurrency.processutils [None req-1581d603-443f-4cc5-8908-eb3fad10e9d5 tempest-SnapshotsActionsTest-1391448083 None] Running cmd (subprocess): sudo cinder-rootwrap /etc/cinder/rootwrap.conf qemu-img create -f qcow2 -o backing_file=/opt/stack/data/cinder/mnt/fe8e0950ced04bcbed8026fc9ad4f1a8/volume-2a818c80-bc3c-4b73-9f2a-1015dc2bca6b.c28c8b6d-01ee-4a3c-8d2a-ec1895782989,backing_fmt=qcow2 /opt/stack/data/cinder/mnt/fe8e0950ced04bcbed8026fc9ad4f1a8/volume-2a818c80-bc3c-4b73-9f2a-1015dc2bca6b.d0e0ff29-cf5b-435d-8859-e8dcee4f1205 1G {{(pid=92162) execute /opt/stack/data/venv/lib/python3.12/site-packages/oslo_concurrency/processutils.py:440}}
Jun 17 12:53:25 devstack sudo[95003]: quobyte : PWD=/ ; USER=root ; COMMAND=/opt/stack/data/venv/bin/cinder-rootwrap /etc/cinder/rootwrap.conf qemu-img create -f qcow2 -o backing_file=/opt/stack/data/cinder/mnt/fe8e0950ced04bcbed8026fc9ad4f1a8/volume-2a818c80-bc3c-4b73-9f2a-1015dc2bca6b.c28c8b6d-01ee-4a3c-8d2a-ec1895782989,backing_fmt=qcow2 /opt/stack/data/cinder/mnt/fe8e0950ced04bcbed8026fc9ad4f1a8/volume-2a818c80-bc3c-4b73-9f2a-1015dc2bca6b.d0e0ff29-cf5b-435d-8859-e8dcee4f1205 1G
Jun 17 12:53:25 devstack sudo[95003]: pam_unix(sudo:session): session opened for user root(uid=0) by (uid=1000)
Jun 17 12:53:25 devstack cinder-volume[92162]: DEBUG oslo_concurrency.lockutils [None req-ce375c9f-e107-4a6d-b6f5-040b8d771d74 tempest-GroupSnapshotsTest-961170595 None] Acquiring lock "quobyte" by "cinder.volume.drivers.quobyte.QuobyteDriver.create_volume_from_snapshot" {{(pid=92162) inner /opt/stack/data/venv/lib/python3.12/site-packages/oslo_concurrency/lockutils.py:506}}
Jun 17 12:53:26 devstack sudo[95003]: pam_unix(sudo:session): session closed for user root
Jun 17 12:53:26 devstack cinder-volume[92162]: DEBUG oslo_concurrency.processutils [None req-1581d603-443f-4cc5-8908-eb3fad10e9d5 tempest-SnapshotsActionsTest-1391448083 None] CMD "sudo cinder-rootwrap /etc/cinder/rootwrap.conf qemu-img create -f qcow2 -o backing_file=/opt/stack/data/cinder/mnt/fe8e0950ced04bcbed8026fc9ad4f1a8/volume-2a818c80-bc3c-4b73-9f2a-1015dc2bca6b.c28c8b6d-01ee-4a3c-8d2a-ec1895782989,backing_fmt=qcow2 /opt/stack/data/cinder/mnt/fe8e0950ced04bcbed8026fc9ad4f1a8/volume-2a818c80-bc3c-4b73-9f2a-1015dc2bca6b.d0e0ff29-cf5b-435d-8859-e8dcee4f1205 1G" returned: 0 in 1.082s {{(pid=92162) execute /opt/stack/data/venv/lib/python3.12/site-packages/oslo_concurrency/processutils.py:468}}
Jun 17 12:53:26 devstack cinder-volume[92162]: DEBUG oslo_concurrency.processutils [None req-1581d603-443f-4cc5-8908-eb3fad10e9d5 tempest-SnapshotsActionsTest-1391448083 None] Running cmd (subprocess): sudo cinder-rootwrap /etc/cinder/rootwrap.conf qemu-img rebase -u -b volume-2a818c80-bc3c-4b73-9f2a-1015dc2bca6b.c28c8b6d-01ee-4a3c-8d2a-ec1895782989 -F qcow2 /opt/stack/data/cinder/mnt/fe8e0950ced04bcbed8026fc9ad4f1a8/volume-2a818c80-bc3c-4b73-9f2a-1015dc2bca6b.d0e0ff29-cf5b-435d-8859-e8dcee4f1205 {{(pid=92162) execute /opt/stack/data/venv/lib/python3.12/site-packages/oslo_concurrency/processutils.py:440}}
Jun 17 12:53:26 devstack sudo[95017]: quobyte : PWD=/ ; USER=root ; COMMAND=/opt/stack/data/venv/bin/cinder-rootwrap /etc/cinder/rootwrap.conf qemu-img rebase -u -b volume-2a818c80-bc3c-4b73-9f2a-1015dc2bca6b.c28c8b6d-01ee-4a3c-8d2a-ec1895782989 -F qcow2 /opt/stack/data/cinder/mnt/fe8e0950ced04bcbed8026fc9ad4f1a8/volume-2a818c80-bc3c-4b73-9f2a-1015dc2bca6b.d0e0ff29-cf5b-435d-8859-e8dcee4f1205
Jun 17 12:53:26 devstack sudo[95017]: pam_unix(sudo:session): session opened for user root(uid=0) by (uid=1000)
Jun 17 12:53:26 devstack sudo[95017]: pam_unix(sudo:session): session closed for user root
Jun 17 12:53:26 devstack cinder-volume[92162]: DEBUG oslo_concurrency.processutils [None req-1581d603-443f-4cc5-8908-eb3fad10e9d5 tempest-SnapshotsActionsTest-1391448083 None] CMD "sudo cinder-rootwrap /etc/cinder/rootwrap.conf qemu-img rebase -u -b volume-2a818c80-bc3c-4b73-9f2a-1015dc2bca6b.c28c8b6d-01ee-4a3c-8d2a-ec1895782989 -F qcow2 /opt/stack/data/cinder/mnt/fe8e0950ced04bcbed8026fc9ad4f1a8/volume-2a818c80-bc3c-4b73-9f2a-1015dc2bca6b.d0e0ff29-cf5b-435d-8859-e8dcee4f1205" returned: 0 in 0.762s {{(pid=92162) execute /opt/stack/data/venv/lib/python3.12/site-packages/oslo_concurrency/processutils.py:468}}
Jun 17 12:53:26 devstack cinder-volume[92162]: WARNING cinder.volume.drivers.remotefs [None req-1581d603-443f-4cc5-8908-eb3fad10e9d5 tempest-SnapshotsActionsTest-1391448083 None] /opt/stack/data/cinder/mnt/fe8e0950ced04bcbed8026fc9ad4f1a8/volume-2a818c80-bc3c-4b73-9f2a-1015dc2bca6b.d0e0ff29-cf5b-435d-8859-e8dcee4f1205 is being set with open permissions: ugo+rw
Jun 17 12:53:26 devstack cinder-volume[92162]: DEBUG oslo_concurrency.processutils [None req-1581d603-443f-4cc5-8908-eb3fad10e9d5 tempest-SnapshotsActionsTest-1391448083 None] Running cmd (subprocess): sudo cinder-rootwrap /etc/cinder/rootwrap.conf chmod ugo+rw /opt/stack/data/cinder/mnt/fe8e0950ced04bcbed8026fc9ad4f1a8/volume-2a818c80-bc3c-4b73-9f2a-1015dc2bca6b.d0e0ff29-cf5b-435d-8859-e8dcee4f1205 {{(pid=92162) execute /opt/stack/data/venv/lib/python3.12/site-packages/oslo_concurrency/processutils.py:440}}
Jun 17 12:53:26 devstack sudo[95022]: quobyte : PWD=/ ; USER=root ; COMMAND=/opt/stack/data/venv/bin/cinder-rootwrap /etc/cinder/rootwrap.conf chmod ugo+rw /opt/stack/data/cinder/mnt/fe8e0950ced04bcbed8026fc9ad4f1a8/volume-2a818c80-bc3c-4b73-9f2a-1015dc2bca6b.d0e0ff29-cf5b-435d-8859-e8dcee4f1205
Jun 17 12:53:26 devstack sudo[95022]: pam_unix(sudo:session): session opened for user root(uid=0) by (uid=1000)
Jun 17 12:53:27 devstack sudo[95022]: pam_unix(sudo:session): session closed for user root
Jun 17 12:53:27 devstack cinder-volume[92162]: DEBUG oslo_concurrency.processutils [None req-1581d603-443f-4cc5-8908-eb3fad10e9d5 tempest-SnapshotsActionsTest-1391448083 None] CMD "sudo cinder-rootwrap /etc/cinder/rootwrap.conf chmod ugo+rw /opt/stack/data/cinder/mnt/fe8e0950ced04bcbed8026fc9ad4f1a8/volume-2a818c80-bc3c-4b73-9f2a-1015dc2bca6b.d0e0ff29-cf5b-435d-8859-e8dcee4f1205" returned: 0 in 0.680s {{(pid=92162) execute /opt/stack/data/venv/lib/python3.12/site-packages/oslo_concurrency/processutils.py:468}}
Jun 17 12:53:27 devstack cinder-volume[92162]: DEBUG oslo_concurrency.lockutils [None req-1581d603-443f-4cc5-8908-eb3fad10e9d5 tempest-SnapshotsActionsTest-1391448083 None] Lock "quobyte" "released" by "cinder.volume.drivers.quobyte.QuobyteDriver.create_snapshot" :: held 3.609s {{(pid=92162) inner /opt/stack/data/venv/lib/python3.12/site-packages/oslo_concurrency/lockutils.py:538}}
Jun 17 12:53:27 devstack cinder-volume[92162]: DEBUG oslo_concurrency.lockutils [None req-ce375c9f-e107-4a6d-b6f5-040b8d771d74 tempest-GroupSnapshotsTest-961170595 None] Lock "quobyte" acquired by "cinder.volume.drivers.quobyte.QuobyteDriver.create_volume_from_snapshot" :: waited 1.766s {{(pid=92162) inner /opt/stack/data/venv/lib/python3.12/site-packages/oslo_concurrency/lockutils.py:519}}
Jun 17 12:53:27 devstack cinder-volume[92162]: DEBUG cinder.coordination [None req-ce375c9f-e107-4a6d-b6f5-040b8d771d74 tempest-GroupSnapshotsTest-961170595 None] Acquiring lock "cinder-quobyte-0220a521-1c12-4388-a4b9-c19a5fdf46fd-f1247279-4226-48c5-9364-1ced0394299b" by "_create_volume_from_snapshot" {{(pid=92162) __acquire /opt/stack/cinder/cinder/coordination.py:138}}
Jun 17 12:53:27 devstack cinder-volume[92162]: DEBUG cinder.coordination [None req-ce375c9f-e107-4a6d-b6f5-040b8d771d74 tempest-GroupSnapshotsTest-961170595 None] Lock "cinder-quobyte-0220a521-1c12-4388-a4b9-c19a5fdf46fd-f1247279-4226-48c5-9364-1ced0394299b" acquired by "_create_volume_from_snapshot" :: waited 0.033s {{(pid=92162) __acquire /opt/stack/cinder/cinder/coordination.py:141}}
Jun 17 12:53:27 devstack cinder-volume[92162]: DEBUG cinder.volume.drivers.quobyte [None req-ce375c9f-e107-4a6d-b6f5-040b8d771d74 tempest-GroupSnapshotsTest-961170595 None] Creating volume f1247279-4226-48c5-9364-1ced0394299b from snapshot 0220a521-1c12-4388-a4b9-c19a5fdf46fd {{(pid=92162) _create_volume_from_snapshot /opt/stack/cinder/cinder/volume/drivers/quobyte.py:356}}
Jun 17 12:53:27 devstack cinder-volume[92162]: DEBUG oslo_concurrency.lockutils [None req-ce375c9f-e107-4a6d-b6f5-040b8d771d74 tempest-GroupSnapshotsTest-961170595 None] Acquiring lock "quobyte_ensure" by "cinder.volume.drivers.quobyte.QuobyteDriver._ensure_shares_mounted" {{(pid=92162) inner /opt/stack/data/venv/lib/python3.12/site-packages/oslo_concurrency/lockutils.py:506}}
Jun 17 12:53:27 devstack cinder-volume[92162]: DEBUG oslo_concurrency.lockutils [None req-ce375c9f-e107-4a6d-b6f5-040b8d771d74 tempest-GroupSnapshotsTest-961170595 None] Lock "quobyte_ensure" acquired by "cinder.volume.drivers.quobyte.QuobyteDriver._ensure_shares_mounted" :: waited 0.000s {{(pid=92162) inner /opt/stack/data/venv/lib/python3.12/site-packages/oslo_concurrency/lockutils.py:519}}
Jun 17 12:53:27 devstack cinder-volume[92162]: DEBUG cinder.volume.drivers.quobyte [None req-ce375c9f-e107-4a6d-b6f5-040b8d771d74 tempest-GroupSnapshotsTest-961170595 None] Quobyte Volume URL set to: {'osci02.corp.quobyte.com/cinder-vol-598a3bec-992c-4287-8318-0de6672db079': None} {{(pid=92162) _load_shares_config /opt/stack/cinder/cinder/volume/drivers/quobyte.py:617}}
Jun 17 12:53:27 devstack cinder-volume[92162]: DEBUG cinder.volume.drivers.quobyte [None req-ce375c9f-e107-4a6d-b6f5-040b8d771d74 tempest-GroupSnapshotsTest-961170595 None] Available shares ['osci02.corp.quobyte.com/cinder-vol-598a3bec-992c-4287-8318-0de6672db079'] {{(pid=92162) _ensure_shares_mounted /opt/stack/cinder/cinder/volume/drivers/quobyte.py:647}}
