Jun 17 12:45:19 devstack devstack@g-api.service[82332]: [uWSGI] getting INI configuration from /etc/glance/glance-uwsgi.ini
Jun 17 12:45:19 devstack devstack@g-api.service[82332]: *** Starting uWSGI 2.0.24-debian (64bit) on [Wed Jun 17 12:45:19 2026] ***
Jun 17 12:45:19 devstack devstack@g-api.service[82332]: compiled with version: 13.2.0 on 17 April 2024 16:23:48
Jun 17 12:45:19 devstack devstack@g-api.service[82332]: os: Linux-6.8.0-110-generic #110-Ubuntu SMP PREEMPT_DYNAMIC Thu Mar 19 15:09:20 UTC 2026
Jun 17 12:45:19 devstack devstack@g-api.service[82332]: nodename: devstack
Jun 17 12:45:19 devstack devstack@g-api.service[82332]: machine: x86_64
Jun 17 12:45:19 devstack devstack@g-api.service[82332]: clock source: unix
Jun 17 12:45:19 devstack devstack@g-api.service[82332]: pcre jit disabled
Jun 17 12:45:19 devstack devstack@g-api.service[82332]: detected number of CPU cores: 4
Jun 17 12:45:19 devstack devstack@g-api.service[82332]: current working directory: /
Jun 17 12:45:19 devstack devstack@g-api.service[82332]: detected binary path: /usr/bin/uwsgi-core
Jun 17 12:45:19 devstack devstack@g-api.service[82332]: your processes number limit is 47519
Jun 17 12:45:19 devstack devstack@g-api.service[82332]: your memory page size is 4096 bytes
Jun 17 12:45:19 devstack devstack@g-api.service[82332]: detected max file descriptor number: 2048
Jun 17 12:45:19 devstack devstack@g-api.service[82332]: lock engine: pthread robust mutexes
Jun 17 12:45:19 devstack devstack@g-api.service[82332]: thunder lock: enabled
Jun 17 12:45:19 devstack devstack@g-api.service[82332]: uwsgi socket 0 bound to TCP address 127.0.0.1:60999 fd 4
Jun 17 12:45:19 devstack devstack@g-api.service[82332]: Python version: 3.12.3 (main, Mar 23 2026, 19:04:32) [GCC 13.3.0]
Jun 17 12:45:19 devstack devstack@g-api.service[82332]: PEP 405 virtualenv detected: /opt/stack/data/venv
Jun 17 12:45:19 devstack devstack@g-api.service[82332]: Set PythonHome to /opt/stack/data/venv
Jun 17 12:45:19 devstack devstack@g-api.service[82332]: Python main interpreter initialized at 0x72fd57aa3668
Jun 17 12:45:19 devstack devstack@g-api.service[82332]: python threads support enabled
Jun 17 12:45:19 devstack devstack@g-api.service[82332]: your server socket listen backlog is limited to 100 connections
Jun 17 12:45:19 devstack devstack@g-api.service[82332]: your mercy for graceful operations on workers is 80 seconds
Jun 17 12:45:19 devstack devstack@g-api.service[82332]: mapped 403077 bytes (393 KB) for 2 cores
Jun 17 12:45:19 devstack devstack@g-api.service[82332]: *** Operational MODE: preforking ***
Jun 17 12:45:19 devstack devstack@g-api.service[82332]: *** uWSGI is running in multiple interpreter mode ***
Jun 17 12:45:19 devstack devstack@g-api.service[82332]: spawned uWSGI master process (pid: 82332)
Jun 17 12:45:19 devstack devstack@g-api.service[82332]: spawned uWSGI worker 1 (pid: 82338, cores: 1)
Jun 17 12:45:19 devstack devstack@g-api.service[82332]: spawned uWSGI worker 2 (pid: 82339, cores: 1)
Jun 17 12:45:19 devstack devstack@g-api.service[82332]: running "unix_signal:15 gracefully_kill_them_all" (master-start)...
Jun 17 12:45:21 devstack devstack@g-api.service[82339]: INFO glance.async_ [-] Threadpool model set to 'NativeThreadPoolModel'
Jun 17 12:45:21 devstack devstack@g-api.service[82338]: INFO glance.async_ [-] Threadpool model set to 'NativeThreadPoolModel'
Jun 17 12:45:21 devstack devstack@g-api.service[82339]: DEBUG oslo_concurrency.processutils [-] Running cmd (subprocess): grep -F node.session.scan /sbin/iscsiadm {{(pid=82339) execute /opt/stack/data/venv/lib/python3.12/site-packages/oslo_concurrency/processutils.py:440}}
Jun 17 12:45:21 devstack devstack@g-api.service[82338]: DEBUG oslo_concurrency.processutils [-] Running cmd (subprocess): grep -F node.session.scan /sbin/iscsiadm {{(pid=82338) execute /opt/stack/data/venv/lib/python3.12/site-packages/oslo_concurrency/processutils.py:440}}
Jun 17 12:45:21 devstack devstack@g-api.service[82339]: DEBUG oslo_concurrency.processutils [-] CMD "grep -F node.session.scan /sbin/iscsiadm" returned: 0 in 0.018s {{(pid=82339) execute /opt/stack/data/venv/lib/python3.12/site-packages/oslo_concurrency/processutils.py:468}}
Jun 17 12:45:21 devstack devstack@g-api.service[82338]: DEBUG oslo_concurrency.processutils [-] CMD "grep -F node.session.scan /sbin/iscsiadm" returned: 0 in 0.013s {{(pid=82338) execute /opt/stack/data/venv/lib/python3.12/site-packages/oslo_concurrency/processutils.py:468}}
Jun 17 12:45:22 devstack devstack@g-api.service[82339]: DEBUG glance_store.backend [-] Attempting to import store cinder {{(pid=82339) _load_store /opt/stack/data/venv/lib/python3.12/site-packages/glance_store/backend.py:215}}
Jun 17 12:45:22 devstack devstack@g-api.service[82339]: DEBUG glance_store.backend [-] Attempting to import store file {{(pid=82339) _load_store /opt/stack/data/venv/lib/python3.12/site-packages/glance_store/backend.py:215}}
Jun 17 12:45:22 devstack devstack@g-api.service[82339]: DEBUG glance_store.backend [-] Attempting to import store glance.store.cinder.Store {{(pid=82339) _load_store /opt/stack/data/venv/lib/python3.12/site-packages/glance_store/backend.py:215}}
Jun 17 12:45:22 devstack devstack@g-api.service[82339]: DEBUG glance_store.backend [-] Attempting to import store glance.store.filesystem.Store {{(pid=82339) _load_store /opt/stack/data/venv/lib/python3.12/site-packages/glance_store/backend.py:215}}
Jun 17 12:45:22 devstack devstack@g-api.service[82339]: DEBUG glance_store.backend [-] Attempting to import store glance.store.http.Store {{(pid=82339) _load_store /opt/stack/data/venv/lib/python3.12/site-packages/glance_store/backend.py:215}}
Jun 17 12:45:22 devstack devstack@g-api.service[82339]: DEBUG glance_store.backend [-] Attempting to import store glance.store.rbd.Store {{(pid=82339) _load_store /opt/stack/data/venv/lib/python3.12/site-packages/glance_store/backend.py:215}}
Jun 17 12:45:22 devstack devstack@g-api.service[82339]: DEBUG glance_store.backend [-] Attempting to import store glance.store.s3.Store {{(pid=82339) _load_store /opt/stack/data/venv/lib/python3.12/site-packages/glance_store/backend.py:215}}
Jun 17 12:45:22 devstack devstack@g-api.service[82339]: DEBUG glance_store.backend [-] Attempting to import store glance.store.swift.Store {{(pid=82339) _load_store /opt/stack/data/venv/lib/python3.12/site-packages/glance_store/backend.py:215}}
Jun 17 12:45:22 devstack devstack@g-api.service[82339]: DEBUG glance_store.backend [-] Attempting to import store glance.store.vmware_datastore.Store {{(pid=82339) _load_store /opt/stack/data/venv/lib/python3.12/site-packages/glance_store/backend.py:215}}
Jun 17 12:45:22 devstack devstack@g-api.service[82338]: DEBUG glance_store.backend [-] Attempting to import store cinder {{(pid=82338) _load_store /opt/stack/data/venv/lib/python3.12/site-packages/glance_store/backend.py:215}}
Jun 17 12:45:22 devstack devstack@g-api.service[82339]: DEBUG glance_store.backend [-] Attempting to import store http {{(pid=82339) _load_store /opt/stack/data/venv/lib/python3.12/site-packages/glance_store/backend.py:215}}
Jun 17 12:45:22 devstack devstack@g-api.service[82339]: DEBUG glance_store.backend [-] Attempting to import store no_conf {{(pid=82339) _load_store /opt/stack/data/venv/lib/python3.12/site-packages/glance_store/backend.py:215}}
Jun 17 12:45:22 devstack devstack@g-api.service[82338]: DEBUG glance_store.backend [-] Attempting to import store file {{(pid=82338) _load_store /opt/stack/data/venv/lib/python3.12/site-packages/glance_store/backend.py:215}}
Jun 17 12:45:22 devstack devstack@g-api.service[82339]: DEBUG glance_store.backend [-] Attempting to import store rbd {{(pid=82339) _load_store /opt/stack/data/venv/lib/python3.12/site-packages/glance_store/backend.py:215}}
Jun 17 12:45:22 devstack devstack@g-api.service[82338]: DEBUG glance_store.backend [-] Attempting to import store glance.store.cinder.Store {{(pid=82338) _load_store /opt/stack/data/venv/lib/python3.12/site-packages/glance_store/backend.py:215}}
Jun 17 12:45:22 devstack devstack@g-api.service[82339]: DEBUG glance_store.backend [-] Attempting to import store s3 {{(pid=82339) _load_store /opt/stack/data/venv/lib/python3.12/site-packages/glance_store/backend.py:215}}
Jun 17 12:45:22 devstack devstack@g-api.service[82339]: DEBUG glance_store.backend [-] Attempting to import store swift {{(pid=82339) _load_store /opt/stack/data/venv/lib/python3.12/site-packages/glance_store/backend.py:215}}
Jun 17 12:45:22 devstack devstack@g-api.service[82339]: DEBUG glance_store.backend [-] Attempting to import store vmware {{(pid=82339) _load_store /opt/stack/data/venv/lib/python3.12/site-packages/glance_store/backend.py:215}}
Jun 17 12:45:22 devstack devstack@g-api.service[82339]: DEBUG glance_store.backend [-] Registering options for group glance_store {{(pid=82339) register_opts /opt/stack/data/venv/lib/python3.12/site-packages/glance_store/backend.py:144}}
Jun 17 12:45:22 devstack devstack@g-api.service[82339]: DEBUG glance_store.backend [-] Registering options for group glance_store {{(pid=82339) register_opts /opt/stack/data/venv/lib/python3.12/site-packages/glance_store/backend.py:144}}
Jun 17 12:45:22 devstack devstack@g-api.service[82339]: DEBUG glance_store.backend [-] Attempting to import store file {{(pid=82339) _load_store /opt/stack/data/venv/lib/python3.12/site-packages/glance_store/backend.py:215}}
Jun 17 12:45:22 devstack devstack@g-api.service[82339]: DEBUG glance_store.capabilities [-] Store glance_store._drivers.filesystem.Store doesn't support updating dynamic storage capabilities. Please overwrite 'update_capabilities' method of the store to implement updating logics if needed. {{(pid=82339) update_capabilities /opt/stack/data/venv/lib/python3.12/site-packages/glance_store/capabilities.py:91}}
Jun 17 12:45:22 devstack devstack@g-api.service[82339]: DEBUG glance_store.backend [-] Registering store file with schemes ('file', 'filesystem') {{(pid=82339) create_stores /opt/stack/data/venv/lib/python3.12/site-packages/glance_store/backend.py:261}}
Jun 17 12:45:22 devstack devstack@g-api.service[82339]: DEBUG glance_store.driver [-] Late loading location class glance_store._drivers.filesystem.StoreLocation {{(pid=82339) get_store_location_class /opt/stack/data/venv/lib/python3.12/site-packages/glance_store/driver.py:134}}
Jun 17 12:45:22 devstack devstack@g-api.service[82339]: DEBUG glance_store.location [-] Registering scheme file with {'store': , 'location_class': , 'store_entry': 'file'} {{(pid=82339) register_scheme_map /opt/stack/data/venv/lib/python3.12/site-packages/glance_store/location.py:146}}
Jun 17 12:45:22 devstack devstack@g-api.service[82339]: DEBUG glance_store.location [-] Registering scheme filesystem with {'store': , 'location_class': , 'store_entry': 'file'} {{(pid=82339) register_scheme_map /opt/stack/data/venv/lib/python3.12/site-packages/glance_store/location.py:146}}
Jun 17 12:45:22 devstack devstack@g-api.service[82339]: DEBUG glance_store.backend [-] Attempting to import store http {{(pid=82339) _load_store /opt/stack/data/venv/lib/python3.12/site-packages/glance_store/backend.py:215}}
Jun 17 12:45:22 devstack devstack@g-api.service[82339]: DEBUG glance_store.capabilities [-] Store glance_store._drivers.http.Store doesn't support updating dynamic storage capabilities. Please overwrite 'update_capabilities' method of the store to implement updating logics if needed. {{(pid=82339) update_capabilities /opt/stack/data/venv/lib/python3.12/site-packages/glance_store/capabilities.py:91}}
Jun 17 12:45:22 devstack devstack@g-api.service[82339]: DEBUG glance_store.backend [-] Registering store http with schemes ('http', 'https') {{(pid=82339) create_stores /opt/stack/data/venv/lib/python3.12/site-packages/glance_store/backend.py:261}}
Jun 17 12:45:22 devstack devstack@g-api.service[82339]: DEBUG glance_store.driver [-] Late loading location class glance_store._drivers.http.StoreLocation {{(pid=82339) get_store_location_class /opt/stack/data/venv/lib/python3.12/site-packages/glance_store/driver.py:134}}
Jun 17 12:45:22 devstack devstack@g-api.service[82339]: DEBUG glance_store.location [-] Registering scheme http with {'store': , 'location_class': , 'store_entry': 'http'} {{(pid=82339) register_scheme_map /opt/stack/data/venv/lib/python3.12/site-packages/glance_store/location.py:146}}
Jun 17 12:45:22 devstack devstack@g-api.service[82339]: DEBUG glance_store.location [-] Registering scheme https with {'store': , 'location_class': , 'store_entry': 'http'} {{(pid=82339) register_scheme_map /opt/stack/data/venv/lib/python3.12/site-packages/glance_store/location.py:146}}
Jun 17 12:45:22 devstack devstack@g-api.service[82338]: DEBUG glance_store.backend [-] Attempting to import store glance.store.filesystem.Store {{(pid=82338) _load_store /opt/stack/data/venv/lib/python3.12/site-packages/glance_store/backend.py:215}}
Jun 17 12:45:22 devstack devstack@g-api.service[82339]: DEBUG glance.sqlite_migration [-] SQLite caching database not located, skipping migration {{(pid=82339) get_db_path /opt/stack/glance/glance/sqlite_migration.py:68}}
Jun 17 12:45:22 devstack devstack@g-api.service[82338]: DEBUG glance_store.backend [-] Attempting to import store glance.store.http.Store {{(pid=82338) _load_store /opt/stack/data/venv/lib/python3.12/site-packages/glance_store/backend.py:215}}
Jun 17 12:45:22 devstack devstack@g-api.service[82338]: DEBUG glance_store.backend [-] Attempting to import store glance.store.rbd.Store {{(pid=82338) _load_store /opt/stack/data/venv/lib/python3.12/site-packages/glance_store/backend.py:215}}
Jun 17 12:45:22 devstack devstack@g-api.service[82339]: WARNING glance.common.wsgi_app [-] Import methods are enabled but staging directory /tmp/staging/ does not exist; Imports will fail!
Jun 17 12:45:22 devstack devstack@g-api.service[82338]: DEBUG glance_store.backend [-] Attempting to import store glance.store.s3.Store {{(pid=82338) _load_store /opt/stack/data/venv/lib/python3.12/site-packages/glance_store/backend.py:215}}
Jun 17 12:45:22 devstack devstack@g-api.service[82338]: DEBUG glance_store.backend [-] Attempting to import store glance.store.swift.Store {{(pid=82338) _load_store /opt/stack/data/venv/lib/python3.12/site-packages/glance_store/backend.py:215}}
Jun 17 12:45:22 devstack devstack@g-api.service[82338]: DEBUG glance_store.backend [-] Attempting to import store glance.store.vmware_datastore.Store {{(pid=82338) _load_store /opt/stack/data/venv/lib/python3.12/site-packages/glance_store/backend.py:215}}
Jun 17 12:45:22 devstack devstack@g-api.service[82338]: DEBUG glance_store.backend [-] Attempting to import store http {{(pid=82338) _load_store /opt/stack/data/venv/lib/python3.12/site-packages/glance_store/backend.py:215}}
Jun 17 12:45:22 devstack devstack@g-api.service[82338]: DEBUG glance_store.backend [-] Attempting to import store no_conf {{(pid=82338) _load_store /opt/stack/data/venv/lib/python3.12/site-packages/glance_store/backend.py:215}}
Jun 17 12:45:22 devstack devstack@g-api.service[82338]: DEBUG glance_store.backend [-] Attempting to import store rbd {{(pid=82338) _load_store /opt/stack/data/venv/lib/python3.12/site-packages/glance_store/backend.py:215}}
Jun 17 12:45:22 devstack devstack@g-api.service[82338]: DEBUG glance_store.backend [-] Attempting to import store s3 {{(pid=82338) _load_store /opt/stack/data/venv/lib/python3.12/site-packages/glance_store/backend.py:215}}
Jun 17 12:45:22 devstack devstack@g-api.service[82338]: DEBUG glance_store.backend [-] Attempting to import store swift {{(pid=82338) _load_store /opt/stack/data/venv/lib/python3.12/site-packages/glance_store/backend.py:215}}
Jun 17 12:45:22 devstack devstack@g-api.service[82338]: DEBUG glance_store.backend [-] Attempting to import store vmware {{(pid=82338) _load_store /opt/stack/data/venv/lib/python3.12/site-packages/glance_store/backend.py:215}}
Jun 17 12:45:22 devstack devstack@g-api.service[82338]: DEBUG glance_store.backend [-] Registering options for group glance_store {{(pid=82338) register_opts /opt/stack/data/venv/lib/python3.12/site-packages/glance_store/backend.py:144}}
Jun 17 12:45:22 devstack devstack@g-api.service[82338]: DEBUG glance_store.backend [-] Registering options for group glance_store {{(pid=82338) register_opts /opt/stack/data/venv/lib/python3.12/site-packages/glance_store/backend.py:144}}
Jun 17 12:45:22 devstack devstack@g-api.service[82338]: DEBUG glance_store.backend [-] Attempting to import store file {{(pid=82338) _load_store /opt/stack/data/venv/lib/python3.12/site-packages/glance_store/backend.py:215}}
Jun 17 12:45:22 devstack devstack@g-api.service[82338]: DEBUG glance_store.capabilities [-] Store glance_store._drivers.filesystem.Store doesn't support updating dynamic storage capabilities. Please overwrite 'update_capabilities' method of the store to implement updating logics if needed. {{(pid=82338) update_capabilities /opt/stack/data/venv/lib/python3.12/site-packages/glance_store/capabilities.py:91}}
Jun 17 12:45:22 devstack devstack@g-api.service[82338]: DEBUG glance_store.backend [-] Registering store file with schemes ('file', 'filesystem') {{(pid=82338) create_stores /opt/stack/data/venv/lib/python3.12/site-packages/glance_store/backend.py:261}}
Jun 17 12:45:22 devstack devstack@g-api.service[82338]: DEBUG glance_store.driver [-] Late loading location class glance_store._drivers.filesystem.StoreLocation {{(pid=82338) get_store_location_class /opt/stack/data/venv/lib/python3.12/site-packages/glance_store/driver.py:134}}
Jun 17 12:45:22 devstack devstack@g-api.service[82338]: DEBUG glance_store.location [-] Registering scheme file with {'store': , 'location_class': , 'store_entry': 'file'} {{(pid=82338) register_scheme_map /opt/stack/data/venv/lib/python3.12/site-packages/glance_store/location.py:146}}
Jun 17 12:45:22 devstack devstack@g-api.service[82338]: DEBUG glance_store.location [-] Registering scheme filesystem with {'store': , 'location_class': , 'store_entry': 'file'} {{(pid=82338) register_scheme_map /opt/stack/data/venv/lib/python3.12/site-packages/glance_store/location.py:146}}
Jun 17 12:45:22 devstack devstack@g-api.service[82338]: DEBUG glance_store.backend [-] Attempting to import store http {{(pid=82338) _load_store /opt/stack/data/venv/lib/python3.12/site-packages/glance_store/backend.py:215}}
Jun 17 12:45:22 devstack devstack@g-api.service[82338]: DEBUG glance_store.capabilities [-] Store glance_store._drivers.http.Store doesn't support updating dynamic storage capabilities. Please overwrite 'update_capabilities' method of the store to implement updating logics if needed. {{(pid=82338) update_capabilities /opt/stack/data/venv/lib/python3.12/site-packages/glance_store/capabilities.py:91}}
Jun 17 12:45:22 devstack devstack@g-api.service[82338]: DEBUG glance_store.backend [-] Registering store http with schemes ('http', 'https') {{(pid=82338) create_stores /opt/stack/data/venv/lib/python3.12/site-packages/glance_store/backend.py:261}}
Jun 17 12:45:22 devstack devstack@g-api.service[82338]: DEBUG glance_store.driver [-] Late loading location class glance_store._drivers.http.StoreLocation {{(pid=82338) get_store_location_class /opt/stack/data/venv/lib/python3.12/site-packages/glance_store/driver.py:134}}
Jun 17 12:45:22 devstack devstack@g-api.service[82338]: DEBUG glance_store.location [-] Registering scheme http with {'store': , 'location_class': , 'store_entry': 'http'} {{(pid=82338) register_scheme_map /opt/stack/data/venv/lib/python3.12/site-packages/glance_store/location.py:146}}
Jun 17 12:45:22 devstack devstack@g-api.service[82338]: DEBUG glance_store.location [-] Registering scheme https with {'store': , 'location_class': , 'store_entry': 'http'} {{(pid=82338) register_scheme_map /opt/stack/data/venv/lib/python3.12/site-packages/glance_store/location.py:146}}
Jun 17 12:45:22 devstack devstack@g-api.service[82338]: DEBUG glance.sqlite_migration [-] SQLite caching database not located, skipping migration {{(pid=82338) get_db_path /opt/stack/glance/glance/sqlite_migration.py:68}}
Jun 17 12:45:22 devstack devstack@g-api.service[82338]: WARNING glance.common.wsgi_app [-] Import methods are enabled but staging directory /tmp/staging/ does not exist; Imports will fail!
Jun 17 12:45:23 devstack devstack@g-api.service[82338]: DEBUG glance.common.config [None req-84825688-9413-49d0-8b72-7d1fdc5d462d None None] Loading glance-api-keystone+cachemanagement from /etc/glance/glance-api-paste.ini {{(pid=82338) load_paste_app /opt/stack/glance/glance/common/config.py:758}}
Jun 17 12:45:23 devstack devstack@g-api.service[82339]: DEBUG glance.common.config [None req-e181d379-2728-4873-8f27-3237e1d31015 None None] Loading glance-api-keystone+cachemanagement from /etc/glance/glance-api-paste.ini {{(pid=82339) load_paste_app /opt/stack/glance/glance/common/config.py:758}}
Jun 17 12:45:24 devstack devstack@g-api.service[82339]: INFO glance.image_cache [None req-e181d379-2728-4873-8f27-3237e1d31015 None None] Image cache loaded driver 'centralized_db'.
Jun 17 12:45:24 devstack devstack@g-api.service[82338]: INFO glance.image_cache [None req-84825688-9413-49d0-8b72-7d1fdc5d462d None None] Image cache loaded driver 'centralized_db'.
Jun 17 12:45:24 devstack devstack@g-api.service[82339]: INFO dbcounter [None req-e181d379-2728-4873-8f27-3237e1d31015 None None] Registered counter for database glance
Jun 17 12:45:24 devstack devstack@g-api.service[82338]: INFO dbcounter [None req-84825688-9413-49d0-8b72-7d1fdc5d462d None None] Registered counter for database glance
Jun 17 12:45:24 devstack devstack@g-api.service[82338]: DEBUG oslo_db.sqlalchemy.engines [None req-84825688-9413-49d0-8b72-7d1fdc5d462d None None] MySQL server mode set to STRICT_TRANS_TABLES,STRICT_ALL_TABLES,NO_ZERO_IN_DATE,NO_ZERO_DATE,ERROR_FOR_DIVISION_BY_ZERO,TRADITIONAL,NO_ENGINE_SUBSTITUTION {{(pid=82338) _check_effective_sql_mode /opt/stack/data/venv/lib/python3.12/site-packages/oslo_db/sqlalchemy/engines.py:325}}
Jun 17 12:45:24 devstack devstack@g-api.service[82339]: DEBUG oslo_db.sqlalchemy.engines [None req-e181d379-2728-4873-8f27-3237e1d31015 None None] MySQL server mode set to STRICT_TRANS_TABLES,STRICT_ALL_TABLES,NO_ZERO_IN_DATE,NO_ZERO_DATE,ERROR_FOR_DIVISION_BY_ZERO,TRADITIONAL,NO_ENGINE_SUBSTITUTION {{(pid=82339) _check_effective_sql_mode /opt/stack/data/venv/lib/python3.12/site-packages/oslo_db/sqlalchemy/engines.py:325}}
Jun 17 12:45:24 devstack devstack@g-api.service[82338]: DEBUG dbcounter [-] [82338] Writer thread running {{(pid=82338) stat_writer /opt/stack/data/venv/lib/python3.12/site-packages/dbcounter.py:102}}
Jun 17 12:45:24 devstack devstack@g-api.service[82339]: DEBUG dbcounter [-] [82339] Writer thread running {{(pid=82339) stat_writer /opt/stack/data/venv/lib/python3.12/site-packages/dbcounter.py:102}}
Jun 17 12:45:24 devstack devstack@g-api.service[82339]: DEBUG glance.image_cache.drivers.centralized_db [None req-e181d379-2728-4873-8f27-3237e1d31015 None None] Node reference is already recorded, ignoring it {{(pid=82339) configure /opt/stack/glance/glance/image_cache/drivers/centralized_db.py:71}}
Jun 17 12:45:24 devstack devstack@g-api.service[82338]: INFO glance.image_cache [None req-84825688-9413-49d0-8b72-7d1fdc5d462d None None] Image cache loaded driver 'centralized_db'.
Jun 17 12:45:24 devstack devstack@g-api.service[82338]: DEBUG glance.image_cache.drivers.centralized_db [None req-84825688-9413-49d0-8b72-7d1fdc5d462d None None] Node reference is already recorded, ignoring it {{(pid=82338) configure /opt/stack/glance/glance/image_cache/drivers/centralized_db.py:71}}
Jun 17 12:45:24 devstack devstack@g-api.service[82339]: INFO glance.image_cache [None req-e181d379-2728-4873-8f27-3237e1d31015 None None] Image cache loaded driver 'centralized_db'.
Jun 17 12:45:24 devstack devstack@g-api.service[82338]: DEBUG glance.api.v2.cached_images [None req-84825688-9413-49d0-8b72-7d1fdc5d462d None None] Started cache worker thread {{(pid=82338) __init__ /opt/stack/glance/glance/api/v2/cached_images.py:69}}
Jun 17 12:45:24 devstack devstack@g-api.service[82338]: INFO glance.image_cache [None req-84825688-9413-49d0-8b72-7d1fdc5d462d None None] Image cache loaded driver 'centralized_db'.
Jun 17 12:45:24 devstack devstack@g-api.service[82339]: DEBUG glance.image_cache.drivers.centralized_db [None req-e181d379-2728-4873-8f27-3237e1d31015 None None] Node reference is already recorded, ignoring it {{(pid=82339) configure /opt/stack/glance/glance/image_cache/drivers/centralized_db.py:71}}
Jun 17 12:45:25 devstack devstack@g-api.service[82338]: DEBUG glance.image_cache.drivers.centralized_db [None req-84825688-9413-49d0-8b72-7d1fdc5d462d None None] Node reference is already recorded, ignoring it {{(pid=82338) configure /opt/stack/glance/glance/image_cache/drivers/centralized_db.py:71}}
Jun 17 12:45:25 devstack devstack@g-api.service[82339]: DEBUG glance.api.v2.cached_images [None req-e181d379-2728-4873-8f27-3237e1d31015 None None] Started cache worker thread {{(pid=82339) __init__ /opt/stack/glance/glance/api/v2/cached_images.py:69}}
Jun 17 12:45:25 devstack devstack@g-api.service[82339]: INFO glance.image_cache [None req-e181d379-2728-4873-8f27-3237e1d31015 None None] Image cache loaded driver 'centralized_db'.
Jun 17 12:45:25 devstack devstack@g-api.service[82339]: DEBUG glance.image_cache.drivers.centralized_db [None req-e181d379-2728-4873-8f27-3237e1d31015 None None] Node reference is already recorded, ignoring it {{(pid=82339) configure /opt/stack/glance/glance/image_cache/drivers/centralized_db.py:71}}
Jun 17 12:45:25 devstack devstack@g-api.service[82338]: INFO glance.api.middleware.cache_manage [None req-84825688-9413-49d0-8b72-7d1fdc5d462d None None] Initialized image cache management middleware
Jun 17 12:45:25 devstack devstack@g-api.service[82338]: INFO glance.image_cache [None req-84825688-9413-49d0-8b72-7d1fdc5d462d None None] Image cache loaded driver 'centralized_db'.
Jun 17 12:45:25 devstack devstack@g-api.service[82339]: INFO glance.api.middleware.cache_manage [None req-e181d379-2728-4873-8f27-3237e1d31015 None None] Initialized image cache management middleware
Jun 17 12:45:25 devstack devstack@g-api.service[82339]: INFO glance.image_cache [None req-e181d379-2728-4873-8f27-3237e1d31015 None None] Image cache loaded driver 'centralized_db'.
Jun 17 12:45:25 devstack devstack@g-api.service[82339]: DEBUG glance.image_cache.drivers.centralized_db [None req-e181d379-2728-4873-8f27-3237e1d31015 None None] Node reference is already recorded, ignoring it {{(pid=82339) configure /opt/stack/glance/glance/image_cache/drivers/centralized_db.py:71}}
Jun 17 12:45:25 devstack devstack@g-api.service[82338]: DEBUG glance.image_cache.drivers.centralized_db [None req-84825688-9413-49d0-8b72-7d1fdc5d462d None None] Node reference is already recorded, ignoring it {{(pid=82338) configure /opt/stack/glance/glance/image_cache/drivers/centralized_db.py:71}}
Jun 17 12:45:25 devstack devstack@g-api.service[82339]: INFO glance.api.middleware.cache [None req-e181d379-2728-4873-8f27-3237e1d31015 None None] Initialized image cache middleware
Jun 17 12:45:25 devstack devstack@g-api.service[82338]: INFO glance.api.middleware.cache [None req-84825688-9413-49d0-8b72-7d1fdc5d462d None None] Initialized image cache middleware
Jun 17 12:45:25 devstack devstack@g-api.service[82339]: WARNING keystonemiddleware.auth_token [None req-e181d379-2728-4873-8f27-3237e1d31015 None None] AuthToken middleware is set with keystone_authtoken.service_token_roles_required set to False. This is backwards compatible but deprecated behaviour. Please set this to True.
Jun 17 12:45:25 devstack devstack@g-api.service[82338]: WARNING keystonemiddleware.auth_token [None req-84825688-9413-49d0-8b72-7d1fdc5d462d None None] AuthToken middleware is set with keystone_authtoken.service_token_roles_required set to False. This is backwards compatible but deprecated behaviour. Please set this to True.
Jun 17 12:45:25 devstack devstack@g-api.service[82339]: DEBUG glance.common.config [None req-e181d379-2728-4873-8f27-3237e1d31015 None None] ******************************************************************************** {{(pid=82339) log_opt_values /opt/stack/data/venv/lib/python3.12/site-packages/oslo_config/cfg.py:2979}}
Jun 17 12:45:25 devstack devstack@g-api.service[82339]: DEBUG glance.common.config [None req-e181d379-2728-4873-8f27-3237e1d31015 None None] Configuration options gathered from: {{(pid=82339) log_opt_values /opt/stack/data/venv/lib/python3.12/site-packages/oslo_config/cfg.py:2980}}
Jun 17 12:45:25 devstack devstack@g-api.service[82339]: DEBUG glance.common.config [None req-e181d379-2728-4873-8f27-3237e1d31015 None None] command line args: [] {{(pid=82339) log_opt_values /opt/stack/data/venv/lib/python3.12/site-packages/oslo_config/cfg.py:2981}}
Jun 17 12:45:25 devstack devstack@g-api.service[82339]: DEBUG glance.common.config [None req-e181d379-2728-4873-8f27-3237e1d31015 None None] config files: ['/etc/glance/glance-image-import.conf', '/etc/glance/glance-api.conf'] {{(pid=82339) log_opt_values /opt/stack/data/venv/lib/python3.12/site-packages/oslo_config/cfg.py:2982}}
Jun 17 12:45:25 devstack devstack@g-api.service[82339]: DEBUG glance.common.config [None req-e181d379-2728-4873-8f27-3237e1d31015 None None] ================================================================================ {{(pid=82339) log_opt_values /opt/stack/data/venv/lib/python3.12/site-packages/oslo_config/cfg.py:2987}}
Jun 17 12:45:25 devstack devstack@g-api.service[82339]: DEBUG glance.common.config [None req-e181d379-2728-4873-8f27-3237e1d31015 None None] allow_anonymous_access = False {{(pid=82339) log_opt_values /opt/stack/data/venv/lib/python3.12/site-packages/oslo_config/cfg.py:2995}}
Jun 17 12:45:25 devstack devstack@g-api.service[82339]: DEBUG glance.common.config [None req-e181d379-2728-4873-8f27-3237e1d31015 None None] api_limit_max = 1000 {{(pid=82339) log_opt_values /opt/stack/data/venv/lib/python3.12/site-packages/oslo_config/cfg.py:2995}}
Jun 17 12:45:25 devstack devstack@g-api.service[82339]: DEBUG glance.common.config [None req-e181d379-2728-4873-8f27-3237e1d31015 None None] backlog = 4096 {{(pid=82339) log_opt_values /opt/stack/data/venv/lib/python3.12/site-packages/oslo_config/cfg.py:2995}}
Jun 17 12:45:25 devstack devstack@g-api.service[82339]: DEBUG glance.common.config [None req-e181d379-2728-4873-8f27-3237e1d31015 None None] bind_host = 0.0.0.0 {{(pid=82339) log_opt_values /opt/stack/data/venv/lib/python3.12/site-packages/oslo_config/cfg.py:2995}}
Jun 17 12:45:25 devstack devstack@g-api.service[82339]: DEBUG glance.common.config [None req-e181d379-2728-4873-8f27-3237e1d31015 None None] bind_port = None {{(pid=82339) log_opt_values /opt/stack/data/venv/lib/python3.12/site-packages/oslo_config/cfg.py:2995}}
Jun 17 12:45:25 devstack devstack@g-api.service[82339]: DEBUG glance.common.config [None req-e181d379-2728-4873-8f27-3237e1d31015 None None] client_socket_timeout = 900 {{(pid=82339) log_opt_values /opt/stack/data/venv/lib/python3.12/site-packages/oslo_config/cfg.py:2995}}
Jun 17 12:45:25 devstack devstack@g-api.service[82339]: DEBUG glance.common.config [None req-e181d379-2728-4873-8f27-3237e1d31015 None None] config_dir = [] {{(pid=82339) log_opt_values /opt/stack/data/venv/lib/python3.12/site-packages/oslo_config/cfg.py:2995}}
Jun 17 12:45:25 devstack devstack@g-api.service[82339]: DEBUG glance.common.config [None req-e181d379-2728-4873-8f27-3237e1d31015 None None] config_file = ['/etc/glance/glance-image-import.conf', '/etc/glance/glance-api.conf'] {{(pid=82339) log_opt_values /opt/stack/data/venv/lib/python3.12/site-packages/oslo_config/cfg.py:2995}}
Jun 17 12:45:25 devstack devstack@g-api.service[82339]: DEBUG glance.common.config [None req-e181d379-2728-4873-8f27-3237e1d31015 None None] config_source = [] {{(pid=82339) log_opt_values /opt/stack/data/venv/lib/python3.12/site-packages/oslo_config/cfg.py:2995}}
Jun 17 12:45:25 devstack devstack@g-api.service[82339]: DEBUG glance.common.config [None req-e181d379-2728-4873-8f27-3237e1d31015 None None] control_exchange = glance {{(pid=82339) log_opt_values /opt/stack/data/venv/lib/python3.12/site-packages/oslo_config/cfg.py:2995}}
Jun 17 12:45:25 devstack devstack@g-api.service[82339]: DEBUG glance.common.config [None req-e181d379-2728-4873-8f27-3237e1d31015 None None] debug = True {{(pid=82339) log_opt_values /opt/stack/data/venv/lib/python3.12/site-packages/oslo_config/cfg.py:2995}}
Jun 17 12:45:25 devstack devstack@g-api.service[82339]: DEBUG glance.common.config [None req-e181d379-2728-4873-8f27-3237e1d31015 None None] default_log_levels = ['amqp=WARN', 'boto=WARN', 'sqlalchemy=WARN', 'suds=INFO', 'oslo.messaging=INFO', 'oslo_messaging=INFO', 'iso8601=WARN', 'requests.packages.urllib3.connectionpool=WARN', 'urllib3.connectionpool=WARN', 'websocket=WARN', 'requests.packages.urllib3.util.retry=WARN', 'urllib3.util.retry=WARN', 'keystonemiddleware=WARN', 'routes.middleware=WARN', 'stevedore=WARN', 'taskflow=WARN', 'keystoneauth=WARN', 'oslo.cache=INFO', 'oslo_policy=INFO', 'dogpile.core.dogpile=INFO'] {{(pid=82339) log_opt_values /opt/stack/data/venv/lib/python3.12/site-packages/oslo_config/cfg.py:2995}}
Jun 17 12:45:25 devstack devstack@g-api.service[82339]: DEBUG glance.common.config [None req-e181d379-2728-4873-8f27-3237e1d31015 None None] default_publisher_id = image.localhost {{(pid=82339) log_opt_values /opt/stack/data/venv/lib/python3.12/site-packages/oslo_config/cfg.py:2995}}
Jun 17 12:45:25 devstack devstack@g-api.service[82339]: DEBUG glance.common.config [None req-e181d379-2728-4873-8f27-3237e1d31015 None None] delayed_delete = False {{(pid=82339) log_opt_values /opt/stack/data/venv/lib/python3.12/site-packages/oslo_config/cfg.py:2995}}
Jun 17 12:45:25 devstack devstack@g-api.service[82339]: DEBUG glance.common.config [None req-e181d379-2728-4873-8f27-3237e1d31015 None None] digest_algorithm = sha256 {{(pid=82339) log_opt_values /opt/stack/data/venv/lib/python3.12/site-packages/oslo_config/cfg.py:2995}}
Jun 17 12:45:25 devstack devstack@g-api.service[82339]: DEBUG glance.common.config [None req-e181d379-2728-4873-8f27-3237e1d31015 None None] disabled_notifications = [] {{(pid=82339) log_opt_values /opt/stack/data/venv/lib/python3.12/site-packages/oslo_config/cfg.py:2995}}
Jun 17 12:45:25 devstack devstack@g-api.service[82339]: DEBUG glance.common.config [None req-e181d379-2728-4873-8f27-3237e1d31015 None None] do_secure_hash = True {{(pid=82339) log_opt_values /opt/stack/data/venv/lib/python3.12/site-packages/oslo_config/cfg.py:2995}}
Jun 17 12:45:25 devstack devstack@g-api.service[82339]: DEBUG glance.common.config [None req-e181d379-2728-4873-8f27-3237e1d31015 None None] enabled_backends = None {{(pid=82339) log_opt_values /opt/stack/data/venv/lib/python3.12/site-packages/oslo_config/cfg.py:2995}}
Jun 17 12:45:25 devstack devstack@g-api.service[82339]: DEBUG glance.common.config [None req-e181d379-2728-4873-8f27-3237e1d31015 None None] enabled_import_methods = ['glance-direct', 'web-download', 'copy-image'] {{(pid=82339) log_opt_values /opt/stack/data/venv/lib/python3.12/site-packages/oslo_config/cfg.py:2995}}
Jun 17 12:45:25 devstack devstack@g-api.service[82339]: DEBUG glance.common.config [None req-e181d379-2728-4873-8f27-3237e1d31015 None None] hashing_algorithm = sha512 {{(pid=82339) log_opt_values /opt/stack/data/venv/lib/python3.12/site-packages/oslo_config/cfg.py:2995}}
Jun 17 12:45:25 devstack devstack@g-api.service[82339]: DEBUG glance.common.config [None req-e181d379-2728-4873-8f27-3237e1d31015 None None] http_keepalive = True {{(pid=82339) log_opt_values /opt/stack/data/venv/lib/python3.12/site-packages/oslo_config/cfg.py:2995}}
Jun 17 12:45:25 devstack devstack@g-api.service[82339]: DEBUG glance.common.config [None req-e181d379-2728-4873-8f27-3237e1d31015 None None] http_retries = 3 {{(pid=82339) log_opt_values /opt/stack/data/venv/lib/python3.12/site-packages/oslo_config/cfg.py:2995}}
Jun 17 12:45:25 devstack devstack@g-api.service[82339]: DEBUG glance.common.config [None req-e181d379-2728-4873-8f27-3237e1d31015 None None] image_cache_dir = /opt/stack/data/glance/cache/ {{(pid=82339) log_opt_values /opt/stack/data/venv/lib/python3.12/site-packages/oslo_config/cfg.py:2995}}
Jun 17 12:45:25 devstack devstack@g-api.service[82339]: DEBUG glance.common.config [None req-e181d379-2728-4873-8f27-3237e1d31015 None None] image_cache_driver = centralized_db {{(pid=82339) log_opt_values /opt/stack/data/venv/lib/python3.12/site-packages/oslo_config/cfg.py:2995}}
Jun 17 12:45:25 devstack devstack@g-api.service[82339]: DEBUG glance.common.config [None req-e181d379-2728-4873-8f27-3237e1d31015 None None] image_cache_max_size = 10737418240 {{(pid=82339) log_opt_values /opt/stack/data/venv/lib/python3.12/site-packages/oslo_config/cfg.py:2995}}
Jun 17 12:45:25 devstack devstack@g-api.service[82339]: DEBUG glance.common.config [None req-e181d379-2728-4873-8f27-3237e1d31015 None None] image_cache_sqlite_db = cache.db {{(pid=82339) log_opt_values /opt/stack/data/venv/lib/python3.12/site-packages/oslo_config/cfg.py:2995}}
Jun 17 12:45:25 devstack devstack@g-api.service[82339]: DEBUG glance.common.config [None req-e181d379-2728-4873-8f27-3237e1d31015 None None] image_cache_stall_time = 86400 {{(pid=82339) log_opt_values /opt/stack/data/venv/lib/python3.12/site-packages/oslo_config/cfg.py:2995}}
Jun 17 12:45:25 devstack devstack@g-api.service[82339]: DEBUG glance.common.config [None req-e181d379-2728-4873-8f27-3237e1d31015 None None] image_location_quota = 10 {{(pid=82339) log_opt_values /opt/stack/data/venv/lib/python3.12/site-packages/oslo_config/cfg.py:2995}}
Jun 17 12:45:25 devstack devstack@g-api.service[82339]: DEBUG glance.common.config [None req-e181d379-2728-4873-8f27-3237e1d31015 None None] image_member_quota = 128 {{(pid=82339) log_opt_values /opt/stack/data/venv/lib/python3.12/site-packages/oslo_config/cfg.py:2995}}
Jun 17 12:45:25 devstack devstack@g-api.service[82339]: DEBUG glance.common.config [None req-e181d379-2728-4873-8f27-3237e1d31015 None None] image_property_quota = 128 {{(pid=82339) log_opt_values /opt/stack/data/venv/lib/python3.12/site-packages/oslo_config/cfg.py:2995}}
Jun 17 12:45:25 devstack devstack@g-api.service[82339]: DEBUG glance.common.config [None req-e181d379-2728-4873-8f27-3237e1d31015 None None] image_size_cap = 1099511627776 {{(pid=82339) log_opt_values /opt/stack/data/venv/lib/python3.12/site-packages/oslo_config/cfg.py:2995}}
Jun 17 12:45:25 devstack devstack@g-api.service[82339]: DEBUG glance.common.config [None req-e181d379-2728-4873-8f27-3237e1d31015 None None] image_tag_quota = 128 {{(pid=82339) log_opt_values /opt/stack/data/venv/lib/python3.12/site-packages/oslo_config/cfg.py:2995}}
Jun 17 12:45:25 devstack devstack@g-api.service[82339]: DEBUG glance.common.config [None req-e181d379-2728-4873-8f27-3237e1d31015 None None] instance_format = [instance: %(uuid)s] {{(pid=82339) log_opt_values /opt/stack/data/venv/lib/python3.12/site-packages/oslo_config/cfg.py:2995}}
Jun 17 12:45:25 devstack devstack@g-api.service[82339]: DEBUG glance.common.config [None req-e181d379-2728-4873-8f27-3237e1d31015 None None] instance_uuid_format = [instance: %(uuid)s] {{(pid=82339) log_opt_values /opt/stack/data/venv/lib/python3.12/site-packages/oslo_config/cfg.py:2995}}
Jun 17 12:45:25 devstack devstack@g-api.service[82339]: DEBUG glance.common.config [None req-e181d379-2728-4873-8f27-3237e1d31015 None None] limit_param_default = 25 {{(pid=82339) log_opt_values /opt/stack/data/venv/lib/python3.12/site-packages/oslo_config/cfg.py:2995}}
Jun 17 12:45:25 devstack devstack@g-api.service[82339]: DEBUG glance.common.config [None req-e181d379-2728-4873-8f27-3237e1d31015 None None] log_color = False {{(pid=82339) log_opt_values /opt/stack/data/venv/lib/python3.12/site-packages/oslo_config/cfg.py:2995}}
Jun 17 12:45:25 devstack devstack@g-api.service[82339]: DEBUG glance.common.config [None req-e181d379-2728-4873-8f27-3237e1d31015 None None] log_config_append = None {{(pid=82339) log_opt_values /opt/stack/data/venv/lib/python3.12/site-packages/oslo_config/cfg.py:2995}}
Jun 17 12:45:25 devstack devstack@g-api.service[82339]: DEBUG glance.common.config [None req-e181d379-2728-4873-8f27-3237e1d31015 None None] log_date_format = %Y-%m-%d %H:%M:%S {{(pid=82339) log_opt_values /opt/stack/data/venv/lib/python3.12/site-packages/oslo_config/cfg.py:2995}}
Jun 17 12:45:25 devstack devstack@g-api.service[82339]: DEBUG glance.common.config [None req-e181d379-2728-4873-8f27-3237e1d31015 None None] log_dir = None {{(pid=82339) log_opt_values /opt/stack/data/venv/lib/python3.12/site-packages/oslo_config/cfg.py:2995}}
Jun 17 12:45:25 devstack devstack@g-api.service[82339]: DEBUG glance.common.config [None req-e181d379-2728-4873-8f27-3237e1d31015 None None] log_file = None {{(pid=82339) log_opt_values /opt/stack/data/venv/lib/python3.12/site-packages/oslo_config/cfg.py:2995}}
Jun 17 12:45:25 devstack devstack@g-api.service[82339]: DEBUG glance.common.config [None req-e181d379-2728-4873-8f27-3237e1d31015 None None] log_rotate_interval = 1 {{(pid=82339) log_opt_values /opt/stack/data/venv/lib/python3.12/site-packages/oslo_config/cfg.py:2995}}
Jun 17 12:45:25 devstack devstack@g-api.service[82339]: DEBUG glance.common.config [None req-e181d379-2728-4873-8f27-3237e1d31015 None None] log_rotate_interval_type = days {{(pid=82339) log_opt_values /opt/stack/data/venv/lib/python3.12/site-packages/oslo_config/cfg.py:2995}}
Jun 17 12:45:25 devstack devstack@g-api.service[82339]: DEBUG glance.common.config [None req-e181d379-2728-4873-8f27-3237e1d31015 None None] log_rotation_type = none {{(pid=82339) log_opt_values /opt/stack/data/venv/lib/python3.12/site-packages/oslo_config/cfg.py:2995}}
Jun 17 12:45:25 devstack devstack@g-api.service[82339]: DEBUG glance.common.config [None req-e181d379-2728-4873-8f27-3237e1d31015 None None] logging_context_format_string = %(color)s%(levelname)s %(name)s [%(global_request_id)s %(request_id)s %(project_name)s %(user_name)s%(color)s] %(instance)s%(color)s%(message)s {{(pid=82339) log_opt_values /opt/stack/data/venv/lib/python3.12/site-packages/oslo_config/cfg.py:2995}}
Jun 17 12:45:25 devstack devstack@g-api.service[82339]: DEBUG glance.common.config [None req-e181d379-2728-4873-8f27-3237e1d31015 None None] logging_debug_format_suffix = {{(pid=%(process)d) %(funcName)s %(pathname)s:%(lineno)d}} {{(pid=82339) log_opt_values /opt/stack/data/venv/lib/python3.12/site-packages/oslo_config/cfg.py:2995}}
Jun 17 12:45:25 devstack devstack@g-api.service[82339]: DEBUG glance.common.config [None req-e181d379-2728-4873-8f27-3237e1d31015 None None] logging_default_format_string = %(color)s%(levelname)s %(name)s [-%(color)s] %(instance)s%(color)s%(message)s {{(pid=82339) log_opt_values /opt/stack/data/venv/lib/python3.12/site-packages/oslo_config/cfg.py:2995}}
Jun 17 12:45:25 devstack devstack@g-api.service[82339]: DEBUG glance.common.config [None req-e181d379-2728-4873-8f27-3237e1d31015 None None] logging_exception_prefix = ERROR %(name)s %(instance)s {{(pid=82339) log_opt_values /opt/stack/data/venv/lib/python3.12/site-packages/oslo_config/cfg.py:2995}}
Jun 17 12:45:25 devstack devstack@g-api.service[82339]: DEBUG glance.common.config [None req-e181d379-2728-4873-8f27-3237e1d31015 None None] logging_user_identity_format = %(user)s %(project)s %(domain)s %(system_scope)s %(user_domain)s %(project_domain)s {{(pid=82339) log_opt_values /opt/stack/data/venv/lib/python3.12/site-packages/oslo_config/cfg.py:2995}}
Jun 17 12:45:25 devstack devstack@g-api.service[82339]: DEBUG glance.common.config [None req-e181d379-2728-4873-8f27-3237e1d31015 None None] max_header_line = 16384 {{(pid=82339) log_opt_values /opt/stack/data/venv/lib/python3.12/site-packages/oslo_config/cfg.py:2995}}
Jun 17 12:45:25 devstack devstack@g-api.service[82339]: DEBUG glance.common.config [None req-e181d379-2728-4873-8f27-3237e1d31015 None None] max_logfile_count = 30 {{(pid=82339) log_opt_values /opt/stack/data/venv/lib/python3.12/site-packages/oslo_config/cfg.py:2995}}
Jun 17 12:45:25 devstack devstack@g-api.service[82339]: DEBUG glance.common.config [None req-e181d379-2728-4873-8f27-3237e1d31015 None None] max_logfile_size_mb = 200 {{(pid=82339) log_opt_values /opt/stack/data/venv/lib/python3.12/site-packages/oslo_config/cfg.py:2995}}
Jun 17 12:45:25 devstack devstack@g-api.service[82339]: DEBUG glance.common.config [None req-e181d379-2728-4873-8f27-3237e1d31015 None None] max_request_id_length = 64 {{(pid=82339) log_opt_values /opt/stack/data/venv/lib/python3.12/site-packages/oslo_config/cfg.py:2995}}
Jun 17 12:45:25 devstack devstack@g-api.service[82339]: DEBUG glance.common.config [None req-e181d379-2728-4873-8f27-3237e1d31015 None None] metadata_encryption_key = **** {{(pid=82339) log_opt_values /opt/stack/data/venv/lib/python3.12/site-packages/oslo_config/cfg.py:2995}}
Jun 17 12:45:25 devstack devstack@g-api.service[82339]: DEBUG glance.common.config [None req-e181d379-2728-4873-8f27-3237e1d31015 None None] node_staging_uri = file:///tmp/staging/ {{(pid=82339) log_opt_values /opt/stack/data/venv/lib/python3.12/site-packages/oslo_config/cfg.py:2995}}
Jun 17 12:45:25 devstack devstack@g-api.service[82339]: DEBUG glance.common.config [None req-e181d379-2728-4873-8f27-3237e1d31015 None None] property_protection_file = None {{(pid=82339) log_opt_values /opt/stack/data/venv/lib/python3.12/site-packages/oslo_config/cfg.py:2995}}
Jun 17 12:45:25 devstack devstack@g-api.service[82339]: DEBUG glance.common.config [None req-e181d379-2728-4873-8f27-3237e1d31015 None None] property_protection_rule_format = roles {{(pid=82339) log_opt_values /opt/stack/data/venv/lib/python3.12/site-packages/oslo_config/cfg.py:2995}}
Jun 17 12:45:25 devstack devstack@g-api.service[82339]: DEBUG glance.common.config [None req-e181d379-2728-4873-8f27-3237e1d31015 None None] public_endpoint = http://192.168.122.42/image {{(pid=82339) log_opt_values /opt/stack/data/venv/lib/python3.12/site-packages/oslo_config/cfg.py:2995}}
Jun 17 12:45:25 devstack devstack@g-api.service[82339]: DEBUG glance.common.config [None req-e181d379-2728-4873-8f27-3237e1d31015 None None] publish_errors = False {{(pid=82339) log_opt_values /opt/stack/data/venv/lib/python3.12/site-packages/oslo_config/cfg.py:2995}}
Jun 17 12:45:25 devstack devstack@g-api.service[82338]: DEBUG glance.common.config [None req-84825688-9413-49d0-8b72-7d1fdc5d462d None None] ******************************************************************************** {{(pid=82338) log_opt_values /opt/stack/data/venv/lib/python3.12/site-packages/oslo_config/cfg.py:2979}}
Jun 17 12:45:25 devstack devstack@g-api.service[82339]: DEBUG glance.common.config [None req-e181d379-2728-4873-8f27-3237e1d31015 None None] pydev_worker_debug_host = None {{(pid=82339) log_opt_values /opt/stack/data/venv/lib/python3.12/site-packages/oslo_config/cfg.py:2995}}
Jun 17 12:45:25 devstack devstack@g-api.service[82339]: DEBUG glance.common.config [None req-e181d379-2728-4873-8f27-3237e1d31015 None None] pydev_worker_debug_port = 5678 {{(pid=82339) log_opt_values /opt/stack/data/venv/lib/python3.12/site-packages/oslo_config/cfg.py:2995}}
Jun 17 12:45:25 devstack devstack@g-api.service[82339]: DEBUG glance.common.config [None req-e181d379-2728-4873-8f27-3237e1d31015 None None] rate_limit_burst = 0 {{(pid=82339) log_opt_values /opt/stack/data/venv/lib/python3.12/site-packages/oslo_config/cfg.py:2995}}
Jun 17 12:45:25 devstack devstack@g-api.service[82339]: DEBUG glance.common.config [None req-e181d379-2728-4873-8f27-3237e1d31015 None None] rate_limit_except_level = CRITICAL {{(pid=82339) log_opt_values /opt/stack/data/venv/lib/python3.12/site-packages/oslo_config/cfg.py:2995}}
Jun 17 12:45:25 devstack devstack@g-api.service[82339]: DEBUG glance.common.config [None req-e181d379-2728-4873-8f27-3237e1d31015 None None] rate_limit_interval = 0 {{(pid=82339) log_opt_values /opt/stack/data/venv/lib/python3.12/site-packages/oslo_config/cfg.py:2995}}
Jun 17 12:45:25 devstack devstack@g-api.service[82338]: DEBUG glance.common.config [None req-84825688-9413-49d0-8b72-7d1fdc5d462d None None] Configuration options gathered from: {{(pid=82338) log_opt_values /opt/stack/data/venv/lib/python3.12/site-packages/oslo_config/cfg.py:2980}}
Jun 17 12:45:25 devstack devstack@g-api.service[82339]: DEBUG glance.common.config [None req-e181d379-2728-4873-8f27-3237e1d31015 None None] scrub_pool_size = 1 {{(pid=82339) log_opt_values /opt/stack/data/venv/lib/python3.12/site-packages/oslo_config/cfg.py:2995}}
Jun 17 12:45:25 devstack devstack@g-api.service[82339]: DEBUG glance.common.config [None req-e181d379-2728-4873-8f27-3237e1d31015 None None] scrub_time = 0 {{(pid=82339) log_opt_values /opt/stack/data/venv/lib/python3.12/site-packages/oslo_config/cfg.py:2995}}
Jun 17 12:45:25 devstack devstack@g-api.service[82339]: DEBUG glance.common.config [None req-e181d379-2728-4873-8f27-3237e1d31015 None None] shell_completion = None {{(pid=82339) log_opt_values /opt/stack/data/venv/lib/python3.12/site-packages/oslo_config/cfg.py:2995}}
Jun 17 12:45:25 devstack devstack@g-api.service[82338]: DEBUG glance.common.config [None req-84825688-9413-49d0-8b72-7d1fdc5d462d None None] command line args: [] {{(pid=82338) log_opt_values /opt/stack/data/venv/lib/python3.12/site-packages/oslo_config/cfg.py:2981}}
Jun 17 12:45:25 devstack devstack@g-api.service[82339]: DEBUG glance.common.config [None req-e181d379-2728-4873-8f27-3237e1d31015 None None] show_image_direct_url = False {{(pid=82339) log_opt_values /opt/stack/data/venv/lib/python3.12/site-packages/oslo_config/cfg.py:2995}}
