Jun 08 12:18:12 devstack cinder-volume[86675]: DEBUG cinder.volume.drivers.remotefs [None req-6fadefeb-a61d-45e3-91d6-c8ed04c10251 tempest-VolumesDeleteCascade-1006813013 None] Deleting offline snapshot 20417197-838d-45e1-ae9b-87bd5fb1bce6 of volume 8e02764b-0820-49e5-a455-105b4becf9ba {{(pid=86675) _delete_snapshot /opt/stack/cinder/cinder/volume/drivers/remotefs.py:1288}}
Jun 08 12:18:12 devstack cinder-volume[86675]: DEBUG cinder.volume.drivers.remotefs [None req-6fadefeb-a61d-45e3-91d6-c8ed04c10251 tempest-VolumesDeleteCascade-1006813013 None] snapshot_file for this snap is: volume-8e02764b-0820-49e5-a455-105b4becf9ba.20417197-838d-45e1-ae9b-87bd5fb1bce6 {{(pid=86675) _delete_snapshot /opt/stack/cinder/cinder/volume/drivers/remotefs.py:1317}}
Jun 08 12:18:12 devstack cinder-volume[86675]: DEBUG oslo.privsep.daemon [-] privsep: reply[598cc01b-2af9-4b1d-8d10-7ba70fa30118]: (4, 'qcow2') {{(pid=87589) _call_back /opt/stack/data/venv/lib/python3.12/site-packages/oslo_privsep/daemon.py:573}}
Jun 08 12:18:12 devstack cinder-volume[86675]: DEBUG oslo_concurrency.processutils [None req-6fadefeb-a61d-45e3-91d6-c8ed04c10251 tempest-VolumesDeleteCascade-1006813013 None] Running cmd (subprocess): /opt/stack/data/venv/bin/python3.12 -m oslo_concurrency.prlimit --as=1073741824 --cpu=60 -- sudo cinder-rootwrap /etc/cinder/rootwrap.conf env LC_ALL=C qemu-img info -f qcow2 --output=json --force-share /opt/stack/data/cinder/mnt/0c29ab715cb1821c374113206f85ae6f/volume-8e02764b-0820-49e5-a455-105b4becf9ba.20417197-838d-45e1-ae9b-87bd5fb1bce6 {{(pid=86675) execute /opt/stack/data/venv/lib/python3.12/site-packages/oslo_concurrency/processutils.py:440}}
Jun 08 12:18:12 devstack sudo[91512]: quobyte : PWD=/ ; USER=root ; COMMAND=/opt/stack/data/venv/bin/cinder-rootwrap /etc/cinder/rootwrap.conf env LC_ALL=C qemu-img info -f qcow2 --output=json --force-share /opt/stack/data/cinder/mnt/0c29ab715cb1821c374113206f85ae6f/volume-8e02764b-0820-49e5-a455-105b4becf9ba.20417197-838d-45e1-ae9b-87bd5fb1bce6
Jun 08 12:18:12 devstack sudo[91512]: pam_unix(sudo:session): session opened for user root(uid=0) by (uid=1000)
Jun 08 12:18:13 devstack sudo[91512]: pam_unix(sudo:session): session closed for user root
Jun 08 12:18:13 devstack cinder-volume[86675]: DEBUG oslo_concurrency.processutils [None req-6fadefeb-a61d-45e3-91d6-c8ed04c10251 tempest-VolumesDeleteCascade-1006813013 None] CMD "/opt/stack/data/venv/bin/python3.12 -m oslo_concurrency.prlimit --as=1073741824 --cpu=60 -- sudo cinder-rootwrap /etc/cinder/rootwrap.conf env LC_ALL=C qemu-img info -f qcow2 --output=json --force-share /opt/stack/data/cinder/mnt/0c29ab715cb1821c374113206f85ae6f/volume-8e02764b-0820-49e5-a455-105b4becf9ba.20417197-838d-45e1-ae9b-87bd5fb1bce6" returned: 0 in 0.939s {{(pid=86675) execute /opt/stack/data/venv/lib/python3.12/site-packages/oslo_concurrency/processutils.py:468}}
Jun 08 12:18:13 devstack cinder-volume[86675]: DEBUG cinder.volume.drivers.remotefs [None req-6fadefeb-a61d-45e3-91d6-c8ed04c10251 tempest-VolumesDeleteCascade-1006813013 None] Fetching qemu-img info with special backing_file_template: (/opt/stack/data/cinder/mnt/[0-9a-f]+/)?(volume-8e02764b-0820-49e5-a455-105b4becf9ba(.(tmp-snap-)?[0-9a-f-]+)?|volume_from_snapshot_cache/(tmp-snap-)?[0-9a-f-]+(.(child-|parent-)[0-9a-f-]+)?)$ {{(pid=86675) _qemu_img_info_base /opt/stack/cinder/cinder/volume/drivers/remotefs.py:896}}
Jun 08 12:18:13 devstack cinder-volume[86675]: DEBUG oslo.privsep.daemon [-] privsep: reply[93c762f3-c922-44a2-95ed-89faa19460f2]: (4, 'qcow2') {{(pid=87589) _call_back /opt/stack/data/venv/lib/python3.12/site-packages/oslo_privsep/daemon.py:573}}
Jun 08 12:18:13 devstack cinder-volume[86675]: DEBUG oslo_concurrency.processutils [None req-6fadefeb-a61d-45e3-91d6-c8ed04c10251 tempest-VolumesDeleteCascade-1006813013 None] Running cmd (subprocess): /opt/stack/data/venv/bin/python3.12 -m oslo_concurrency.prlimit --as=1073741824 --cpu=60 -- sudo cinder-rootwrap /etc/cinder/rootwrap.conf env LC_ALL=C qemu-img info -f qcow2 --output=json --force-share /opt/stack/data/cinder/mnt/0c29ab715cb1821c374113206f85ae6f/volume-8e02764b-0820-49e5-a455-105b4becf9ba {{(pid=86675) execute /opt/stack/data/venv/lib/python3.12/site-packages/oslo_concurrency/processutils.py:440}}
Jun 08 12:18:13 devstack sudo[91537]: quobyte : PWD=/ ; USER=root ; COMMAND=/opt/stack/data/venv/bin/cinder-rootwrap /etc/cinder/rootwrap.conf env LC_ALL=C qemu-img info -f qcow2 --output=json --force-share /opt/stack/data/cinder/mnt/0c29ab715cb1821c374113206f85ae6f/volume-8e02764b-0820-49e5-a455-105b4becf9ba
Jun 08 12:18:13 devstack sudo[91537]: pam_unix(sudo:session): session opened for user root(uid=0) by (uid=1000)
Jun 08 12:18:14 devstack sudo[91537]: pam_unix(sudo:session): session closed for user root
Jun 08 12:18:14 devstack cinder-volume[86675]: DEBUG oslo_concurrency.processutils [None req-6fadefeb-a61d-45e3-91d6-c8ed04c10251 tempest-VolumesDeleteCascade-1006813013 None] CMD "/opt/stack/data/venv/bin/python3.12 -m oslo_concurrency.prlimit --as=1073741824 --cpu=60 -- sudo cinder-rootwrap /etc/cinder/rootwrap.conf env LC_ALL=C qemu-img info -f qcow2 --output=json --force-share /opt/stack/data/cinder/mnt/0c29ab715cb1821c374113206f85ae6f/volume-8e02764b-0820-49e5-a455-105b4becf9ba" returned: 0 in 1.486s {{(pid=86675) execute /opt/stack/data/venv/lib/python3.12/site-packages/oslo_concurrency/processutils.py:468}}
Jun 08 12:18:14 devstack cinder-volume[86675]: DEBUG oslo.privsep.daemon [-] privsep: reply[ad8fba13-b3f0-4b08-b004-eeb9c94425c6]: (4, 'qcow2') {{(pid=87589) _call_back /opt/stack/data/venv/lib/python3.12/site-packages/oslo_privsep/daemon.py:573}}
Jun 08 12:18:14 devstack cinder-volume[86675]: DEBUG oslo_concurrency.processutils [None req-6fadefeb-a61d-45e3-91d6-c8ed04c10251 tempest-VolumesDeleteCascade-1006813013 None] Running cmd (subprocess): /opt/stack/data/venv/bin/python3.12 -m oslo_concurrency.prlimit --as=1073741824 --cpu=60 -- sudo cinder-rootwrap /etc/cinder/rootwrap.conf env LC_ALL=C qemu-img info -f qcow2 --output=json --force-share /opt/stack/data/cinder/mnt/0c29ab715cb1821c374113206f85ae6f/volume-8e02764b-0820-49e5-a455-105b4becf9ba.ad54517e-d015-4091-8050-e7f061a66f7e {{(pid=86675) execute /opt/stack/data/venv/lib/python3.12/site-packages/oslo_concurrency/processutils.py:440}}
Jun 08 12:18:15 devstack sudo[91555]: quobyte : PWD=/ ; USER=root ; COMMAND=/opt/stack/data/venv/bin/cinder-rootwrap /etc/cinder/rootwrap.conf env LC_ALL=C qemu-img info -f qcow2 --output=json --force-share /opt/stack/data/cinder/mnt/0c29ab715cb1821c374113206f85ae6f/volume-8e02764b-0820-49e5-a455-105b4becf9ba.ad54517e-d015-4091-8050-e7f061a66f7e
Jun 08 12:18:15 devstack sudo[91555]: pam_unix(sudo:session): session opened for user root(uid=0) by (uid=1000)
Jun 08 12:18:16 devstack sudo[91555]: pam_unix(sudo:session): session closed for user root
Jun 08 12:18:16 devstack cinder-volume[86675]: DEBUG oslo_concurrency.processutils [None req-6fadefeb-a61d-45e3-91d6-c8ed04c10251 tempest-VolumesDeleteCascade-1006813013 None] CMD "/opt/stack/data/venv/bin/python3.12 -m oslo_concurrency.prlimit --as=1073741824 --cpu=60 -- sudo cinder-rootwrap /etc/cinder/rootwrap.conf env LC_ALL=C qemu-img info -f qcow2 --output=json --force-share /opt/stack/data/cinder/mnt/0c29ab715cb1821c374113206f85ae6f/volume-8e02764b-0820-49e5-a455-105b4becf9ba.ad54517e-d015-4091-8050-e7f061a66f7e" returned: 0 in 1.547s {{(pid=86675) execute /opt/stack/data/venv/lib/python3.12/site-packages/oslo_concurrency/processutils.py:468}}
Jun 08 12:18:16 devstack cinder-volume[86675]: DEBUG cinder.volume.drivers.remotefs [None req-6fadefeb-a61d-45e3-91d6-c8ed04c10251 tempest-VolumesDeleteCascade-1006813013 None] Fetching qemu-img info with special backing_file_template: (/opt/stack/data/cinder/mnt/[0-9a-f]+/)?(volume-8e02764b-0820-49e5-a455-105b4becf9ba(.(tmp-snap-)?[0-9a-f-]+)?|volume_from_snapshot_cache/(tmp-snap-)?[0-9a-f-]+(.(child-|parent-)[0-9a-f-]+)?)$ {{(pid=86675) _qemu_img_info_base /opt/stack/cinder/cinder/volume/drivers/remotefs.py:896}}
Jun 08 12:18:16 devstack cinder-volume[86675]: DEBUG oslo.privsep.daemon [-] privsep: reply[f30cb069-52cc-46b0-92a2-2061252484b8]: (4, 'qcow2') {{(pid=87589) _call_back /opt/stack/data/venv/lib/python3.12/site-packages/oslo_privsep/daemon.py:573}}
Jun 08 12:18:16 devstack cinder-volume[86675]: DEBUG oslo_concurrency.processutils [None req-6fadefeb-a61d-45e3-91d6-c8ed04c10251 tempest-VolumesDeleteCascade-1006813013 None] Running cmd (subprocess): /opt/stack/data/venv/bin/python3.12 -m oslo_concurrency.prlimit --as=1073741824 --cpu=60 -- sudo cinder-rootwrap /etc/cinder/rootwrap.conf env LC_ALL=C qemu-img info -f qcow2 --output=json --force-share /opt/stack/data/cinder/mnt/0c29ab715cb1821c374113206f85ae6f/volume-8e02764b-0820-49e5-a455-105b4becf9ba.20417197-838d-45e1-ae9b-87bd5fb1bce6 {{(pid=86675) execute /opt/stack/data/venv/lib/python3.12/site-packages/oslo_concurrency/processutils.py:440}}
Jun 08 12:18:16 devstack sudo[91580]: quobyte : PWD=/ ; USER=root ; COMMAND=/opt/stack/data/venv/bin/cinder-rootwrap /etc/cinder/rootwrap.conf env LC_ALL=C qemu-img info -f qcow2 --output=json --force-share /opt/stack/data/cinder/mnt/0c29ab715cb1821c374113206f85ae6f/volume-8e02764b-0820-49e5-a455-105b4becf9ba.20417197-838d-45e1-ae9b-87bd5fb1bce6
Jun 08 12:18:16 devstack sudo[91580]: pam_unix(sudo:session): session opened for user root(uid=0) by (uid=1000)
Jun 08 12:18:17 devstack sudo[91580]: pam_unix(sudo:session): session closed for user root
Jun 08 12:18:17 devstack cinder-volume[86675]: DEBUG oslo_concurrency.processutils [None req-6fadefeb-a61d-45e3-91d6-c8ed04c10251 tempest-VolumesDeleteCascade-1006813013 None] CMD "/opt/stack/data/venv/bin/python3.12 -m oslo_concurrency.prlimit --as=1073741824 --cpu=60 -- sudo cinder-rootwrap /etc/cinder/rootwrap.conf env LC_ALL=C qemu-img info -f qcow2 --output=json --force-share /opt/stack/data/cinder/mnt/0c29ab715cb1821c374113206f85ae6f/volume-8e02764b-0820-49e5-a455-105b4becf9ba.20417197-838d-45e1-ae9b-87bd5fb1bce6" returned: 0 in 1.199s {{(pid=86675) execute /opt/stack/data/venv/lib/python3.12/site-packages/oslo_concurrency/processutils.py:468}}
Jun 08 12:18:17 devstack cinder-volume[86675]: DEBUG cinder.volume.drivers.remotefs [None req-6fadefeb-a61d-45e3-91d6-c8ed04c10251 tempest-VolumesDeleteCascade-1006813013 None] Fetching qemu-img info with special backing_file_template: (/opt/stack/data/cinder/mnt/[0-9a-f]+/)?(volume-8e02764b-0820-49e5-a455-105b4becf9ba(.(tmp-snap-)?[0-9a-f-]+)?|volume_from_snapshot_cache/(tmp-snap-)?[0-9a-f-]+(.(child-|parent-)[0-9a-f-]+)?)$ {{(pid=86675) _qemu_img_info_base /opt/stack/cinder/cinder/volume/drivers/remotefs.py:896}}
Jun 08 12:18:17 devstack cinder-volume[86675]: DEBUG oslo.privsep.daemon [-] privsep: reply[2210ee6f-4a22-4661-9318-8512b9960c69]: (4, 'qcow2') {{(pid=87589) _call_back /opt/stack/data/venv/lib/python3.12/site-packages/oslo_privsep/daemon.py:573}}
Jun 08 12:18:17 devstack cinder-volume[86675]: DEBUG oslo_concurrency.processutils [None req-6fadefeb-a61d-45e3-91d6-c8ed04c10251 tempest-VolumesDeleteCascade-1006813013 None] Running cmd (subprocess): /opt/stack/data/venv/bin/python3.12 -m oslo_concurrency.prlimit --as=1073741824 --cpu=60 -- sudo cinder-rootwrap /etc/cinder/rootwrap.conf env LC_ALL=C qemu-img info -f qcow2 --output=json --force-share /opt/stack/data/cinder/mnt/0c29ab715cb1821c374113206f85ae6f/volume-8e02764b-0820-49e5-a455-105b4becf9ba {{(pid=86675) execute /opt/stack/data/venv/lib/python3.12/site-packages/oslo_concurrency/processutils.py:440}}
Jun 08 12:18:17 devstack sudo[91586]: quobyte : PWD=/ ; USER=root ; COMMAND=/opt/stack/data/venv/bin/cinder-rootwrap /etc/cinder/rootwrap.conf env LC_ALL=C qemu-img info -f qcow2 --output=json --force-share /opt/stack/data/cinder/mnt/0c29ab715cb1821c374113206f85ae6f/volume-8e02764b-0820-49e5-a455-105b4becf9ba
Jun 08 12:18:17 devstack sudo[91586]: pam_unix(sudo:session): session opened for user root(uid=0) by (uid=1000)
Jun 08 12:18:18 devstack sudo[91586]: pam_unix(sudo:session): session closed for user root
Jun 08 12:18:18 devstack cinder-volume[86675]: DEBUG oslo_concurrency.processutils [None req-6fadefeb-a61d-45e3-91d6-c8ed04c10251 tempest-VolumesDeleteCascade-1006813013 None] CMD "/opt/stack/data/venv/bin/python3.12 -m oslo_concurrency.prlimit --as=1073741824 --cpu=60 -- sudo cinder-rootwrap /etc/cinder/rootwrap.conf env LC_ALL=C qemu-img info -f qcow2 --output=json --force-share /opt/stack/data/cinder/mnt/0c29ab715cb1821c374113206f85ae6f/volume-8e02764b-0820-49e5-a455-105b4becf9ba" returned: 0 in 1.144s {{(pid=86675) execute /opt/stack/data/venv/lib/python3.12/site-packages/oslo_concurrency/processutils.py:468}}
Jun 08 12:18:18 devstack cinder-volume[86675]: DEBUG oslo_concurrency.processutils [None req-6fadefeb-a61d-45e3-91d6-c8ed04c10251 tempest-VolumesDeleteCascade-1006813013 None] Running cmd (subprocess): sudo cinder-rootwrap /etc/cinder/rootwrap.conf qemu-img commit -d /opt/stack/data/cinder/mnt/0c29ab715cb1821c374113206f85ae6f/volume-8e02764b-0820-49e5-a455-105b4becf9ba.20417197-838d-45e1-ae9b-87bd5fb1bce6 {{(pid=86675) execute /opt/stack/data/venv/lib/python3.12/site-packages/oslo_concurrency/processutils.py:440}}
Jun 08 12:18:18 devstack sudo[91594]: quobyte : PWD=/ ; USER=root ; COMMAND=/opt/stack/data/venv/bin/cinder-rootwrap /etc/cinder/rootwrap.conf qemu-img commit -d /opt/stack/data/cinder/mnt/0c29ab715cb1821c374113206f85ae6f/volume-8e02764b-0820-49e5-a455-105b4becf9ba.20417197-838d-45e1-ae9b-87bd5fb1bce6
Jun 08 12:18:18 devstack sudo[91594]: pam_unix(sudo:session): session opened for user root(uid=0) by (uid=1000)
Jun 08 12:18:19 devstack sudo[91594]: pam_unix(sudo:session): session closed for user root
Jun 08 12:18:19 devstack cinder-volume[86675]: DEBUG oslo_concurrency.processutils [None req-6fadefeb-a61d-45e3-91d6-c8ed04c10251 tempest-VolumesDeleteCascade-1006813013 None] CMD "sudo cinder-rootwrap /etc/cinder/rootwrap.conf qemu-img commit -d /opt/stack/data/cinder/mnt/0c29ab715cb1821c374113206f85ae6f/volume-8e02764b-0820-49e5-a455-105b4becf9ba.20417197-838d-45e1-ae9b-87bd5fb1bce6" returned: 0 in 0.860s {{(pid=86675) execute /opt/stack/data/venv/lib/python3.12/site-packages/oslo_concurrency/processutils.py:468}}
Jun 08 12:18:19 devstack cinder-volume[86675]: DEBUG oslo_concurrency.processutils [None req-6fadefeb-a61d-45e3-91d6-c8ed04c10251 tempest-VolumesDeleteCascade-1006813013 None] Running cmd (subprocess): sudo cinder-rootwrap /etc/cinder/rootwrap.conf rm -f /opt/stack/data/cinder/mnt/0c29ab715cb1821c374113206f85ae6f/volume-8e02764b-0820-49e5-a455-105b4becf9ba.20417197-838d-45e1-ae9b-87bd5fb1bce6 {{(pid=86675) execute /opt/stack/data/venv/lib/python3.12/site-packages/oslo_concurrency/processutils.py:440}}
Jun 08 12:18:19 devstack sudo[91599]: quobyte : PWD=/ ; USER=root ; COMMAND=/opt/stack/data/venv/bin/cinder-rootwrap /etc/cinder/rootwrap.conf rm -f /opt/stack/data/cinder/mnt/0c29ab715cb1821c374113206f85ae6f/volume-8e02764b-0820-49e5-a455-105b4becf9ba.20417197-838d-45e1-ae9b-87bd5fb1bce6
Jun 08 12:18:19 devstack sudo[91599]: pam_unix(sudo:session): session opened for user root(uid=0) by (uid=1000)
Jun 08 12:18:20 devstack sudo[91599]: pam_unix(sudo:session): session closed for user root
Jun 08 12:18:20 devstack cinder-volume[86675]: DEBUG oslo_concurrency.processutils [None req-6fadefeb-a61d-45e3-91d6-c8ed04c10251 tempest-VolumesDeleteCascade-1006813013 None] CMD "sudo cinder-rootwrap /etc/cinder/rootwrap.conf rm -f /opt/stack/data/cinder/mnt/0c29ab715cb1821c374113206f85ae6f/volume-8e02764b-0820-49e5-a455-105b4becf9ba.20417197-838d-45e1-ae9b-87bd5fb1bce6" returned: 0 in 0.737s {{(pid=86675) execute /opt/stack/data/venv/lib/python3.12/site-packages/oslo_concurrency/processutils.py:468}}
Jun 08 12:18:20 devstack cinder-volume[86675]: DEBUG oslo_concurrency.processutils [None req-6fadefeb-a61d-45e3-91d6-c8ed04c10251 tempest-VolumesDeleteCascade-1006813013 None] Running cmd (subprocess): sudo cinder-rootwrap /etc/cinder/rootwrap.conf qemu-img rebase -u -b volume-8e02764b-0820-49e5-a455-105b4becf9ba /opt/stack/data/cinder/mnt/0c29ab715cb1821c374113206f85ae6f/volume-8e02764b-0820-49e5-a455-105b4becf9ba.ad54517e-d015-4091-8050-e7f061a66f7e -F qcow2 {{(pid=86675) execute /opt/stack/data/venv/lib/python3.12/site-packages/oslo_concurrency/processutils.py:440}}
Jun 08 12:18:20 devstack sudo[91602]: quobyte : PWD=/ ; USER=root ; COMMAND=/opt/stack/data/venv/bin/cinder-rootwrap /etc/cinder/rootwrap.conf qemu-img rebase -u -b volume-8e02764b-0820-49e5-a455-105b4becf9ba /opt/stack/data/cinder/mnt/0c29ab715cb1821c374113206f85ae6f/volume-8e02764b-0820-49e5-a455-105b4becf9ba.ad54517e-d015-4091-8050-e7f061a66f7e -F qcow2
Jun 08 12:18:20 devstack sudo[91602]: pam_unix(sudo:session): session opened for user root(uid=0) by (uid=1000)
Jun 08 12:18:21 devstack sudo[91602]: pam_unix(sudo:session): session closed for user root
Jun 08 12:18:21 devstack cinder-volume[86675]: DEBUG oslo_concurrency.processutils [None req-6fadefeb-a61d-45e3-91d6-c8ed04c10251 tempest-VolumesDeleteCascade-1006813013 None] CMD "sudo cinder-rootwrap /etc/cinder/rootwrap.conf qemu-img rebase -u -b volume-8e02764b-0820-49e5-a455-105b4becf9ba /opt/stack/data/cinder/mnt/0c29ab715cb1821c374113206f85ae6f/volume-8e02764b-0820-49e5-a455-105b4becf9ba.ad54517e-d015-4091-8050-e7f061a66f7e -F qcow2" returned: 0 in 1.050s {{(pid=86675) execute /opt/stack/data/venv/lib/python3.12/site-packages/oslo_concurrency/processutils.py:468}}
Jun 08 12:18:21 devstack cinder-volume[86675]: DEBUG cinder.coordination [None req-6fadefeb-a61d-45e3-91d6-c8ed04c10251 tempest-VolumesDeleteCascade-1006813013 None] Lock "cinder-quobyte-20417197-838d-45e1-ae9b-87bd5fb1bce6" released by "_delete_snapshot" :: held 9.258s {{(pid=86675) __release /opt/stack/cinder/cinder/coordination.py:152}}
Jun 08 12:18:21 devstack cinder-volume[86675]: DEBUG cinder.coordination [None req-6fadefeb-a61d-45e3-91d6-c8ed04c10251 tempest-VolumesDeleteCascade-1006813013 None] Lock "cinder-quobyte-8e02764b-0820-49e5-a455-105b4becf9ba" released by "delete_snapshot" :: held 9.300s {{(pid=86675) __release /opt/stack/cinder/cinder/coordination.py:152}}
Jun 08 12:18:21 devstack cinder-volume[86675]: DEBUG cinder.quota [None req-6fadefeb-a61d-45e3-91d6-c8ed04c10251 tempest-VolumesDeleteCascade-1006813013 None] Created reservations ['016d894f-acf2-4ed8-936f-1459d6240f88', 'ddde1e0f-1d32-46f8-9749-a47635788185', '3ccdd037-e3d4-49c9-893d-e70a05f2d7da', '0061a41f-03f3-47ae-b388-6b81d0f28f1a'] {{(pid=86675) reserve /opt/stack/cinder/cinder/quota.py:752}}
Jun 08 12:18:21 devstack cinder-volume[86675]: INFO cinder.volume.manager [None req-6fadefeb-a61d-45e3-91d6-c8ed04c10251 tempest-VolumesDeleteCascade-1006813013 None] Delete snapshot completed successfully.
Jun 08 12:18:21 devstack cinder-volume[86675]: DEBUG cinder.coordination [None req-6fadefeb-a61d-45e3-91d6-c8ed04c10251 tempest-VolumesDeleteCascade-1006813013 None] Lock "cinder-20417197-838d-45e1-ae9b-87bd5fb1bce6-delete_snapshot" released by "delete_snapshot" :: held 9.511s {{(pid=86675) __release /opt/stack/cinder/cinder/coordination.py:152}}
Jun 08 12:18:21 devstack cinder-volume[86675]: DEBUG cinder.coordination [None req-6fadefeb-a61d-45e3-91d6-c8ed04c10251 tempest-VolumesDeleteCascade-1006813013 None] Acquiring lock "cinder-ad54517e-d015-4091-8050-e7f061a66f7e-delete_snapshot" by "delete_snapshot" {{(pid=86675) __acquire /opt/stack/cinder/cinder/coordination.py:138}}
Jun 08 12:18:21 devstack cinder-volume[86675]: DEBUG cinder.coordination [None req-6fadefeb-a61d-45e3-91d6-c8ed04c10251 tempest-VolumesDeleteCascade-1006813013 None] Lock "cinder-ad54517e-d015-4091-8050-e7f061a66f7e-delete_snapshot" acquired by "delete_snapshot" :: waited 0.020s {{(pid=86675) __acquire /opt/stack/cinder/cinder/coordination.py:141}}
Jun 08 12:18:21 devstack cinder-volume[86675]: DEBUG cinder.coordination [None req-6fadefeb-a61d-45e3-91d6-c8ed04c10251 tempest-VolumesDeleteCascade-1006813013 None] Acquiring lock "cinder-quobyte-8e02764b-0820-49e5-a455-105b4becf9ba" by "delete_snapshot" {{(pid=86675) __acquire /opt/stack/cinder/cinder/coordination.py:138}}
Jun 08 12:18:21 devstack cinder-volume[86675]: DEBUG cinder.coordination [None req-6fadefeb-a61d-45e3-91d6-c8ed04c10251 tempest-VolumesDeleteCascade-1006813013 None] Lock "cinder-quobyte-8e02764b-0820-49e5-a455-105b4becf9ba" acquired by "delete_snapshot" :: waited 0.034s {{(pid=86675) __acquire /opt/stack/cinder/cinder/coordination.py:141}}
Jun 08 12:18:21 devstack cinder-volume[86675]: DEBUG cinder.coordination [None req-6fadefeb-a61d-45e3-91d6-c8ed04c10251 tempest-VolumesDeleteCascade-1006813013 None] Acquiring lock "cinder-quobyte-ad54517e-d015-4091-8050-e7f061a66f7e" by "_delete_snapshot" {{(pid=86675) __acquire /opt/stack/cinder/cinder/coordination.py:138}}
Jun 08 12:18:21 devstack cinder-volume[86675]: DEBUG cinder.coordination [None req-6fadefeb-a61d-45e3-91d6-c8ed04c10251 tempest-VolumesDeleteCascade-1006813013 None] Lock "cinder-quobyte-ad54517e-d015-4091-8050-e7f061a66f7e" acquired by "_delete_snapshot" :: waited 0.025s {{(pid=86675) __acquire /opt/stack/cinder/cinder/coordination.py:141}}
Jun 08 12:18:21 devstack cinder-volume[86675]: DEBUG cinder.volume.drivers.remotefs [None req-6fadefeb-a61d-45e3-91d6-c8ed04c10251 tempest-VolumesDeleteCascade-1006813013 None] Deleting offline snapshot ad54517e-d015-4091-8050-e7f061a66f7e of volume 8e02764b-0820-49e5-a455-105b4becf9ba {{(pid=86675) _delete_snapshot /opt/stack/cinder/cinder/volume/drivers/remotefs.py:1288}}
Jun 08 12:18:21 devstack cinder-volume[86675]: DEBUG cinder.volume.drivers.remotefs [None req-6fadefeb-a61d-45e3-91d6-c8ed04c10251 tempest-VolumesDeleteCascade-1006813013 None] snapshot_file for this snap is: volume-8e02764b-0820-49e5-a455-105b4becf9ba.ad54517e-d015-4091-8050-e7f061a66f7e {{(pid=86675) _delete_snapshot /opt/stack/cinder/cinder/volume/drivers/remotefs.py:1317}}
Jun 08 12:18:21 devstack cinder-volume[86675]: DEBUG oslo.privsep.daemon [-] privsep: reply[632803d3-1afc-4e6c-a5f9-36985dbc3333]: (4, 'qcow2') {{(pid=87589) _call_back /opt/stack/data/venv/lib/python3.12/site-packages/oslo_privsep/daemon.py:573}}
Jun 08 12:18:21 devstack cinder-volume[86675]: DEBUG oslo_concurrency.processutils [None req-6fadefeb-a61d-45e3-91d6-c8ed04c10251 tempest-VolumesDeleteCascade-1006813013 None] Running cmd (subprocess): /opt/stack/data/venv/bin/python3.12 -m oslo_concurrency.prlimit --as=1073741824 --cpu=60 -- sudo cinder-rootwrap /etc/cinder/rootwrap.conf env LC_ALL=C qemu-img info -f qcow2 --output=json --force-share /opt/stack/data/cinder/mnt/0c29ab715cb1821c374113206f85ae6f/volume-8e02764b-0820-49e5-a455-105b4becf9ba.ad54517e-d015-4091-8050-e7f061a66f7e {{(pid=86675) execute /opt/stack/data/venv/lib/python3.12/site-packages/oslo_concurrency/processutils.py:440}}
Jun 08 12:18:21 devstack sudo[91611]: quobyte : PWD=/ ; USER=root ; COMMAND=/opt/stack/data/venv/bin/cinder-rootwrap /etc/cinder/rootwrap.conf env LC_ALL=C qemu-img info -f qcow2 --output=json --force-share /opt/stack/data/cinder/mnt/0c29ab715cb1821c374113206f85ae6f/volume-8e02764b-0820-49e5-a455-105b4becf9ba.ad54517e-d015-4091-8050-e7f061a66f7e
Jun 08 12:18:21 devstack sudo[91611]: pam_unix(sudo:session): session opened for user root(uid=0) by (uid=1000)
Jun 08 12:18:21 devstack cinder-volume[86675]: DEBUG cinder.coordination [None req-d998a36a-72a5-44e0-9e0e-f079621edec7 tempest-ServerActionsTestOtherA-251883115 None] Acquiring lock "cinder-f6e90e4d-6bd6-45eb-8dd8-4e9496c24d56-delete_volume" by "delete_volume" {{(pid=86675) __acquire /opt/stack/cinder/cinder/coordination.py:138}}
Jun 08 12:18:21 devstack cinder-volume[86675]: DEBUG cinder.coordination [None req-d998a36a-72a5-44e0-9e0e-f079621edec7 tempest-ServerActionsTestOtherA-251883115 None] Lock "cinder-f6e90e4d-6bd6-45eb-8dd8-4e9496c24d56-delete_volume" acquired by "delete_volume" :: waited 0.031s {{(pid=86675) __acquire /opt/stack/cinder/cinder/coordination.py:141}}
Jun 08 12:18:22 devstack cinder-volume[86675]: DEBUG cinder.coordination [None req-d998a36a-72a5-44e0-9e0e-f079621edec7 tempest-ServerActionsTestOtherA-251883115 None] Acquiring lock "cinder-quobyte-f6e90e4d-6bd6-45eb-8dd8-4e9496c24d56" by "delete_volume" {{(pid=86675) __acquire /opt/stack/cinder/cinder/coordination.py:138}}
Jun 08 12:18:22 devstack cinder-volume[86675]: DEBUG cinder.coordination [None req-d998a36a-72a5-44e0-9e0e-f079621edec7 tempest-ServerActionsTestOtherA-251883115 None] Lock "cinder-quobyte-f6e90e4d-6bd6-45eb-8dd8-4e9496c24d56" acquired by "delete_volume" :: waited 0.022s {{(pid=86675) __acquire /opt/stack/cinder/cinder/coordination.py:141}}
Jun 08 12:18:22 devstack cinder-volume[86675]: DEBUG oslo.privsep.daemon [-] privsep: reply[a824788b-8ee2-4c1e-a547-cc12075e7027]: (4, 'qcow2') {{(pid=87589) _call_back /opt/stack/data/venv/lib/python3.12/site-packages/oslo_privsep/daemon.py:573}}
Jun 08 12:18:22 devstack cinder-volume[86675]: DEBUG oslo_concurrency.processutils [None req-d998a36a-72a5-44e0-9e0e-f079621edec7 tempest-ServerActionsTestOtherA-251883115 None] Running cmd (subprocess): /opt/stack/data/venv/bin/python3.12 -m oslo_concurrency.prlimit --as=1073741824 --cpu=60 -- sudo cinder-rootwrap /etc/cinder/rootwrap.conf env LC_ALL=C qemu-img info -f qcow2 --output=json --force-share /opt/stack/data/cinder/mnt/0c29ab715cb1821c374113206f85ae6f/volume-f6e90e4d-6bd6-45eb-8dd8-4e9496c24d56 {{(pid=86675) execute /opt/stack/data/venv/lib/python3.12/site-packages/oslo_concurrency/processutils.py:440}}
Jun 08 12:18:22 devstack sudo[91618]: quobyte : PWD=/ ; USER=root ; COMMAND=/opt/stack/data/venv/bin/cinder-rootwrap /etc/cinder/rootwrap.conf env LC_ALL=C qemu-img info -f qcow2 --output=json --force-share /opt/stack/data/cinder/mnt/0c29ab715cb1821c374113206f85ae6f/volume-f6e90e4d-6bd6-45eb-8dd8-4e9496c24d56
Jun 08 12:18:22 devstack sudo[91618]: pam_unix(sudo:session): session opened for user root(uid=0) by (uid=1000)
Jun 08 12:18:23 devstack sudo[91611]: pam_unix(sudo:session): session closed for user root
Jun 08 12:18:23 devstack cinder-volume[86675]: DEBUG oslo_concurrency.processutils [None req-6fadefeb-a61d-45e3-91d6-c8ed04c10251 tempest-VolumesDeleteCascade-1006813013 None] CMD "/opt/stack/data/venv/bin/python3.12 -m oslo_concurrency.prlimit --as=1073741824 --cpu=60 -- sudo cinder-rootwrap /etc/cinder/rootwrap.conf env LC_ALL=C qemu-img info -f qcow2 --output=json --force-share /opt/stack/data/cinder/mnt/0c29ab715cb1821c374113206f85ae6f/volume-8e02764b-0820-49e5-a455-105b4becf9ba.ad54517e-d015-4091-8050-e7f061a66f7e" returned: 0 in 1.359s {{(pid=86675) execute /opt/stack/data/venv/lib/python3.12/site-packages/oslo_concurrency/processutils.py:468}}
Jun 08 12:18:23 devstack cinder-volume[86675]: DEBUG cinder.volume.drivers.remotefs [None req-6fadefeb-a61d-45e3-91d6-c8ed04c10251 tempest-VolumesDeleteCascade-1006813013 None] Fetching qemu-img info with special backing_file_template: (/opt/stack/data/cinder/mnt/[0-9a-f]+/)?(volume-8e02764b-0820-49e5-a455-105b4becf9ba(.(tmp-snap-)?[0-9a-f-]+)?|volume_from_snapshot_cache/(tmp-snap-)?[0-9a-f-]+(.(child-|parent-)[0-9a-f-]+)?)$ {{(pid=86675) _qemu_img_info_base /opt/stack/cinder/cinder/volume/drivers/remotefs.py:896}}
Jun 08 12:18:23 devstack cinder-volume[86675]: DEBUG oslo.privsep.daemon [-] privsep: reply[c730eb5e-f8d9-4e83-9062-05379f19cfee]: (4, 'qcow2') {{(pid=87589) _call_back /opt/stack/data/venv/lib/python3.12/site-packages/oslo_privsep/daemon.py:573}}
Jun 08 12:18:23 devstack cinder-volume[86675]: DEBUG oslo_concurrency.processutils [None req-6fadefeb-a61d-45e3-91d6-c8ed04c10251 tempest-VolumesDeleteCascade-1006813013 None] Running cmd (subprocess): /opt/stack/data/venv/bin/python3.12 -m oslo_concurrency.prlimit --as=1073741824 --cpu=60 -- sudo cinder-rootwrap /etc/cinder/rootwrap.conf env LC_ALL=C qemu-img info -f qcow2 --output=json --force-share /opt/stack/data/cinder/mnt/0c29ab715cb1821c374113206f85ae6f/volume-8e02764b-0820-49e5-a455-105b4becf9ba {{(pid=86675) execute /opt/stack/data/venv/lib/python3.12/site-packages/oslo_concurrency/processutils.py:440}}
Jun 08 12:18:23 devstack sudo[91680]: quobyte : PWD=/ ; USER=root ; COMMAND=/opt/stack/data/venv/bin/cinder-rootwrap /etc/cinder/rootwrap.conf env LC_ALL=C qemu-img info -f qcow2 --output=json --force-share /opt/stack/data/cinder/mnt/0c29ab715cb1821c374113206f85ae6f/volume-8e02764b-0820-49e5-a455-105b4becf9ba
Jun 08 12:18:23 devstack sudo[91680]: pam_unix(sudo:session): session opened for user root(uid=0) by (uid=1000)
Jun 08 12:18:23 devstack sudo[91618]: pam_unix(sudo:session): session closed for user root
Jun 08 12:18:23 devstack cinder-volume[86675]: DEBUG oslo_concurrency.processutils [None req-d998a36a-72a5-44e0-9e0e-f079621edec7 tempest-ServerActionsTestOtherA-251883115 None] CMD "/opt/stack/data/venv/bin/python3.12 -m oslo_concurrency.prlimit --as=1073741824 --cpu=60 -- sudo cinder-rootwrap /etc/cinder/rootwrap.conf env LC_ALL=C qemu-img info -f qcow2 --output=json --force-share /opt/stack/data/cinder/mnt/0c29ab715cb1821c374113206f85ae6f/volume-f6e90e4d-6bd6-45eb-8dd8-4e9496c24d56" returned: 0 in 1.876s {{(pid=86675) execute /opt/stack/data/venv/lib/python3.12/site-packages/oslo_concurrency/processutils.py:468}}
Jun 08 12:18:23 devstack cinder-volume[86675]: DEBUG oslo_concurrency.processutils [None req-d998a36a-72a5-44e0-9e0e-f079621edec7 tempest-ServerActionsTestOtherA-251883115 None] Running cmd (subprocess): sudo cinder-rootwrap /etc/cinder/rootwrap.conf rm -f /opt/stack/data/cinder/mnt/0c29ab715cb1821c374113206f85ae6f/volume-f6e90e4d-6bd6-45eb-8dd8-4e9496c24d56 {{(pid=86675) execute /opt/stack/data/venv/lib/python3.12/site-packages/oslo_concurrency/processutils.py:440}}
Jun 08 12:18:23 devstack sudo[91702]: quobyte : PWD=/ ; USER=root ; COMMAND=/opt/stack/data/venv/bin/cinder-rootwrap /etc/cinder/rootwrap.conf rm -f /opt/stack/data/cinder/mnt/0c29ab715cb1821c374113206f85ae6f/volume-f6e90e4d-6bd6-45eb-8dd8-4e9496c24d56
Jun 08 12:18:23 devstack sudo[91702]: pam_unix(sudo:session): session opened for user root(uid=0) by (uid=1000)
Jun 08 12:18:25 devstack sudo[91702]: pam_unix(sudo:session): session closed for user root
Jun 08 12:18:25 devstack cinder-volume[86675]: DEBUG oslo_concurrency.processutils [None req-d998a36a-72a5-44e0-9e0e-f079621edec7 tempest-ServerActionsTestOtherA-251883115 None] CMD "sudo cinder-rootwrap /etc/cinder/rootwrap.conf rm -f /opt/stack/data/cinder/mnt/0c29ab715cb1821c374113206f85ae6f/volume-f6e90e4d-6bd6-45eb-8dd8-4e9496c24d56" returned: 0 in 1.271s {{(pid=86675) execute /opt/stack/data/venv/lib/python3.12/site-packages/oslo_concurrency/processutils.py:468}}
Jun 08 12:18:25 devstack cinder-volume[86675]: DEBUG cinder.coordination [None req-d998a36a-72a5-44e0-9e0e-f079621edec7 tempest-ServerActionsTestOtherA-251883115 None] Lock "cinder-quobyte-f6e90e4d-6bd6-45eb-8dd8-4e9496c24d56" released by "delete_volume" :: held 3.218s {{(pid=86675) __release /opt/stack/cinder/cinder/coordination.py:152}}
Jun 08 12:18:25 devstack sudo[91680]: pam_unix(sudo:session): session closed for user root
Jun 08 12:18:25 devstack cinder-volume[86675]: DEBUG oslo_concurrency.processutils [None req-6fadefeb-a61d-45e3-91d6-c8ed04c10251 tempest-VolumesDeleteCascade-1006813013 None] CMD "/opt/stack/data/venv/bin/python3.12 -m oslo_concurrency.prlimit --as=1073741824 --cpu=60 -- sudo cinder-rootwrap /etc/cinder/rootwrap.conf env LC_ALL=C qemu-img info -f qcow2 --output=json --force-share /opt/stack/data/cinder/mnt/0c29ab715cb1821c374113206f85ae6f/volume-8e02764b-0820-49e5-a455-105b4becf9ba" returned: 0 in 2.163s {{(pid=86675) execute /opt/stack/data/venv/lib/python3.12/site-packages/oslo_concurrency/processutils.py:468}}
Jun 08 12:18:25 devstack cinder-volume[86675]: DEBUG oslo_concurrency.processutils [None req-6fadefeb-a61d-45e3-91d6-c8ed04c10251 tempest-VolumesDeleteCascade-1006813013 None] Running cmd (subprocess): sudo cinder-rootwrap /etc/cinder/rootwrap.conf qemu-img commit -d /opt/stack/data/cinder/mnt/0c29ab715cb1821c374113206f85ae6f/volume-8e02764b-0820-49e5-a455-105b4becf9ba.ad54517e-d015-4091-8050-e7f061a66f7e {{(pid=86675) execute /opt/stack/data/venv/lib/python3.12/site-packages/oslo_concurrency/processutils.py:440}}
Jun 08 12:18:25 devstack sudo[91739]: quobyte : PWD=/ ; USER=root ; COMMAND=/opt/stack/data/venv/bin/cinder-rootwrap /etc/cinder/rootwrap.conf qemu-img commit -d /opt/stack/data/cinder/mnt/0c29ab715cb1821c374113206f85ae6f/volume-8e02764b-0820-49e5-a455-105b4becf9ba.ad54517e-d015-4091-8050-e7f061a66f7e
Jun 08 12:18:25 devstack sudo[91739]: pam_unix(sudo:session): session opened for user root(uid=0) by (uid=1000)
Jun 08 12:18:25 devstack cinder-volume[86675]: DEBUG cinder.quota [None req-d998a36a-72a5-44e0-9e0e-f079621edec7 tempest-ServerActionsTestOtherA-251883115 None] Created reservations ['b18dba8c-ae73-42a9-a625-cdf83dad1d0d', '37a00762-580d-4f98-8fdb-ec52b9891155', '59184013-2b42-4dd2-b70c-74fe28c75d89', '7fa81b9a-88d1-4fe1-9fd9-f2d54bf639ba'] {{(pid=86675) reserve /opt/stack/cinder/cinder/quota.py:752}}
Jun 08 12:18:25 devstack cinder-volume[86675]: DEBUG oslo_concurrency.lockutils [None req-d998a36a-72a5-44e0-9e0e-f079621edec7 tempest-ServerActionsTestOtherA-251883115 None] Acquiring lock "quobyte_ensure" by "cinder.volume.drivers.quobyte.QuobyteDriver._ensure_shares_mounted" {{(pid=86675) inner /opt/stack/data/venv/lib/python3.12/site-packages/oslo_concurrency/lockutils.py:506}}
Jun 08 12:18:25 devstack cinder-volume[86675]: DEBUG oslo_concurrency.lockutils [None req-d998a36a-72a5-44e0-9e0e-f079621edec7 tempest-ServerActionsTestOtherA-251883115 None] Lock "quobyte_ensure" acquired by "cinder.volume.drivers.quobyte.QuobyteDriver._ensure_shares_mounted" :: waited 0.001s {{(pid=86675) inner /opt/stack/data/venv/lib/python3.12/site-packages/oslo_concurrency/lockutils.py:519}}
Jun 08 12:18:25 devstack cinder-volume[86675]: DEBUG cinder.volume.drivers.quobyte [None req-d998a36a-72a5-44e0-9e0e-f079621edec7 tempest-ServerActionsTestOtherA-251883115 None] Quobyte Volume URL set to: {'osci02.corp.quobyte.com/cinder-vol-946810c0-b6d2-4c8a-b9ba-c077ad72d36b': None} {{(pid=86675) _load_shares_config /opt/stack/cinder/cinder/volume/drivers/quobyte.py:617}}
Jun 08 12:18:25 devstack cinder-volume[86675]: DEBUG cinder.volume.drivers.quobyte [None req-d998a36a-72a5-44e0-9e0e-f079621edec7 tempest-ServerActionsTestOtherA-251883115 None] Available shares ['osci02.corp.quobyte.com/cinder-vol-946810c0-b6d2-4c8a-b9ba-c077ad72d36b'] {{(pid=86675) _ensure_shares_mounted /opt/stack/cinder/cinder/volume/drivers/quobyte.py:647}}
Jun 08 12:18:25 devstack cinder-volume[86675]: DEBUG oslo_concurrency.lockutils [None req-d998a36a-72a5-44e0-9e0e-f079621edec7 tempest-ServerActionsTestOtherA-251883115 None] Lock "quobyte_ensure" "released" by "cinder.volume.drivers.quobyte.QuobyteDriver._ensure_shares_mounted" :: held 0.029s {{(pid=86675) inner /opt/stack/data/venv/lib/python3.12/site-packages/oslo_concurrency/lockutils.py:538}}
Jun 08 12:18:25 devstack cinder-volume[86675]: DEBUG oslo_concurrency.processutils [None req-d998a36a-72a5-44e0-9e0e-f079621edec7 tempest-ServerActionsTestOtherA-251883115 None] Running cmd (subprocess): sudo cinder-rootwrap /etc/cinder/rootwrap.conf df --portability --block-size 1 /opt/stack/data/cinder/mnt/0c29ab715cb1821c374113206f85ae6f {{(pid=86675) execute /opt/stack/data/venv/lib/python3.12/site-packages/oslo_concurrency/processutils.py:440}}
Jun 08 12:18:25 devstack sudo[91741]: quobyte : PWD=/ ; USER=root ; COMMAND=/opt/stack/data/venv/bin/cinder-rootwrap /etc/cinder/rootwrap.conf df --portability --block-size 1 /opt/stack/data/cinder/mnt/0c29ab715cb1821c374113206f85ae6f
Jun 08 12:18:25 devstack sudo[91741]: pam_unix(sudo:session): session opened for user root(uid=0) by (uid=1000)
Jun 08 12:18:26 devstack sudo[91741]: pam_unix(sudo:session): session closed for user root
Jun 08 12:18:26 devstack cinder-volume[86675]: DEBUG oslo_concurrency.processutils [None req-d998a36a-72a5-44e0-9e0e-f079621edec7 tempest-ServerActionsTestOtherA-251883115 None] CMD "sudo cinder-rootwrap /etc/cinder/rootwrap.conf df --portability --block-size 1 /opt/stack/data/cinder/mnt/0c29ab715cb1821c374113206f85ae6f" returned: 0 in 1.345s {{(pid=86675) execute /opt/stack/data/venv/lib/python3.12/site-packages/oslo_concurrency/processutils.py:468}}
Jun 08 12:18:26 devstack cinder-volume[86675]: DEBUG cinder.manager [None req-d998a36a-72a5-44e0-9e0e-f079621edec7 tempest-ServerActionsTestOtherA-251883115 None] Notifying Schedulers of capabilities ... {{(pid=86675) _publish_service_capabilities /opt/stack/cinder/cinder/manager.py:219}}
Jun 08 12:18:26 devstack cinder-volume[86675]: INFO cinder.volume.manager [None req-d998a36a-72a5-44e0-9e0e-f079621edec7 tempest-ServerActionsTestOtherA-251883115 None] Deleted volume successfully.
Jun 08 12:18:27 devstack sudo[91739]: pam_unix(sudo:session): session closed for user root
Jun 08 12:18:27 devstack cinder-volume[86675]: DEBUG cinder.coordination [None req-d998a36a-72a5-44e0-9e0e-f079621edec7 tempest-ServerActionsTestOtherA-251883115 None] Lock "cinder-f6e90e4d-6bd6-45eb-8dd8-4e9496c24d56-delete_volume" released by "delete_volume" :: held 5.103s {{(pid=86675) __release /opt/stack/cinder/cinder/coordination.py:152}}
Jun 08 12:18:27 devstack cinder-volume[86675]: DEBUG oslo_concurrency.processutils [None req-6fadefeb-a61d-45e3-91d6-c8ed04c10251 tempest-VolumesDeleteCascade-1006813013 None] CMD "sudo cinder-rootwrap /etc/cinder/rootwrap.conf qemu-img commit -d /opt/stack/data/cinder/mnt/0c29ab715cb1821c374113206f85ae6f/volume-8e02764b-0820-49e5-a455-105b4becf9ba.ad54517e-d015-4091-8050-e7f061a66f7e" returned: 0 in 1.734s {{(pid=86675) execute /opt/stack/data/venv/lib/python3.12/site-packages/oslo_concurrency/processutils.py:468}}
Jun 08 12:18:27 devstack cinder-volume[86675]: DEBUG oslo_concurrency.processutils [None req-6fadefeb-a61d-45e3-91d6-c8ed04c10251 tempest-VolumesDeleteCascade-1006813013 None] Running cmd (subprocess): sudo cinder-rootwrap /etc/cinder/rootwrap.conf rm -f /opt/stack/data/cinder/mnt/0c29ab715cb1821c374113206f85ae6f/volume-8e02764b-0820-49e5-a455-105b4becf9ba.ad54517e-d015-4091-8050-e7f061a66f7e {{(pid=86675) execute /opt/stack/data/venv/lib/python3.12/site-packages/oslo_concurrency/processutils.py:440}}
Jun 08 12:18:27 devstack sudo[91762]: quobyte : PWD=/ ; USER=root ; COMMAND=/opt/stack/data/venv/bin/cinder-rootwrap /etc/cinder/rootwrap.conf rm -f /opt/stack/data/cinder/mnt/0c29ab715cb1821c374113206f85ae6f/volume-8e02764b-0820-49e5-a455-105b4becf9ba.ad54517e-d015-4091-8050-e7f061a66f7e
Jun 08 12:18:27 devstack sudo[91762]: pam_unix(sudo:session): session opened for user root(uid=0) by (uid=1000)
Jun 08 12:18:28 devstack sudo[91762]: pam_unix(sudo:session): session closed for user root
Jun 08 12:18:28 devstack cinder-volume[86675]: DEBUG oslo_concurrency.processutils [None req-6fadefeb-a61d-45e3-91d6-c8ed04c10251 tempest-VolumesDeleteCascade-1006813013 None] CMD "sudo cinder-rootwrap /etc/cinder/rootwrap.conf rm -f /opt/stack/data/cinder/mnt/0c29ab715cb1821c374113206f85ae6f/volume-8e02764b-0820-49e5-a455-105b4becf9ba.ad54517e-d015-4091-8050-e7f061a66f7e" returned: 0 in 1.429s {{(pid=86675) execute /opt/stack/data/venv/lib/python3.12/site-packages/oslo_concurrency/processutils.py:468}}
Jun 08 12:18:28 devstack cinder-volume[86675]: DEBUG cinder.coordination [None req-6fadefeb-a61d-45e3-91d6-c8ed04c10251 tempest-VolumesDeleteCascade-1006813013 None] Lock "cinder-quobyte-ad54517e-d015-4091-8050-e7f061a66f7e" released by "_delete_snapshot" :: held 6.920s {{(pid=86675) __release /opt/stack/cinder/cinder/coordination.py:152}}
Jun 08 12:18:28 devstack cinder-volume[86675]: DEBUG cinder.coordination [None req-6fadefeb-a61d-45e3-91d6-c8ed04c10251 tempest-VolumesDeleteCascade-1006813013 None] Lock "cinder-quobyte-8e02764b-0820-49e5-a455-105b4becf9ba" released by "delete_snapshot" :: held 6.962s {{(pid=86675) __release /opt/stack/cinder/cinder/coordination.py:152}}
Jun 08 12:18:28 devstack cinder-volume[86675]: DEBUG cinder.quota [None req-6fadefeb-a61d-45e3-91d6-c8ed04c10251 tempest-VolumesDeleteCascade-1006813013 None] Created reservations ['84de2b1c-68a9-4bce-a1fb-212afee1fabe', '424ef096-a588-4fb5-9945-7b15275fcfa8', 'b8bcc51d-46b5-4bbf-bb78-88e7ca1e0259', '106badd2-8743-4dc3-a036-1135d3d05b83'] {{(pid=86675) reserve /opt/stack/cinder/cinder/quota.py:752}}
Jun 08 12:18:28 devstack cinder-volume[86675]: INFO cinder.volume.manager [None req-6fadefeb-a61d-45e3-91d6-c8ed04c10251 tempest-VolumesDeleteCascade-1006813013 None] Delete snapshot completed successfully.
Jun 08 12:18:28 devstack cinder-volume[86675]: DEBUG cinder.coordination [None req-6fadefeb-a61d-45e3-91d6-c8ed04c10251 tempest-VolumesDeleteCascade-1006813013 None] Lock "cinder-ad54517e-d015-4091-8050-e7f061a66f7e-delete_snapshot" released by "delete_snapshot" :: held 7.185s {{(pid=86675) __release /opt/stack/cinder/cinder/coordination.py:152}}
Jun 08 12:18:28 devstack cinder-volume[86675]: DEBUG cinder.volume.manager [None req-6fadefeb-a61d-45e3-91d6-c8ed04c10251 tempest-VolumesDeleteCascade-1006813013 None] Snapshots deleted, issuing volume delete {{(pid=86675) delete_volume /opt/stack/cinder/cinder/volume/manager.py:1011}}
Jun 08 12:18:28 devstack cinder-volume[86675]: DEBUG cinder.coordination [None req-6fadefeb-a61d-45e3-91d6-c8ed04c10251 tempest-VolumesDeleteCascade-1006813013 None] Acquiring lock "cinder-quobyte-8e02764b-0820-49e5-a455-105b4becf9ba" by "delete_volume" {{(pid=86675) __acquire /opt/stack/cinder/cinder/coordination.py:138}}
Jun 08 12:18:28 devstack cinder-volume[86675]: DEBUG cinder.coordination [None req-6fadefeb-a61d-45e3-91d6-c8ed04c10251 tempest-VolumesDeleteCascade-1006813013 None] Lock "cinder-quobyte-8e02764b-0820-49e5-a455-105b4becf9ba" acquired by "delete_volume" :: waited 0.020s {{(pid=86675) __acquire /opt/stack/cinder/cinder/coordination.py:141}}
Jun 08 12:18:28 devstack cinder-volume[86675]: DEBUG oslo.privsep.daemon [-] privsep: reply[15b73851-1744-4509-91e2-8ac2bf1e9002]: (4, 'qcow2') {{(pid=87589) _call_back /opt/stack/data/venv/lib/python3.12/site-packages/oslo_privsep/daemon.py:573}}
Jun 08 12:18:28 devstack cinder-volume[86675]: DEBUG oslo_concurrency.processutils [None req-6fadefeb-a61d-45e3-91d6-c8ed04c10251 tempest-VolumesDeleteCascade-1006813013 None] Running cmd (subprocess): /opt/stack/data/venv/bin/python3.12 -m oslo_concurrency.prlimit --as=1073741824 --cpu=60 -- sudo cinder-rootwrap /etc/cinder/rootwrap.conf env LC_ALL=C qemu-img info -f qcow2 --output=json --force-share /opt/stack/data/cinder/mnt/0c29ab715cb1821c374113206f85ae6f/volume-8e02764b-0820-49e5-a455-105b4becf9ba {{(pid=86675) execute /opt/stack/data/venv/lib/python3.12/site-packages/oslo_concurrency/processutils.py:440}}
Jun 08 12:18:28 devstack sudo[91829]: quobyte : PWD=/ ; USER=root ; COMMAND=/opt/stack/data/venv/bin/cinder-rootwrap /etc/cinder/rootwrap.conf env LC_ALL=C qemu-img info -f qcow2 --output=json --force-share /opt/stack/data/cinder/mnt/0c29ab715cb1821c374113206f85ae6f/volume-8e02764b-0820-49e5-a455-105b4becf9ba
Jun 08 12:18:28 devstack sudo[91829]: pam_unix(sudo:session): session opened for user root(uid=0) by (uid=1000)
Jun 08 12:18:29 devstack sudo[91829]: pam_unix(sudo:session): session closed for user root
Jun 08 12:18:29 devstack cinder-volume[86675]: DEBUG oslo_concurrency.processutils [None req-6fadefeb-a61d-45e3-91d6-c8ed04c10251 tempest-VolumesDeleteCascade-1006813013 None] CMD "/opt/stack/data/venv/bin/python3.12 -m oslo_concurrency.prlimit --as=1073741824 --cpu=60 -- sudo cinder-rootwrap /etc/cinder/rootwrap.conf env LC_ALL=C qemu-img info -f qcow2 --output=json --force-share /opt/stack/data/cinder/mnt/0c29ab715cb1821c374113206f85ae6f/volume-8e02764b-0820-49e5-a455-105b4becf9ba" returned: 0 in 1.016s {{(pid=86675) execute /opt/stack/data/venv/lib/python3.12/site-packages/oslo_concurrency/processutils.py:468}}
Jun 08 12:18:29 devstack cinder-volume[86675]: DEBUG oslo_concurrency.processutils [None req-6fadefeb-a61d-45e3-91d6-c8ed04c10251 tempest-VolumesDeleteCascade-1006813013 None] Running cmd (subprocess): sudo cinder-rootwrap /etc/cinder/rootwrap.conf rm -f /opt/stack/data/cinder/mnt/0c29ab715cb1821c374113206f85ae6f/volume-8e02764b-0820-49e5-a455-105b4becf9ba {{(pid=86675) execute /opt/stack/data/venv/lib/python3.12/site-packages/oslo_concurrency/processutils.py:440}}
Jun 08 12:18:29 devstack sudo[91836]: quobyte : PWD=/ ; USER=root ; COMMAND=/opt/stack/data/venv/bin/cinder-rootwrap /etc/cinder/rootwrap.conf rm -f /opt/stack/data/cinder/mnt/0c29ab715cb1821c374113206f85ae6f/volume-8e02764b-0820-49e5-a455-105b4becf9ba
Jun 08 12:18:29 devstack sudo[91836]: pam_unix(sudo:session): session opened for user root(uid=0) by (uid=1000)
Jun 08 12:18:30 devstack sudo[91836]: pam_unix(sudo:session): session closed for user root
Jun 08 12:18:30 devstack cinder-volume[86675]: DEBUG oslo_concurrency.processutils [None req-6fadefeb-a61d-45e3-91d6-c8ed04c10251 tempest-VolumesDeleteCascade-1006813013 None] CMD "sudo cinder-rootwrap /etc/cinder/rootwrap.conf rm -f /opt/stack/data/cinder/mnt/0c29ab715cb1821c374113206f85ae6f/volume-8e02764b-0820-49e5-a455-105b4becf9ba" returned: 0 in 0.678s {{(pid=86675) execute /opt/stack/data/venv/lib/python3.12/site-packages/oslo_concurrency/processutils.py:468}}
Jun 08 12:18:30 devstack cinder-volume[86675]: DEBUG cinder.coordination [None req-6fadefeb-a61d-45e3-91d6-c8ed04c10251 tempest-VolumesDeleteCascade-1006813013 None] Lock "cinder-quobyte-8e02764b-0820-49e5-a455-105b4becf9ba" released by "delete_volume" :: held 1.774s {{(pid=86675) __release /opt/stack/cinder/cinder/coordination.py:152}}
Jun 08 12:18:30 devstack cinder-volume[86675]: DEBUG cinder.quota [None req-6fadefeb-a61d-45e3-91d6-c8ed04c10251 tempest-VolumesDeleteCascade-1006813013 None] Created reservations ['235d6a25-48a2-45c5-90b0-36dc9d856d16', '4df60ed6-4695-4ed5-8e0b-e25a2e979239', 'bee23888-dc31-4869-beaa-931a854f330f', '4926a21e-cfd5-4a14-aa64-fe5ac6363a31'] {{(pid=86675) reserve /opt/stack/cinder/cinder/quota.py:752}}
Jun 08 12:18:30 devstack cinder-volume[86675]: DEBUG oslo_concurrency.lockutils [None req-6fadefeb-a61d-45e3-91d6-c8ed04c10251 tempest-VolumesDeleteCascade-1006813013 None] Acquiring lock "quobyte_ensure" by "cinder.volume.drivers.quobyte.QuobyteDriver._ensure_shares_mounted" {{(pid=86675) inner /opt/stack/data/venv/lib/python3.12/site-packages/oslo_concurrency/lockutils.py:506}}
Jun 08 12:18:30 devstack cinder-volume[86675]: DEBUG oslo_concurrency.lockutils [None req-6fadefeb-a61d-45e3-91d6-c8ed04c10251 tempest-VolumesDeleteCascade-1006813013 None] Lock "quobyte_ensure" acquired by "cinder.volume.drivers.quobyte.QuobyteDriver._ensure_shares_mounted" :: waited 0.001s {{(pid=86675) inner /opt/stack/data/venv/lib/python3.12/site-packages/oslo_concurrency/lockutils.py:519}}
Jun 08 12:18:30 devstack cinder-volume[86675]: DEBUG cinder.volume.drivers.quobyte [None req-6fadefeb-a61d-45e3-91d6-c8ed04c10251 tempest-VolumesDeleteCascade-1006813013 None] Quobyte Volume URL set to: {'osci02.corp.quobyte.com/cinder-vol-946810c0-b6d2-4c8a-b9ba-c077ad72d36b': None} {{(pid=86675) _load_shares_config /opt/stack/cinder/cinder/volume/drivers/quobyte.py:617}}
Jun 08 12:18:30 devstack cinder-volume[86675]: DEBUG cinder.volume.drivers.quobyte [None req-6fadefeb-a61d-45e3-91d6-c8ed04c10251 tempest-VolumesDeleteCascade-1006813013 None] Available shares ['osci02.corp.quobyte.com/cinder-vol-946810c0-b6d2-4c8a-b9ba-c077ad72d36b'] {{(pid=86675) _ensure_shares_mounted /opt/stack/cinder/cinder/volume/drivers/quobyte.py:647}}
Jun 08 12:18:30 devstack cinder-volume[86675]: DEBUG oslo_concurrency.lockutils [None req-6fadefeb-a61d-45e3-91d6-c8ed04c10251 tempest-VolumesDeleteCascade-1006813013 None] Lock "quobyte_ensure" "released" by "cinder.volume.drivers.quobyte.QuobyteDriver._ensure_shares_mounted" :: held 0.011s {{(pid=86675) inner /opt/stack/data/venv/lib/python3.12/site-packages/oslo_concurrency/lockutils.py:538}}
Jun 08 12:18:30 devstack cinder-volume[86675]: DEBUG oslo_concurrency.processutils [None req-6fadefeb-a61d-45e3-91d6-c8ed04c10251 tempest-VolumesDeleteCascade-1006813013 None] Running cmd (subprocess): sudo cinder-rootwrap /etc/cinder/rootwrap.conf df --portability --block-size 1 /opt/stack/data/cinder/mnt/0c29ab715cb1821c374113206f85ae6f {{(pid=86675) execute /opt/stack/data/venv/lib/python3.12/site-packages/oslo_concurrency/processutils.py:440}}
Jun 08 12:18:30 devstack sudo[91839]: quobyte : PWD=/ ; USER=root ; COMMAND=/opt/stack/data/venv/bin/cinder-rootwrap /etc/cinder/rootwrap.conf df --portability --block-size 1 /opt/stack/data/cinder/mnt/0c29ab715cb1821c374113206f85ae6f
Jun 08 12:18:30 devstack sudo[91839]: pam_unix(sudo:session): session opened for user root(uid=0) by (uid=1000)
Jun 08 12:18:31 devstack sudo[91839]: pam_unix(sudo:session): session closed for user root
Jun 08 12:18:31 devstack cinder-volume[86675]: DEBUG oslo_concurrency.processutils [None req-6fadefeb-a61d-45e3-91d6-c8ed04c10251 tempest-VolumesDeleteCascade-1006813013 None] CMD "sudo cinder-rootwrap /etc/cinder/rootwrap.conf df --portability --block-size 1 /opt/stack/data/cinder/mnt/0c29ab715cb1821c374113206f85ae6f" returned: 0 in 0.720s {{(pid=86675) execute /opt/stack/data/venv/lib/python3.12/site-packages/oslo_concurrency/processutils.py:468}}
Jun 08 12:18:31 devstack cinder-volume[86675]: DEBUG cinder.manager [None req-6fadefeb-a61d-45e3-91d6-c8ed04c10251 tempest-VolumesDeleteCascade-1006813013 None] Notifying Schedulers of capabilities ... {{(pid=86675) _publish_service_capabilities /opt/stack/cinder/cinder/manager.py:219}}
Jun 08 12:18:31 devstack cinder-volume[86675]: INFO cinder.volume.manager [None req-6fadefeb-a61d-45e3-91d6-c8ed04c10251 tempest-VolumesDeleteCascade-1006813013 None] Deleted volume successfully.
