Feb 20 16:57:54 devstack cinder-volume[82225]: DEBUG oslo_concurrency.processutils [None req-73198caf-a659-45ba-8507-d2a4588a614b tempest-VolumeSnapshotQuotasNegativeTestJSON-811325737 None] Running cmd (subprocess): sudo cinder-rootwrap /etc/cinder/rootwrap.conf df --portability --block-size 1 /opt/stack/data/cinder/mnt/fcfde892221eefb4a1ffed1e2ca1bf2b {{(pid=82225) execute /opt/stack/data/venv/lib/python3.10/site-packages/oslo_concurrency/processutils.py:368}}
Feb 20 16:57:54 devstack sudo[85335]: quobyte : PWD=/ ; USER=root ; COMMAND=/opt/stack/data/venv/bin/cinder-rootwrap /etc/cinder/rootwrap.conf df --portability --block-size 1 /opt/stack/data/cinder/mnt/fcfde892221eefb4a1ffed1e2ca1bf2b
Feb 20 16:57:54 devstack sudo[85335]: pam_unix(sudo:session): session opened for user root(uid=0) by (uid=1000)
Feb 20 16:57:54 devstack sudo[85335]: pam_unix(sudo:session): session closed for user root
Feb 20 16:57:54 devstack cinder-volume[82225]: DEBUG oslo_concurrency.processutils [None req-73198caf-a659-45ba-8507-d2a4588a614b tempest-VolumeSnapshotQuotasNegativeTestJSON-811325737 None] CMD "sudo cinder-rootwrap /etc/cinder/rootwrap.conf df --portability --block-size 1 /opt/stack/data/cinder/mnt/fcfde892221eefb4a1ffed1e2ca1bf2b" returned: 0 in 0.496s {{(pid=82225) execute /opt/stack/data/venv/lib/python3.10/site-packages/oslo_concurrency/processutils.py:396}}
Feb 20 16:57:54 devstack cinder-volume[82225]: DEBUG cinder.manager [None req-73198caf-a659-45ba-8507-d2a4588a614b tempest-VolumeSnapshotQuotasNegativeTestJSON-811325737 None] Notifying Schedulers of capabilities ... {{(pid=82225) _publish_service_capabilities /opt/stack/cinder/cinder/manager.py:202}}
Feb 20 16:57:54 devstack cinder-volume[82225]: INFO cinder.volume.manager [None req-73198caf-a659-45ba-8507-d2a4588a614b tempest-VolumeSnapshotQuotasNegativeTestJSON-811325737 None] Deleted volume successfully.
Feb 20 16:57:54 devstack cinder-volume[82225]: DEBUG cinder.coordination [None req-73198caf-a659-45ba-8507-d2a4588a614b tempest-VolumeSnapshotQuotasNegativeTestJSON-811325737 None] Lock "cinder-12fa6e62-104b-48fb-9d0e-46dce7e54886-delete_volume" released by "delete_volume" :: held 1.567s {{(pid=82225) __release /opt/stack/cinder/cinder/coordination.py:157}}
Feb 20 16:57:55 devstack cinder-volume[82225]: INFO cinder.volume.manager [None req-6e87490d-ffd3-4d61-86b0-e2125c55f6ea tempest-GroupSnapshotsTest-1534370126 None] GroupSnapshot 947980cd-3989-4421-a55a-0b51851f605a: creating.
Feb 20 16:57:55 devstack cinder-volume[82225]: WARNING cinder.volume.volume_utils [None req-6e87490d-ffd3-4d61-86b0-e2125c55f6ea tempest-GroupSnapshotsTest-1534370126 None] Volume driver (QuobyteDriver 1.1.15) is currently unsupported and may be removed in the next release of OpenStack. Use at your own risk.
Feb 20 16:57:55 devstack cinder-volume[82225]: DEBUG cinder.volume.manager [None req-6e87490d-ffd3-4d61-86b0-e2125c55f6ea tempest-GroupSnapshotsTest-1534370126 None] Group snapshot 947980cd-3989-4421-a55a-0b51851f605a: creating. {{(pid=82225) create_group_snapshot /opt/stack/cinder/cinder/volume/manager.py:4144}}
Feb 20 16:57:55 devstack cinder-volume[82225]: DEBUG oslo_concurrency.lockutils [None req-6e87490d-ffd3-4d61-86b0-e2125c55f6ea tempest-GroupSnapshotsTest-1534370126 None] Acquiring lock "quobyte" by "cinder.volume.drivers.quobyte.QuobyteDriver.create_snapshot" {{(pid=82225) inner /opt/stack/data/venv/lib/python3.10/site-packages/oslo_concurrency/lockutils.py:506}}
Feb 20 16:57:55 devstack cinder-volume[82225]: DEBUG oslo_concurrency.lockutils [None req-6e87490d-ffd3-4d61-86b0-e2125c55f6ea tempest-GroupSnapshotsTest-1534370126 None] Lock "quobyte" acquired by "cinder.volume.drivers.quobyte.QuobyteDriver.create_snapshot" :: waited 0.001s {{(pid=82225) inner /opt/stack/data/venv/lib/python3.10/site-packages/oslo_concurrency/lockutils.py:519}}
Feb 20 16:57:55 devstack cinder-volume[82225]: DEBUG cinder.volume.drivers.remotefs [None req-6e87490d-ffd3-4d61-86b0-e2125c55f6ea tempest-GroupSnapshotsTest-1534370126 None] Creating offline snapshot 3d7efa7d-ae56-4e38-b4f7-e313a812a4f8 of volume 1b5e14f0-d635-45d9-a001-f8fe2d13a92a {{(pid=82225) _create_snapshot /opt/stack/cinder/cinder/volume/drivers/remotefs.py:1817}}
Feb 20 16:57:55 devstack cinder-volume[82225]: DEBUG oslo.privsep.daemon [-] privsep: reply[7bd2c68d-df37-4f78-be26-05dc4a729de1]: (4, 'qcow2') {{(pid=82879) _call_back /opt/stack/data/venv/lib/python3.10/site-packages/oslo_privsep/daemon.py:573}}
Feb 20 16:57:55 devstack cinder-volume[82225]: DEBUG oslo_concurrency.processutils [None req-6e87490d-ffd3-4d61-86b0-e2125c55f6ea tempest-GroupSnapshotsTest-1534370126 None] Running cmd (subprocess): /opt/stack/data/venv/bin/python3.10 -m oslo_concurrency.prlimit --as=1073741824 --cpu=60 -- sudo cinder-rootwrap /etc/cinder/rootwrap.conf env LC_ALL=C qemu-img info -f qcow2 --output=json --force-share /opt/stack/data/cinder/mnt/fcfde892221eefb4a1ffed1e2ca1bf2b/volume-1b5e14f0-d635-45d9-a001-f8fe2d13a92a {{(pid=82225) execute /opt/stack/data/venv/lib/python3.10/site-packages/oslo_concurrency/processutils.py:368}}
Feb 20 16:57:55 devstack sudo[85338]: quobyte : PWD=/ ; USER=root ; COMMAND=/opt/stack/data/venv/bin/cinder-rootwrap /etc/cinder/rootwrap.conf env LC_ALL=C qemu-img info -f qcow2 --output=json --force-share /opt/stack/data/cinder/mnt/fcfde892221eefb4a1ffed1e2ca1bf2b/volume-1b5e14f0-d635-45d9-a001-f8fe2d13a92a
Feb 20 16:57:55 devstack sudo[85338]: pam_unix(sudo:session): session opened for user root(uid=0) by (uid=1000)
Feb 20 16:57:55 devstack sudo[85338]: pam_unix(sudo:session): session closed for user root
Feb 20 16:57:55 devstack cinder-volume[82225]: DEBUG oslo_concurrency.processutils [None req-6e87490d-ffd3-4d61-86b0-e2125c55f6ea tempest-GroupSnapshotsTest-1534370126 None] CMD "/opt/stack/data/venv/bin/python3.10 -m oslo_concurrency.prlimit --as=1073741824 --cpu=60 -- sudo cinder-rootwrap /etc/cinder/rootwrap.conf env LC_ALL=C qemu-img info -f qcow2 --output=json --force-share /opt/stack/data/cinder/mnt/fcfde892221eefb4a1ffed1e2ca1bf2b/volume-1b5e14f0-d635-45d9-a001-f8fe2d13a92a" returned: 0 in 0.611s {{(pid=82225) execute /opt/stack/data/venv/lib/python3.10/site-packages/oslo_concurrency/processutils.py:396}}
Feb 20 16:57:55 devstack cinder-volume[82225]: DEBUG oslo_concurrency.processutils [None req-6e87490d-ffd3-4d61-86b0-e2125c55f6ea tempest-GroupSnapshotsTest-1534370126 None] Running cmd (subprocess): sudo cinder-rootwrap /etc/cinder/rootwrap.conf qemu-img create -f qcow2 -o backing_file=/opt/stack/data/cinder/mnt/fcfde892221eefb4a1ffed1e2ca1bf2b/volume-1b5e14f0-d635-45d9-a001-f8fe2d13a92a,backing_fmt=qcow2 /opt/stack/data/cinder/mnt/fcfde892221eefb4a1ffed1e2ca1bf2b/volume-1b5e14f0-d635-45d9-a001-f8fe2d13a92a.3d7efa7d-ae56-4e38-b4f7-e313a812a4f8 1G {{(pid=82225) execute /opt/stack/data/venv/lib/python3.10/site-packages/oslo_concurrency/processutils.py:368}}
Feb 20 16:57:55 devstack sudo[85343]: quobyte : PWD=/ ; USER=root ; COMMAND=/opt/stack/data/venv/bin/cinder-rootwrap /etc/cinder/rootwrap.conf qemu-img create -f qcow2 -o backing_file=/opt/stack/data/cinder/mnt/fcfde892221eefb4a1ffed1e2ca1bf2b/volume-1b5e14f0-d635-45d9-a001-f8fe2d13a92a,backing_fmt=qcow2 /opt/stack/data/cinder/mnt/fcfde892221eefb4a1ffed1e2ca1bf2b/volume-1b5e14f0-d635-45d9-a001-f8fe2d13a92a.3d7efa7d-ae56-4e38-b4f7-e313a812a4f8 1G
Feb 20 16:57:55 devstack sudo[85343]: pam_unix(sudo:session): session opened for user root(uid=0) by (uid=1000)
Feb 20 16:57:56 devstack sudo[85343]: pam_unix(sudo:session): session closed for user root
Feb 20 16:57:56 devstack cinder-volume[82225]: DEBUG oslo_concurrency.processutils [None req-6e87490d-ffd3-4d61-86b0-e2125c55f6ea tempest-GroupSnapshotsTest-1534370126 None] CMD "sudo cinder-rootwrap /etc/cinder/rootwrap.conf qemu-img create -f qcow2 -o backing_file=/opt/stack/data/cinder/mnt/fcfde892221eefb4a1ffed1e2ca1bf2b/volume-1b5e14f0-d635-45d9-a001-f8fe2d13a92a,backing_fmt=qcow2 /opt/stack/data/cinder/mnt/fcfde892221eefb4a1ffed1e2ca1bf2b/volume-1b5e14f0-d635-45d9-a001-f8fe2d13a92a.3d7efa7d-ae56-4e38-b4f7-e313a812a4f8 1G" returned: 0 in 0.586s {{(pid=82225) execute /opt/stack/data/venv/lib/python3.10/site-packages/oslo_concurrency/processutils.py:396}}
Feb 20 16:57:56 devstack cinder-volume[82225]: DEBUG oslo_concurrency.processutils [None req-6e87490d-ffd3-4d61-86b0-e2125c55f6ea tempest-GroupSnapshotsTest-1534370126 None] Running cmd (subprocess): sudo cinder-rootwrap /etc/cinder/rootwrap.conf qemu-img rebase -u -b volume-1b5e14f0-d635-45d9-a001-f8fe2d13a92a -F qcow2 /opt/stack/data/cinder/mnt/fcfde892221eefb4a1ffed1e2ca1bf2b/volume-1b5e14f0-d635-45d9-a001-f8fe2d13a92a.3d7efa7d-ae56-4e38-b4f7-e313a812a4f8 {{(pid=82225) execute /opt/stack/data/venv/lib/python3.10/site-packages/oslo_concurrency/processutils.py:368}}
Feb 20 16:57:56 devstack sudo[85348]: quobyte : PWD=/ ; USER=root ; COMMAND=/opt/stack/data/venv/bin/cinder-rootwrap /etc/cinder/rootwrap.conf qemu-img rebase -u -b volume-1b5e14f0-d635-45d9-a001-f8fe2d13a92a -F qcow2 /opt/stack/data/cinder/mnt/fcfde892221eefb4a1ffed1e2ca1bf2b/volume-1b5e14f0-d635-45d9-a001-f8fe2d13a92a.3d7efa7d-ae56-4e38-b4f7-e313a812a4f8
Feb 20 16:57:56 devstack sudo[85348]: pam_unix(sudo:session): session opened for user root(uid=0) by (uid=1000)
Feb 20 16:57:57 devstack sudo[85348]: pam_unix(sudo:session): session closed for user root
Feb 20 16:57:57 devstack cinder-volume[82225]: DEBUG oslo_concurrency.processutils [None req-6e87490d-ffd3-4d61-86b0-e2125c55f6ea tempest-GroupSnapshotsTest-1534370126 None] CMD "sudo cinder-rootwrap /etc/cinder/rootwrap.conf qemu-img rebase -u -b volume-1b5e14f0-d635-45d9-a001-f8fe2d13a92a -F qcow2 /opt/stack/data/cinder/mnt/fcfde892221eefb4a1ffed1e2ca1bf2b/volume-1b5e14f0-d635-45d9-a001-f8fe2d13a92a.3d7efa7d-ae56-4e38-b4f7-e313a812a4f8" returned: 0 in 0.549s {{(pid=82225) execute /opt/stack/data/venv/lib/python3.10/site-packages/oslo_concurrency/processutils.py:396}}
Feb 20 16:57:57 devstack cinder-volume[82225]: WARNING cinder.volume.drivers.remotefs [None req-6e87490d-ffd3-4d61-86b0-e2125c55f6ea tempest-GroupSnapshotsTest-1534370126 None] /opt/stack/data/cinder/mnt/fcfde892221eefb4a1ffed1e2ca1bf2b/volume-1b5e14f0-d635-45d9-a001-f8fe2d13a92a.3d7efa7d-ae56-4e38-b4f7-e313a812a4f8 is being set with open permissions: ugo+rw: NotImplementedError
Feb 20 16:57:57 devstack cinder-volume[82225]: DEBUG oslo_concurrency.processutils [None req-6e87490d-ffd3-4d61-86b0-e2125c55f6ea tempest-GroupSnapshotsTest-1534370126 None] Running cmd (subprocess): sudo cinder-rootwrap /etc/cinder/rootwrap.conf chmod ugo+rw /opt/stack/data/cinder/mnt/fcfde892221eefb4a1ffed1e2ca1bf2b/volume-1b5e14f0-d635-45d9-a001-f8fe2d13a92a.3d7efa7d-ae56-4e38-b4f7-e313a812a4f8 {{(pid=82225) execute /opt/stack/data/venv/lib/python3.10/site-packages/oslo_concurrency/processutils.py:368}}
Feb 20 16:57:57 devstack sudo[85353]: quobyte : PWD=/ ; USER=root ; COMMAND=/opt/stack/data/venv/bin/cinder-rootwrap /etc/cinder/rootwrap.conf chmod ugo+rw /opt/stack/data/cinder/mnt/fcfde892221eefb4a1ffed1e2ca1bf2b/volume-1b5e14f0-d635-45d9-a001-f8fe2d13a92a.3d7efa7d-ae56-4e38-b4f7-e313a812a4f8
Feb 20 16:57:57 devstack sudo[85353]: pam_unix(sudo:session): session opened for user root(uid=0) by (uid=1000)
Feb 20 16:57:57 devstack sudo[85353]: pam_unix(sudo:session): session closed for user root
Feb 20 16:57:57 devstack cinder-volume[82225]: DEBUG oslo_concurrency.processutils [None req-6e87490d-ffd3-4d61-86b0-e2125c55f6ea tempest-GroupSnapshotsTest-1534370126 None] CMD "sudo cinder-rootwrap /etc/cinder/rootwrap.conf chmod ugo+rw /opt/stack/data/cinder/mnt/fcfde892221eefb4a1ffed1e2ca1bf2b/volume-1b5e14f0-d635-45d9-a001-f8fe2d13a92a.3d7efa7d-ae56-4e38-b4f7-e313a812a4f8" returned: 0 in 0.441s {{(pid=82225) execute /opt/stack/data/venv/lib/python3.10/site-packages/oslo_concurrency/processutils.py:396}}
Feb 20 16:57:57 devstack cinder-volume[82225]: DEBUG oslo_concurrency.processutils [None req-6e87490d-ffd3-4d61-86b0-e2125c55f6ea tempest-GroupSnapshotsTest-1534370126 None] Running cmd (subprocess): sudo cinder-rootwrap /etc/cinder/rootwrap.conf truncate -s0 /opt/stack/data/cinder/mnt/fcfde892221eefb4a1ffed1e2ca1bf2b/volume-1b5e14f0-d635-45d9-a001-f8fe2d13a92a.info {{(pid=82225) execute /opt/stack/data/venv/lib/python3.10/site-packages/oslo_concurrency/processutils.py:368}}
Feb 20 16:57:57 devstack sudo[85356]: quobyte : PWD=/ ; USER=root ; COMMAND=/opt/stack/data/venv/bin/cinder-rootwrap /etc/cinder/rootwrap.conf truncate -s0 /opt/stack/data/cinder/mnt/fcfde892221eefb4a1ffed1e2ca1bf2b/volume-1b5e14f0-d635-45d9-a001-f8fe2d13a92a.info
Feb 20 16:57:57 devstack sudo[85356]: pam_unix(sudo:session): session opened for user root(uid=0) by (uid=1000)
Feb 20 16:57:57 devstack cinder-volume[82225]: WARNING cinder.volume.volume_utils [None req-bf2cc036-5bc4-4815-9aed-13a132807a10 tempest-VolumesActionsTest-2079901732 None] Volume driver (QuobyteDriver 1.1.15) is currently unsupported and may be removed in the next release of OpenStack. Use at your own risk.
Feb 20 16:57:57 devstack cinder-volume[82225]: DEBUG oslo_concurrency.lockutils [None req-bf2cc036-5bc4-4815-9aed-13a132807a10 tempest-VolumesActionsTest-2079901732 None] Acquiring lock "quobyte" by "cinder.volume.drivers.quobyte.QuobyteDriver.copy_volume_to_image" {{(pid=82225) inner /opt/stack/data/venv/lib/python3.10/site-packages/oslo_concurrency/lockutils.py:506}}
Feb 20 16:57:57 devstack sudo[85356]: pam_unix(sudo:session): session closed for user root
Feb 20 16:57:57 devstack cinder-volume[82225]: DEBUG oslo_concurrency.processutils [None req-6e87490d-ffd3-4d61-86b0-e2125c55f6ea tempest-GroupSnapshotsTest-1534370126 None] CMD "sudo cinder-rootwrap /etc/cinder/rootwrap.conf truncate -s0 /opt/stack/data/cinder/mnt/fcfde892221eefb4a1ffed1e2ca1bf2b/volume-1b5e14f0-d635-45d9-a001-f8fe2d13a92a.info" returned: 0 in 0.492s {{(pid=82225) execute /opt/stack/data/venv/lib/python3.10/site-packages/oslo_concurrency/processutils.py:396}}
Feb 20 16:57:57 devstack cinder-volume[82225]: WARNING cinder.volume.drivers.remotefs [None req-6e87490d-ffd3-4d61-86b0-e2125c55f6ea tempest-GroupSnapshotsTest-1534370126 None] /opt/stack/data/cinder/mnt/fcfde892221eefb4a1ffed1e2ca1bf2b/volume-1b5e14f0-d635-45d9-a001-f8fe2d13a92a.info is being set with open permissions: ugo+rw: NotImplementedError
Feb 20 16:57:57 devstack cinder-volume[82225]: DEBUG oslo_concurrency.processutils [None req-6e87490d-ffd3-4d61-86b0-e2125c55f6ea tempest-GroupSnapshotsTest-1534370126 None] Running cmd (subprocess): sudo cinder-rootwrap /etc/cinder/rootwrap.conf chmod ugo+rw /opt/stack/data/cinder/mnt/fcfde892221eefb4a1ffed1e2ca1bf2b/volume-1b5e14f0-d635-45d9-a001-f8fe2d13a92a.info {{(pid=82225) execute /opt/stack/data/venv/lib/python3.10/site-packages/oslo_concurrency/processutils.py:368}}
Feb 20 16:57:57 devstack sudo[85360]: quobyte : PWD=/ ; USER=root ; COMMAND=/opt/stack/data/venv/bin/cinder-rootwrap /etc/cinder/rootwrap.conf chmod ugo+rw /opt/stack/data/cinder/mnt/fcfde892221eefb4a1ffed1e2ca1bf2b/volume-1b5e14f0-d635-45d9-a001-f8fe2d13a92a.info
Feb 20 16:57:57 devstack sudo[85360]: pam_unix(sudo:session): session opened for user root(uid=0) by (uid=1000)
Feb 20 16:57:58 devstack sudo[85360]: pam_unix(sudo:session): session closed for user root
Feb 20 16:57:58 devstack cinder-volume[82225]: DEBUG oslo_concurrency.processutils [None req-6e87490d-ffd3-4d61-86b0-e2125c55f6ea tempest-GroupSnapshotsTest-1534370126 None] CMD "sudo cinder-rootwrap /etc/cinder/rootwrap.conf chmod ugo+rw /opt/stack/data/cinder/mnt/fcfde892221eefb4a1ffed1e2ca1bf2b/volume-1b5e14f0-d635-45d9-a001-f8fe2d13a92a.info" returned: 0 in 0.536s {{(pid=82225) execute /opt/stack/data/venv/lib/python3.10/site-packages/oslo_concurrency/processutils.py:396}}
Feb 20 16:57:58 devstack cinder-volume[82225]: DEBUG oslo_concurrency.lockutils [None req-6e87490d-ffd3-4d61-86b0-e2125c55f6ea tempest-GroupSnapshotsTest-1534370126 None] Lock "quobyte" "released" by "cinder.volume.drivers.quobyte.QuobyteDriver.create_snapshot" :: held 3.277s {{(pid=82225) inner /opt/stack/data/venv/lib/python3.10/site-packages/oslo_concurrency/lockutils.py:538}}
Feb 20 16:57:58 devstack cinder-volume[82225]: DEBUG oslo_concurrency.lockutils [None req-6e87490d-ffd3-4d61-86b0-e2125c55f6ea tempest-GroupSnapshotsTest-1534370126 None] Acquiring lock "quobyte" by "cinder.volume.drivers.quobyte.QuobyteDriver.create_snapshot" {{(pid=82225) inner /opt/stack/data/venv/lib/python3.10/site-packages/oslo_concurrency/lockutils.py:506}}
Feb 20 16:57:58 devstack cinder-volume[82225]: DEBUG oslo_concurrency.lockutils [None req-6e87490d-ffd3-4d61-86b0-e2125c55f6ea tempest-GroupSnapshotsTest-1534370126 None] Lock "quobyte" acquired by "cinder.volume.drivers.quobyte.QuobyteDriver.create_snapshot" :: waited 0.001s {{(pid=82225) inner /opt/stack/data/venv/lib/python3.10/site-packages/oslo_concurrency/lockutils.py:519}}
Feb 20 16:57:58 devstack cinder-volume[82225]: DEBUG cinder.volume.drivers.remotefs [None req-6e87490d-ffd3-4d61-86b0-e2125c55f6ea tempest-GroupSnapshotsTest-1534370126 None] Creating offline snapshot 95d03eb5-8403-4cca-a907-1fceca03ef18 of volume 69909acb-6cca-497e-acab-368d6654afca {{(pid=82225) _create_snapshot /opt/stack/cinder/cinder/volume/drivers/remotefs.py:1817}}
Feb 20 16:57:58 devstack cinder-volume[82225]: DEBUG oslo.privsep.daemon [-] privsep: reply[5c3592cd-887d-49d8-ba5e-947eba7fdb27]: (4, 'qcow2') {{(pid=82879) _call_back /opt/stack/data/venv/lib/python3.10/site-packages/oslo_privsep/daemon.py:573}}
Feb 20 16:57:58 devstack cinder-volume[82225]: DEBUG oslo_concurrency.processutils [None req-6e87490d-ffd3-4d61-86b0-e2125c55f6ea tempest-GroupSnapshotsTest-1534370126 None] Running cmd (subprocess): /opt/stack/data/venv/bin/python3.10 -m oslo_concurrency.prlimit --as=1073741824 --cpu=60 -- sudo cinder-rootwrap /etc/cinder/rootwrap.conf env LC_ALL=C qemu-img info -f qcow2 --output=json --force-share /opt/stack/data/cinder/mnt/fcfde892221eefb4a1ffed1e2ca1bf2b/volume-69909acb-6cca-497e-acab-368d6654afca {{(pid=82225) execute /opt/stack/data/venv/lib/python3.10/site-packages/oslo_concurrency/processutils.py:368}}
Feb 20 16:57:58 devstack sudo[85363]: quobyte : PWD=/ ; USER=root ; COMMAND=/opt/stack/data/venv/bin/cinder-rootwrap /etc/cinder/rootwrap.conf env LC_ALL=C qemu-img info -f qcow2 --output=json --force-share /opt/stack/data/cinder/mnt/fcfde892221eefb4a1ffed1e2ca1bf2b/volume-69909acb-6cca-497e-acab-368d6654afca
Feb 20 16:57:58 devstack sudo[85363]: pam_unix(sudo:session): session opened for user root(uid=0) by (uid=1000)
Feb 20 16:57:59 devstack sudo[85363]: pam_unix(sudo:session): session closed for user root
Feb 20 16:57:59 devstack cinder-volume[82225]: DEBUG oslo_concurrency.processutils [None req-6e87490d-ffd3-4d61-86b0-e2125c55f6ea tempest-GroupSnapshotsTest-1534370126 None] CMD "/opt/stack/data/venv/bin/python3.10 -m oslo_concurrency.prlimit --as=1073741824 --cpu=60 -- sudo cinder-rootwrap /etc/cinder/rootwrap.conf env LC_ALL=C qemu-img info -f qcow2 --output=json --force-share /opt/stack/data/cinder/mnt/fcfde892221eefb4a1ffed1e2ca1bf2b/volume-69909acb-6cca-497e-acab-368d6654afca" returned: 0 in 0.584s {{(pid=82225) execute /opt/stack/data/venv/lib/python3.10/site-packages/oslo_concurrency/processutils.py:396}}
Feb 20 16:57:59 devstack cinder-volume[82225]: DEBUG oslo_concurrency.processutils [None req-6e87490d-ffd3-4d61-86b0-e2125c55f6ea tempest-GroupSnapshotsTest-1534370126 None] Running cmd (subprocess): sudo cinder-rootwrap /etc/cinder/rootwrap.conf qemu-img create -f qcow2 -o backing_file=/opt/stack/data/cinder/mnt/fcfde892221eefb4a1ffed1e2ca1bf2b/volume-69909acb-6cca-497e-acab-368d6654afca,backing_fmt=qcow2 /opt/stack/data/cinder/mnt/fcfde892221eefb4a1ffed1e2ca1bf2b/volume-69909acb-6cca-497e-acab-368d6654afca.95d03eb5-8403-4cca-a907-1fceca03ef18 1G {{(pid=82225) execute /opt/stack/data/venv/lib/python3.10/site-packages/oslo_concurrency/processutils.py:368}}
Feb 20 16:57:59 devstack sudo[85369]: quobyte : PWD=/ ; USER=root ; COMMAND=/opt/stack/data/venv/bin/cinder-rootwrap /etc/cinder/rootwrap.conf qemu-img create -f qcow2 -o backing_file=/opt/stack/data/cinder/mnt/fcfde892221eefb4a1ffed1e2ca1bf2b/volume-69909acb-6cca-497e-acab-368d6654afca,backing_fmt=qcow2 /opt/stack/data/cinder/mnt/fcfde892221eefb4a1ffed1e2ca1bf2b/volume-69909acb-6cca-497e-acab-368d6654afca.95d03eb5-8403-4cca-a907-1fceca03ef18 1G
Feb 20 16:57:59 devstack sudo[85369]: pam_unix(sudo:session): session opened for user root(uid=0) by (uid=1000)
Feb 20 16:57:59 devstack cinder-volume[82225]: WARNING cinder.volume.volume_utils [None req-2be71df6-0773-4251-aed9-afd53986f547 tempest-VolumeTypesAccessTest-1073290904 None] Volume driver (QuobyteDriver 1.1.15) is currently unsupported and may be removed in the next release of OpenStack. Use at your own risk.
Feb 20 16:57:59 devstack cinder-volume[82225]: DEBUG cinder.volume.flows.manager.create_volume [None req-2be71df6-0773-4251-aed9-afd53986f547 tempest-VolumeTypesAccessTest-1073290904 None] Volume reschedule parameters: True retry: {'num_attempts': 1, 'backends': ['devstack@QuobyteHD#QuobyteHD'], 'hosts': ['devstack@QuobyteHD#QuobyteHD']} {{(pid=82225) get_flow /opt/stack/cinder/cinder/volume/flows/manager/create_volume.py:1388}}
Feb 20 16:57:59 devstack cinder-volume[82225]: DEBUG cinder.volume.manager [None req-2be71df6-0773-4251-aed9-afd53986f547 tempest-VolumeTypesAccessTest-1073290904 None] Flow 'volume_create_manager' (d29ecbdb-159c-4554-ad75-d19366f23e20) transitioned into state 'RUNNING' from state 'PENDING' {{(pid=82225) _flow_receiver /opt/stack/data/venv/lib/python3.10/site-packages/taskflow/listeners/logging.py:145}}
Feb 20 16:57:59 devstack cinder-volume[82225]: DEBUG cinder.volume.manager [None req-2be71df6-0773-4251-aed9-afd53986f547 tempest-VolumeTypesAccessTest-1073290904 None] Task 'cinder.volume.flows.manager.create_volume.ExtractVolumeRefTask;volume:create' (570772ee-f51c-4f03-9c15-083de35b344b) transitioned into state 'RUNNING' from state 'PENDING' {{(pid=82225) _task_receiver /opt/stack/data/venv/lib/python3.10/site-packages/taskflow/listeners/logging.py:194}}
Feb 20 16:57:59 devstack cinder-volume[82225]: DEBUG cinder.volume.manager [None req-2be71df6-0773-4251-aed9-afd53986f547 tempest-VolumeTypesAccessTest-1073290904 None] Task 'cinder.volume.flows.manager.create_volume.ExtractVolumeRefTask;volume:create' (570772ee-f51c-4f03-9c15-083de35b344b) transitioned into state 'SUCCESS' from state 'RUNNING' with result 'Volume(_name_id=None,admin_metadata=,attach_status='detached',availability_zone='nova',bootable=False,cluster=,cluster_name=None,consistencygroup=,consistencygroup_id=None,created_at=2026-02-20T15:57:59Z,deleted=False,deleted_at=None,display_description=None,display_name='tempest-VolumeTypesAccessTest-Volume-1679182712',ec2_id=None,encryption_key_id=None,glance_metadata=,group=,group_id=None,host='devstack@QuobyteHD#QuobyteHD',id=5952f242-c5a7-42b0-9904-648d6b50888c,launched_at=None,metadata={},migration_status=None,multiattach=False,previous_status=None,project_id='03535f162b484d1fb1a27580c95930b4',provider_auth=None,provider_geometry=None,provider_id=None,provider_location=None,replication_driver_data=None,replication_extended_status=None,replication_status=None,scheduled_at=2026-02-20T15:57:59Z,service_uuid=None,shared_targets=True,size=1,snapshot_id=None,snapshots=,source_volid=None,status='creating',terminated_at=None,updated_at=2026-02-20T15:57:59Z,use_quota=True,user_id='ab75f5ddcf3345faa9d13aea0742039a',volume_attachment=VolumeAttachmentList,volume_type=VolumeType(06948f28-1646-4aea-93ec-63160aa2e42d),volume_type_id=06948f28-1646-4aea-93ec-63160aa2e42d)' {{(pid=82225) _task_receiver /opt/stack/data/venv/lib/python3.10/site-packages/taskflow/listeners/logging.py:182}}
Feb 20 16:57:59 devstack cinder-volume[82225]: DEBUG cinder.volume.manager [None req-2be71df6-0773-4251-aed9-afd53986f547 tempest-VolumeTypesAccessTest-1073290904 None] Task 'cinder.volume.flows.manager.create_volume.OnFailureRescheduleTask;volume:create' (89d7ebae-4034-43bf-8a16-9e9e393d21e4) transitioned into state 'RUNNING' from state 'PENDING' {{(pid=82225) _task_receiver /opt/stack/data/venv/lib/python3.10/site-packages/taskflow/listeners/logging.py:194}}
Feb 20 16:57:59 devstack cinder-volume[82225]: DEBUG cinder.volume.manager [None req-2be71df6-0773-4251-aed9-afd53986f547 tempest-VolumeTypesAccessTest-1073290904 None] Task 'cinder.volume.flows.manager.create_volume.OnFailureRescheduleTask;volume:create' (89d7ebae-4034-43bf-8a16-9e9e393d21e4) transitioned into state 'SUCCESS' from state 'RUNNING' with result 'None' {{(pid=82225) _task_receiver /opt/stack/data/venv/lib/python3.10/site-packages/taskflow/listeners/logging.py:182}}
Feb 20 16:57:59 devstack cinder-volume[82225]: DEBUG cinder.volume.manager [None req-2be71df6-0773-4251-aed9-afd53986f547 tempest-VolumeTypesAccessTest-1073290904 None] Task 'cinder.volume.flows.manager.create_volume.ExtractVolumeSpecTask;volume:create' (778010e6-469c-417d-b193-edf074e73d67) transitioned into state 'RUNNING' from state 'PENDING' {{(pid=82225) _task_receiver /opt/stack/data/venv/lib/python3.10/site-packages/taskflow/listeners/logging.py:194}}
Feb 20 16:57:59 devstack cinder-volume[82225]: DEBUG cinder.volume.manager [None req-2be71df6-0773-4251-aed9-afd53986f547 tempest-VolumeTypesAccessTest-1073290904 None] Task 'cinder.volume.flows.manager.create_volume.ExtractVolumeSpecTask;volume:create' (778010e6-469c-417d-b193-edf074e73d67) transitioned into state 'SUCCESS' from state 'RUNNING' with result '{'status': 'creating', 'type': 'raw', 'volume_id': '5952f242-c5a7-42b0-9904-648d6b50888c', 'volume_name': 'volume-5952f242-c5a7-42b0-9904-648d6b50888c', 'volume_size': 1}' {{(pid=82225) _task_receiver /opt/stack/data/venv/lib/python3.10/site-packages/taskflow/listeners/logging.py:182}}
Feb 20 16:57:59 devstack cinder-volume[82225]: DEBUG cinder.volume.manager [None req-2be71df6-0773-4251-aed9-afd53986f547 tempest-VolumeTypesAccessTest-1073290904 None] Task 'cinder.volume.flows.manager.create_volume.NotifyVolumeActionTask;volume:create, create.start' (34d57529-6dc5-4968-8d99-b78b84c455f9) transitioned into state 'RUNNING' from state 'PENDING' {{(pid=82225) _task_receiver /opt/stack/data/venv/lib/python3.10/site-packages/taskflow/listeners/logging.py:194}}
Feb 20 16:57:59 devstack cinder-volume[82225]: DEBUG cinder.volume.manager [None req-2be71df6-0773-4251-aed9-afd53986f547 tempest-VolumeTypesAccessTest-1073290904 None] Task 'cinder.volume.flows.manager.create_volume.NotifyVolumeActionTask;volume:create, create.start' (34d57529-6dc5-4968-8d99-b78b84c455f9) transitioned into state 'SUCCESS' from state 'RUNNING' with result 'None' {{(pid=82225) _task_receiver /opt/stack/data/venv/lib/python3.10/site-packages/taskflow/listeners/logging.py:182}}
Feb 20 16:57:59 devstack cinder-volume[82225]: DEBUG cinder.volume.manager [None req-2be71df6-0773-4251-aed9-afd53986f547 tempest-VolumeTypesAccessTest-1073290904 None] Task 'cinder.volume.flows.manager.create_volume.CreateVolumeFromSpecTask;volume:create' (5d56f34d-92b9-4953-af7e-fc72179cbbf7) transitioned into state 'RUNNING' from state 'PENDING' {{(pid=82225) _task_receiver /opt/stack/data/venv/lib/python3.10/site-packages/taskflow/listeners/logging.py:194}}
Feb 20 16:57:59 devstack cinder-volume[82225]: INFO cinder.volume.flows.manager.create_volume [None req-2be71df6-0773-4251-aed9-afd53986f547 tempest-VolumeTypesAccessTest-1073290904 None] Volume 5952f242-c5a7-42b0-9904-648d6b50888c: being created as raw with specification: {'status': 'creating', 'volume_name': 'volume-5952f242-c5a7-42b0-9904-648d6b50888c', 'volume_size': 1}
Feb 20 16:57:59 devstack cinder-volume[82225]: DEBUG oslo_concurrency.lockutils [None req-2be71df6-0773-4251-aed9-afd53986f547 tempest-VolumeTypesAccessTest-1073290904 None] Acquiring lock "quobyte" by "cinder.volume.drivers.quobyte.QuobyteDriver.create_volume" {{(pid=82225) inner /opt/stack/data/venv/lib/python3.10/site-packages/oslo_concurrency/lockutils.py:506}}
Feb 20 16:57:59 devstack sudo[85369]: pam_unix(sudo:session): session closed for user root
Feb 20 16:57:59 devstack cinder-volume[82225]: DEBUG oslo_concurrency.processutils [None req-6e87490d-ffd3-4d61-86b0-e2125c55f6ea tempest-GroupSnapshotsTest-1534370126 None] CMD "sudo cinder-rootwrap /etc/cinder/rootwrap.conf qemu-img create -f qcow2 -o backing_file=/opt/stack/data/cinder/mnt/fcfde892221eefb4a1ffed1e2ca1bf2b/volume-69909acb-6cca-497e-acab-368d6654afca,backing_fmt=qcow2 /opt/stack/data/cinder/mnt/fcfde892221eefb4a1ffed1e2ca1bf2b/volume-69909acb-6cca-497e-acab-368d6654afca.95d03eb5-8403-4cca-a907-1fceca03ef18 1G" returned: 0 in 0.486s {{(pid=82225) execute /opt/stack/data/venv/lib/python3.10/site-packages/oslo_concurrency/processutils.py:396}}
Feb 20 16:57:59 devstack cinder-volume[82225]: DEBUG oslo_concurrency.processutils [None req-6e87490d-ffd3-4d61-86b0-e2125c55f6ea tempest-GroupSnapshotsTest-1534370126 None] Running cmd (subprocess): sudo cinder-rootwrap /etc/cinder/rootwrap.conf qemu-img rebase -u -b volume-69909acb-6cca-497e-acab-368d6654afca -F qcow2 /opt/stack/data/cinder/mnt/fcfde892221eefb4a1ffed1e2ca1bf2b/volume-69909acb-6cca-497e-acab-368d6654afca.95d03eb5-8403-4cca-a907-1fceca03ef18 {{(pid=82225) execute /opt/stack/data/venv/lib/python3.10/site-packages/oslo_concurrency/processutils.py:368}}
Feb 20 16:57:59 devstack sudo[85374]: quobyte : PWD=/ ; USER=root ; COMMAND=/opt/stack/data/venv/bin/cinder-rootwrap /etc/cinder/rootwrap.conf qemu-img rebase -u -b volume-69909acb-6cca-497e-acab-368d6654afca -F qcow2 /opt/stack/data/cinder/mnt/fcfde892221eefb4a1ffed1e2ca1bf2b/volume-69909acb-6cca-497e-acab-368d6654afca.95d03eb5-8403-4cca-a907-1fceca03ef18
Feb 20 16:57:59 devstack sudo[85374]: pam_unix(sudo:session): session opened for user root(uid=0) by (uid=1000)
Feb 20 16:58:00 devstack sudo[85374]: pam_unix(sudo:session): session closed for user root
Feb 20 16:58:00 devstack cinder-volume[82225]: DEBUG oslo_concurrency.processutils [None req-6e87490d-ffd3-4d61-86b0-e2125c55f6ea tempest-GroupSnapshotsTest-1534370126 None] CMD "sudo cinder-rootwrap /etc/cinder/rootwrap.conf qemu-img rebase -u -b volume-69909acb-6cca-497e-acab-368d6654afca -F qcow2 /opt/stack/data/cinder/mnt/fcfde892221eefb4a1ffed1e2ca1bf2b/volume-69909acb-6cca-497e-acab-368d6654afca.95d03eb5-8403-4cca-a907-1fceca03ef18" returned: 0 in 0.470s {{(pid=82225) execute /opt/stack/data/venv/lib/python3.10/site-packages/oslo_concurrency/processutils.py:396}}
Feb 20 16:58:00 devstack cinder-volume[82225]: WARNING cinder.volume.drivers.remotefs [None req-6e87490d-ffd3-4d61-86b0-e2125c55f6ea tempest-GroupSnapshotsTest-1534370126 None] /opt/stack/data/cinder/mnt/fcfde892221eefb4a1ffed1e2ca1bf2b/volume-69909acb-6cca-497e-acab-368d6654afca.95d03eb5-8403-4cca-a907-1fceca03ef18 is being set with open permissions: ugo+rw: NotImplementedError
Feb 20 16:58:00 devstack cinder-volume[82225]: DEBUG oslo_concurrency.processutils [None req-6e87490d-ffd3-4d61-86b0-e2125c55f6ea tempest-GroupSnapshotsTest-1534370126 None] Running cmd (subprocess): sudo cinder-rootwrap /etc/cinder/rootwrap.conf chmod ugo+rw /opt/stack/data/cinder/mnt/fcfde892221eefb4a1ffed1e2ca1bf2b/volume-69909acb-6cca-497e-acab-368d6654afca.95d03eb5-8403-4cca-a907-1fceca03ef18 {{(pid=82225) execute /opt/stack/data/venv/lib/python3.10/site-packages/oslo_concurrency/processutils.py:368}}
Feb 20 16:58:00 devstack sudo[85379]: quobyte : PWD=/ ; USER=root ; COMMAND=/opt/stack/data/venv/bin/cinder-rootwrap /etc/cinder/rootwrap.conf chmod ugo+rw /opt/stack/data/cinder/mnt/fcfde892221eefb4a1ffed1e2ca1bf2b/volume-69909acb-6cca-497e-acab-368d6654afca.95d03eb5-8403-4cca-a907-1fceca03ef18
Feb 20 16:58:00 devstack sudo[85379]: pam_unix(sudo:session): session opened for user root(uid=0) by (uid=1000)
Feb 20 16:58:00 devstack sudo[85379]: pam_unix(sudo:session): session closed for user root
Feb 20 16:58:00 devstack cinder-volume[82225]: DEBUG oslo_concurrency.processutils [None req-6e87490d-ffd3-4d61-86b0-e2125c55f6ea tempest-GroupSnapshotsTest-1534370126 None] CMD "sudo cinder-rootwrap /etc/cinder/rootwrap.conf chmod ugo+rw /opt/stack/data/cinder/mnt/fcfde892221eefb4a1ffed1e2ca1bf2b/volume-69909acb-6cca-497e-acab-368d6654afca.95d03eb5-8403-4cca-a907-1fceca03ef18" returned: 0 in 0.424s {{(pid=82225) execute /opt/stack/data/venv/lib/python3.10/site-packages/oslo_concurrency/processutils.py:396}}
Feb 20 16:58:00 devstack cinder-volume[82225]: DEBUG oslo_concurrency.processutils [None req-6e87490d-ffd3-4d61-86b0-e2125c55f6ea tempest-GroupSnapshotsTest-1534370126 None] Running cmd (subprocess): sudo cinder-rootwrap /etc/cinder/rootwrap.conf truncate -s0 /opt/stack/data/cinder/mnt/fcfde892221eefb4a1ffed1e2ca1bf2b/volume-69909acb-6cca-497e-acab-368d6654afca.info {{(pid=82225) execute /opt/stack/data/venv/lib/python3.10/site-packages/oslo_concurrency/processutils.py:368}}
Feb 20 16:58:00 devstack sudo[85382]: quobyte : PWD=/ ; USER=root ; COMMAND=/opt/stack/data/venv/bin/cinder-rootwrap /etc/cinder/rootwrap.conf truncate -s0 /opt/stack/data/cinder/mnt/fcfde892221eefb4a1ffed1e2ca1bf2b/volume-69909acb-6cca-497e-acab-368d6654afca.info
Feb 20 16:58:00 devstack sudo[85382]: pam_unix(sudo:session): session opened for user root(uid=0) by (uid=1000)
Feb 20 16:58:01 devstack sudo[85382]: pam_unix(sudo:session): session closed for user root
Feb 20 16:58:01 devstack cinder-volume[82225]: DEBUG oslo_concurrency.processutils [None req-6e87490d-ffd3-4d61-86b0-e2125c55f6ea tempest-GroupSnapshotsTest-1534370126 None] CMD "sudo cinder-rootwrap /etc/cinder/rootwrap.conf truncate -s0 /opt/stack/data/cinder/mnt/fcfde892221eefb4a1ffed1e2ca1bf2b/volume-69909acb-6cca-497e-acab-368d6654afca.info" returned: 0 in 0.464s {{(pid=82225) execute /opt/stack/data/venv/lib/python3.10/site-packages/oslo_concurrency/processutils.py:396}}
Feb 20 16:58:01 devstack cinder-volume[82225]: WARNING cinder.volume.drivers.remotefs [None req-6e87490d-ffd3-4d61-86b0-e2125c55f6ea tempest-GroupSnapshotsTest-1534370126 None] /opt/stack/data/cinder/mnt/fcfde892221eefb4a1ffed1e2ca1bf2b/volume-69909acb-6cca-497e-acab-368d6654afca.info is being set with open permissions: ugo+rw: NotImplementedError
Feb 20 16:58:01 devstack cinder-volume[82225]: DEBUG oslo_concurrency.processutils [None req-6e87490d-ffd3-4d61-86b0-e2125c55f6ea tempest-GroupSnapshotsTest-1534370126 None] Running cmd (subprocess): sudo cinder-rootwrap /etc/cinder/rootwrap.conf chmod ugo+rw /opt/stack/data/cinder/mnt/fcfde892221eefb4a1ffed1e2ca1bf2b/volume-69909acb-6cca-497e-acab-368d6654afca.info {{(pid=82225) execute /opt/stack/data/venv/lib/python3.10/site-packages/oslo_concurrency/processutils.py:368}}
Feb 20 16:58:01 devstack sudo[85385]: quobyte : PWD=/ ; USER=root ; COMMAND=/opt/stack/data/venv/bin/cinder-rootwrap /etc/cinder/rootwrap.conf chmod ugo+rw /opt/stack/data/cinder/mnt/fcfde892221eefb4a1ffed1e2ca1bf2b/volume-69909acb-6cca-497e-acab-368d6654afca.info
Feb 20 16:58:01 devstack sudo[85385]: pam_unix(sudo:session): session opened for user root(uid=0) by (uid=1000)
Feb 20 16:58:01 devstack sudo[85385]: pam_unix(sudo:session): session closed for user root
Feb 20 16:58:01 devstack cinder-volume[82225]: DEBUG oslo_concurrency.processutils [None req-6e87490d-ffd3-4d61-86b0-e2125c55f6ea tempest-GroupSnapshotsTest-1534370126 None] CMD "sudo cinder-rootwrap /etc/cinder/rootwrap.conf chmod ugo+rw /opt/stack/data/cinder/mnt/fcfde892221eefb4a1ffed1e2ca1bf2b/volume-69909acb-6cca-497e-acab-368d6654afca.info" returned: 0 in 0.464s {{(pid=82225) execute /opt/stack/data/venv/lib/python3.10/site-packages/oslo_concurrency/processutils.py:396}}
Feb 20 16:58:01 devstack cinder-volume[82225]: DEBUG oslo_concurrency.lockutils [None req-6e87490d-ffd3-4d61-86b0-e2125c55f6ea tempest-GroupSnapshotsTest-1534370126 None] Lock "quobyte" "released" by "cinder.volume.drivers.quobyte.QuobyteDriver.create_snapshot" :: held 2.960s {{(pid=82225) inner /opt/stack/data/venv/lib/python3.10/site-packages/oslo_concurrency/lockutils.py:538}}
Feb 20 16:58:01 devstack cinder-volume[82225]: DEBUG oslo_concurrency.lockutils [None req-bf2cc036-5bc4-4815-9aed-13a132807a10 tempest-VolumesActionsTest-2079901732 None] Lock "quobyte" acquired by "cinder.volume.drivers.quobyte.QuobyteDriver.copy_volume_to_image" :: waited 3.609s {{(pid=82225) inner /opt/stack/data/venv/lib/python3.10/site-packages/oslo_concurrency/lockutils.py:519}}
Feb 20 16:58:01 devstack cinder-volume[82225]: DEBUG oslo.privsep.daemon [-] privsep: reply[2d4b2871-a1c5-48c6-8ad7-95e3418d9e0e]: (4, 'qcow2') {{(pid=82879) _call_back /opt/stack/data/venv/lib/python3.10/site-packages/oslo_privsep/daemon.py:573}}
Feb 20 16:58:01 devstack cinder-volume[82225]: DEBUG oslo_concurrency.processutils [None req-bf2cc036-5bc4-4815-9aed-13a132807a10 tempest-VolumesActionsTest-2079901732 None] Running cmd (subprocess): /opt/stack/data/venv/bin/python3.10 -m oslo_concurrency.prlimit --as=1073741824 --cpu=60 -- sudo cinder-rootwrap /etc/cinder/rootwrap.conf env LC_ALL=C qemu-img info -f qcow2 --output=json --force-share /opt/stack/data/cinder/mnt/fcfde892221eefb4a1ffed1e2ca1bf2b/volume-cb806b7c-06ed-4aee-bde7-5bca0deec61c {{(pid=82225) execute /opt/stack/data/venv/lib/python3.10/site-packages/oslo_concurrency/processutils.py:368}}
Feb 20 16:58:01 devstack cinder-volume[82225]: INFO cinder.volume.manager [None req-6e87490d-ffd3-4d61-86b0-e2125c55f6ea tempest-GroupSnapshotsTest-1534370126 None] group_snapshot 947980cd-3989-4421-a55a-0b51851f605a: created successfully
Feb 20 16:58:01 devstack sudo[85388]: quobyte : PWD=/ ; USER=root ; COMMAND=/opt/stack/data/venv/bin/cinder-rootwrap /etc/cinder/rootwrap.conf env LC_ALL=C qemu-img info -f qcow2 --output=json --force-share /opt/stack/data/cinder/mnt/fcfde892221eefb4a1ffed1e2ca1bf2b/volume-cb806b7c-06ed-4aee-bde7-5bca0deec61c
Feb 20 16:58:01 devstack sudo[85388]: pam_unix(sudo:session): session opened for user root(uid=0) by (uid=1000)
Feb 20 16:58:02 devstack sudo[85388]: pam_unix(sudo:session): session closed for user root
Feb 20 16:58:02 devstack cinder-volume[82225]: DEBUG oslo_concurrency.processutils [None req-bf2cc036-5bc4-4815-9aed-13a132807a10 tempest-VolumesActionsTest-2079901732 None] CMD "/opt/stack/data/venv/bin/python3.10 -m oslo_concurrency.prlimit --as=1073741824 --cpu=60 -- sudo cinder-rootwrap /etc/cinder/rootwrap.conf env LC_ALL=C qemu-img info -f qcow2 --output=json --force-share /opt/stack/data/cinder/mnt/fcfde892221eefb4a1ffed1e2ca1bf2b/volume-cb806b7c-06ed-4aee-bde7-5bca0deec61c" returned: 0 in 0.539s {{(pid=82225) execute /opt/stack/data/venv/lib/python3.10/site-packages/oslo_concurrency/processutils.py:396}}
Feb 20 16:58:02 devstack cinder-volume[82225]: DEBUG oslo.privsep.daemon [-] privsep: reply[de6073a7-35c2-49ac-ba69-0b277ecfc8db]: (4, 'qcow2') {{(pid=82879) _call_back /opt/stack/data/venv/lib/python3.10/site-packages/oslo_privsep/daemon.py:573}}
Feb 20 16:58:02 devstack cinder-volume[82225]: DEBUG oslo_concurrency.processutils [None req-bf2cc036-5bc4-4815-9aed-13a132807a10 tempest-VolumesActionsTest-2079901732 None] Running cmd (subprocess): /opt/stack/data/venv/bin/python3.10 -m oslo_concurrency.prlimit --as=1073741824 --cpu=60 -- sudo cinder-rootwrap /etc/cinder/rootwrap.conf env LC_ALL=C qemu-img info -f qcow2 --output=json /opt/stack/data/cinder/mnt/fcfde892221eefb4a1ffed1e2ca1bf2b/volume-cb806b7c-06ed-4aee-bde7-5bca0deec61c {{(pid=82225) execute /opt/stack/data/venv/lib/python3.10/site-packages/oslo_concurrency/processutils.py:368}}
Feb 20 16:58:02 devstack sudo[85393]: quobyte : PWD=/ ; USER=root ; COMMAND=/opt/stack/data/venv/bin/cinder-rootwrap /etc/cinder/rootwrap.conf env LC_ALL=C qemu-img info -f qcow2 --output=json /opt/stack/data/cinder/mnt/fcfde892221eefb4a1ffed1e2ca1bf2b/volume-cb806b7c-06ed-4aee-bde7-5bca0deec61c
Feb 20 16:58:02 devstack sudo[85393]: pam_unix(sudo:session): session opened for user root(uid=0) by (uid=1000)
Feb 20 16:58:02 devstack sudo[85393]: pam_unix(sudo:session): session closed for user root
Feb 20 16:58:02 devstack cinder-volume[82225]: DEBUG oslo_concurrency.processutils [None req-bf2cc036-5bc4-4815-9aed-13a132807a10 tempest-VolumesActionsTest-2079901732 None] CMD "/opt/stack/data/venv/bin/python3.10 -m oslo_concurrency.prlimit --as=1073741824 --cpu=60 -- sudo cinder-rootwrap /etc/cinder/rootwrap.conf env LC_ALL=C qemu-img info -f qcow2 --output=json /opt/stack/data/cinder/mnt/fcfde892221eefb4a1ffed1e2ca1bf2b/volume-cb806b7c-06ed-4aee-bde7-5bca0deec61c" returned: 0 in 0.524s {{(pid=82225) execute /opt/stack/data/venv/lib/python3.10/site-packages/oslo_concurrency/processutils.py:396}}
Feb 20 16:58:02 devstack cinder-volume[82225]: DEBUG oslo_concurrency.processutils [None req-bf2cc036-5bc4-4815-9aed-13a132807a10 tempest-VolumesActionsTest-2079901732 None] Running cmd (subprocess): sudo cinder-rootwrap /etc/cinder/rootwrap.conf qemu-img convert -O raw /opt/stack/data/cinder/mnt/fcfde892221eefb4a1ffed1e2ca1bf2b/volume-cb806b7c-06ed-4aee-bde7-5bca0deec61c /opt/stack/data/cinder/conversion/cb806b7c-06ed-4aee-bde7-5bca0deec61c.temp_image.65375f7f-873c-45f7-9eb6-1fc3146bc04de7ay85h3.img {{(pid=82225) execute /opt/stack/data/venv/lib/python3.10/site-packages/oslo_concurrency/processutils.py:368}}
Feb 20 16:58:02 devstack sudo[85398]: quobyte : PWD=/ ; USER=root ; COMMAND=/opt/stack/data/venv/bin/cinder-rootwrap /etc/cinder/rootwrap.conf qemu-img convert -O raw /opt/stack/data/cinder/mnt/fcfde892221eefb4a1ffed1e2ca1bf2b/volume-cb806b7c-06ed-4aee-bde7-5bca0deec61c /opt/stack/data/cinder/conversion/cb806b7c-06ed-4aee-bde7-5bca0deec61c.temp_image.65375f7f-873c-45f7-9eb6-1fc3146bc04de7ay85h3.img
Feb 20 16:58:02 devstack sudo[85398]: pam_unix(sudo:session): session opened for user root(uid=0) by (uid=1000)
Feb 20 16:58:02 devstack cinder-volume[82225]: INFO cinder.volume.manager [None req-d78e7937-911a-42b9-8a71-54d9414bf751 tempest-GroupSnapshotsTest-1534370126 None] group_snapshot 947980cd-3989-4421-a55a-0b51851f605a: deleting
Feb 20 16:58:02 devstack cinder-volume[82225]: WARNING cinder.volume.volume_utils [None req-d78e7937-911a-42b9-8a71-54d9414bf751 tempest-GroupSnapshotsTest-1534370126 None] Volume driver (QuobyteDriver 1.1.15) is currently unsupported and may be removed in the next release of OpenStack. Use at your own risk.
Feb 20 16:58:02 devstack cinder-volume[82225]: DEBUG cinder.volume.manager [None req-d78e7937-911a-42b9-8a71-54d9414bf751 tempest-GroupSnapshotsTest-1534370126 None] group_snapshot 947980cd-3989-4421-a55a-0b51851f605a: deleting {{(pid=82225) delete_group_snapshot /opt/stack/cinder/cinder/volume/manager.py:4319}}
Feb 20 16:58:02 devstack cinder-volume[82225]: DEBUG cinder.coordination [None req-d78e7937-911a-42b9-8a71-54d9414bf751 tempest-GroupSnapshotsTest-1534370126 None] Acquiring lock "cinder-quobyte-1b5e14f0-d635-45d9-a001-f8fe2d13a92a" by "delete_snapshot" {{(pid=82225) __acquire /opt/stack/cinder/cinder/coordination.py:143}}
Feb 20 16:58:02 devstack cinder-volume[82225]: DEBUG cinder.coordination [None req-d78e7937-911a-42b9-8a71-54d9414bf751 tempest-GroupSnapshotsTest-1534370126 None] Lock "cinder-quobyte-1b5e14f0-d635-45d9-a001-f8fe2d13a92a" acquired by "delete_snapshot" :: waited 0.007s {{(pid=82225) __acquire /opt/stack/cinder/cinder/coordination.py:146}}
Feb 20 16:58:02 devstack cinder-volume[82225]: DEBUG cinder.coordination [None req-d78e7937-911a-42b9-8a71-54d9414bf751 tempest-GroupSnapshotsTest-1534370126 None] Acquiring lock "cinder-quobyte-3d7efa7d-ae56-4e38-b4f7-e313a812a4f8" by "_delete_snapshot" {{(pid=82225) __acquire /opt/stack/cinder/cinder/coordination.py:143}}
Feb 20 16:58:02 devstack cinder-volume[82225]: DEBUG cinder.coordination [None req-d78e7937-911a-42b9-8a71-54d9414bf751 tempest-GroupSnapshotsTest-1534370126 None] Lock "cinder-quobyte-3d7efa7d-ae56-4e38-b4f7-e313a812a4f8" acquired by "_delete_snapshot" :: waited 0.007s {{(pid=82225) __acquire /opt/stack/cinder/cinder/coordination.py:146}}
Feb 20 16:58:02 devstack cinder-volume[82225]: DEBUG cinder.volume.drivers.remotefs [None req-d78e7937-911a-42b9-8a71-54d9414bf751 tempest-GroupSnapshotsTest-1534370126 None] Deleting offline snapshot 3d7efa7d-ae56-4e38-b4f7-e313a812a4f8 of volume 1b5e14f0-d635-45d9-a001-f8fe2d13a92a {{(pid=82225) _delete_snapshot /opt/stack/cinder/cinder/volume/drivers/remotefs.py:1290}}
Feb 20 16:58:02 devstack cinder-volume[82225]: DEBUG cinder.volume.drivers.remotefs [None req-d78e7937-911a-42b9-8a71-54d9414bf751 tempest-GroupSnapshotsTest-1534370126 None] snapshot_file for this snap is: volume-1b5e14f0-d635-45d9-a001-f8fe2d13a92a.3d7efa7d-ae56-4e38-b4f7-e313a812a4f8 {{(pid=82225) _delete_snapshot /opt/stack/cinder/cinder/volume/drivers/remotefs.py:1319}}
Feb 20 16:58:02 devstack cinder-volume[82225]: DEBUG oslo.privsep.daemon [-] privsep: reply[5a0ea31a-3e5a-4246-b67e-56476d96458a]: (4, 'qcow2') {{(pid=82879) _call_back /opt/stack/data/venv/lib/python3.10/site-packages/oslo_privsep/daemon.py:573}}
Feb 20 16:58:02 devstack cinder-volume[82225]: DEBUG oslo_concurrency.processutils [None req-d78e7937-911a-42b9-8a71-54d9414bf751 tempest-GroupSnapshotsTest-1534370126 None] Running cmd (subprocess): /opt/stack/data/venv/bin/python3.10 -m oslo_concurrency.prlimit --as=1073741824 --cpu=60 -- sudo cinder-rootwrap /etc/cinder/rootwrap.conf env LC_ALL=C qemu-img info -f qcow2 --output=json --force-share /opt/stack/data/cinder/mnt/fcfde892221eefb4a1ffed1e2ca1bf2b/volume-1b5e14f0-d635-45d9-a001-f8fe2d13a92a.3d7efa7d-ae56-4e38-b4f7-e313a812a4f8 {{(pid=82225) execute /opt/stack/data/venv/lib/python3.10/site-packages/oslo_concurrency/processutils.py:368}}
Feb 20 16:58:02 devstack sudo[85400]: quobyte : PWD=/ ; USER=root ; COMMAND=/opt/stack/data/venv/bin/cinder-rootwrap /etc/cinder/rootwrap.conf env LC_ALL=C qemu-img info -f qcow2 --output=json --force-share /opt/stack/data/cinder/mnt/fcfde892221eefb4a1ffed1e2ca1bf2b/volume-1b5e14f0-d635-45d9-a001-f8fe2d13a92a.3d7efa7d-ae56-4e38-b4f7-e313a812a4f8
Feb 20 16:58:02 devstack sudo[85400]: pam_unix(sudo:session): session opened for user root(uid=0) by (uid=1000)
Feb 20 16:58:03 devstack sudo[85400]: pam_unix(sudo:session): session closed for user root
Feb 20 16:58:03 devstack cinder-volume[82225]: DEBUG oslo_concurrency.processutils [None req-d78e7937-911a-42b9-8a71-54d9414bf751 tempest-GroupSnapshotsTest-1534370126 None] CMD "/opt/stack/data/venv/bin/python3.10 -m oslo_concurrency.prlimit --as=1073741824 --cpu=60 -- sudo cinder-rootwrap /etc/cinder/rootwrap.conf env LC_ALL=C qemu-img info -f qcow2 --output=json --force-share /opt/stack/data/cinder/mnt/fcfde892221eefb4a1ffed1e2ca1bf2b/volume-1b5e14f0-d635-45d9-a001-f8fe2d13a92a.3d7efa7d-ae56-4e38-b4f7-e313a812a4f8" returned: 0 in 1.032s {{(pid=82225) execute /opt/stack/data/venv/lib/python3.10/site-packages/oslo_concurrency/processutils.py:396}}
Feb 20 16:58:03 devstack cinder-volume[82225]: DEBUG cinder.volume.drivers.remotefs [None req-d78e7937-911a-42b9-8a71-54d9414bf751 tempest-GroupSnapshotsTest-1534370126 None] Fetching qemu-img info with special backing_file_template: (/opt/stack/data/cinder/mnt/[0-9a-f]+/)?(volume-1b5e14f0-d635-45d9-a001-f8fe2d13a92a(.(tmp-snap-)?[0-9a-f-]+)?|volume_from_snapshot_cache/(tmp-snap-)?[0-9a-f-]+(.(child-|parent-)[0-9a-f-]+)?)$ {{(pid=82225) _qemu_img_info_base /opt/stack/cinder/cinder/volume/drivers/remotefs.py:898}}
Feb 20 16:58:03 devstack cinder-volume[82225]: DEBUG oslo.privsep.daemon [-] privsep: reply[e8bd4d1e-1ba5-4e37-b890-e6d88349bdfe]: (4, 'qcow2') {{(pid=82879) _call_back /opt/stack/data/venv/lib/python3.10/site-packages/oslo_privsep/daemon.py:573}}
Feb 20 16:58:03 devstack cinder-volume[82225]: DEBUG oslo_concurrency.processutils [None req-d78e7937-911a-42b9-8a71-54d9414bf751 tempest-GroupSnapshotsTest-1534370126 None] Running cmd (subprocess): /opt/stack/data/venv/bin/python3.10 -m oslo_concurrency.prlimit --as=1073741824 --cpu=60 -- sudo cinder-rootwrap /etc/cinder/rootwrap.conf env LC_ALL=C qemu-img info -f qcow2 --output=json --force-share /opt/stack/data/cinder/mnt/fcfde892221eefb4a1ffed1e2ca1bf2b/volume-1b5e14f0-d635-45d9-a001-f8fe2d13a92a {{(pid=82225) execute /opt/stack/data/venv/lib/python3.10/site-packages/oslo_concurrency/processutils.py:368}}
Feb 20 16:58:04 devstack sudo[85417]: quobyte : PWD=/ ; USER=root ; COMMAND=/opt/stack/data/venv/bin/cinder-rootwrap /etc/cinder/rootwrap.conf env LC_ALL=C qemu-img info -f qcow2 --output=json --force-share /opt/stack/data/cinder/mnt/fcfde892221eefb4a1ffed1e2ca1bf2b/volume-1b5e14f0-d635-45d9-a001-f8fe2d13a92a
Feb 20 16:58:04 devstack sudo[85417]: pam_unix(sudo:session): session opened for user root(uid=0) by (uid=1000)
Feb 20 16:58:04 devstack sudo[85398]: pam_unix(sudo:session): session closed for user root
Feb 20 16:58:04 devstack cinder-volume[82225]: DEBUG oslo_concurrency.processutils [None req-bf2cc036-5bc4-4815-9aed-13a132807a10 tempest-VolumesActionsTest-2079901732 None] CMD "sudo cinder-rootwrap /etc/cinder/rootwrap.conf qemu-img convert -O raw /opt/stack/data/cinder/mnt/fcfde892221eefb4a1ffed1e2ca1bf2b/volume-cb806b7c-06ed-4aee-bde7-5bca0deec61c /opt/stack/data/cinder/conversion/cb806b7c-06ed-4aee-bde7-5bca0deec61c.temp_image.65375f7f-873c-45f7-9eb6-1fc3146bc04de7ay85h3.img" returned: 0 in 2.362s {{(pid=82225) execute /opt/stack/data/venv/lib/python3.10/site-packages/oslo_concurrency/processutils.py:396}}
Feb 20 16:58:04 devstack cinder-volume[82225]: DEBUG oslo.privsep.daemon [-] privsep: reply[e2f63095-d1e3-4fda-bf28-e3a56d69042f]: (4, 'qcow2') {{(pid=82879) _call_back /opt/stack/data/venv/lib/python3.10/site-packages/oslo_privsep/daemon.py:573}}
