2025-11-26 16:20:38.837 81416 INFO paramiko.transport [-] Connected (version 2.0, client dropbear_2020.81)
2025-11-26 16:20:39.014 81416 INFO paramiko.transport [-] Authentication (publickey) successful!
2025-11-26 16:20:39.014 81416 INFO tempest.lib.common.ssh [-] ssh connection to cirros@172.24.4.132 successfully created
2025-11-26 16:20:39.016 81419 INFO paramiko.transport [-] Authentication (publickey) successful!
2025-11-26 16:20:39.017 81419 INFO tempest.lib.common.ssh [-] ssh connection to cirros@172.24.4.155 successfully created
2025-11-26 16:20:40.274 81416 DEBUG tempest.lib.common.utils.linux.remote_client [-] Remote command: set -eu -o pipefail; PATH=$PATH:/sbin:/usr/sbin; curl -V exec_command /opt/stack/tempest/tempest/lib/common/utils/linux/remote_client.py:114
2025-11-26 16:20:40.274 81416 INFO tempest.lib.common.ssh [-] Creating ssh connection to '172.24.4.132:22' as 'cirros' with public key authentication
2025-11-26 16:20:40.299 81419 DEBUG tempest.lib.common.utils.linux.remote_client [-] Remote command: set -eu -o pipefail; PATH=$PATH:/sbin:/usr/sbin; curl -V exec_command /opt/stack/tempest/tempest/lib/common/utils/linux/remote_client.py:114
2025-11-26 16:20:40.300 81419 INFO tempest.lib.common.ssh [-] Creating ssh connection to '172.24.4.155:22' as 'cirros' with public key authentication
2025-11-26 16:20:40.305 81416 INFO paramiko.transport [-] Connected (version 2.0, client dropbear_2020.81)
2025-11-26 16:20:40.331 81419 INFO paramiko.transport [-] Connected (version 2.0, client dropbear_2020.81)
2025-11-26 16:20:40.462 81416 INFO paramiko.transport [-] Authentication (publickey) successful!
2025-11-26 16:20:40.462 81416 INFO tempest.lib.common.ssh [-] ssh connection to cirros@172.24.4.132 successfully created
2025-11-26 16:20:40.603 81419 INFO paramiko.transport [-] Authentication (publickey) successful!
2025-11-26 16:20:40.603 81419 INFO tempest.lib.common.ssh [-] ssh connection to cirros@172.24.4.155 successfully created
2025-11-26 16:20:40.628 81416 DEBUG tempest.lib.common.utils.linux.remote_client [-] Remote command: set -eu -o pipefail; PATH=$PATH:/sbin:/usr/sbin; curl http://169.254.169.254/openstack/latest/meta_data.json exec_command /opt/stack/tempest/tempest/lib/common/utils/linux/remote_client.py:114
2025-11-26 16:20:40.628 81416 INFO tempest.lib.common.ssh [-] Creating ssh connection to '172.24.4.132:22' as 'cirros' with public key authentication
2025-11-26 16:20:40.650 81416 INFO paramiko.transport [-] Connected (version 2.0, client dropbear_2020.81)
2025-11-26 16:20:40.823 81416 INFO paramiko.transport [-] Authentication (publickey) successful!
2025-11-26 16:20:40.823 81416 INFO tempest.lib.common.ssh [-] ssh connection to cirros@172.24.4.132 successfully created
2025-11-26 16:20:40.847 81414 WARNING tempest.lib.common.ssh [-] Failed to establish authenticated ssh connection to cirros@172.24.4.140 ([Errno None] Unable to connect to port 22 on 172.24.4.140). Number attempts: 2. Retry after 3 seconds.: paramiko.ssh_exception.NoValidConnectionsError: [Errno None] Unable to connect to port 22 on 172.24.4.140
2025-11-26 16:20:40.915 81419 DEBUG tempest.lib.common.utils.linux.remote_client [-] Remote command: set -eu -o pipefail; PATH=$PATH:/sbin:/usr/sbin; curl http://169.254.169.254/openstack/latest/meta_data.json exec_command /opt/stack/tempest/tempest/lib/common/utils/linux/remote_client.py:114
2025-11-26 16:20:40.915 81419 INFO tempest.lib.common.ssh [-] Creating ssh connection to '172.24.4.155:22' as 'cirros' with public key authentication
2025-11-26 16:20:40.960 81419 INFO paramiko.transport [-] Connected (version 2.0, client dropbear_2020.81)
2025-11-26 16:20:41.199 81419 INFO paramiko.transport [-] Authentication (publickey) successful!
2025-11-26 16:20:41.199 81419 INFO tempest.lib.common.ssh [-] ssh connection to cirros@172.24.4.155 successfully created
2025-11-26 16:20:42.087 81416 DEBUG tempest.lib.common.utils.linux.remote_client [-] Remote command: set -eu -o pipefail; PATH=$PATH:/sbin:/usr/sbin; curl -V exec_command /opt/stack/tempest/tempest/lib/common/utils/linux/remote_client.py:114
2025-11-26 16:20:42.087 81416 INFO tempest.lib.common.ssh [-] Creating ssh connection to '172.24.4.132:22' as 'cirros' with public key authentication
2025-11-26 16:20:42.106 81416 INFO paramiko.transport [-] Connected (version 2.0, client dropbear_2020.81)
2025-11-26 16:20:42.258 81416 INFO paramiko.transport [-] Authentication (publickey) successful!
2025-11-26 16:20:42.259 81416 INFO tempest.lib.common.ssh [-] ssh connection to cirros@172.24.4.132 successfully created
2025-11-26 16:20:42.412 81416 DEBUG tempest.lib.common.utils.linux.remote_client [-] Remote command: set -eu -o pipefail; PATH=$PATH:/sbin:/usr/sbin; curl http://169.254.169.254/openstack/latest/meta_data.json exec_command /opt/stack/tempest/tempest/lib/common/utils/linux/remote_client.py:114
2025-11-26 16:20:42.412 81416 INFO tempest.lib.common.ssh [-] Creating ssh connection to '172.24.4.132:22' as 'cirros' with public key authentication
2025-11-26 16:20:42.431 81416 INFO paramiko.transport [-] Connected (version 2.0, client dropbear_2020.81)
2025-11-26 16:20:42.483 81419 DEBUG tempest.lib.common.utils.linux.remote_client [-] Remote command: set -eu -o pipefail; PATH=$PATH:/sbin:/usr/sbin; curl -V exec_command /opt/stack/tempest/tempest/lib/common/utils/linux/remote_client.py:114
2025-11-26 16:20:42.483 81419 INFO tempest.lib.common.ssh [-] Creating ssh connection to '172.24.4.155:22' as 'cirros' with public key authentication
2025-11-26 16:20:42.503 81419 INFO paramiko.transport [-] Connected (version 2.0, client dropbear_2020.81)
2025-11-26 16:20:42.600 81416 INFO paramiko.transport [-] Authentication (publickey) successful!
2025-11-26 16:20:42.600 81416 INFO tempest.lib.common.ssh [-] ssh connection to cirros@172.24.4.132 successfully created
2025-11-26 16:20:42.659 81419 INFO paramiko.transport [-] Authentication (publickey) successful!
2025-11-26 16:20:42.660 81419 INFO tempest.lib.common.ssh [-] ssh connection to cirros@172.24.4.155 successfully created
2025-11-26 16:20:42.805 81419 DEBUG tempest.lib.common.utils.linux.remote_client [-] Remote command: set -eu -o pipefail; PATH=$PATH:/sbin:/usr/sbin; curl http://169.254.169.254/openstack/latest/meta_data.json exec_command /opt/stack/tempest/tempest/lib/common/utils/linux/remote_client.py:114
2025-11-26 16:20:42.805 81419 INFO tempest.lib.common.ssh [-] Creating ssh connection to '172.24.4.155:22' as 'cirros' with public key authentication
2025-11-26 16:20:42.826 81419 INFO paramiko.transport [-] Connected (version 2.0, client dropbear_2020.81)
2025-11-26 16:20:42.983 81419 INFO paramiko.transport [-] Authentication (publickey) successful!
2025-11-26 16:20:42.984 81419 INFO tempest.lib.common.ssh [-] ssh connection to cirros@172.24.4.155 successfully created
2025-11-26 16:20:43.865 81416 DEBUG tempest.lib.common.utils.linux.remote_client [-] Remote command: set -eu -o pipefail; PATH=$PATH:/sbin:/usr/sbin; curl -V exec_command /opt/stack/tempest/tempest/lib/common/utils/linux/remote_client.py:114
2025-11-26 16:20:43.865 81416 INFO tempest.lib.common.ssh [-] Creating ssh connection to '172.24.4.132:22' as 'cirros' with public key authentication
2025-11-26 16:20:43.885 81416 INFO paramiko.transport [-] Connected (version 2.0, client dropbear_2020.81)
2025-11-26 16:20:44.038 81416 INFO paramiko.transport [-] Authentication (publickey) successful!
2025-11-26 16:20:44.038 81416 INFO tempest.lib.common.ssh [-] ssh connection to cirros@172.24.4.132 successfully created
2025-11-26 16:20:44.194 81416 DEBUG tempest.lib.common.utils.linux.remote_client [-] Remote command: set -eu -o pipefail; PATH=$PATH:/sbin:/usr/sbin; curl http://169.254.169.254/openstack/latest/meta_data.json exec_command /opt/stack/tempest/tempest/lib/common/utils/linux/remote_client.py:114
2025-11-26 16:20:44.195 81416 INFO tempest.lib.common.ssh [-] Creating ssh connection to '172.24.4.132:22' as 'cirros' with public key authentication
2025-11-26 16:20:44.208 81419 DEBUG tempest.lib.common.utils.linux.remote_client [-] Remote command: set -eu -o pipefail; PATH=$PATH:/sbin:/usr/sbin; curl -V exec_command /opt/stack/tempest/tempest/lib/common/utils/linux/remote_client.py:114
2025-11-26 16:20:44.209 81419 INFO tempest.lib.common.ssh [-] Creating ssh connection to '172.24.4.155:22' as 'cirros' with public key authentication
2025-11-26 16:20:44.216 81416 INFO paramiko.transport [-] Connected (version 2.0, client dropbear_2020.81)
2025-11-26 16:20:44.230 81419 INFO paramiko.transport [-] Connected (version 2.0, client dropbear_2020.81)
2025-11-26 16:20:44.350 81414 WARNING tempest.lib.common.ssh [-] Failed to establish authenticated ssh connection to cirros@172.24.4.140 ([Errno None] Unable to connect to port 22 on 172.24.4.140). Number attempts: 3. Retry after 4 seconds.: paramiko.ssh_exception.NoValidConnectionsError: [Errno None] Unable to connect to port 22 on 172.24.4.140
2025-11-26 16:20:44.378 81416 INFO paramiko.transport [-] Authentication (publickey) successful!
2025-11-26 16:20:44.379 81416 INFO tempest.lib.common.ssh [-] ssh connection to cirros@172.24.4.132 successfully created
2025-11-26 16:20:44.411 81419 INFO paramiko.transport [-] Authentication (publickey) successful!
2025-11-26 16:20:44.411 81419 INFO tempest.lib.common.ssh [-] ssh connection to cirros@172.24.4.155 successfully created
2025-11-26 16:20:44.594 81419 DEBUG tempest.lib.common.utils.linux.remote_client [-] Remote command: set -eu -o pipefail; PATH=$PATH:/sbin:/usr/sbin; curl http://169.254.169.254/openstack/latest/meta_data.json exec_command /opt/stack/tempest/tempest/lib/common/utils/linux/remote_client.py:114
2025-11-26 16:20:44.594 81419 INFO tempest.lib.common.ssh [-] Creating ssh connection to '172.24.4.155:22' as 'cirros' with public key authentication
2025-11-26 16:20:44.619 81419 INFO paramiko.transport [-] Connected (version 2.0, client dropbear_2020.81)
2025-11-26 16:20:44.772 81419 INFO paramiko.transport [-] Authentication (publickey) successful!
2025-11-26 16:20:44.773 81419 INFO tempest.lib.common.ssh [-] ssh connection to cirros@172.24.4.155 successfully created
2025-11-26 16:20:45.220 81412 WARNING tempest.lib.common.ssh [-] Failed to establish authenticated ssh connection to cirros@172.24.4.8 ([Errno None] Unable to connect to port 22 on 172.24.4.8). Number attempts: 15. Retry after 16 seconds.: paramiko.ssh_exception.NoValidConnectionsError: [Errno None] Unable to connect to port 22 on 172.24.4.8
2025-11-26 16:20:45.625 81416 DEBUG tempest.lib.common.utils.linux.remote_client [-] Remote command: set -eu -o pipefail; PATH=$PATH:/sbin:/usr/sbin; curl -V exec_command /opt/stack/tempest/tempest/lib/common/utils/linux/remote_client.py:114
2025-11-26 16:20:45.626 81416 INFO tempest.lib.common.ssh [-] Creating ssh connection to '172.24.4.132:22' as 'cirros' with public key authentication
2025-11-26 16:20:45.645 81416 INFO paramiko.transport [-] Connected (version 2.0, client dropbear_2020.81)
2025-11-26 16:20:45.795 81416 INFO paramiko.transport [-] Authentication (publickey) successful!
2025-11-26 16:20:45.795 81416 INFO tempest.lib.common.ssh [-] ssh connection to cirros@172.24.4.132 successfully created
2025-11-26 16:20:45.946 81416 DEBUG tempest.lib.common.utils.linux.remote_client [-] Remote command: set -eu -o pipefail; PATH=$PATH:/sbin:/usr/sbin; curl http://169.254.169.254/openstack/latest/meta_data.json exec_command /opt/stack/tempest/tempest/lib/common/utils/linux/remote_client.py:114
2025-11-26 16:20:45.947 81416 INFO tempest.lib.common.ssh [-] Creating ssh connection to '172.24.4.132:22' as 'cirros' with public key authentication
2025-11-26 16:20:45.969 81416 INFO paramiko.transport [-] Connected (version 2.0, client dropbear_2020.81)
2025-11-26 16:20:45.994 81419 DEBUG tempest.lib.common.utils.linux.remote_client [-] Remote command: set -eu -o pipefail; PATH=$PATH:/sbin:/usr/sbin; curl -V exec_command /opt/stack/tempest/tempest/lib/common/utils/linux/remote_client.py:114
2025-11-26 16:20:45.994 81419 INFO tempest.lib.common.ssh [-] Creating ssh connection to '172.24.4.155:22' as 'cirros' with public key authentication
2025-11-26 16:20:46.015 81419 INFO paramiko.transport [-] Connected (version 2.0, client dropbear_2020.81)
2025-11-26 16:20:46.125 81416 INFO paramiko.transport [-] Authentication (publickey) successful!
2025-11-26 16:20:46.125 81416 INFO tempest.lib.common.ssh [-] ssh connection to cirros@172.24.4.132 successfully created
2025-11-26 16:20:46.179 81419 INFO paramiko.transport [-] Authentication (publickey) successful!
2025-11-26 16:20:46.179 81419 INFO tempest.lib.common.ssh [-] ssh connection to cirros@172.24.4.155 successfully created
2025-11-26 16:20:46.353 81419 DEBUG tempest.lib.common.utils.linux.remote_client [-] Remote command: set -eu -o pipefail; PATH=$PATH:/sbin:/usr/sbin; curl http://169.254.169.254/openstack/latest/meta_data.json exec_command /opt/stack/tempest/tempest/lib/common/utils/linux/remote_client.py:114
2025-11-26 16:20:46.354 81419 INFO tempest.lib.common.ssh [-] Creating ssh connection to '172.24.4.155:22' as 'cirros' with public key authentication
2025-11-26 16:20:46.374 81419 INFO paramiko.transport [-] Connected (version 2.0, client dropbear_2020.81)
2025-11-26 16:20:46.543 81419 INFO paramiko.transport [-] Authentication (publickey) successful!
2025-11-26 16:20:46.543 81419 INFO tempest.lib.common.ssh [-] ssh connection to cirros@172.24.4.155 successfully created
2025-11-26 16:20:47.373 81416 DEBUG tempest.lib.common.utils.linux.remote_client [-] Remote command: set -eu -o pipefail; PATH=$PATH:/sbin:/usr/sbin; curl -V exec_command /opt/stack/tempest/tempest/lib/common/utils/linux/remote_client.py:114
2025-11-26 16:20:47.373 81416 INFO tempest.lib.common.ssh [-] Creating ssh connection to '172.24.4.132:22' as 'cirros' with public key authentication
2025-11-26 16:20:47.391 81416 INFO paramiko.transport [-] Connected (version 2.0, client dropbear_2020.81)
2025-11-26 16:20:47.544 81416 INFO paramiko.transport [-] Authentication (publickey) successful!
2025-11-26 16:20:47.544 81416 INFO tempest.lib.common.ssh [-] ssh connection to cirros@172.24.4.132 successfully created
2025-11-26 16:20:47.698 81416 DEBUG tempest.lib.common.utils.linux.remote_client [-] Remote command: set -eu -o pipefail; PATH=$PATH:/sbin:/usr/sbin; curl http://169.254.169.254/openstack/latest/meta_data.json exec_command /opt/stack/tempest/tempest/lib/common/utils/linux/remote_client.py:114
2025-11-26 16:20:47.698 81416 INFO tempest.lib.common.ssh [-] Creating ssh connection to '172.24.4.132:22' as 'cirros' with public key authentication
2025-11-26 16:20:47.718 81416 INFO paramiko.transport [-] Connected (version 2.0, client dropbear_2020.81)
2025-11-26 16:20:47.767 81419 DEBUG tempest.lib.common.utils.linux.remote_client [-] Remote command: set -eu -o pipefail; PATH=$PATH:/sbin:/usr/sbin; curl -V exec_command /opt/stack/tempest/tempest/lib/common/utils/linux/remote_client.py:114
2025-11-26 16:20:47.768 81419 INFO tempest.lib.common.ssh [-] Creating ssh connection to '172.24.4.155:22' as 'cirros' with public key authentication
2025-11-26 16:20:47.788 81419 INFO paramiko.transport [-] Connected (version 2.0, client dropbear_2020.81)
2025-11-26 16:20:47.881 81416 INFO paramiko.transport [-] Authentication (publickey) successful!
2025-11-26 16:20:47.881 81416 INFO tempest.lib.common.ssh [-] ssh connection to cirros@172.24.4.132 successfully created
2025-11-26 16:20:47.946 81419 INFO paramiko.transport [-] Authentication (publickey) successful!
2025-11-26 16:20:47.947 81419 INFO tempest.lib.common.ssh [-] ssh connection to cirros@172.24.4.155 successfully created
2025-11-26 16:20:48.104 81419 DEBUG tempest.lib.common.utils.linux.remote_client [-] Remote command: set -eu -o pipefail; PATH=$PATH:/sbin:/usr/sbin; curl http://169.254.169.254/openstack/latest/meta_data.json exec_command /opt/stack/tempest/tempest/lib/common/utils/linux/remote_client.py:114
2025-11-26 16:20:48.105 81419 INFO tempest.lib.common.ssh [-] Creating ssh connection to '172.24.4.155:22' as 'cirros' with public key authentication
2025-11-26 16:20:48.125 81419 INFO paramiko.transport [-] Connected (version 2.0, client dropbear_2020.81)
2025-11-26 16:20:48.284 81419 INFO paramiko.transport [-] Authentication (publickey) successful!
2025-11-26 16:20:48.284 81419 INFO tempest.lib.common.ssh [-] ssh connection to cirros@172.24.4.155 successfully created
2025-11-26 16:20:48.856 81414 WARNING tempest.lib.common.ssh [-] Failed to establish authenticated ssh connection to cirros@172.24.4.140 ([Errno None] Unable to connect to port 22 on 172.24.4.140). Number attempts: 4. Retry after 5 seconds.: paramiko.ssh_exception.NoValidConnectionsError: [Errno None] Unable to connect to port 22 on 172.24.4.140
2025-11-26 16:20:49.126 81416 DEBUG tempest.lib.common.utils.linux.remote_client [-] Remote command: set -eu -o pipefail; PATH=$PATH:/sbin:/usr/sbin; curl -V exec_command /opt/stack/tempest/tempest/lib/common/utils/linux/remote_client.py:114
2025-11-26 16:20:49.127 81416 INFO tempest.lib.common.ssh [-] Creating ssh connection to '172.24.4.132:22' as 'cirros' with public key authentication
2025-11-26 16:20:49.147 81416 INFO paramiko.transport [-] Connected (version 2.0, client dropbear_2020.81)
2025-11-26 16:20:49.300 81416 INFO paramiko.transport [-] Authentication (publickey) successful!
2025-11-26 16:20:49.301 81416 INFO tempest.lib.common.ssh [-] ssh connection to cirros@172.24.4.132 successfully created
2025-11-26 16:20:49.451 81416 DEBUG tempest.lib.common.utils.linux.remote_client [-] Remote command: set -eu -o pipefail; PATH=$PATH:/sbin:/usr/sbin; curl http://169.254.169.254/openstack/latest/meta_data.json exec_command /opt/stack/tempest/tempest/lib/common/utils/linux/remote_client.py:114
2025-11-26 16:20:49.451 81416 INFO tempest.lib.common.ssh [-] Creating ssh connection to '172.24.4.132:22' as 'cirros' with public key authentication
2025-11-26 16:20:49.470 81416 INFO paramiko.transport [-] Connected (version 2.0, client dropbear_2020.81)
2025-11-26 16:20:49.506 81419 DEBUG tempest.lib.common.utils.linux.remote_client [-] Remote command: set -eu -o pipefail; PATH=$PATH:/sbin:/usr/sbin; curl -V exec_command /opt/stack/tempest/tempest/lib/common/utils/linux/remote_client.py:114
2025-11-26 16:20:49.507 81419 INFO tempest.lib.common.ssh [-] Creating ssh connection to '172.24.4.155:22' as 'cirros' with public key authentication
2025-11-26 16:20:49.530 81419 INFO paramiko.transport [-] Connected (version 2.0, client dropbear_2020.81)
2025-11-26 16:20:49.638 81416 INFO paramiko.transport [-] Authentication (publickey) successful!
2025-11-26 16:20:49.638 81416 INFO tempest.lib.common.ssh [-] ssh connection to cirros@172.24.4.132 successfully created
2025-11-26 16:20:49.692 81419 INFO paramiko.transport [-] Authentication (publickey) successful!
2025-11-26 16:20:49.692 81419 INFO tempest.lib.common.ssh [-] ssh connection to cirros@172.24.4.155 successfully created
2025-11-26 16:20:49.843 81419 DEBUG tempest.lib.common.utils.linux.remote_client [-] Remote command: set -eu -o pipefail; PATH=$PATH:/sbin:/usr/sbin; curl http://169.254.169.254/openstack/latest/meta_data.json exec_command /opt/stack/tempest/tempest/lib/common/utils/linux/remote_client.py:114
2025-11-26 16:20:49.843 81419 INFO tempest.lib.common.ssh [-] Creating ssh connection to '172.24.4.155:22' as 'cirros' with public key authentication
2025-11-26 16:20:49.864 81419 INFO paramiko.transport [-] Connected (version 2.0, client dropbear_2020.81)
2025-11-26 16:20:50.029 81419 INFO paramiko.transport [-] Authentication (publickey) successful!
2025-11-26 16:20:50.030 81419 INFO tempest.lib.common.ssh [-] ssh connection to cirros@172.24.4.155 successfully created
2025-11-26 16:20:50.877 81416 DEBUG tempest.lib.common.utils.linux.remote_client [-] Remote command: set -eu -o pipefail; PATH=$PATH:/sbin:/usr/sbin; curl -V exec_command /opt/stack/tempest/tempest/lib/common/utils/linux/remote_client.py:114
2025-11-26 16:20:50.877 81416 INFO tempest.lib.common.ssh [-] Creating ssh connection to '172.24.4.132:22' as 'cirros' with public key authentication
2025-11-26 16:20:50.898 81416 INFO paramiko.transport [-] Connected (version 2.0, client dropbear_2020.81)
2025-11-26 16:20:51.050 81416 INFO paramiko.transport [-] Authentication (publickey) successful!
2025-11-26 16:20:51.050 81416 INFO tempest.lib.common.ssh [-] ssh connection to cirros@172.24.4.132 successfully created
2025-11-26 16:20:51.214 81416 DEBUG tempest.lib.common.utils.linux.remote_client [-] Remote command: set -eu -o pipefail; PATH=$PATH:/sbin:/usr/sbin; curl http://169.254.169.254/openstack/latest/meta_data.json exec_command /opt/stack/tempest/tempest/lib/common/utils/linux/remote_client.py:114
2025-11-26 16:20:51.214 81416 INFO tempest.lib.common.ssh [-] Creating ssh connection to '172.24.4.132:22' as 'cirros' with public key authentication
2025-11-26 16:20:51.233 81416 INFO paramiko.transport [-] Connected (version 2.0, client dropbear_2020.81)
2025-11-26 16:20:51.254 81419 DEBUG tempest.lib.common.utils.linux.remote_client [-] Remote command: set -eu -o pipefail; PATH=$PATH:/sbin:/usr/sbin; curl -V exec_command /opt/stack/tempest/tempest/lib/common/utils/linux/remote_client.py:114
2025-11-26 16:20:51.254 81419 INFO tempest.lib.common.ssh [-] Creating ssh connection to '172.24.4.155:22' as 'cirros' with public key authentication
2025-11-26 16:20:51.272 81419 INFO paramiko.transport [-] Connected (version 2.0, client dropbear_2020.81)
2025-11-26 16:20:51.394 81416 INFO paramiko.transport [-] Authentication (publickey) successful!
2025-11-26 16:20:51.395 81416 INFO tempest.lib.common.ssh [-] ssh connection to cirros@172.24.4.132 successfully created
2025-11-26 16:20:51.433 81419 INFO paramiko.transport [-] Authentication (publickey) successful!
2025-11-26 16:20:51.434 81419 INFO tempest.lib.common.ssh [-] ssh connection to cirros@172.24.4.155 successfully created
2025-11-26 16:20:51.599 81419 DEBUG tempest.lib.common.utils.linux.remote_client [-] Remote command: set -eu -o pipefail; PATH=$PATH:/sbin:/usr/sbin; curl http://169.254.169.254/openstack/latest/meta_data.json exec_command /opt/stack/tempest/tempest/lib/common/utils/linux/remote_client.py:114
2025-11-26 16:20:51.599 81419 INFO tempest.lib.common.ssh [-] Creating ssh connection to '172.24.4.155:22' as 'cirros' with public key authentication
2025-11-26 16:20:51.623 81419 INFO paramiko.transport [-] Connected (version 2.0, client dropbear_2020.81)
2025-11-26 16:20:51.790 81419 INFO paramiko.transport [-] Authentication (publickey) successful!
2025-11-26 16:20:51.791 81419 INFO tempest.lib.common.ssh [-] ssh connection to cirros@172.24.4.155 successfully created
2025-11-26 16:20:52.614 81416 DEBUG tempest.lib.common.utils.linux.remote_client [-] Remote command: set -eu -o pipefail; PATH=$PATH:/sbin:/usr/sbin; curl -V exec_command /opt/stack/tempest/tempest/lib/common/utils/linux/remote_client.py:114
2025-11-26 16:20:52.614 81416 INFO tempest.lib.common.ssh [-] Creating ssh connection to '172.24.4.132:22' as 'cirros' with public key authentication
2025-11-26 16:20:52.632 81416 INFO paramiko.transport [-] Connected (version 2.0, client dropbear_2020.81)
2025-11-26 16:20:52.783 81416 INFO paramiko.transport [-] Authentication (publickey) successful!
2025-11-26 16:20:52.784 81416 INFO tempest.lib.common.ssh [-] ssh connection to cirros@172.24.4.132 successfully created
2025-11-26 16:20:52.954 81416 DEBUG tempest.lib.common.utils.linux.remote_client [-] Remote command: set -eu -o pipefail; PATH=$PATH:/sbin:/usr/sbin; curl http://169.254.169.254/openstack/latest/meta_data.json exec_command /opt/stack/tempest/tempest/lib/common/utils/linux/remote_client.py:114
2025-11-26 16:20:52.954 81416 INFO tempest.lib.common.ssh [-] Creating ssh connection to '172.24.4.132:22' as 'cirros' with public key authentication
2025-11-26 16:20:52.975 81416 INFO paramiko.transport [-] Connected (version 2.0, client dropbear_2020.81)
2025-11-26 16:20:53.047 81419 DEBUG tempest.lib.common.utils.linux.remote_client [-] Remote command: set -eu -o pipefail; PATH=$PATH:/sbin:/usr/sbin; curl -V exec_command /opt/stack/tempest/tempest/lib/common/utils/linux/remote_client.py:114
2025-11-26 16:20:53.048 81419 INFO tempest.lib.common.ssh [-] Creating ssh connection to '172.24.4.155:22' as 'cirros' with public key authentication
2025-11-26 16:20:53.069 81419 INFO paramiko.transport [-] Connected (version 2.0, client dropbear_2020.81)
2025-11-26 16:20:53.140 81416 INFO paramiko.transport [-] Authentication (publickey) successful!
2025-11-26 16:20:53.141 81416 INFO tempest.lib.common.ssh [-] ssh connection to cirros@172.24.4.132 successfully created
2025-11-26 16:20:53.227 81419 INFO paramiko.transport [-] Authentication (publickey) successful!
2025-11-26 16:20:53.227 81419 INFO tempest.lib.common.ssh [-] ssh connection to cirros@172.24.4.155 successfully created
2025-11-26 16:20:53.392 81419 DEBUG tempest.lib.common.utils.linux.remote_client [-] Remote command: set -eu -o pipefail; PATH=$PATH:/sbin:/usr/sbin; curl http://169.254.169.254/openstack/latest/meta_data.json exec_command /opt/stack/tempest/tempest/lib/common/utils/linux/remote_client.py:114
2025-11-26 16:20:53.393 81419 INFO tempest.lib.common.ssh [-] Creating ssh connection to '172.24.4.155:22' as 'cirros' with public key authentication
2025-11-26 16:20:53.412 81419 INFO paramiko.transport [-] Connected (version 2.0, client dropbear_2020.81)
2025-11-26 16:20:53.575 81419 INFO paramiko.transport [-] Authentication (publickey) successful!
2025-11-26 16:20:53.576 81419 INFO tempest.lib.common.ssh [-] ssh connection to cirros@172.24.4.155 successfully created
2025-11-26 16:20:54.363 81414 WARNING tempest.lib.common.ssh [-] Failed to establish authenticated ssh connection to cirros@172.24.4.140 ([Errno None] Unable to connect to port 22 on 172.24.4.140). Number attempts: 5. Retry after 6 seconds.: paramiko.ssh_exception.NoValidConnectionsError: [Errno None] Unable to connect to port 22 on 172.24.4.140
2025-11-26 16:20:54.371 81416 DEBUG tempest.lib.common.utils.linux.remote_client [-] Remote command: set -eu -o pipefail; PATH=$PATH:/sbin:/usr/sbin; curl -V exec_command /opt/stack/tempest/tempest/lib/common/utils/linux/remote_client.py:114
2025-11-26 16:20:54.372 81416 INFO tempest.lib.common.ssh [-] Creating ssh connection to '172.24.4.132:22' as 'cirros' with public key authentication
2025-11-26 16:20:54.394 81416 INFO paramiko.transport [-] Connected (version 2.0, client dropbear_2020.81)
2025-11-26 16:20:54.546 81416 INFO paramiko.transport [-] Authentication (publickey) successful!
2025-11-26 16:20:54.546 81416 INFO tempest.lib.common.ssh [-] ssh connection to cirros@172.24.4.132 successfully created
2025-11-26 16:20:54.696 81416 DEBUG tempest.lib.common.utils.linux.remote_client [-] Remote command: set -eu -o pipefail; PATH=$PATH:/sbin:/usr/sbin; curl http://169.254.169.254/openstack/latest/meta_data.json exec_command /opt/stack/tempest/tempest/lib/common/utils/linux/remote_client.py:114
2025-11-26 16:20:54.697 81416 INFO tempest.lib.common.ssh [-] Creating ssh connection to '172.24.4.132:22' as 'cirros' with public key authentication
2025-11-26 16:20:54.715 81416 INFO paramiko.transport [-] Connected (version 2.0, client dropbear_2020.81)
2025-11-26 16:20:54.816 81419 DEBUG tempest.lib.common.utils.linux.remote_client [-] Remote command: set -eu -o pipefail; PATH=$PATH:/sbin:/usr/sbin; curl -V exec_command /opt/stack/tempest/tempest/lib/common/utils/linux/remote_client.py:114
2025-11-26 16:20:54.816 81419 INFO tempest.lib.common.ssh [-] Creating ssh connection to '172.24.4.155:22' as 'cirros' with public key authentication
2025-11-26 16:20:54.836 81419 INFO paramiko.transport [-] Connected (version 2.0, client dropbear_2020.81)
2025-11-26 16:20:54.890 81416 INFO paramiko.transport [-] Authentication (publickey) successful!
2025-11-26 16:20:54.890 81416 INFO tempest.lib.common.ssh [-] ssh connection to cirros@172.24.4.132 successfully created
2025-11-26 16:20:54.999 81419 INFO paramiko.transport [-] Authentication (publickey) successful!
2025-11-26 16:20:55.000 81419 INFO tempest.lib.common.ssh [-] ssh connection to cirros@172.24.4.155 successfully created
2025-11-26 16:20:55.164 81419 DEBUG tempest.lib.common.utils.linux.remote_client [-] Remote command: set -eu -o pipefail; PATH=$PATH:/sbin:/usr/sbin; curl http://169.254.169.254/openstack/latest/meta_data.json exec_command /opt/stack/tempest/tempest/lib/common/utils/linux/remote_client.py:114
2025-11-26 16:20:55.164 81419 INFO tempest.lib.common.ssh [-] Creating ssh connection to '172.24.4.155:22' as 'cirros' with public key authentication
2025-11-26 16:20:55.189 81419 INFO paramiko.transport [-] Connected (version 2.0, client dropbear_2020.81)
2025-11-26 16:20:55.342 81419 INFO paramiko.transport [-] Authentication (publickey) successful!
2025-11-26 16:20:55.342 81419 INFO tempest.lib.common.ssh [-] ssh connection to cirros@172.24.4.155 successfully created
2025-11-26 16:20:56.135 81416 DEBUG tempest.lib.common.utils.linux.remote_client [-] Remote command: set -eu -o pipefail; PATH=$PATH:/sbin:/usr/sbin; curl -V exec_command /opt/stack/tempest/tempest/lib/common/utils/linux/remote_client.py:114
2025-11-26 16:20:56.135 81416 INFO tempest.lib.common.ssh [-] Creating ssh connection to '172.24.4.132:22' as 'cirros' with public key authentication
2025-11-26 16:20:56.154 81416 INFO paramiko.transport [-] Connected (version 2.0, client dropbear_2020.81)
2025-11-26 16:20:56.303 81416 INFO paramiko.transport [-] Authentication (publickey) successful!
2025-11-26 16:20:56.303 81416 INFO tempest.lib.common.ssh [-] ssh connection to cirros@172.24.4.132 successfully created
2025-11-26 16:20:56.465 81416 DEBUG tempest.lib.common.utils.linux.remote_client [-] Remote command: set -eu -o pipefail; PATH=$PATH:/sbin:/usr/sbin; curl http://169.254.169.254/openstack/latest/meta_data.json exec_command /opt/stack/tempest/tempest/lib/common/utils/linux/remote_client.py:114
2025-11-26 16:20:56.465 81416 INFO tempest.lib.common.ssh [-] Creating ssh connection to '172.24.4.132:22' as 'cirros' with public key authentication
2025-11-26 16:20:56.489 81416 INFO paramiko.transport [-] Connected (version 2.0, client dropbear_2020.81)
2025-11-26 16:20:56.652 81419 DEBUG tempest.lib.common.utils.linux.remote_client [-] Remote command: set -eu -o pipefail; PATH=$PATH:/sbin:/usr/sbin; curl -V exec_command /opt/stack/tempest/tempest/lib/common/utils/linux/remote_client.py:114
2025-11-26 16:20:56.652 81419 INFO tempest.lib.common.ssh [-] Creating ssh connection to '172.24.4.155:22' as 'cirros' with public key authentication
2025-11-26 16:20:56.655 81416 INFO paramiko.transport [-] Authentication (publickey) successful!
2025-11-26 16:20:56.656 81416 INFO tempest.lib.common.ssh [-] ssh connection to cirros@172.24.4.132 successfully created
2025-11-26 16:20:56.674 81419 INFO paramiko.transport [-] Connected (version 2.0, client dropbear_2020.81)
2025-11-26 16:20:56.834 81419 INFO paramiko.transport [-] Authentication (publickey) successful!
2025-11-26 16:20:56.834 81419 INFO tempest.lib.common.ssh [-] ssh connection to cirros@172.24.4.155 successfully created
2025-11-26 16:20:56.991 81419 DEBUG tempest.lib.common.utils.linux.remote_client [-] Remote command: set -eu -o pipefail; PATH=$PATH:/sbin:/usr/sbin; curl http://169.254.169.254/openstack/latest/meta_data.json exec_command /opt/stack/tempest/tempest/lib/common/utils/linux/remote_client.py:114
2025-11-26 16:20:56.991 81419 INFO tempest.lib.common.ssh [-] Creating ssh connection to '172.24.4.155:22' as 'cirros' with public key authentication
2025-11-26 16:20:57.015 81419 INFO paramiko.transport [-] Connected (version 2.0, client dropbear_2020.81)
2025-11-26 16:20:57.166 81419 INFO paramiko.transport [-] Authentication (publickey) successful!
2025-11-26 16:20:57.167 81419 INFO tempest.lib.common.ssh [-] ssh connection to cirros@172.24.4.155 successfully created
2025-11-26 16:20:57.893 81416 DEBUG tempest.lib.common.utils.linux.remote_client [-] Remote command: set -eu -o pipefail; PATH=$PATH:/sbin:/usr/sbin; curl -V exec_command /opt/stack/tempest/tempest/lib/common/utils/linux/remote_client.py:114
2025-11-26 16:20:57.893 81416 INFO tempest.lib.common.ssh [-] Creating ssh connection to '172.24.4.132:22' as 'cirros' with public key authentication
2025-11-26 16:20:57.911 81416 INFO paramiko.transport [-] Connected (version 2.0, client dropbear_2020.81)
2025-11-26 16:20:58.064 81416 INFO paramiko.transport [-] Authentication (publickey) successful!
2025-11-26 16:20:58.064 81416 INFO tempest.lib.common.ssh [-] ssh connection to cirros@172.24.4.132 successfully created
2025-11-26 16:20:58.226 81416 DEBUG tempest.lib.common.utils.linux.remote_client [-] Remote command: set -eu -o pipefail; PATH=$PATH:/sbin:/usr/sbin; curl http://169.254.169.254/openstack/latest/meta_data.json exec_command /opt/stack/tempest/tempest/lib/common/utils/linux/remote_client.py:114
2025-11-26 16:20:58.226 81416 INFO tempest.lib.common.ssh [-] Creating ssh connection to '172.24.4.132:22' as 'cirros' with public key authentication
2025-11-26 16:20:58.245 81416 INFO paramiko.transport [-] Connected (version 2.0, client dropbear_2020.81)
2025-11-26 16:20:58.382 81419 DEBUG tempest.lib.common.utils.linux.remote_client [-] Remote command: set -eu -o pipefail; PATH=$PATH:/sbin:/usr/sbin; curl -V exec_command /opt/stack/tempest/tempest/lib/common/utils/linux/remote_client.py:114
2025-11-26 16:20:58.383 81419 INFO tempest.lib.common.ssh [-] Creating ssh connection to '172.24.4.155:22' as 'cirros' with public key authentication
2025-11-26 16:20:58.403 81416 INFO paramiko.transport [-] Authentication (publickey) successful!
2025-11-26 16:20:58.404 81416 INFO tempest.lib.common.ssh [-] ssh connection to cirros@172.24.4.132 successfully created
2025-11-26 16:20:58.408 81419 INFO paramiko.transport [-] Connected (version 2.0, client dropbear_2020.81)
2025-11-26 16:20:58.591 81419 INFO paramiko.transport [-] Authentication (publickey) successful!
2025-11-26 16:20:58.592 81419 INFO tempest.lib.common.ssh [-] ssh connection to cirros@172.24.4.155 successfully created
2025-11-26 16:20:58.780 81419 DEBUG tempest.lib.common.utils.linux.remote_client [-] Remote command: set -eu -o pipefail; PATH=$PATH:/sbin:/usr/sbin; curl http://169.254.169.254/openstack/latest/meta_data.json exec_command /opt/stack/tempest/tempest/lib/common/utils/linux/remote_client.py:114
2025-11-26 16:20:58.780 81419 INFO tempest.lib.common.ssh [-] Creating ssh connection to '172.24.4.155:22' as 'cirros' with public key authentication
2025-11-26 16:20:58.803 81419 INFO paramiko.transport [-] Connected (version 2.0, client dropbear_2020.81)
2025-11-26 16:20:58.966 81419 INFO paramiko.transport [-] Authentication (publickey) successful!
2025-11-26 16:20:58.966 81419 INFO tempest.lib.common.ssh [-] ssh connection to cirros@172.24.4.155 successfully created
2025-11-26 16:20:59.641 81416 DEBUG tempest.lib.common.utils.linux.remote_client [-] Remote command: set -eu -o pipefail; PATH=$PATH:/sbin:/usr/sbin; curl -V exec_command /opt/stack/tempest/tempest/lib/common/utils/linux/remote_client.py:114
2025-11-26 16:20:59.641 81416 INFO tempest.lib.common.ssh [-] Creating ssh connection to '172.24.4.132:22' as 'cirros' with public key authentication
2025-11-26 16:20:59.662 81416 INFO paramiko.transport [-] Connected (version 2.0, client dropbear_2020.81)
2025-11-26 16:20:59.813 81416 INFO paramiko.transport [-] Authentication (publickey) successful!
2025-11-26 16:20:59.814 81416 INFO tempest.lib.common.ssh [-] ssh connection to cirros@172.24.4.132 successfully created
2025-11-26 16:20:59.958 81416 DEBUG tempest.lib.common.utils.linux.remote_client [-] Remote command: set -eu -o pipefail; PATH=$PATH:/sbin:/usr/sbin; curl http://169.254.169.254/openstack/latest/meta_data.json exec_command /opt/stack/tempest/tempest/lib/common/utils/linux/remote_client.py:114
2025-11-26 16:20:59.958 81416 INFO tempest.lib.common.ssh [-] Creating ssh connection to '172.24.4.132:22' as 'cirros' with public key authentication
2025-11-26 16:20:59.976 81416 INFO paramiko.transport [-] Connected (version 2.0, client dropbear_2020.81)
2025-11-26 16:21:00.151 81416 INFO paramiko.transport [-] Authentication (publickey) successful!
2025-11-26 16:21:00.152 81416 INFO tempest.lib.common.ssh [-] ssh connection to cirros@172.24.4.132 successfully created
2025-11-26 16:21:00.203 81419 DEBUG tempest.lib.common.utils.linux.remote_client [-] Remote command: set -eu -o pipefail; PATH=$PATH:/sbin:/usr/sbin; curl -V exec_command /opt/stack/tempest/tempest/lib/common/utils/linux/remote_client.py:114
2025-11-26 16:21:00.203 81419 INFO tempest.lib.common.ssh [-] Creating ssh connection to '172.24.4.155:22' as 'cirros' with public key authentication
2025-11-26 16:21:00.224 81419 INFO paramiko.transport [-] Connected (version 2.0, client dropbear_2020.81)
2025-11-26 16:21:00.401 81419 INFO paramiko.transport [-] Authentication (publickey) successful!
2025-11-26 16:21:00.402 81419 INFO tempest.lib.common.ssh [-] ssh connection to cirros@172.24.4.155 successfully created
2025-11-26 16:21:00.575 81419 DEBUG tempest.lib.common.utils.linux.remote_client [-] Remote command: set -eu -o pipefail; PATH=$PATH:/sbin:/usr/sbin; curl http://169.254.169.254/openstack/latest/meta_data.json exec_command /opt/stack/tempest/tempest/lib/common/utils/linux/remote_client.py:114
2025-11-26 16:21:00.575 81419 INFO tempest.lib.common.ssh [-] Creating ssh connection to '172.24.4.155:22' as 'cirros' with public key authentication
2025-11-26 16:21:00.594 81419 INFO paramiko.transport [-] Connected (version 2.0, client dropbear_2020.81)
2025-11-26 16:21:00.757 81419 INFO paramiko.transport [-] Authentication (publickey) successful!
2025-11-26 16:21:00.758 81419 INFO tempest.lib.common.ssh [-] ssh connection to cirros@172.24.4.155 successfully created
2025-11-26 16:21:00.869 81414 WARNING tempest.lib.common.ssh [-] Failed to establish authenticated ssh connection to cirros@172.24.4.140 ([Errno None] Unable to connect to port 22 on 172.24.4.140). Number attempts: 6. Retry after 7 seconds.: paramiko.ssh_exception.NoValidConnectionsError: [Errno None] Unable to connect to port 22 on 172.24.4.140
2025-11-26 16:21:01.377 81416 DEBUG tempest.lib.common.utils.linux.remote_client [-] Remote command: set -eu -o pipefail; PATH=$PATH:/sbin:/usr/sbin; curl -V exec_command /opt/stack/tempest/tempest/lib/common/utils/linux/remote_client.py:114
2025-11-26 16:21:01.378 81416 INFO tempest.lib.common.ssh [-] Creating ssh connection to '172.24.4.132:22' as 'cirros' with public key authentication
2025-11-26 16:21:01.395 81416 INFO paramiko.transport [-] Connected (version 2.0, client dropbear_2020.81)
2025-11-26 16:21:01.550 81416 INFO paramiko.transport [-] Authentication (publickey) successful!
2025-11-26 16:21:01.550 81416 INFO tempest.lib.common.ssh [-] ssh connection to cirros@172.24.4.132 successfully created
2025-11-26 16:21:01.705 81416 DEBUG tempest.lib.common.utils.linux.remote_client [-] Remote command: set -eu -o pipefail; PATH=$PATH:/sbin:/usr/sbin; curl http://169.254.169.254/openstack/latest/meta_data.json exec_command /opt/stack/tempest/tempest/lib/common/utils/linux/remote_client.py:114
2025-11-26 16:21:01.705 81416 INFO tempest.lib.common.ssh [-] Creating ssh connection to '172.24.4.132:22' as 'cirros' with public key authentication
2025-11-26 16:21:01.725 81416 INFO paramiko.transport [-] Connected (version 2.0, client dropbear_2020.81)
2025-11-26 16:21:01.739 81412 ERROR tempest.lib.common.ssh [-] Failed to establish authenticated ssh connection to cirros@172.24.4.8 after 15 attempts. Proxy client: no proxy client: paramiko.ssh_exception.NoValidConnectionsError: [Errno None] Unable to connect to port 22 on 172.24.4.8
2025-11-26 16:21:01.739 81412 ERROR tempest.lib.common.ssh
Traceback (most recent call last):
2025-11-26 16:21:01.739 81412 ERROR tempest.lib.common.ssh
File "/opt/stack/tempest/tempest/lib/common/ssh.py", line 136, in _get_ssh_connection
2025-11-26 16:21:01.739 81412 ERROR tempest.lib.common.ssh ssh.connect(self.host, port=self.port, username=self.username,
2025-11-26 16:21:01.739 81412 ERROR tempest.lib.common.ssh
File "/opt/stack/tempest/.tox/venv/lib/python3.10/site-packages/paramiko/client.py", line 407, in connect
2025-11-26 16:21:01.739 81412 ERROR tempest.lib.common.ssh raise NoValidConnectionsError(errors)
2025-11-26 16:21:01.739 81412 ERROR tempest.lib.common.ssh paramiko.ssh_exception.NoValidConnectionsError: [Errno None] Unable to connect to port 22 on 172.24.4.8
2025-11-26 16:21:01.739 81412 ERROR tempest.lib.common.ssh
2025-11-26 16:21:01.740 81412 DEBUG tempest.lib.common.utils.linux.remote_client [-] Caller: VolumesAssistedSnapshotsTest:test_volume_assisted_snapshot_create_delete. Timeout trying to ssh to server {'id': '2acba60f-3b7a-4f06-b844-eb6cf32c6ddb', 'name': 'tempest-VolumesAssistedSnapshotsTest-server-643181904', 'status': 'ACTIVE', 'tenant_id': '7f653c0908ae4415be0f87d8f88e2de7', 'user_id': 'f48d5dfbb1724bb983893560667e244e', 'metadata': {}, 'hostId': '7ac58379a012f61361a1e2301d88790350214e8366ba92c7b4607acb', 'image': {'id': 'f148cbcc-fd59-47a4-b081-40333db5c3ea', 'links': [{'rel': 'bookmark', 'href': 'http://192.168.122.182/compute/images/f148cbcc-fd59-47a4-b081-40333db5c3ea'}]}, 'flavor': {'id': '42', 'links': [{'rel': 'bookmark', 'href': 'http://192.168.122.182/compute/flavors/42'}]}, 'created': '2025-11-26T15:17:20Z', 'updated': '2025-11-26T15:17:37Z', 'addresses': {'tempest-VolumesAssistedSnapshotsTest-938923121-network': [{'version': 4, 'addr': '10.0.0.7', 'OS-EXT-IPS:type': 'fixed', 'OS-EXT-IPS-MAC:mac_addr': 'fa:16:3e:e3:72:5c'}]}, 'accessIPv4': '', 'accessIPv6': '', 'links': [{'rel': 'self', 'href': 'http://192.168.122.182/compute/v2.1/servers/2acba60f-3b7a-4f06-b844-eb6cf32c6ddb'}, {'rel': 'bookmark', 'href': 'http://192.168.122.182/compute/servers/2acba60f-3b7a-4f06-b844-eb6cf32c6ddb'}], 'OS-DCF:diskConfig': 'MANUAL', 'progress': 0, 'OS-EXT-AZ:availability_zone': 'nova', 'config_drive': '', 'key_name': 'tempest-keypair-344554814', 'OS-SRV-USG:launched_at': '2025-11-26T15:17:36.000000', 'OS-SRV-USG:terminated_at': None, 'security_groups': [{'name': 'tempest-securitygroup--1551718193'}], 'OS-EXT-STS:task_state': None, 'OS-EXT-STS:vm_state': 'active', 'OS-EXT-STS:power_state': 1, 'os-extended-volumes:volumes_attached': []} wrapper /opt/stack/tempest/tempest/lib/common/utils/linux/remote_client.py:46
2025-11-26 16:21:01.898 81416 INFO paramiko.transport [-] Authentication (publickey) successful!
2025-11-26 16:21:01.898 81416 INFO tempest.lib.common.ssh [-] ssh connection to cirros@172.24.4.132 successfully created
2025-11-26 16:21:02.007 81419 DEBUG tempest.lib.common.utils.linux.remote_client [-] Remote command: set -eu -o pipefail; PATH=$PATH:/sbin:/usr/sbin; curl -V exec_command /opt/stack/tempest/tempest/lib/common/utils/linux/remote_client.py:114
2025-11-26 16:21:02.008 81419 INFO tempest.lib.common.ssh [-] Creating ssh connection to '172.24.4.155:22' as 'cirros' with public key authentication
2025-11-26 16:21:02.031 81419 INFO paramiko.transport [-] Connected (version 2.0, client dropbear_2020.81)
2025-11-26 16:21:02.192 81419 INFO paramiko.transport [-] Authentication (publickey) successful!
2025-11-26 16:21:02.192 81419 INFO tempest.lib.common.ssh [-] ssh connection to cirros@172.24.4.155 successfully created
2025-11-26 16:21:02.293 81412 INFO tempest.lib.common.rest_client [req-d47738b2-8da1-4fdb-9ae1-7aba31e45935 req-d47738b2-8da1-4fdb-9ae1-7aba31e45935 ] Request (VolumesAssistedSnapshotsTest:test_volume_assisted_snapshot_create_delete): 200 POST http://192.168.122.182/compute/v2.1/servers/2acba60f-3b7a-4f06-b844-eb6cf32c6ddb/action 0.552s
2025-11-26 16:21:02.293 81412 DEBUG tempest.lib.common.rest_client [req-d47738b2-8da1-4fdb-9ae1-7aba31e45935 req-d47738b2-8da1-4fdb-9ae1-7aba31e45935 ] Request - Headers: {'Content-Type': 'application/json', 'Accept': 'application/json', 'X-Auth-Token': ''} Body: {"os-getConsoleOutput": {}} Response - Headers: {'date': 'Wed, 26 Nov 2025 15:21:01 GMT', 'server': 'Apache/2.4.52 (Ubuntu)', 'content-length': '32011', 'content-type': 'application/json', 'openstack-api-version': 'compute 2.1', 'x-openstack-nova-api-version': '2.1', 'vary': 'OpenStack-API-Version,X-OpenStack-Nova-API-Version', 'x-openstack-request-id': 'req-d47738b2-8da1-4fdb-9ae1-7aba31e45935', 'x-compute-request-id': 'req-d47738b2-8da1-4fdb-9ae1-7aba31e45935', 'connection': 'close', 'status': '200', 'content-location': 'http://192.168.122.182/compute/v2.1/servers/2acba60f-3b7a-4f06-b844-eb6cf32c6ddb/action'} Body: b'{"output": "[ 0.000000] Linux version 5.15.0-117-generic (buildd@lcy02-amd64-102) (gcc (Ubuntu 11.4.0-1ubuntu1~22.04) 11.4.0, GNU ld (GNU Binutils for Ubuntu) 2.38) #127-Ubuntu SMP Fri Jul 5 20:13:28 UTC 2024 (Ubuntu 5.15.0-117.127-generic 5.15.158)\\n[ 0.000000] Command line: LABEL=cirros-rootfs ro console=tty1 console=ttyS0\\n[ 0.000000] KERNEL supported cpus:\\n[ 0.000000] Intel GenuineIntel\\n[ 0.000000] AMD AuthenticAMD\\n[ 0.000000] Hygon HygonGenuine\\n[ 0.000000] Centaur CentaurHauls\\n[ 0.000000] zhaoxin Shanghai \\n[ 0.000000] BIOS-provided physical RAM map:\\n[ 0.000000] BIOS-e820: [mem 0x0000000000000000-0x000000000009fbff] usable\\n[ 0.000000] BIOS-e820: [mem 0x000000000009fc00-0x000000000009ffff] reserved\\n[ 0.000000] BIOS-e820: [mem 0x00000000000f0000-0x00000000000fffff] reserved\\n[ 0.000000] BIOS-e820: [mem 0x0000000000100000-0x000000000bfdcfff] usable\\n[ 0.000000] BIOS-e820: [mem 0x000000000bfdd000-0x000000000bffffff] reserved\\n[ 0.000000] BIOS-e820: [mem 0x00000000fffc0000-0x00000000ffffffff] reserved\\n[ 0.000000] NX (Execute Disable) protection: active\\n[ 0.000000] SMBIOS 2.8 present.\\n[ 0.000000] DMI: OpenStack Foundation OpenStack Nova, BIOS 1.15.0-1 04/01/2014\\n[ 0.000000] last_pfn = 0xbfdd max_arch_pfn = 0x10000000000\\n[ 0.000000] x86/PAT: Configuration [0-7]: WB WC UC- UC WB WP UC- WT \\n[ 0.000000] found SMP MP-table at [mem 0x000f5b80-0x000f5b8f]\\n[ 0.000000] Using GB pages for direct mapping\\n[ 0.000000] RAMDISK: [mem 0x0b725000-0x0bfccfff]\\n[ 0.000000] ACPI: Early table checksum verification disabled\\n[ 0.000000] ACPI: RSDP 0x00000000000F5990 000014 (v00 BOCHS )\\n[ 0.000000] ACPI: RSDT 0x000000000BFE18B3 000034 (v01 BOCHS BXPC 00000001 BXPC 00000001)\\n[ 0.000000] ACPI: FACP 0x000000000BFE1767 000074 (v01 BOCHS BXPC 00000001 BXPC 00000001)\\n[ 0.000000] ACPI: DSDT 0x000000000BFE0040 001727 (v01 BOCHS BXPC 00000001 BXPC 00000001)\\n[ 0.000000] ACPI: FACS 0x000000000BFE0000 000040\\n[ 0.000000] ACPI: APIC 0x000000000BFE17DB 000078 (v01 BOCHS BXPC 00000001 BXPC 00000001)\\n[ 0.000000] ACPI: HPET 0x000000000BFE1853 000038 (v01 BOCHS BXPC 00000001 BXPC 00000001)\\n[ 0.000000] ACPI: WAET 0x000000000BFE188B 000028 (v01 BOCHS BXPC 00000001 BXPC 00000001)\\n[ 0.000000] ACPI: Reserving FACP table memory at [mem 0xbfe1767-0xbfe17da]\\n[ 0.000000] ACPI: Reserving DSDT table memory at [mem 0xbfe0040-0xbfe1766]\\n[ 0.000000] ACPI: Reserving FACS table memory at [mem 0xbfe0000-0xbfe003f]\\n[ 0.000000] ACPI: Reserving APIC table memory at [mem 0xbfe17db-0xbfe1852]\\n[ 0.000000] ACPI: Reserving HPET table memory at [mem 0xbfe1853-0xbfe188a]\\n[ 0.000000] ACPI: Reserving WAET table memory at [mem 0xbfe188b-0xbfe18b2]\\n[ 0.000000] No NUMA configuration found\\n[ 0.000000] Faking a node at [mem 0x0000000000000000-0x000000000bfdcfff]\\n[ 0.000000] NODE_DATA(0) allocated [mem 0x0b6fb000-0x0b724fff]\\n[ 0.000000] Zone ranges:\\n[ 0.000000] DMA [mem 0x0000000000001000-0x0000000000ffffff]\\n[ 0.000000] DMA32 [mem 0x0000000001000000-0x000000000bfdcfff]\\n[ 0.000000] Normal empty\\n[ 0.000000] Device empty\\n[ 0.000000] Movable zone start for each node\\n[ 0.000000] Early memory node ranges\\n[ 0.000000] node 0: [mem 0x0000000000001000-0x000000000009efff]\\n[ 0.000000] node 0: [mem 0x0000000000100000-0x000000000bfdcfff]\\n[ 0.000000] Initmem setup node 0 [mem 0x0000000000001000-0x000000000bfdcfff]\\n[ 0.000000] On node 0, zone DMA: 1 pages in unavailable ranges\\n[ 0.000000] On node 0, zone DMA: 97 pages in unavailable ranges\\n[ 0.000000] On node 0, zone DMA32: 16419 pages in unavailable ranges\\n[ 0.000000] ACPI: PM-Timer IO Port: 0x608\\n[ 0.000000] ACPI: LAPIC_NMI (acpi_id[0xff] dfl dfl lint[0x1])\\n[ 0.000000] IOAPIC[0]: apic_id 0, version 32, address 0xfec00000, GSI 0-23\\n[ 0.000000] ACPI: INT_SRC_OVR (bus 0 bus_irq 0 global_irq 2 dfl dfl)\\n[ 0.0 _log_request_full /opt/stack/tempest/tempest/lib/common/rest_client.py:484
