Jul 31 07:13:48 devstack devstack@n-api.service[63429]: DEBUG nova.api.openstack.wsgi_app [None req-b3fcb6c6-88c1-46da-bcda-48c9574418f6 None None] keystone_authtoken.auth_type = password {{(pid=63429) log_opt_values /opt/stack/data/venv/lib/python3.12/site-packages/oslo_config/cfg.py:3253}}
Jul 31 07:13:48 devstack devstack@n-api.service[63430]: DEBUG nova.api.openstack.wsgi_app [None req-3e834086-f6ad-4671-b9e0-6b02af5568af None None] keystone_authtoken.project_id = None {{(pid=63430) log_opt_values /opt/stack/data/venv/lib/python3.12/site-packages/oslo_config/cfg.py:3253}}
Jul 31 07:13:48 devstack devstack@n-api.service[63429]: DEBUG nova.api.openstack.wsgi_app [None req-b3fcb6c6-88c1-46da-bcda-48c9574418f6 None None] keystone_authtoken.auth_url = http://192.168.122.134/identity {{(pid=63429) log_opt_values /opt/stack/data/venv/lib/python3.12/site-packages/oslo_config/cfg.py:3253}}
Jul 31 07:13:48 devstack devstack@n-api.service[63430]: DEBUG nova.api.openstack.wsgi_app [None req-3e834086-f6ad-4671-b9e0-6b02af5568af None None] keystone_authtoken.project_name = service {{(pid=63430) log_opt_values /opt/stack/data/venv/lib/python3.12/site-packages/oslo_config/cfg.py:3253}}
Jul 31 07:13:48 devstack devstack@n-api.service[63429]: DEBUG nova.api.openstack.wsgi_app [None req-b3fcb6c6-88c1-46da-bcda-48c9574418f6 None None] keystone_authtoken.auth_version = None {{(pid=63429) log_opt_values /opt/stack/data/venv/lib/python3.12/site-packages/oslo_config/cfg.py:3253}}
Jul 31 07:13:48 devstack devstack@n-api.service[63430]: DEBUG nova.api.openstack.wsgi_app [None req-3e834086-f6ad-4671-b9e0-6b02af5568af None None] keystone_authtoken.region_name = None {{(pid=63430) log_opt_values /opt/stack/data/venv/lib/python3.12/site-packages/oslo_config/cfg.py:3253}}
Jul 31 07:13:48 devstack devstack@n-api.service[63429]: DEBUG nova.api.openstack.wsgi_app [None req-b3fcb6c6-88c1-46da-bcda-48c9574418f6 None None] keystone_authtoken.cache = None {{(pid=63429) log_opt_values /opt/stack/data/venv/lib/python3.12/site-packages/oslo_config/cfg.py:3253}}
Jul 31 07:13:48 devstack devstack@n-api.service[63430]: DEBUG nova.api.openstack.wsgi_app [None req-3e834086-f6ad-4671-b9e0-6b02af5568af None None] keystone_authtoken.service_token_roles = ['service'] {{(pid=63430) log_opt_values /opt/stack/data/venv/lib/python3.12/site-packages/oslo_config/cfg.py:3253}}
Jul 31 07:13:48 devstack devstack@n-api.service[63429]: DEBUG nova.api.openstack.wsgi_app [None req-b3fcb6c6-88c1-46da-bcda-48c9574418f6 None None] keystone_authtoken.cafile = /opt/stack/data/ca-bundle.pem {{(pid=63429) log_opt_values /opt/stack/data/venv/lib/python3.12/site-packages/oslo_config/cfg.py:3253}}
Jul 31 07:13:48 devstack devstack@n-api.service[63430]: DEBUG nova.api.openstack.wsgi_app [None req-3e834086-f6ad-4671-b9e0-6b02af5568af None None] keystone_authtoken.service_token_roles_required = True {{(pid=63430) log_opt_values /opt/stack/data/venv/lib/python3.12/site-packages/oslo_config/cfg.py:3253}}
Jul 31 07:13:48 devstack devstack@n-api.service[63429]: DEBUG nova.api.openstack.wsgi_app [None req-b3fcb6c6-88c1-46da-bcda-48c9574418f6 None None] keystone_authtoken.certfile = None {{(pid=63429) log_opt_values /opt/stack/data/venv/lib/python3.12/site-packages/oslo_config/cfg.py:3253}}
Jul 31 07:13:48 devstack devstack@n-api.service[63430]: DEBUG nova.api.openstack.wsgi_app [None req-3e834086-f6ad-4671-b9e0-6b02af5568af None None] keystone_authtoken.service_type = None {{(pid=63430) log_opt_values /opt/stack/data/venv/lib/python3.12/site-packages/oslo_config/cfg.py:3253}}
Jul 31 07:13:48 devstack devstack@n-api.service[63429]: DEBUG nova.api.openstack.wsgi_app [None req-b3fcb6c6-88c1-46da-bcda-48c9574418f6 None None] keystone_authtoken.default_domain_id = None {{(pid=63429) log_opt_values /opt/stack/data/venv/lib/python3.12/site-packages/oslo_config/cfg.py:3253}}
Jul 31 07:13:48 devstack devstack@n-api.service[63430]: DEBUG nova.api.openstack.wsgi_app [None req-3e834086-f6ad-4671-b9e0-6b02af5568af None None] keystone_authtoken.system_scope = None {{(pid=63430) log_opt_values /opt/stack/data/venv/lib/python3.12/site-packages/oslo_config/cfg.py:3253}}
Jul 31 07:13:48 devstack devstack@n-api.service[63429]: DEBUG nova.api.openstack.wsgi_app [None req-b3fcb6c6-88c1-46da-bcda-48c9574418f6 None None] keystone_authtoken.default_domain_name = None {{(pid=63429) log_opt_values /opt/stack/data/venv/lib/python3.12/site-packages/oslo_config/cfg.py:3253}}
Jul 31 07:13:48 devstack devstack@n-api.service[63430]: DEBUG nova.api.openstack.wsgi_app [None req-3e834086-f6ad-4671-b9e0-6b02af5568af None None] keystone_authtoken.token_cache_time = 300 {{(pid=63430) log_opt_values /opt/stack/data/venv/lib/python3.12/site-packages/oslo_config/cfg.py:3253}}
Jul 31 07:13:48 devstack devstack@n-api.service[63429]: DEBUG nova.api.openstack.wsgi_app [None req-b3fcb6c6-88c1-46da-bcda-48c9574418f6 None None] keystone_authtoken.delay_auth_decision = False {{(pid=63429) log_opt_values /opt/stack/data/venv/lib/python3.12/site-packages/oslo_config/cfg.py:3253}}
Jul 31 07:13:48 devstack devstack@n-api.service[63430]: DEBUG nova.api.openstack.wsgi_app [None req-3e834086-f6ad-4671-b9e0-6b02af5568af None None] keystone_authtoken.trust_id = None {{(pid=63430) log_opt_values /opt/stack/data/venv/lib/python3.12/site-packages/oslo_config/cfg.py:3253}}
Jul 31 07:13:48 devstack devstack@n-api.service[63429]: DEBUG nova.api.openstack.wsgi_app [None req-b3fcb6c6-88c1-46da-bcda-48c9574418f6 None None] keystone_authtoken.domain_id = None {{(pid=63429) log_opt_values /opt/stack/data/venv/lib/python3.12/site-packages/oslo_config/cfg.py:3253}}
Jul 31 07:13:48 devstack devstack@n-api.service[63430]: DEBUG nova.api.openstack.wsgi_app [None req-3e834086-f6ad-4671-b9e0-6b02af5568af None None] keystone_authtoken.user_domain_id = None {{(pid=63430) log_opt_values /opt/stack/data/venv/lib/python3.12/site-packages/oslo_config/cfg.py:3253}}
Jul 31 07:13:48 devstack devstack@n-api.service[63429]: DEBUG nova.api.openstack.wsgi_app [None req-b3fcb6c6-88c1-46da-bcda-48c9574418f6 None None] keystone_authtoken.domain_name = None {{(pid=63429) log_opt_values /opt/stack/data/venv/lib/python3.12/site-packages/oslo_config/cfg.py:3253}}
Jul 31 07:13:48 devstack devstack@n-api.service[63430]: DEBUG nova.api.openstack.wsgi_app [None req-3e834086-f6ad-4671-b9e0-6b02af5568af None None] keystone_authtoken.user_domain_name = Default {{(pid=63430) log_opt_values /opt/stack/data/venv/lib/python3.12/site-packages/oslo_config/cfg.py:3253}}
Jul 31 07:13:48 devstack devstack@n-api.service[63429]: DEBUG nova.api.openstack.wsgi_app [None req-b3fcb6c6-88c1-46da-bcda-48c9574418f6 None None] keystone_authtoken.enforce_token_bind = permissive {{(pid=63429) log_opt_values /opt/stack/data/venv/lib/python3.12/site-packages/oslo_config/cfg.py:3253}}
Jul 31 07:13:48 devstack devstack@n-api.service[63430]: DEBUG nova.api.openstack.wsgi_app [None req-3e834086-f6ad-4671-b9e0-6b02af5568af None None] keystone_authtoken.user_id = None {{(pid=63430) log_opt_values /opt/stack/data/venv/lib/python3.12/site-packages/oslo_config/cfg.py:3253}}
Jul 31 07:13:48 devstack devstack@n-api.service[63429]: DEBUG nova.api.openstack.wsgi_app [None req-b3fcb6c6-88c1-46da-bcda-48c9574418f6 None None] keystone_authtoken.http_connect_timeout = None {{(pid=63429) log_opt_values /opt/stack/data/venv/lib/python3.12/site-packages/oslo_config/cfg.py:3253}}
Jul 31 07:13:48 devstack devstack@n-api.service[63430]: DEBUG nova.api.openstack.wsgi_app [None req-3e834086-f6ad-4671-b9e0-6b02af5568af None None] keystone_authtoken.username = nova {{(pid=63430) log_opt_values /opt/stack/data/venv/lib/python3.12/site-packages/oslo_config/cfg.py:3253}}
Jul 31 07:13:48 devstack devstack@n-api.service[63429]: DEBUG nova.api.openstack.wsgi_app [None req-b3fcb6c6-88c1-46da-bcda-48c9574418f6 None None] keystone_authtoken.http_request_max_retries = 3 {{(pid=63429) log_opt_values /opt/stack/data/venv/lib/python3.12/site-packages/oslo_config/cfg.py:3253}}
Jul 31 07:13:48 devstack devstack@n-api.service[63430]: DEBUG nova.api.openstack.wsgi_app [None req-3e834086-f6ad-4671-b9e0-6b02af5568af None None] keystone_authtoken.www_authenticate_uri = http://192.168.122.134/identity {{(pid=63430) log_opt_values /opt/stack/data/venv/lib/python3.12/site-packages/oslo_config/cfg.py:3253}}
Jul 31 07:13:48 devstack devstack@n-api.service[63429]: DEBUG nova.api.openstack.wsgi_app [None req-b3fcb6c6-88c1-46da-bcda-48c9574418f6 None None] keystone_authtoken.include_service_catalog = True {{(pid=63429) log_opt_values /opt/stack/data/venv/lib/python3.12/site-packages/oslo_config/cfg.py:3253}}
Jul 31 07:13:48 devstack devstack@n-api.service[63430]: DEBUG nova.api.openstack.wsgi_app [None req-3e834086-f6ad-4671-b9e0-6b02af5568af None None] ******************************************************************************** {{(pid=63430) log_opt_values /opt/stack/data/venv/lib/python3.12/site-packages/oslo_config/cfg.py:3260}}
Jul 31 07:13:48 devstack devstack@n-api.service[63430]: WSGI app 0 (mountpoint='') ready in 6 seconds on interpreter 0x771100ea4668 pid: 63430 (default app)
Jul 31 07:13:48 devstack devstack@n-api.service[63429]: DEBUG nova.api.openstack.wsgi_app [None req-b3fcb6c6-88c1-46da-bcda-48c9574418f6 None None] keystone_authtoken.insecure = False {{(pid=63429) log_opt_values /opt/stack/data/venv/lib/python3.12/site-packages/oslo_config/cfg.py:3253}}
Jul 31 07:13:48 devstack devstack@n-api.service[63429]: DEBUG nova.api.openstack.wsgi_app [None req-b3fcb6c6-88c1-46da-bcda-48c9574418f6 None None] keystone_authtoken.interface = public {{(pid=63429) log_opt_values /opt/stack/data/venv/lib/python3.12/site-packages/oslo_config/cfg.py:3253}}
Jul 31 07:13:48 devstack devstack@n-api.service[63429]: DEBUG nova.api.openstack.wsgi_app [None req-b3fcb6c6-88c1-46da-bcda-48c9574418f6 None None] keystone_authtoken.keyfile = None {{(pid=63429) log_opt_values /opt/stack/data/venv/lib/python3.12/site-packages/oslo_config/cfg.py:3253}}
Jul 31 07:13:48 devstack devstack@n-api.service[63429]: DEBUG nova.api.openstack.wsgi_app [None req-b3fcb6c6-88c1-46da-bcda-48c9574418f6 None None] keystone_authtoken.memcache_password = {{(pid=63429) log_opt_values /opt/stack/data/venv/lib/python3.12/site-packages/oslo_config/cfg.py:3253}}
Jul 31 07:13:48 devstack devstack@n-api.service[63430]: DEBUG nova.api.openstack.wsgi [None req-3e834086-f6ad-4671-b9e0-6b02af5568af None None] Calling method '>' {{(pid=63430) _process_stack /opt/stack/nova/nova/api/openstack/wsgi.py:551}}
Jul 31 07:13:48 devstack devstack@n-api.service[63429]: DEBUG nova.api.openstack.wsgi_app [None req-b3fcb6c6-88c1-46da-bcda-48c9574418f6 None None] keystone_authtoken.memcache_pool_conn_get_timeout = 10 {{(pid=63429) log_opt_values /opt/stack/data/venv/lib/python3.12/site-packages/oslo_config/cfg.py:3253}}
Jul 31 07:13:48 devstack devstack@n-api.service[63429]: DEBUG nova.api.openstack.wsgi_app [None req-b3fcb6c6-88c1-46da-bcda-48c9574418f6 None None] keystone_authtoken.memcache_pool_dead_retry = 300 {{(pid=63429) log_opt_values /opt/stack/data/venv/lib/python3.12/site-packages/oslo_config/cfg.py:3253}}
Jul 31 07:13:48 devstack devstack@n-api.service[63429]: DEBUG nova.api.openstack.wsgi_app [None req-b3fcb6c6-88c1-46da-bcda-48c9574418f6 None None] keystone_authtoken.memcache_pool_maxsize = 10 {{(pid=63429) log_opt_values /opt/stack/data/venv/lib/python3.12/site-packages/oslo_config/cfg.py:3253}}
Jul 31 07:13:48 devstack devstack@n-api.service[63429]: DEBUG nova.api.openstack.wsgi_app [None req-b3fcb6c6-88c1-46da-bcda-48c9574418f6 None None] keystone_authtoken.memcache_pool_socket_timeout = 3 {{(pid=63429) log_opt_values /opt/stack/data/venv/lib/python3.12/site-packages/oslo_config/cfg.py:3253}}
Jul 31 07:13:48 devstack devstack@n-api.service[63429]: DEBUG nova.api.openstack.wsgi_app [None req-b3fcb6c6-88c1-46da-bcda-48c9574418f6 None None] keystone_authtoken.memcache_pool_unused_timeout = 60 {{(pid=63429) log_opt_values /opt/stack/data/venv/lib/python3.12/site-packages/oslo_config/cfg.py:3253}}
Jul 31 07:13:48 devstack devstack@n-api.service[63429]: DEBUG nova.api.openstack.wsgi_app [None req-b3fcb6c6-88c1-46da-bcda-48c9574418f6 None None] keystone_authtoken.memcache_sasl_enabled = False {{(pid=63429) log_opt_values /opt/stack/data/venv/lib/python3.12/site-packages/oslo_config/cfg.py:3253}}
Jul 31 07:13:48 devstack devstack@n-api.service[63429]: DEBUG nova.api.openstack.wsgi_app [None req-b3fcb6c6-88c1-46da-bcda-48c9574418f6 None None] keystone_authtoken.memcache_secret_key = **** {{(pid=63429) log_opt_values /opt/stack/data/venv/lib/python3.12/site-packages/oslo_config/cfg.py:3253}}
Jul 31 07:13:48 devstack devstack@n-api.service[63429]: DEBUG nova.api.openstack.wsgi_app [None req-b3fcb6c6-88c1-46da-bcda-48c9574418f6 None None] keystone_authtoken.memcache_security_strategy = None {{(pid=63429) log_opt_values /opt/stack/data/venv/lib/python3.12/site-packages/oslo_config/cfg.py:3253}}
Jul 31 07:13:48 devstack devstack@n-api.service[63429]: DEBUG nova.api.openstack.wsgi_app [None req-b3fcb6c6-88c1-46da-bcda-48c9574418f6 None None] keystone_authtoken.memcache_tls_allowed_ciphers = None {{(pid=63429) log_opt_values /opt/stack/data/venv/lib/python3.12/site-packages/oslo_config/cfg.py:3253}}
Jul 31 07:13:48 devstack devstack@n-api.service[63429]: DEBUG nova.api.openstack.wsgi_app [None req-b3fcb6c6-88c1-46da-bcda-48c9574418f6 None None] keystone_authtoken.memcache_tls_cafile = None {{(pid=63429) log_opt_values /opt/stack/data/venv/lib/python3.12/site-packages/oslo_config/cfg.py:3253}}
Jul 31 07:13:48 devstack devstack@n-api.service[63429]: DEBUG nova.api.openstack.wsgi_app [None req-b3fcb6c6-88c1-46da-bcda-48c9574418f6 None None] keystone_authtoken.memcache_tls_certfile = None {{(pid=63429) log_opt_values /opt/stack/data/venv/lib/python3.12/site-packages/oslo_config/cfg.py:3253}}
Jul 31 07:13:48 devstack devstack@n-api.service[63429]: DEBUG nova.api.openstack.wsgi_app [None req-b3fcb6c6-88c1-46da-bcda-48c9574418f6 None None] keystone_authtoken.memcache_tls_enabled = False {{(pid=63429) log_opt_values /opt/stack/data/venv/lib/python3.12/site-packages/oslo_config/cfg.py:3253}}
Jul 31 07:13:48 devstack devstack@n-api.service[63429]: DEBUG nova.api.openstack.wsgi_app [None req-b3fcb6c6-88c1-46da-bcda-48c9574418f6 None None] keystone_authtoken.memcache_tls_keyfile = None {{(pid=63429) log_opt_values /opt/stack/data/venv/lib/python3.12/site-packages/oslo_config/cfg.py:3253}}
Jul 31 07:13:48 devstack devstack@n-api.service[63430]: INFO nova.api.openstack.requestlog [None req-3e834086-f6ad-4671-b9e0-6b02af5568af None None] 192.168.122.134 "GET /compute/v2.1/" status: 200 len: 393 microversion: 2.1 time: 0.005568
Jul 31 07:13:48 devstack devstack@n-api.service[63429]: DEBUG nova.api.openstack.wsgi_app [None req-b3fcb6c6-88c1-46da-bcda-48c9574418f6 None None] keystone_authtoken.memcache_use_advanced_pool = True {{(pid=63429) log_opt_values /opt/stack/data/venv/lib/python3.12/site-packages/oslo_config/cfg.py:3253}}
Jul 31 07:13:48 devstack devstack@n-api.service[63430]: [pid: 63430|app: 0|req: 1/1] 192.168.122.134 () {50 vars in 791 bytes} [Fri Jul 31 07:13:47 2026] GET /compute/v2.1/ => generated 393 bytes in 7 msecs (HTTP/1.1 200) 9 headers in 357 bytes (1 switches on core 0)
Jul 31 07:13:48 devstack devstack@n-api.service[63429]: DEBUG nova.api.openstack.wsgi_app [None req-b3fcb6c6-88c1-46da-bcda-48c9574418f6 None None] keystone_authtoken.memcache_username = {{(pid=63429) log_opt_values /opt/stack/data/venv/lib/python3.12/site-packages/oslo_config/cfg.py:3253}}
Jul 31 07:13:48 devstack devstack@n-api.service[63429]: DEBUG nova.api.openstack.wsgi_app [None req-b3fcb6c6-88c1-46da-bcda-48c9574418f6 None None] keystone_authtoken.memcached_servers = ['localhost:11211'] {{(pid=63429) log_opt_values /opt/stack/data/venv/lib/python3.12/site-packages/oslo_config/cfg.py:3253}}
Jul 31 07:13:48 devstack devstack@n-api.service[63429]: DEBUG nova.api.openstack.wsgi_app [None req-b3fcb6c6-88c1-46da-bcda-48c9574418f6 None None] keystone_authtoken.password = **** {{(pid=63429) log_opt_values /opt/stack/data/venv/lib/python3.12/site-packages/oslo_config/cfg.py:3253}}
Jul 31 07:13:48 devstack devstack@n-api.service[63429]: DEBUG nova.api.openstack.wsgi_app [None req-b3fcb6c6-88c1-46da-bcda-48c9574418f6 None None] keystone_authtoken.project_domain_id = None {{(pid=63429) log_opt_values /opt/stack/data/venv/lib/python3.12/site-packages/oslo_config/cfg.py:3253}}
Jul 31 07:13:48 devstack devstack@n-api.service[63429]: DEBUG nova.api.openstack.wsgi_app [None req-b3fcb6c6-88c1-46da-bcda-48c9574418f6 None None] keystone_authtoken.project_domain_name = Default {{(pid=63429) log_opt_values /opt/stack/data/venv/lib/python3.12/site-packages/oslo_config/cfg.py:3253}}
Jul 31 07:13:48 devstack devstack@n-api.service[63429]: DEBUG nova.api.openstack.wsgi_app [None req-b3fcb6c6-88c1-46da-bcda-48c9574418f6 None None] keystone_authtoken.project_id = None {{(pid=63429) log_opt_values /opt/stack/data/venv/lib/python3.12/site-packages/oslo_config/cfg.py:3253}}
Jul 31 07:13:48 devstack devstack@n-api.service[63429]: DEBUG nova.api.openstack.wsgi_app [None req-b3fcb6c6-88c1-46da-bcda-48c9574418f6 None None] keystone_authtoken.project_name = service {{(pid=63429) log_opt_values /opt/stack/data/venv/lib/python3.12/site-packages/oslo_config/cfg.py:3253}}
Jul 31 07:13:48 devstack devstack@n-api.service[63429]: DEBUG nova.api.openstack.wsgi_app [None req-b3fcb6c6-88c1-46da-bcda-48c9574418f6 None None] keystone_authtoken.region_name = None {{(pid=63429) log_opt_values /opt/stack/data/venv/lib/python3.12/site-packages/oslo_config/cfg.py:3253}}
Jul 31 07:13:48 devstack devstack@n-api.service[63429]: DEBUG nova.api.openstack.wsgi_app [None req-b3fcb6c6-88c1-46da-bcda-48c9574418f6 None None] keystone_authtoken.service_token_roles = ['service'] {{(pid=63429) log_opt_values /opt/stack/data/venv/lib/python3.12/site-packages/oslo_config/cfg.py:3253}}
Jul 31 07:13:48 devstack devstack@n-api.service[63429]: DEBUG nova.api.openstack.wsgi_app [None req-b3fcb6c6-88c1-46da-bcda-48c9574418f6 None None] keystone_authtoken.service_token_roles_required = True {{(pid=63429) log_opt_values /opt/stack/data/venv/lib/python3.12/site-packages/oslo_config/cfg.py:3253}}
Jul 31 07:13:48 devstack devstack@n-api.service[63429]: DEBUG nova.api.openstack.wsgi_app [None req-b3fcb6c6-88c1-46da-bcda-48c9574418f6 None None] keystone_authtoken.service_type = None {{(pid=63429) log_opt_values /opt/stack/data/venv/lib/python3.12/site-packages/oslo_config/cfg.py:3253}}
Jul 31 07:13:48 devstack devstack@n-api.service[63429]: DEBUG nova.api.openstack.wsgi_app [None req-b3fcb6c6-88c1-46da-bcda-48c9574418f6 None None] keystone_authtoken.system_scope = None {{(pid=63429) log_opt_values /opt/stack/data/venv/lib/python3.12/site-packages/oslo_config/cfg.py:3253}}
Jul 31 07:13:48 devstack devstack@n-api.service[63429]: DEBUG nova.api.openstack.wsgi_app [None req-b3fcb6c6-88c1-46da-bcda-48c9574418f6 None None] keystone_authtoken.token_cache_time = 300 {{(pid=63429) log_opt_values /opt/stack/data/venv/lib/python3.12/site-packages/oslo_config/cfg.py:3253}}
Jul 31 07:13:48 devstack devstack@n-api.service[63429]: DEBUG nova.api.openstack.wsgi_app [None req-b3fcb6c6-88c1-46da-bcda-48c9574418f6 None None] keystone_authtoken.trust_id = None {{(pid=63429) log_opt_values /opt/stack/data/venv/lib/python3.12/site-packages/oslo_config/cfg.py:3253}}
Jul 31 07:13:48 devstack devstack@n-api.service[63429]: DEBUG nova.api.openstack.wsgi_app [None req-b3fcb6c6-88c1-46da-bcda-48c9574418f6 None None] keystone_authtoken.user_domain_id = None {{(pid=63429) log_opt_values /opt/stack/data/venv/lib/python3.12/site-packages/oslo_config/cfg.py:3253}}
Jul 31 07:13:48 devstack devstack@n-api.service[63429]: DEBUG nova.api.openstack.wsgi_app [None req-b3fcb6c6-88c1-46da-bcda-48c9574418f6 None None] keystone_authtoken.user_domain_name = Default {{(pid=63429) log_opt_values /opt/stack/data/venv/lib/python3.12/site-packages/oslo_config/cfg.py:3253}}
Jul 31 07:13:48 devstack devstack@n-api.service[63429]: DEBUG nova.api.openstack.wsgi_app [None req-b3fcb6c6-88c1-46da-bcda-48c9574418f6 None None] keystone_authtoken.user_id = None {{(pid=63429) log_opt_values /opt/stack/data/venv/lib/python3.12/site-packages/oslo_config/cfg.py:3253}}
Jul 31 07:13:48 devstack devstack@n-api.service[63429]: DEBUG nova.api.openstack.wsgi_app [None req-b3fcb6c6-88c1-46da-bcda-48c9574418f6 None None] keystone_authtoken.username = nova {{(pid=63429) log_opt_values /opt/stack/data/venv/lib/python3.12/site-packages/oslo_config/cfg.py:3253}}
Jul 31 07:13:48 devstack devstack@n-api.service[63429]: DEBUG nova.api.openstack.wsgi_app [None req-b3fcb6c6-88c1-46da-bcda-48c9574418f6 None None] keystone_authtoken.www_authenticate_uri = http://192.168.122.134/identity {{(pid=63429) log_opt_values /opt/stack/data/venv/lib/python3.12/site-packages/oslo_config/cfg.py:3253}}
Jul 31 07:13:48 devstack devstack@n-api.service[63429]: DEBUG nova.api.openstack.wsgi_app [None req-b3fcb6c6-88c1-46da-bcda-48c9574418f6 None None] ******************************************************************************** {{(pid=63429) log_opt_values /opt/stack/data/venv/lib/python3.12/site-packages/oslo_config/cfg.py:3260}}
Jul 31 07:13:48 devstack devstack@n-api.service[63429]: WSGI app 0 (mountpoint='') ready in 6 seconds on interpreter 0x771100ea4668 pid: 63429 (default app)
Jul 31 07:13:55 devstack devstack@n-api.service[63430]: DEBUG dbcounter [-] [63430] Writing DB stats nova_api:SELECT=1 {{(pid=63430) stat_writer /opt/stack/data/venv/lib/python3.12/site-packages/dbcounter.py:115}}
Jul 31 07:13:55 devstack devstack@n-api.service[63429]: DEBUG dbcounter [-] [63429] Writing DB stats nova_api:SELECT=1 {{(pid=63429) stat_writer /opt/stack/data/venv/lib/python3.12/site-packages/dbcounter.py:115}}
Jul 31 07:13:55 devstack devstack@n-api.service[63430]: DEBUG dbcounter [-] [63430] Writing DB stats nova_cell1:SELECT=1 {{(pid=63430) stat_writer /opt/stack/data/venv/lib/python3.12/site-packages/dbcounter.py:115}}
Jul 31 07:13:55 devstack devstack@n-api.service[63430]: DEBUG dbcounter [-] [63430] Writing DB stats nova_cell0:SELECT=1 {{(pid=63430) stat_writer /opt/stack/data/venv/lib/python3.12/site-packages/dbcounter.py:115}}
Jul 31 07:13:55 devstack devstack@n-api.service[63429]: DEBUG dbcounter [-] [63429] Writing DB stats nova_cell0:SELECT=1 {{(pid=63429) stat_writer /opt/stack/data/venv/lib/python3.12/site-packages/dbcounter.py:115}}
Jul 31 07:13:55 devstack devstack@n-api.service[63429]: DEBUG dbcounter [-] [63429] Writing DB stats nova_cell1:SELECT=1 {{(pid=63429) stat_writer /opt/stack/data/venv/lib/python3.12/site-packages/dbcounter.py:115}}
Jul 31 07:13:55 devstack devstack@n-api.service[63430]: DEBUG dbcounter [-] [63430] Writing DB stats nova_cell0:SELECT=2,nova_cell0:INSERT=1 {{(pid=63430) stat_writer /opt/stack/data/venv/lib/python3.12/site-packages/dbcounter.py:115}}
Jul 31 07:13:55 devstack devstack@n-api.service[63429]: DEBUG dbcounter [-] [63429] Writing DB stats nova_cell0:SELECT=2,nova_cell0:INSERT=1 {{(pid=63429) stat_writer /opt/stack/data/venv/lib/python3.12/site-packages/dbcounter.py:115}}
Jul 31 07:16:09 devstack devstack@n-api.service[63430]: DEBUG nova.api.openstack.wsgi [None req-3e834086-f6ad-4671-b9e0-6b02af5568af None None] Calling method '>' {{(pid=63430) _process_stack /opt/stack/nova/nova/api/openstack/wsgi.py:551}}
Jul 31 07:16:09 devstack devstack@n-api.service[63430]: INFO nova.api.openstack.requestlog [None req-3e834086-f6ad-4671-b9e0-6b02af5568af None None] 192.168.122.134 "GET /compute/v2.1" status: 200 len: 393 microversion: 2.1 time: 0.008656
Jul 31 07:16:09 devstack devstack@n-api.service[63430]: [pid: 63430|app: 0|req: 2/2] 192.168.122.134 () {54 vars in 935 bytes} [Fri Jul 31 07:16:09 2026] GET /compute/v2.1 => generated 393 bytes in 10 msecs (HTTP/1.1 200) 9 headers in 357 bytes (1 switches on core 0)
Jul 31 07:16:09 devstack devstack@n-api.service[63429]: DEBUG oslo_concurrency.lockutils [None req-6bc161e9-82b4-4b2f-8428-2c9fe3184a6f admin admin] Acquiring lock "nova-policy-init" {{(pid=63429) lock /opt/stack/data/venv/lib/python3.12/site-packages/oslo_concurrency/lockutils.py:396}}
Jul 31 07:16:09 devstack devstack@n-api.service[63429]: DEBUG oslo_concurrency.lockutils [None req-6bc161e9-82b4-4b2f-8428-2c9fe3184a6f admin admin] Acquired lock "nova-policy-init" {{(pid=63429) lock /opt/stack/data/venv/lib/python3.12/site-packages/oslo_concurrency/lockutils.py:399}}
Jul 31 07:16:09 devstack devstack@n-api.service[63429]: DEBUG oslo_concurrency.lockutils [None req-6bc161e9-82b4-4b2f-8428-2c9fe3184a6f admin admin] Releasing lock "nova-policy-init" {{(pid=63429) lock /opt/stack/data/venv/lib/python3.12/site-packages/oslo_concurrency/lockutils.py:419}}
Jul 31 07:16:09 devstack devstack@n-api.service[63429]: DEBUG nova.api.openstack.wsgi [None req-6bc161e9-82b4-4b2f-8428-2c9fe3184a6f admin admin] Calling method '>' {{(pid=63429) _process_stack /opt/stack/nova/nova/api/openstack/wsgi.py:551}}
Jul 31 07:16:09 devstack devstack@n-api.service[63429]: INFO nova.api.openstack.requestlog [None req-6bc161e9-82b4-4b2f-8428-2c9fe3184a6f admin admin] 192.168.122.134 "GET /compute/v2.1/flavors/detail?is_public=True" status: 200 len: 15 microversion: 2.61 time: 0.502358
Jul 31 07:16:09 devstack devstack@n-api.service[63429]: [pid: 63429|app: 0|req: 1/3] 192.168.122.134 () {60 vars in 1296 bytes} [Fri Jul 31 07:16:09 2026] GET /compute/v2.1/flavors/detail?is_public=True => generated 15 bytes in 505 msecs (HTTP/1.1 200) 9 headers in 358 bytes (2 switches on core 0)
Jul 31 07:16:12 devstack devstack@n-api.service[63430]: DEBUG nova.api.openstack.wsgi [None req-3e834086-f6ad-4671-b9e0-6b02af5568af None None] Calling method '>' {{(pid=63430) _process_stack /opt/stack/nova/nova/api/openstack/wsgi.py:551}}
Jul 31 07:16:12 devstack devstack@n-api.service[63430]: INFO nova.api.openstack.requestlog [None req-3e834086-f6ad-4671-b9e0-6b02af5568af None None] 192.168.122.134 "GET /compute/v2.1" status: 200 len: 393 microversion: 2.1 time: 0.005396
Jul 31 07:16:12 devstack devstack@n-api.service[63430]: [pid: 63430|app: 0|req: 3/4] 192.168.122.134 () {54 vars in 935 bytes} [Fri Jul 31 07:16:12 2026] GET /compute/v2.1 => generated 393 bytes in 6 msecs (HTTP/1.1 200) 9 headers in 357 bytes (1 switches on core 0)
Jul 31 07:16:12 devstack devstack@n-api.service[63429]: DEBUG nova.api.openstack.wsgi [None req-57bfd505-fd21-4916-987c-bec7f4c8ac30 admin admin] Action: 'create', calling method: >, body: {"flavor": {"id": "c1", "swap": 0, "disk": 1, "ram": 256, "vcpus": 1, "OS-FLV-EXT-DATA:ephemeral": 0, "os-flavor-access:is_public": true, "name": "cirros256"}} {{(pid=63429) _process_stack /opt/stack/nova/nova/api/openstack/wsgi.py:549}}
Jul 31 07:16:12 devstack devstack@n-api.service[63429]: INFO nova.api.openstack.requestlog [None req-57bfd505-fd21-4916-987c-bec7f4c8ac30 admin admin] 192.168.122.134 "POST /compute/v2.1/flavors" status: 200 len: 415 microversion: 2.61 time: 0.202388
Jul 31 07:16:12 devstack devstack@n-api.service[63429]: [pid: 63429|app: 0|req: 2/5] 192.168.122.134 () {64 vars in 1287 bytes} [Fri Jul 31 07:16:12 2026] POST /compute/v2.1/flavors => generated 415 bytes in 204 msecs (HTTP/1.1 200) 9 headers in 359 bytes (1 switches on core 0)
Jul 31 07:16:12 devstack devstack@n-api.service[63430]: DEBUG oslo_concurrency.lockutils [None req-0bd3e84e-38ad-4a47-b2d2-aa97535b76c9 admin admin] Acquiring lock "nova-policy-init" {{(pid=63430) lock /opt/stack/data/venv/lib/python3.12/site-packages/oslo_concurrency/lockutils.py:396}}
Jul 31 07:16:12 devstack devstack@n-api.service[63430]: DEBUG oslo_concurrency.lockutils [None req-0bd3e84e-38ad-4a47-b2d2-aa97535b76c9 admin admin] Acquired lock "nova-policy-init" {{(pid=63430) lock /opt/stack/data/venv/lib/python3.12/site-packages/oslo_concurrency/lockutils.py:399}}
Jul 31 07:16:13 devstack devstack@n-api.service[63430]: DEBUG oslo_concurrency.lockutils [None req-0bd3e84e-38ad-4a47-b2d2-aa97535b76c9 admin admin] Releasing lock "nova-policy-init" {{(pid=63430) lock /opt/stack/data/venv/lib/python3.12/site-packages/oslo_concurrency/lockutils.py:419}}
Jul 31 07:16:13 devstack devstack@n-api.service[63430]: DEBUG nova.api.openstack.wsgi [None req-0bd3e84e-38ad-4a47-b2d2-aa97535b76c9 admin admin] Action: 'create', calling method: >, body: {"extra_specs": {"hw_rng:allowed": "True"}} {{(pid=63430) _process_stack /opt/stack/nova/nova/api/openstack/wsgi.py:549}}
Jul 31 07:16:13 devstack devstack@n-api.service[63430]: INFO nova.api.openstack.requestlog [None req-0bd3e84e-38ad-4a47-b2d2-aa97535b76c9 admin admin] 192.168.122.134 "POST /compute/v2.1/flavors/c1/os-extra_specs" status: 200 len: 43 microversion: 2.61 time: 0.431747
Jul 31 07:16:13 devstack devstack@n-api.service[63430]: [pid: 63430|app: 0|req: 4/6] 192.168.122.134 () {64 vars in 1340 bytes} [Fri Jul 31 07:16:12 2026] POST /compute/v2.1/flavors/c1/os-extra_specs => generated 43 bytes in 433 msecs (HTTP/1.1 200) 9 headers in 358 bytes (1 switches on core 0)
Jul 31 07:16:16 devstack devstack@n-api.service[63429]: DEBUG nova.api.openstack.wsgi [None req-57bfd505-fd21-4916-987c-bec7f4c8ac30 admin admin] Calling method '>' {{(pid=63429) _process_stack /opt/stack/nova/nova/api/openstack/wsgi.py:551}}
Jul 31 07:16:16 devstack devstack@n-api.service[63429]: INFO nova.api.openstack.requestlog [None req-57bfd505-fd21-4916-987c-bec7f4c8ac30 admin admin] 192.168.122.134 "GET /compute/v2.1" status: 200 len: 393 microversion: 2.1 time: 0.006032
Jul 31 07:16:16 devstack devstack@n-api.service[63429]: [pid: 63429|app: 0|req: 3/7] 192.168.122.134 () {54 vars in 935 bytes} [Fri Jul 31 07:16:16 2026] GET /compute/v2.1 => generated 393 bytes in 7 msecs (HTTP/1.1 200) 9 headers in 357 bytes (1 switches on core 0)
Jul 31 07:16:16 devstack devstack@n-api.service[63430]: DEBUG nova.api.openstack.wsgi [None req-5ddb7ed7-df56-4b8d-b9ab-c75bcdbaff39 admin admin] Action: 'create', calling method: >, body: {"flavor": {"os-flavor-access:is_public": true, "vcpus": 1, "OS-FLV-EXT-DATA:ephemeral": 0, "ram": 512, "disk": 5, "id": "d1", "swap": 0, "name": "ds512M"}} {{(pid=63430) _process_stack /opt/stack/nova/nova/api/openstack/wsgi.py:549}}
Jul 31 07:16:16 devstack devstack@n-api.service[63430]: INFO nova.api.openstack.requestlog [None req-5ddb7ed7-df56-4b8d-b9ab-c75bcdbaff39 admin admin] 192.168.122.134 "POST /compute/v2.1/flavors" status: 200 len: 412 microversion: 2.61 time: 0.229870
Jul 31 07:16:16 devstack devstack@n-api.service[63430]: [pid: 63430|app: 0|req: 5/8] 192.168.122.134 () {64 vars in 1287 bytes} [Fri Jul 31 07:16:16 2026] POST /compute/v2.1/flavors => generated 412 bytes in 231 msecs (HTTP/1.1 200) 9 headers in 359 bytes (1 switches on core 0)
Jul 31 07:16:16 devstack devstack@n-api.service[63429]: DEBUG nova.api.openstack.wsgi [None req-4714b347-bb91-426d-950a-48878445db63 admin admin] Action: 'create', calling method: >, body: {"extra_specs": {"hw_rng:allowed": "True"}} {{(pid=63429) _process_stack /opt/stack/nova/nova/api/openstack/wsgi.py:549}}
Jul 31 07:16:16 devstack devstack@n-api.service[63429]: INFO nova.api.openstack.requestlog [None req-4714b347-bb91-426d-950a-48878445db63 admin admin] 192.168.122.134 "POST /compute/v2.1/flavors/d1/os-extra_specs" status: 200 len: 43 microversion: 2.61 time: 0.066412
Jul 31 07:16:16 devstack devstack@n-api.service[63429]: [pid: 63429|app: 0|req: 4/9] 192.168.122.134 () {64 vars in 1340 bytes} [Fri Jul 31 07:16:16 2026] POST /compute/v2.1/flavors/d1/os-extra_specs => generated 43 bytes in 68 msecs (HTTP/1.1 200) 9 headers in 358 bytes (1 switches on core 0)
Jul 31 07:16:20 devstack devstack@n-api.service[63430]: DEBUG nova.api.openstack.wsgi [None req-5ddb7ed7-df56-4b8d-b9ab-c75bcdbaff39 admin admin] Calling method '>' {{(pid=63430) _process_stack /opt/stack/nova/nova/api/openstack/wsgi.py:551}}
Jul 31 07:16:20 devstack devstack@n-api.service[63430]: INFO nova.api.openstack.requestlog [None req-5ddb7ed7-df56-4b8d-b9ab-c75bcdbaff39 admin admin] 192.168.122.134 "GET /compute/v2.1" status: 200 len: 393 microversion: 2.1 time: 0.014782
Jul 31 07:16:20 devstack devstack@n-api.service[63430]: [pid: 63430|app: 0|req: 6/10] 192.168.122.134 () {54 vars in 935 bytes} [Fri Jul 31 07:16:20 2026] GET /compute/v2.1 => generated 393 bytes in 19 msecs (HTTP/1.1 200) 9 headers in 357 bytes (1 switches on core 0)
Jul 31 07:16:20 devstack devstack@n-api.service[63429]: DEBUG nova.api.openstack.wsgi [None req-6f1e0153-549f-4136-8390-3dc9a5726053 admin admin] Action: 'create', calling method: >, body: {"flavor": {"disk": 10, "id": "d2", "vcpus": 1, "OS-FLV-EXT-DATA:ephemeral": 0, "swap": 0, "name": "ds1G", "ram": 1024, "os-flavor-access:is_public": true}} {{(pid=63429) _process_stack /opt/stack/nova/nova/api/openstack/wsgi.py:549}}
Jul 31 07:16:20 devstack devstack@n-api.service[63429]: INFO nova.api.openstack.requestlog [None req-6f1e0153-549f-4136-8390-3dc9a5726053 admin admin] 192.168.122.134 "POST /compute/v2.1/flavors" status: 200 len: 412 microversion: 2.61 time: 0.191941
Jul 31 07:16:20 devstack devstack@n-api.service[63429]: [pid: 63429|app: 0|req: 5/11] 192.168.122.134 () {64 vars in 1287 bytes} [Fri Jul 31 07:16:20 2026] POST /compute/v2.1/flavors => generated 412 bytes in 195 msecs (HTTP/1.1 200) 9 headers in 359 bytes (1 switches on core 0)
Jul 31 07:16:20 devstack devstack@n-api.service[63430]: DEBUG nova.api.openstack.wsgi [None req-0d83c98c-f035-4152-a288-96cf9eecf247 admin admin] Action: 'create', calling method: >, body: {"extra_specs": {"hw_rng:allowed": "True"}} {{(pid=63430) _process_stack /opt/stack/nova/nova/api/openstack/wsgi.py:549}}
Jul 31 07:16:20 devstack devstack@n-api.service[63430]: INFO nova.api.openstack.requestlog [None req-0d83c98c-f035-4152-a288-96cf9eecf247 admin admin] 192.168.122.134 "POST /compute/v2.1/flavors/d2/os-extra_specs" status: 200 len: 43 microversion: 2.61 time: 0.140676
Jul 31 07:16:20 devstack devstack@n-api.service[63430]: [pid: 63430|app: 0|req: 7/12] 192.168.122.134 () {64 vars in 1340 bytes} [Fri Jul 31 07:16:20 2026] POST /compute/v2.1/flavors/d2/os-extra_specs => generated 43 bytes in 147 msecs (HTTP/1.1 200) 9 headers in 358 bytes (1 switches on core 0)
Jul 31 07:16:24 devstack devstack@n-api.service[63429]: DEBUG nova.api.openstack.wsgi [None req-6f1e0153-549f-4136-8390-3dc9a5726053 admin admin] Calling method '>' {{(pid=63429) _process_stack /opt/stack/nova/nova/api/openstack/wsgi.py:551}}
Jul 31 07:16:24 devstack devstack@n-api.service[63429]: INFO nova.api.openstack.requestlog [None req-6f1e0153-549f-4136-8390-3dc9a5726053 admin admin] 192.168.122.134 "GET /compute/v2.1" status: 200 len: 393 microversion: 2.1 time: 0.011894
Jul 31 07:16:24 devstack devstack@n-api.service[63429]: [pid: 63429|app: 0|req: 6/13] 192.168.122.134 () {54 vars in 935 bytes} [Fri Jul 31 07:16:24 2026] GET /compute/v2.1 => generated 393 bytes in 13 msecs (HTTP/1.1 200) 9 headers in 357 bytes (1 switches on core 0)
Jul 31 07:16:24 devstack devstack@n-api.service[63430]: DEBUG nova.api.openstack.wsgi [None req-795159ef-aff6-4ea0-89c3-807cda81ff13 admin admin] Action: 'create', calling method: >, body: {"flavor": {"id": "d3", "swap": 0, "os-flavor-access:is_public": true, "OS-FLV-EXT-DATA:ephemeral": 0, "disk": 10, "vcpus": 2, "ram": 2048, "name": "ds2G"}} {{(pid=63430) _process_stack /opt/stack/nova/nova/api/openstack/wsgi.py:549}}
Jul 31 07:16:24 devstack devstack@n-api.service[63430]: INFO nova.api.openstack.requestlog [None req-795159ef-aff6-4ea0-89c3-807cda81ff13 admin admin] 192.168.122.134 "POST /compute/v2.1/flavors" status: 200 len: 412 microversion: 2.61 time: 0.182824
Jul 31 07:16:24 devstack devstack@n-api.service[63430]: [pid: 63430|app: 0|req: 8/14] 192.168.122.134 () {64 vars in 1287 bytes} [Fri Jul 31 07:16:24 2026] POST /compute/v2.1/flavors => generated 412 bytes in 188 msecs (HTTP/1.1 200) 9 headers in 359 bytes (1 switches on core 0)
Jul 31 07:16:24 devstack devstack@n-api.service[63429]: DEBUG nova.api.openstack.wsgi [None req-46998e24-6a78-43f8-92fe-a03e0a8b6d1f admin admin] Action: 'create', calling method: >, body: {"extra_specs": {"hw_rng:allowed": "True"}} {{(pid=63429) _process_stack /opt/stack/nova/nova/api/openstack/wsgi.py:549}}
Jul 31 07:16:24 devstack devstack@n-api.service[63429]: INFO nova.api.openstack.requestlog [None req-46998e24-6a78-43f8-92fe-a03e0a8b6d1f admin admin] 192.168.122.134 "POST /compute/v2.1/flavors/d3/os-extra_specs" status: 200 len: 43 microversion: 2.61 time: 0.094792
Jul 31 07:16:24 devstack devstack@n-api.service[63429]: [pid: 63429|app: 0|req: 7/15] 192.168.122.134 () {64 vars in 1340 bytes} [Fri Jul 31 07:16:24 2026] POST /compute/v2.1/flavors/d3/os-extra_specs => generated 43 bytes in 96 msecs (HTTP/1.1 200) 9 headers in 358 bytes (1 switches on core 0)
Jul 31 07:16:27 devstack devstack@n-api.service[63430]: DEBUG nova.api.openstack.wsgi [None req-795159ef-aff6-4ea0-89c3-807cda81ff13 admin admin] Calling method '>' {{(pid=63430) _process_stack /opt/stack/nova/nova/api/openstack/wsgi.py:551}}
Jul 31 07:16:27 devstack devstack@n-api.service[63430]: INFO nova.api.openstack.requestlog [None req-795159ef-aff6-4ea0-89c3-807cda81ff13 admin admin] 192.168.122.134 "GET /compute/v2.1" status: 200 len: 393 microversion: 2.1 time: 0.008147
Jul 31 07:16:27 devstack devstack@n-api.service[63430]: [pid: 63430|app: 0|req: 9/16] 192.168.122.134 () {54 vars in 935 bytes} [Fri Jul 31 07:16:27 2026] GET /compute/v2.1 => generated 393 bytes in 10 msecs (HTTP/1.1 200) 9 headers in 357 bytes (1 switches on core 0)
Jul 31 07:16:27 devstack devstack@n-api.service[63429]: DEBUG nova.api.openstack.wsgi [None req-c3d7570f-2332-483f-814e-4f56a33da111 admin admin] Action: 'create', calling method: >, body: {"flavor": {"name": "ds4G", "OS-FLV-EXT-DATA:ephemeral": 0, "swap": 0, "os-flavor-access:is_public": true, "id": "d4", "ram": 4096, "disk": 20, "vcpus": 4}} {{(pid=63429) _process_stack /opt/stack/nova/nova/api/openstack/wsgi.py:549}}
Jul 31 07:16:27 devstack devstack@n-api.service[63429]: INFO nova.api.openstack.requestlog [None req-c3d7570f-2332-483f-814e-4f56a33da111 admin admin] 192.168.122.134 "POST /compute/v2.1/flavors" status: 200 len: 412 microversion: 2.61 time: 0.151730
Jul 31 07:16:27 devstack devstack@n-api.service[63429]: [pid: 63429|app: 0|req: 8/17] 192.168.122.134 () {64 vars in 1287 bytes} [Fri Jul 31 07:16:27 2026] POST /compute/v2.1/flavors => generated 412 bytes in 153 msecs (HTTP/1.1 200) 9 headers in 359 bytes (1 switches on core 0)
Jul 31 07:16:27 devstack devstack@n-api.service[63430]: DEBUG nova.api.openstack.wsgi [None req-efad1435-0324-49c3-bd7f-6e61395427e2 admin admin] Action: 'create', calling method: >, body: {"extra_specs": {"hw_rng:allowed": "True"}} {{(pid=63430) _process_stack /opt/stack/nova/nova/api/openstack/wsgi.py:549}}
Jul 31 07:16:27 devstack devstack@n-api.service[63430]: INFO nova.api.openstack.requestlog [None req-efad1435-0324-49c3-bd7f-6e61395427e2 admin admin] 192.168.122.134 "POST /compute/v2.1/flavors/d4/os-extra_specs" status: 200 len: 43 microversion: 2.61 time: 0.065012
Jul 31 07:16:27 devstack devstack@n-api.service[63430]: [pid: 63430|app: 0|req: 10/18] 192.168.122.134 () {64 vars in 1340 bytes} [Fri Jul 31 07:16:27 2026] POST /compute/v2.1/flavors/d4/os-extra_specs => generated 43 bytes in 66 msecs (HTTP/1.1 200) 9 headers in 358 bytes (1 switches on core 0)
Jul 31 07:16:30 devstack devstack@n-api.service[63429]: DEBUG nova.api.openstack.wsgi [None req-c3d7570f-2332-483f-814e-4f56a33da111 admin admin] Calling method '>' {{(pid=63429) _process_stack /opt/stack/nova/nova/api/openstack/wsgi.py:551}}
Jul 31 07:16:30 devstack devstack@n-api.service[63429]: INFO nova.api.openstack.requestlog [None req-c3d7570f-2332-483f-814e-4f56a33da111 admin admin] 192.168.122.134 "GET /compute/v2.1" status: 200 len: 393 microversion: 2.1 time: 0.005722
Jul 31 07:16:30 devstack devstack@n-api.service[63429]: [pid: 63429|app: 0|req: 9/19] 192.168.122.134 () {54 vars in 935 bytes} [Fri Jul 31 07:16:30 2026] GET /compute/v2.1 => generated 393 bytes in 6 msecs (HTTP/1.1 200) 9 headers in 357 bytes (1 switches on core 0)
Jul 31 07:16:30 devstack devstack@n-api.service[63430]: DEBUG nova.api.openstack.wsgi [None req-38a0a2b6-539d-4a2e-ac7b-721c266ec127 admin admin] Calling method '>' {{(pid=63430) _process_stack /opt/stack/nova/nova/api/openstack/wsgi.py:551}}
Jul 31 07:16:31 devstack devstack@n-api.service[63430]: INFO nova.api.openstack.requestlog [None req-38a0a2b6-539d-4a2e-ac7b-721c266ec127 admin admin] 192.168.122.134 "GET /compute/v2.1/flavors/detail?is_public=True" status: 200 len: 2146 microversion: 2.61 time: 0.103255
Jul 31 07:16:31 devstack devstack@n-api.service[63430]: [pid: 63430|app: 0|req: 11/20] 192.168.122.134 () {60 vars in 1296 bytes} [Fri Jul 31 07:16:30 2026] GET /compute/v2.1/flavors/detail?is_public=True => generated 2146 bytes in 105 msecs (HTTP/1.1 200) 9 headers in 360 bytes (1 switches on core 0)
Jul 31 07:16:34 devstack devstack@n-api.service[63429]: DEBUG nova.api.openstack.wsgi [None req-c3d7570f-2332-483f-814e-4f56a33da111 admin admin] Calling method '>' {{(pid=63429) _process_stack /opt/stack/nova/nova/api/openstack/wsgi.py:551}}
Jul 31 07:16:34 devstack devstack@n-api.service[63429]: INFO nova.api.openstack.requestlog [None req-c3d7570f-2332-483f-814e-4f56a33da111 admin admin] 192.168.122.134 "GET /compute/v2.1" status: 200 len: 393 microversion: 2.1 time: 0.004871
Jul 31 07:16:34 devstack devstack@n-api.service[63429]: [pid: 63429|app: 0|req: 10/21] 192.168.122.134 () {54 vars in 935 bytes} [Fri Jul 31 07:16:34 2026] GET /compute/v2.1 => generated 393 bytes in 6 msecs (HTTP/1.1 200) 9 headers in 357 bytes (1 switches on core 0)
Jul 31 07:16:34 devstack devstack@n-api.service[63430]: DEBUG nova.api.openstack.wsgi [None req-79221699-0ea5-4047-8459-58108e04c9c9 admin admin] Action: 'create', calling method: >, body: {"flavor": {"OS-FLV-EXT-DATA:ephemeral": 0, "os-flavor-access:is_public": true, "disk": 1, "name": "m1.tiny", "swap": 0, "id": "1", "ram": 512, "vcpus": 1}} {{(pid=63430) _process_stack /opt/stack/nova/nova/api/openstack/wsgi.py:549}}
Jul 31 07:16:34 devstack devstack@n-api.service[63430]: INFO nova.api.openstack.requestlog [None req-79221699-0ea5-4047-8459-58108e04c9c9 admin admin] 192.168.122.134 "POST /compute/v2.1/flavors" status: 200 len: 410 microversion: 2.61 time: 0.095262
Jul 31 07:16:34 devstack devstack@n-api.service[63430]: [pid: 63430|app: 0|req: 12/22] 192.168.122.134 () {64 vars in 1287 bytes} [Fri Jul 31 07:16:34 2026] POST /compute/v2.1/flavors => generated 410 bytes in 97 msecs (HTTP/1.1 200) 9 headers in 359 bytes (1 switches on core 0)
Jul 31 07:16:34 devstack devstack@n-api.service[63429]: DEBUG nova.api.openstack.wsgi [None req-b234a2a1-6acb-44bf-9e9e-77ac9bdd766e admin admin] Action: 'create', calling method: >, body: {"extra_specs": {"hw_rng:allowed": "True"}} {{(pid=63429) _process_stack /opt/stack/nova/nova/api/openstack/wsgi.py:549}}
Jul 31 07:16:34 devstack devstack@n-api.service[63429]: INFO nova.api.openstack.requestlog [None req-b234a2a1-6acb-44bf-9e9e-77ac9bdd766e admin admin] 192.168.122.134 "POST /compute/v2.1/flavors/1/os-extra_specs" status: 200 len: 43 microversion: 2.61 time: 0.037574
Jul 31 07:16:34 devstack devstack@n-api.service[63429]: [pid: 63429|app: 0|req: 11/23] 192.168.122.134 () {64 vars in 1337 bytes} [Fri Jul 31 07:16:34 2026] POST /compute/v2.1/flavors/1/os-extra_specs => generated 43 bytes in 39 msecs (HTTP/1.1 200) 9 headers in 358 bytes (1 switches on core 0)
Jul 31 07:16:37 devstack devstack@n-api.service[63430]: DEBUG nova.api.openstack.wsgi [None req-79221699-0ea5-4047-8459-58108e04c9c9 admin admin] Calling method '>' {{(pid=63430) _process_stack /opt/stack/nova/nova/api/openstack/wsgi.py:551}}
Jul 31 07:16:37 devstack devstack@n-api.service[63430]: INFO nova.api.openstack.requestlog [None req-79221699-0ea5-4047-8459-58108e04c9c9 admin admin] 192.168.122.134 "GET /compute/v2.1" status: 200 len: 393 microversion: 2.1 time: 0.005091
Jul 31 07:16:37 devstack devstack@n-api.service[63430]: [pid: 63430|app: 0|req: 13/24] 192.168.122.134 () {54 vars in 935 bytes} [Fri Jul 31 07:16:37 2026] GET /compute/v2.1 => generated 393 bytes in 6 msecs (HTTP/1.1 200) 9 headers in 357 bytes (1 switches on core 0)
Jul 31 07:16:37 devstack devstack@n-api.service[63429]: DEBUG nova.api.openstack.wsgi [None req-0639de66-f05b-41a7-a67b-c5df55870e64 admin admin] Action: 'create', calling method: >, body: {"flavor": {"name": "m1.small", "swap": 0, "ram": 2048, "id": "2", "vcpus": 1, "OS-FLV-EXT-DATA:ephemeral": 0, "os-flavor-access:is_public": true, "disk": 20}} {{(pid=63429) _process_stack /opt/stack/nova/nova/api/openstack/wsgi.py:549}}
Jul 31 07:16:37 devstack devstack@n-api.service[63429]: INFO nova.api.openstack.requestlog [None req-0639de66-f05b-41a7-a67b-c5df55870e64 admin admin] 192.168.122.134 "POST /compute/v2.1/flavors" status: 200 len: 413 microversion: 2.61 time: 0.092237
Jul 31 07:16:37 devstack devstack@n-api.service[63429]: [pid: 63429|app: 0|req: 12/25] 192.168.122.134 () {64 vars in 1287 bytes} [Fri Jul 31 07:16:37 2026] POST /compute/v2.1/flavors => generated 413 bytes in 93 msecs (HTTP/1.1 200) 9 headers in 359 bytes (1 switches on core 0)
Jul 31 07:16:37 devstack devstack@n-api.service[63430]: DEBUG nova.api.openstack.wsgi [None req-e67430d0-9276-4b10-9ad4-189375cfbc16 admin admin] Action: 'create', calling method: >, body: {"extra_specs": {"hw_rng:allowed": "True"}} {{(pid=63430) _process_stack /opt/stack/nova/nova/api/openstack/wsgi.py:549}}
Jul 31 07:16:37 devstack devstack@n-api.service[63430]: INFO nova.api.openstack.requestlog [None req-e67430d0-9276-4b10-9ad4-189375cfbc16 admin admin] 192.168.122.134 "POST /compute/v2.1/flavors/2/os-extra_specs" status: 200 len: 43 microversion: 2.61 time: 0.040227
Jul 31 07:16:37 devstack devstack@n-api.service[63430]: [pid: 63430|app: 0|req: 14/26] 192.168.122.134 () {64 vars in 1337 bytes} [Fri Jul 31 07:16:37 2026] POST /compute/v2.1/flavors/2/os-extra_specs => generated 43 bytes in 41 msecs (HTTP/1.1 200) 9 headers in 358 bytes (1 switches on core 0)
Jul 31 07:16:40 devstack devstack@n-api.service[63429]: DEBUG nova.api.openstack.wsgi [None req-0639de66-f05b-41a7-a67b-c5df55870e64 admin admin] Calling method '>' {{(pid=63429) _process_stack /opt/stack/nova/nova/api/openstack/wsgi.py:551}}
Jul 31 07:16:40 devstack devstack@n-api.service[63429]: INFO nova.api.openstack.requestlog [None req-0639de66-f05b-41a7-a67b-c5df55870e64 admin admin] 192.168.122.134 "GET /compute/v2.1" status: 200 len: 393 microversion: 2.1 time: 0.005742
Jul 31 07:16:40 devstack devstack@n-api.service[63429]: [pid: 63429|app: 0|req: 13/27] 192.168.122.134 () {54 vars in 935 bytes} [Fri Jul 31 07:16:40 2026] GET /compute/v2.1 => generated 393 bytes in 7 msecs (HTTP/1.1 200) 9 headers in 357 bytes (1 switches on core 0)
Jul 31 07:16:40 devstack devstack@n-api.service[63430]: DEBUG nova.api.openstack.wsgi [None req-ef3390c7-db92-4272-9e72-b67f5fd221a3 admin admin] Action: 'create', calling method: >, body: {"flavor": {"name": "m1.medium", "swap": 0, "os-flavor-access:is_public": true, "OS-FLV-EXT-DATA:ephemeral": 0, "disk": 40, "id": "3", "ram": 4096, "vcpus": 2}} {{(pid=63430) _process_stack /opt/stack/nova/nova/api/openstack/wsgi.py:549}}
Jul 31 07:16:40 devstack devstack@n-api.service[63430]: INFO nova.api.openstack.requestlog [None req-ef3390c7-db92-4272-9e72-b67f5fd221a3 admin admin] 192.168.122.134 "POST /compute/v2.1/flavors" status: 200 len: 414 microversion: 2.61 time: 0.083027
Jul 31 07:16:40 devstack devstack@n-api.service[63430]: [pid: 63430|app: 0|req: 15/28] 192.168.122.134 () {64 vars in 1287 bytes} [Fri Jul 31 07:16:40 2026] POST /compute/v2.1/flavors => generated 414 bytes in 85 msecs (HTTP/1.1 200) 9 headers in 359 bytes (1 switches on core 0)
Jul 31 07:16:40 devstack devstack@n-api.service[63429]: DEBUG nova.api.openstack.wsgi [None req-b8de3ab3-a6db-470c-9e91-c4a377b7d662 admin admin] Action: 'create', calling method: >, body: {"extra_specs": {"hw_rng:allowed": "True"}} {{(pid=63429) _process_stack /opt/stack/nova/nova/api/openstack/wsgi.py:549}}
Jul 31 07:16:40 devstack devstack@n-api.service[63429]: INFO nova.api.openstack.requestlog [None req-b8de3ab3-a6db-470c-9e91-c4a377b7d662 admin admin] 192.168.122.134 "POST /compute/v2.1/flavors/3/os-extra_specs" status: 200 len: 43 microversion: 2.61 time: 0.036412
Jul 31 07:16:40 devstack devstack@n-api.service[63429]: [pid: 63429|app: 0|req: 14/29] 192.168.122.134 () {64 vars in 1337 bytes} [Fri Jul 31 07:16:40 2026] POST /compute/v2.1/flavors/3/os-extra_specs => generated 43 bytes in 38 msecs (HTTP/1.1 200) 9 headers in 358 bytes (1 switches on core 0)
Jul 31 07:16:43 devstack devstack@n-api.service[63430]: DEBUG nova.api.openstack.wsgi [None req-ef3390c7-db92-4272-9e72-b67f5fd221a3 admin admin] Calling method '>' {{(pid=63430) _process_stack /opt/stack/nova/nova/api/openstack/wsgi.py:551}}
Jul 31 07:16:43 devstack devstack@n-api.service[63430]: INFO nova.api.openstack.requestlog [None req-ef3390c7-db92-4272-9e72-b67f5fd221a3 admin admin] 192.168.122.134 "GET /compute/v2.1" status: 200 len: 393 microversion: 2.1 time: 0.005767
Jul 31 07:16:43 devstack devstack@n-api.service[63430]: [pid: 63430|app: 0|req: 16/30] 192.168.122.134 () {54 vars in 935 bytes} [Fri Jul 31 07:16:43 2026] GET /compute/v2.1 => generated 393 bytes in 7 msecs (HTTP/1.1 200) 9 headers in 357 bytes (1 switches on core 0)
Jul 31 07:16:43 devstack devstack@n-api.service[63429]: DEBUG nova.api.openstack.wsgi [None req-6728511d-5e17-486d-94ce-b2e9ffa4f147 admin admin] Action: 'create', calling method: >, body: {"flavor": {"id": "4", "disk": 80, "OS-FLV-EXT-DATA:ephemeral": 0, "ram": 8192, "os-flavor-access:is_public": true, "name": "m1.large", "swap": 0, "vcpus": 4}} {{(pid=63429) _process_stack /opt/stack/nova/nova/api/openstack/wsgi.py:549}}
