Jun 25 18:44:00 devstack cinder-volume[93705]: DEBUG oslo_concurrency.processutils [None req-fe49d360-d781-441f-9a3e-4a83d4939081 tempest-GroupSnapshotsTest-1551645999 None] Running cmd (subprocess): sudo cinder-rootwrap /etc/cinder/rootwrap.conf truncate -s0 /opt/stack/data/cinder/mnt/328d3a6bceba1b7e23882d4b394c66d4/volume-89d5d5b1-8b58-45d4-b59a-374f72847c8c.info {{(pid=93705) execute /opt/stack/data/venv/lib/python3.12/site-packages/oslo_concurrency/processutils.py:440}}
Jun 25 18:44:00 devstack sudo[98784]: quobyte : PWD=/ ; USER=root ; COMMAND=/opt/stack/data/venv/bin/cinder-rootwrap /etc/cinder/rootwrap.conf truncate -s0 /opt/stack/data/cinder/mnt/328d3a6bceba1b7e23882d4b394c66d4/volume-89d5d5b1-8b58-45d4-b59a-374f72847c8c.info
Jun 25 18:44:00 devstack sudo[98784]: pam_unix(sudo:session): session opened for user root(uid=0) by (uid=1000)
Jun 25 18:44:01 devstack sudo[98784]: pam_unix(sudo:session): session closed for user root
Jun 25 18:44:01 devstack cinder-volume[93705]: DEBUG oslo_concurrency.processutils [None req-fe49d360-d781-441f-9a3e-4a83d4939081 tempest-GroupSnapshotsTest-1551645999 None] CMD "sudo cinder-rootwrap /etc/cinder/rootwrap.conf truncate -s0 /opt/stack/data/cinder/mnt/328d3a6bceba1b7e23882d4b394c66d4/volume-89d5d5b1-8b58-45d4-b59a-374f72847c8c.info" returned: 0 in 0.793s {{(pid=93705) execute /opt/stack/data/venv/lib/python3.12/site-packages/oslo_concurrency/processutils.py:468}}
Jun 25 18:44:01 devstack cinder-volume[93705]: WARNING cinder.volume.drivers.remotefs [None req-fe49d360-d781-441f-9a3e-4a83d4939081 tempest-GroupSnapshotsTest-1551645999 None] /opt/stack/data/cinder/mnt/328d3a6bceba1b7e23882d4b394c66d4/volume-89d5d5b1-8b58-45d4-b59a-374f72847c8c.info is being set with open permissions: ugo+rw: NotImplementedError
Jun 25 18:44:01 devstack cinder-volume[93705]: DEBUG oslo_concurrency.processutils [None req-fe49d360-d781-441f-9a3e-4a83d4939081 tempest-GroupSnapshotsTest-1551645999 None] Running cmd (subprocess): sudo cinder-rootwrap /etc/cinder/rootwrap.conf chmod ugo+rw /opt/stack/data/cinder/mnt/328d3a6bceba1b7e23882d4b394c66d4/volume-89d5d5b1-8b58-45d4-b59a-374f72847c8c.info {{(pid=93705) execute /opt/stack/data/venv/lib/python3.12/site-packages/oslo_concurrency/processutils.py:440}}
Jun 25 18:44:01 devstack sudo[98788]: quobyte : PWD=/ ; USER=root ; COMMAND=/opt/stack/data/venv/bin/cinder-rootwrap /etc/cinder/rootwrap.conf chmod ugo+rw /opt/stack/data/cinder/mnt/328d3a6bceba1b7e23882d4b394c66d4/volume-89d5d5b1-8b58-45d4-b59a-374f72847c8c.info
Jun 25 18:44:01 devstack sudo[98788]: pam_unix(sudo:session): session opened for user root(uid=0) by (uid=1000)
Jun 25 18:44:02 devstack sudo[98788]: pam_unix(sudo:session): session closed for user root
Jun 25 18:44:02 devstack cinder-volume[93705]: DEBUG oslo_concurrency.processutils [None req-fe49d360-d781-441f-9a3e-4a83d4939081 tempest-GroupSnapshotsTest-1551645999 None] CMD "sudo cinder-rootwrap /etc/cinder/rootwrap.conf chmod ugo+rw /opt/stack/data/cinder/mnt/328d3a6bceba1b7e23882d4b394c66d4/volume-89d5d5b1-8b58-45d4-b59a-374f72847c8c.info" returned: 0 in 0.837s {{(pid=93705) execute /opt/stack/data/venv/lib/python3.12/site-packages/oslo_concurrency/processutils.py:468}}
Jun 25 18:44:02 devstack cinder-volume[93705]: DEBUG oslo_concurrency.lockutils [None req-fe49d360-d781-441f-9a3e-4a83d4939081 tempest-GroupSnapshotsTest-1551645999 None] Lock "quobyte" "released" by "cinder.volume.drivers.quobyte.QuobyteDriver.create_snapshot" :: held 4.914s {{(pid=93705) inner /opt/stack/data/venv/lib/python3.12/site-packages/oslo_concurrency/lockutils.py:543}}
Jun 25 18:44:02 devstack cinder-volume[93705]: DEBUG oslo_concurrency.lockutils [None req-fe49d360-d781-441f-9a3e-4a83d4939081 tempest-GroupSnapshotsTest-1551645999 None] Acquiring lock "quobyte" by "cinder.volume.drivers.quobyte.QuobyteDriver.create_snapshot" {{(pid=93705) inner /opt/stack/data/venv/lib/python3.12/site-packages/oslo_concurrency/lockutils.py:511}}
Jun 25 18:44:02 devstack cinder-volume[93705]: DEBUG oslo_concurrency.lockutils [None req-fe49d360-d781-441f-9a3e-4a83d4939081 tempest-GroupSnapshotsTest-1551645999 None] Lock "quobyte" acquired by "cinder.volume.drivers.quobyte.QuobyteDriver.create_snapshot" :: waited 0.000s {{(pid=93705) inner /opt/stack/data/venv/lib/python3.12/site-packages/oslo_concurrency/lockutils.py:524}}
Jun 25 18:44:02 devstack cinder-volume[93705]: DEBUG cinder.volume.drivers.remotefs [None req-fe49d360-d781-441f-9a3e-4a83d4939081 tempest-GroupSnapshotsTest-1551645999 None] Creating offline snapshot a32ae370-2602-476e-a131-ddb79beaed2c of volume 64a1f467-2456-45ed-9b03-2233075d3f27 {{(pid=93705) _create_snapshot /opt/stack/cinder/cinder/volume/drivers/remotefs.py:1816}}
Jun 25 18:44:02 devstack cinder-volume[93705]: DEBUG oslo.privsep.daemon [-] privsep: reply[24cfb9bc-a3ba-437d-9b37-d78b6f32e6af]: (4, 'qcow2') {{(pid=95274) _call_back /opt/stack/data/venv/lib/python3.12/site-packages/oslo_privsep/daemon.py:580}}
Jun 25 18:44:02 devstack cinder-volume[93705]: DEBUG oslo_concurrency.processutils [None req-fe49d360-d781-441f-9a3e-4a83d4939081 tempest-GroupSnapshotsTest-1551645999 None] Running cmd (subprocess): /opt/stack/data/venv/bin/python3.12 -m oslo_concurrency.prlimit --as=1073741824 --cpu=60 -- sudo cinder-rootwrap /etc/cinder/rootwrap.conf env LC_ALL=C qemu-img info -f qcow2 --output=json --force-share /opt/stack/data/cinder/mnt/328d3a6bceba1b7e23882d4b394c66d4/volume-64a1f467-2456-45ed-9b03-2233075d3f27 {{(pid=93705) execute /opt/stack/data/venv/lib/python3.12/site-packages/oslo_concurrency/processutils.py:440}}
Jun 25 18:44:02 devstack sudo[98791]: quobyte : PWD=/ ; USER=root ; COMMAND=/opt/stack/data/venv/bin/cinder-rootwrap /etc/cinder/rootwrap.conf env LC_ALL=C qemu-img info -f qcow2 --output=json --force-share /opt/stack/data/cinder/mnt/328d3a6bceba1b7e23882d4b394c66d4/volume-64a1f467-2456-45ed-9b03-2233075d3f27
Jun 25 18:44:02 devstack sudo[98791]: pam_unix(sudo:session): session opened for user root(uid=0) by (uid=1000)
Jun 25 18:44:03 devstack sudo[98791]: pam_unix(sudo:session): session closed for user root
Jun 25 18:44:03 devstack cinder-volume[93705]: DEBUG oslo_concurrency.processutils [None req-fe49d360-d781-441f-9a3e-4a83d4939081 tempest-GroupSnapshotsTest-1551645999 None] CMD "/opt/stack/data/venv/bin/python3.12 -m oslo_concurrency.prlimit --as=1073741824 --cpu=60 -- sudo cinder-rootwrap /etc/cinder/rootwrap.conf env LC_ALL=C qemu-img info -f qcow2 --output=json --force-share /opt/stack/data/cinder/mnt/328d3a6bceba1b7e23882d4b394c66d4/volume-64a1f467-2456-45ed-9b03-2233075d3f27" returned: 0 in 0.856s {{(pid=93705) execute /opt/stack/data/venv/lib/python3.12/site-packages/oslo_concurrency/processutils.py:468}}
Jun 25 18:44:03 devstack cinder-volume[93705]: DEBUG oslo_concurrency.processutils [None req-fe49d360-d781-441f-9a3e-4a83d4939081 tempest-GroupSnapshotsTest-1551645999 None] Running cmd (subprocess): sudo cinder-rootwrap /etc/cinder/rootwrap.conf qemu-img create -f qcow2 -o backing_file=/opt/stack/data/cinder/mnt/328d3a6bceba1b7e23882d4b394c66d4/volume-64a1f467-2456-45ed-9b03-2233075d3f27,backing_fmt=qcow2 /opt/stack/data/cinder/mnt/328d3a6bceba1b7e23882d4b394c66d4/volume-64a1f467-2456-45ed-9b03-2233075d3f27.a32ae370-2602-476e-a131-ddb79beaed2c 1G {{(pid=93705) execute /opt/stack/data/venv/lib/python3.12/site-packages/oslo_concurrency/processutils.py:440}}
Jun 25 18:44:03 devstack sudo[98808]: quobyte : PWD=/ ; USER=root ; COMMAND=/opt/stack/data/venv/bin/cinder-rootwrap /etc/cinder/rootwrap.conf qemu-img create -f qcow2 -o backing_file=/opt/stack/data/cinder/mnt/328d3a6bceba1b7e23882d4b394c66d4/volume-64a1f467-2456-45ed-9b03-2233075d3f27,backing_fmt=qcow2 /opt/stack/data/cinder/mnt/328d3a6bceba1b7e23882d4b394c66d4/volume-64a1f467-2456-45ed-9b03-2233075d3f27.a32ae370-2602-476e-a131-ddb79beaed2c 1G
Jun 25 18:44:03 devstack sudo[98808]: pam_unix(sudo:session): session opened for user root(uid=0) by (uid=1000)
Jun 25 18:44:04 devstack sudo[98808]: pam_unix(sudo:session): session closed for user root
Jun 25 18:44:04 devstack cinder-volume[93705]: DEBUG oslo_concurrency.processutils [None req-fe49d360-d781-441f-9a3e-4a83d4939081 tempest-GroupSnapshotsTest-1551645999 None] CMD "sudo cinder-rootwrap /etc/cinder/rootwrap.conf qemu-img create -f qcow2 -o backing_file=/opt/stack/data/cinder/mnt/328d3a6bceba1b7e23882d4b394c66d4/volume-64a1f467-2456-45ed-9b03-2233075d3f27,backing_fmt=qcow2 /opt/stack/data/cinder/mnt/328d3a6bceba1b7e23882d4b394c66d4/volume-64a1f467-2456-45ed-9b03-2233075d3f27.a32ae370-2602-476e-a131-ddb79beaed2c 1G" returned: 0 in 0.904s {{(pid=93705) execute /opt/stack/data/venv/lib/python3.12/site-packages/oslo_concurrency/processutils.py:468}}
Jun 25 18:44:04 devstack cinder-volume[93705]: DEBUG oslo_concurrency.processutils [None req-fe49d360-d781-441f-9a3e-4a83d4939081 tempest-GroupSnapshotsTest-1551645999 None] Running cmd (subprocess): sudo cinder-rootwrap /etc/cinder/rootwrap.conf qemu-img rebase -u -b volume-64a1f467-2456-45ed-9b03-2233075d3f27 -F qcow2 /opt/stack/data/cinder/mnt/328d3a6bceba1b7e23882d4b394c66d4/volume-64a1f467-2456-45ed-9b03-2233075d3f27.a32ae370-2602-476e-a131-ddb79beaed2c {{(pid=93705) execute /opt/stack/data/venv/lib/python3.12/site-packages/oslo_concurrency/processutils.py:440}}
Jun 25 18:44:04 devstack sudo[98819]: quobyte : PWD=/ ; USER=root ; COMMAND=/opt/stack/data/venv/bin/cinder-rootwrap /etc/cinder/rootwrap.conf qemu-img rebase -u -b volume-64a1f467-2456-45ed-9b03-2233075d3f27 -F qcow2 /opt/stack/data/cinder/mnt/328d3a6bceba1b7e23882d4b394c66d4/volume-64a1f467-2456-45ed-9b03-2233075d3f27.a32ae370-2602-476e-a131-ddb79beaed2c
Jun 25 18:44:04 devstack sudo[98819]: pam_unix(sudo:session): session opened for user root(uid=0) by (uid=1000)
Jun 25 18:44:04 devstack sudo[98819]: pam_unix(sudo:session): session closed for user root
Jun 25 18:44:04 devstack cinder-volume[93705]: DEBUG oslo_concurrency.processutils [None req-fe49d360-d781-441f-9a3e-4a83d4939081 tempest-GroupSnapshotsTest-1551645999 None] CMD "sudo cinder-rootwrap /etc/cinder/rootwrap.conf qemu-img rebase -u -b volume-64a1f467-2456-45ed-9b03-2233075d3f27 -F qcow2 /opt/stack/data/cinder/mnt/328d3a6bceba1b7e23882d4b394c66d4/volume-64a1f467-2456-45ed-9b03-2233075d3f27.a32ae370-2602-476e-a131-ddb79beaed2c" returned: 0 in 0.712s {{(pid=93705) execute /opt/stack/data/venv/lib/python3.12/site-packages/oslo_concurrency/processutils.py:468}}
Jun 25 18:44:04 devstack cinder-volume[93705]: WARNING cinder.volume.drivers.remotefs [None req-fe49d360-d781-441f-9a3e-4a83d4939081 tempest-GroupSnapshotsTest-1551645999 None] /opt/stack/data/cinder/mnt/328d3a6bceba1b7e23882d4b394c66d4/volume-64a1f467-2456-45ed-9b03-2233075d3f27.a32ae370-2602-476e-a131-ddb79beaed2c is being set with open permissions: ugo+rw: NotImplementedError
Jun 25 18:44:04 devstack cinder-volume[93705]: DEBUG oslo_concurrency.processutils [None req-fe49d360-d781-441f-9a3e-4a83d4939081 tempest-GroupSnapshotsTest-1551645999 None] Running cmd (subprocess): sudo cinder-rootwrap /etc/cinder/rootwrap.conf chmod ugo+rw /opt/stack/data/cinder/mnt/328d3a6bceba1b7e23882d4b394c66d4/volume-64a1f467-2456-45ed-9b03-2233075d3f27.a32ae370-2602-476e-a131-ddb79beaed2c {{(pid=93705) execute /opt/stack/data/venv/lib/python3.12/site-packages/oslo_concurrency/processutils.py:440}}
Jun 25 18:44:04 devstack sudo[98824]: quobyte : PWD=/ ; USER=root ; COMMAND=/opt/stack/data/venv/bin/cinder-rootwrap /etc/cinder/rootwrap.conf chmod ugo+rw /opt/stack/data/cinder/mnt/328d3a6bceba1b7e23882d4b394c66d4/volume-64a1f467-2456-45ed-9b03-2233075d3f27.a32ae370-2602-476e-a131-ddb79beaed2c
Jun 25 18:44:04 devstack sudo[98824]: pam_unix(sudo:session): session opened for user root(uid=0) by (uid=1000)
Jun 25 18:44:05 devstack sudo[98824]: pam_unix(sudo:session): session closed for user root
Jun 25 18:44:05 devstack cinder-volume[93705]: DEBUG oslo_concurrency.processutils [None req-fe49d360-d781-441f-9a3e-4a83d4939081 tempest-GroupSnapshotsTest-1551645999 None] CMD "sudo cinder-rootwrap /etc/cinder/rootwrap.conf chmod ugo+rw /opt/stack/data/cinder/mnt/328d3a6bceba1b7e23882d4b394c66d4/volume-64a1f467-2456-45ed-9b03-2233075d3f27.a32ae370-2602-476e-a131-ddb79beaed2c" returned: 0 in 0.801s {{(pid=93705) execute /opt/stack/data/venv/lib/python3.12/site-packages/oslo_concurrency/processutils.py:468}}
Jun 25 18:44:05 devstack cinder-volume[93705]: DEBUG dbcounter [-] [93705] Writing DB stats cinder:SELECT=93,cinder:UPDATE=70,cinder:INSERT=15,cinder:DELETE=2 {{(pid=93705) stat_writer /opt/stack/data/venv/lib/python3.12/site-packages/dbcounter.py:115}}
Jun 25 18:44:05 devstack cinder-volume[93705]: DEBUG dbcounter [-] [93705] Writing DB stats cinder:SELECT=80,cinder:UPDATE=74,cinder:INSERT=14,cinder:DELETE=4 {{(pid=93705) stat_writer /opt/stack/data/venv/lib/python3.12/site-packages/dbcounter.py:115}}
Jun 25 18:44:05 devstack cinder-volume[93705]: DEBUG oslo_concurrency.processutils [None req-fe49d360-d781-441f-9a3e-4a83d4939081 tempest-GroupSnapshotsTest-1551645999 None] Running cmd (subprocess): sudo cinder-rootwrap /etc/cinder/rootwrap.conf truncate -s0 /opt/stack/data/cinder/mnt/328d3a6bceba1b7e23882d4b394c66d4/volume-64a1f467-2456-45ed-9b03-2233075d3f27.info {{(pid=93705) execute /opt/stack/data/venv/lib/python3.12/site-packages/oslo_concurrency/processutils.py:440}}
Jun 25 18:44:05 devstack sudo[98827]: quobyte : PWD=/ ; USER=root ; COMMAND=/opt/stack/data/venv/bin/cinder-rootwrap /etc/cinder/rootwrap.conf truncate -s0 /opt/stack/data/cinder/mnt/328d3a6bceba1b7e23882d4b394c66d4/volume-64a1f467-2456-45ed-9b03-2233075d3f27.info
Jun 25 18:44:05 devstack sudo[98827]: pam_unix(sudo:session): session opened for user root(uid=0) by (uid=1000)
Jun 25 18:44:06 devstack sudo[98827]: pam_unix(sudo:session): session closed for user root
Jun 25 18:44:06 devstack cinder-volume[93705]: DEBUG oslo_concurrency.processutils [None req-fe49d360-d781-441f-9a3e-4a83d4939081 tempest-GroupSnapshotsTest-1551645999 None] CMD "sudo cinder-rootwrap /etc/cinder/rootwrap.conf truncate -s0 /opt/stack/data/cinder/mnt/328d3a6bceba1b7e23882d4b394c66d4/volume-64a1f467-2456-45ed-9b03-2233075d3f27.info" returned: 0 in 0.802s {{(pid=93705) execute /opt/stack/data/venv/lib/python3.12/site-packages/oslo_concurrency/processutils.py:468}}
Jun 25 18:44:06 devstack cinder-volume[93705]: WARNING cinder.volume.drivers.remotefs [None req-fe49d360-d781-441f-9a3e-4a83d4939081 tempest-GroupSnapshotsTest-1551645999 None] /opt/stack/data/cinder/mnt/328d3a6bceba1b7e23882d4b394c66d4/volume-64a1f467-2456-45ed-9b03-2233075d3f27.info is being set with open permissions: ugo+rw: NotImplementedError
Jun 25 18:44:06 devstack cinder-volume[93705]: DEBUG oslo_concurrency.processutils [None req-fe49d360-d781-441f-9a3e-4a83d4939081 tempest-GroupSnapshotsTest-1551645999 None] Running cmd (subprocess): sudo cinder-rootwrap /etc/cinder/rootwrap.conf chmod ugo+rw /opt/stack/data/cinder/mnt/328d3a6bceba1b7e23882d4b394c66d4/volume-64a1f467-2456-45ed-9b03-2233075d3f27.info {{(pid=93705) execute /opt/stack/data/venv/lib/python3.12/site-packages/oslo_concurrency/processutils.py:440}}
Jun 25 18:44:06 devstack sudo[98830]: quobyte : PWD=/ ; USER=root ; COMMAND=/opt/stack/data/venv/bin/cinder-rootwrap /etc/cinder/rootwrap.conf chmod ugo+rw /opt/stack/data/cinder/mnt/328d3a6bceba1b7e23882d4b394c66d4/volume-64a1f467-2456-45ed-9b03-2233075d3f27.info
Jun 25 18:44:06 devstack sudo[98830]: pam_unix(sudo:session): session opened for user root(uid=0) by (uid=1000)
Jun 25 18:44:07 devstack sudo[98830]: pam_unix(sudo:session): session closed for user root
Jun 25 18:44:07 devstack cinder-volume[93705]: DEBUG oslo_concurrency.processutils [None req-fe49d360-d781-441f-9a3e-4a83d4939081 tempest-GroupSnapshotsTest-1551645999 None] CMD "sudo cinder-rootwrap /etc/cinder/rootwrap.conf chmod ugo+rw /opt/stack/data/cinder/mnt/328d3a6bceba1b7e23882d4b394c66d4/volume-64a1f467-2456-45ed-9b03-2233075d3f27.info" returned: 0 in 0.707s {{(pid=93705) execute /opt/stack/data/venv/lib/python3.12/site-packages/oslo_concurrency/processutils.py:468}}
Jun 25 18:44:07 devstack cinder-volume[93705]: DEBUG oslo_concurrency.lockutils [None req-fe49d360-d781-441f-9a3e-4a83d4939081 tempest-GroupSnapshotsTest-1551645999 None] Lock "quobyte" "released" by "cinder.volume.drivers.quobyte.QuobyteDriver.create_snapshot" :: held 4.916s {{(pid=93705) inner /opt/stack/data/venv/lib/python3.12/site-packages/oslo_concurrency/lockutils.py:543}}
Jun 25 18:44:07 devstack cinder-volume[93705]: INFO cinder.volume.manager [None req-fe49d360-d781-441f-9a3e-4a83d4939081 tempest-GroupSnapshotsTest-1551645999 None] group_snapshot 3df0b74f-2c83-41e7-b1d3-38d9811c80cf: created successfully
Jun 25 18:44:08 devstack cinder-volume[93705]: INFO cinder.volume.manager [None req-b9789c10-a56d-4909-9edb-2459699a0600 tempest-GroupSnapshotsTest-1551645999 None] group_snapshot 3df0b74f-2c83-41e7-b1d3-38d9811c80cf: deleting
Jun 25 18:44:08 devstack cinder-volume[93705]: DEBUG cinder.volume.manager [None req-b9789c10-a56d-4909-9edb-2459699a0600 tempest-GroupSnapshotsTest-1551645999 None] group_snapshot 3df0b74f-2c83-41e7-b1d3-38d9811c80cf: deleting {{(pid=93705) delete_group_snapshot /opt/stack/cinder/cinder/volume/manager.py:4350}}
Jun 25 18:44:08 devstack cinder-volume[93705]: DEBUG cinder.coordination [None req-b9789c10-a56d-4909-9edb-2459699a0600 tempest-GroupSnapshotsTest-1551645999 None] Acquiring lock "cinder-quobyte-89d5d5b1-8b58-45d4-b59a-374f72847c8c" by "delete_snapshot" {{(pid=93705) __acquire /opt/stack/cinder/cinder/coordination.py:138}}
Jun 25 18:44:08 devstack cinder-volume[93705]: DEBUG cinder.coordination [None req-b9789c10-a56d-4909-9edb-2459699a0600 tempest-GroupSnapshotsTest-1551645999 None] Lock "cinder-quobyte-89d5d5b1-8b58-45d4-b59a-374f72847c8c" acquired by "delete_snapshot" :: waited 0.040s {{(pid=93705) __acquire /opt/stack/cinder/cinder/coordination.py:141}}
Jun 25 18:44:08 devstack cinder-volume[93705]: DEBUG cinder.coordination [None req-b9789c10-a56d-4909-9edb-2459699a0600 tempest-GroupSnapshotsTest-1551645999 None] Acquiring lock "cinder-quobyte-887c40bd-75c8-4fc5-9bc8-ccd3c1a3f9d7" by "_delete_snapshot" {{(pid=93705) __acquire /opt/stack/cinder/cinder/coordination.py:138}}
Jun 25 18:44:08 devstack cinder-volume[93705]: DEBUG cinder.coordination [None req-b9789c10-a56d-4909-9edb-2459699a0600 tempest-GroupSnapshotsTest-1551645999 None] Lock "cinder-quobyte-887c40bd-75c8-4fc5-9bc8-ccd3c1a3f9d7" acquired by "_delete_snapshot" :: waited 0.026s {{(pid=93705) __acquire /opt/stack/cinder/cinder/coordination.py:141}}
Jun 25 18:44:08 devstack cinder-volume[93705]: DEBUG cinder.volume.drivers.remotefs [None req-b9789c10-a56d-4909-9edb-2459699a0600 tempest-GroupSnapshotsTest-1551645999 None] Deleting offline snapshot 887c40bd-75c8-4fc5-9bc8-ccd3c1a3f9d7 of volume 89d5d5b1-8b58-45d4-b59a-374f72847c8c {{(pid=93705) _delete_snapshot /opt/stack/cinder/cinder/volume/drivers/remotefs.py:1288}}
Jun 25 18:44:08 devstack cinder-volume[93705]: DEBUG cinder.volume.drivers.remotefs [None req-b9789c10-a56d-4909-9edb-2459699a0600 tempest-GroupSnapshotsTest-1551645999 None] snapshot_file for this snap is: volume-89d5d5b1-8b58-45d4-b59a-374f72847c8c.887c40bd-75c8-4fc5-9bc8-ccd3c1a3f9d7 {{(pid=93705) _delete_snapshot /opt/stack/cinder/cinder/volume/drivers/remotefs.py:1317}}
Jun 25 18:44:08 devstack cinder-volume[93705]: DEBUG oslo.privsep.daemon [-] privsep: reply[f6af1d13-ae8d-4c8e-89e5-5489e740f19c]: (4, 'qcow2') {{(pid=95274) _call_back /opt/stack/data/venv/lib/python3.12/site-packages/oslo_privsep/daemon.py:580}}
Jun 25 18:44:08 devstack cinder-volume[93705]: DEBUG oslo_concurrency.processutils [None req-b9789c10-a56d-4909-9edb-2459699a0600 tempest-GroupSnapshotsTest-1551645999 None] Running cmd (subprocess): /opt/stack/data/venv/bin/python3.12 -m oslo_concurrency.prlimit --as=1073741824 --cpu=60 -- sudo cinder-rootwrap /etc/cinder/rootwrap.conf env LC_ALL=C qemu-img info -f qcow2 --output=json --force-share /opt/stack/data/cinder/mnt/328d3a6bceba1b7e23882d4b394c66d4/volume-89d5d5b1-8b58-45d4-b59a-374f72847c8c.887c40bd-75c8-4fc5-9bc8-ccd3c1a3f9d7 {{(pid=93705) execute /opt/stack/data/venv/lib/python3.12/site-packages/oslo_concurrency/processutils.py:440}}
Jun 25 18:44:08 devstack sudo[98840]: quobyte : PWD=/ ; USER=root ; COMMAND=/opt/stack/data/venv/bin/cinder-rootwrap /etc/cinder/rootwrap.conf env LC_ALL=C qemu-img info -f qcow2 --output=json --force-share /opt/stack/data/cinder/mnt/328d3a6bceba1b7e23882d4b394c66d4/volume-89d5d5b1-8b58-45d4-b59a-374f72847c8c.887c40bd-75c8-4fc5-9bc8-ccd3c1a3f9d7
Jun 25 18:44:08 devstack sudo[98840]: pam_unix(sudo:session): session opened for user root(uid=0) by (uid=1000)
Jun 25 18:44:09 devstack sudo[98840]: pam_unix(sudo:session): session closed for user root
Jun 25 18:44:09 devstack cinder-volume[93705]: DEBUG oslo_concurrency.processutils [None req-b9789c10-a56d-4909-9edb-2459699a0600 tempest-GroupSnapshotsTest-1551645999 None] CMD "/opt/stack/data/venv/bin/python3.12 -m oslo_concurrency.prlimit --as=1073741824 --cpu=60 -- sudo cinder-rootwrap /etc/cinder/rootwrap.conf env LC_ALL=C qemu-img info -f qcow2 --output=json --force-share /opt/stack/data/cinder/mnt/328d3a6bceba1b7e23882d4b394c66d4/volume-89d5d5b1-8b58-45d4-b59a-374f72847c8c.887c40bd-75c8-4fc5-9bc8-ccd3c1a3f9d7" returned: 0 in 1.199s {{(pid=93705) execute /opt/stack/data/venv/lib/python3.12/site-packages/oslo_concurrency/processutils.py:468}}
Jun 25 18:44:09 devstack cinder-volume[93705]: DEBUG cinder.volume.drivers.remotefs [None req-b9789c10-a56d-4909-9edb-2459699a0600 tempest-GroupSnapshotsTest-1551645999 None] Fetching qemu-img info with special backing_file_template: (/opt/stack/data/cinder/mnt/[0-9a-f]+/)?(volume-89d5d5b1-8b58-45d4-b59a-374f72847c8c(.(tmp-snap-)?[0-9a-f-]+)?|volume_from_snapshot_cache/(tmp-snap-)?[0-9a-f-]+(.(child-|parent-)[0-9a-f-]+)?)$ {{(pid=93705) _qemu_img_info_base /opt/stack/cinder/cinder/volume/drivers/remotefs.py:896}}
Jun 25 18:44:09 devstack cinder-volume[93705]: DEBUG oslo.privsep.daemon [-] privsep: reply[08e3fc72-289a-4ccb-997c-5dcd55877e97]: (4, 'qcow2') {{(pid=95274) _call_back /opt/stack/data/venv/lib/python3.12/site-packages/oslo_privsep/daemon.py:580}}
Jun 25 18:44:09 devstack cinder-volume[93705]: DEBUG oslo_concurrency.processutils [None req-b9789c10-a56d-4909-9edb-2459699a0600 tempest-GroupSnapshotsTest-1551645999 None] Running cmd (subprocess): /opt/stack/data/venv/bin/python3.12 -m oslo_concurrency.prlimit --as=1073741824 --cpu=60 -- sudo cinder-rootwrap /etc/cinder/rootwrap.conf env LC_ALL=C qemu-img info -f qcow2 --output=json --force-share /opt/stack/data/cinder/mnt/328d3a6bceba1b7e23882d4b394c66d4/volume-89d5d5b1-8b58-45d4-b59a-374f72847c8c {{(pid=93705) execute /opt/stack/data/venv/lib/python3.12/site-packages/oslo_concurrency/processutils.py:440}}
Jun 25 18:44:09 devstack sudo[98913]: quobyte : PWD=/ ; USER=root ; COMMAND=/opt/stack/data/venv/bin/cinder-rootwrap /etc/cinder/rootwrap.conf env LC_ALL=C qemu-img info -f qcow2 --output=json --force-share /opt/stack/data/cinder/mnt/328d3a6bceba1b7e23882d4b394c66d4/volume-89d5d5b1-8b58-45d4-b59a-374f72847c8c
Jun 25 18:44:09 devstack sudo[98913]: pam_unix(sudo:session): session opened for user root(uid=0) by (uid=1000)
Jun 25 18:44:10 devstack sudo[98913]: pam_unix(sudo:session): session closed for user root
Jun 25 18:44:10 devstack cinder-volume[93705]: DEBUG oslo_concurrency.processutils [None req-b9789c10-a56d-4909-9edb-2459699a0600 tempest-GroupSnapshotsTest-1551645999 None] CMD "/opt/stack/data/venv/bin/python3.12 -m oslo_concurrency.prlimit --as=1073741824 --cpu=60 -- sudo cinder-rootwrap /etc/cinder/rootwrap.conf env LC_ALL=C qemu-img info -f qcow2 --output=json --force-share /opt/stack/data/cinder/mnt/328d3a6bceba1b7e23882d4b394c66d4/volume-89d5d5b1-8b58-45d4-b59a-374f72847c8c" returned: 0 in 1.190s {{(pid=93705) execute /opt/stack/data/venv/lib/python3.12/site-packages/oslo_concurrency/processutils.py:468}}
Jun 25 18:44:10 devstack cinder-volume[93705]: DEBUG oslo_concurrency.processutils [None req-b9789c10-a56d-4909-9edb-2459699a0600 tempest-GroupSnapshotsTest-1551645999 None] Running cmd (subprocess): sudo cinder-rootwrap /etc/cinder/rootwrap.conf qemu-img commit -d /opt/stack/data/cinder/mnt/328d3a6bceba1b7e23882d4b394c66d4/volume-89d5d5b1-8b58-45d4-b59a-374f72847c8c.887c40bd-75c8-4fc5-9bc8-ccd3c1a3f9d7 {{(pid=93705) execute /opt/stack/data/venv/lib/python3.12/site-packages/oslo_concurrency/processutils.py:440}}
Jun 25 18:44:10 devstack sudo[98933]: quobyte : PWD=/ ; USER=root ; COMMAND=/opt/stack/data/venv/bin/cinder-rootwrap /etc/cinder/rootwrap.conf qemu-img commit -d /opt/stack/data/cinder/mnt/328d3a6bceba1b7e23882d4b394c66d4/volume-89d5d5b1-8b58-45d4-b59a-374f72847c8c.887c40bd-75c8-4fc5-9bc8-ccd3c1a3f9d7
Jun 25 18:44:10 devstack sudo[98933]: pam_unix(sudo:session): session opened for user root(uid=0) by (uid=1000)
Jun 25 18:44:11 devstack sudo[98933]: pam_unix(sudo:session): session closed for user root
Jun 25 18:44:11 devstack cinder-volume[93705]: DEBUG oslo_concurrency.processutils [None req-b9789c10-a56d-4909-9edb-2459699a0600 tempest-GroupSnapshotsTest-1551645999 None] CMD "sudo cinder-rootwrap /etc/cinder/rootwrap.conf qemu-img commit -d /opt/stack/data/cinder/mnt/328d3a6bceba1b7e23882d4b394c66d4/volume-89d5d5b1-8b58-45d4-b59a-374f72847c8c.887c40bd-75c8-4fc5-9bc8-ccd3c1a3f9d7" returned: 0 in 1.079s {{(pid=93705) execute /opt/stack/data/venv/lib/python3.12/site-packages/oslo_concurrency/processutils.py:468}}
Jun 25 18:44:11 devstack cinder-volume[93705]: DEBUG oslo_concurrency.processutils [None req-b9789c10-a56d-4909-9edb-2459699a0600 tempest-GroupSnapshotsTest-1551645999 None] Running cmd (subprocess): sudo cinder-rootwrap /etc/cinder/rootwrap.conf rm -f /opt/stack/data/cinder/mnt/328d3a6bceba1b7e23882d4b394c66d4/volume-89d5d5b1-8b58-45d4-b59a-374f72847c8c.887c40bd-75c8-4fc5-9bc8-ccd3c1a3f9d7 {{(pid=93705) execute /opt/stack/data/venv/lib/python3.12/site-packages/oslo_concurrency/processutils.py:440}}
Jun 25 18:44:11 devstack sudo[98938]: quobyte : PWD=/ ; USER=root ; COMMAND=/opt/stack/data/venv/bin/cinder-rootwrap /etc/cinder/rootwrap.conf rm -f /opt/stack/data/cinder/mnt/328d3a6bceba1b7e23882d4b394c66d4/volume-89d5d5b1-8b58-45d4-b59a-374f72847c8c.887c40bd-75c8-4fc5-9bc8-ccd3c1a3f9d7
Jun 25 18:44:11 devstack sudo[98938]: pam_unix(sudo:session): session opened for user root(uid=0) by (uid=1000)
Jun 25 18:44:12 devstack cinder-volume[93705]: DEBUG cinder.volume.flows.manager.create_volume [None req-78aae732-04df-499a-b781-c715e1e4ca3c tempest-VolumeRetypeWithoutMigrationTest-881387984 None] Volume reschedule parameters: True retry: {'num_attempts': 1, 'backends': ['devstack@QuobyteHD#QuobyteHD'], 'hosts': ['devstack@QuobyteHD#QuobyteHD']} {{(pid=93705) get_flow /opt/stack/cinder/cinder/volume/flows/manager/create_volume.py:1397}}
Jun 25 18:44:12 devstack cinder-volume[93705]: DEBUG cinder.volume.manager [None req-78aae732-04df-499a-b781-c715e1e4ca3c tempest-VolumeRetypeWithoutMigrationTest-881387984 None] Flow 'volume_create_manager' (1dfd67d6-e9fe-4f83-b65e-ff9585c2b402) transitioned into state 'RUNNING' from state 'PENDING' {{(pid=93705) _flow_receiver /opt/stack/data/venv/lib/python3.12/site-packages/taskflow/listeners/logging.py:160}}
Jun 25 18:44:12 devstack cinder-volume[93705]: DEBUG cinder.volume.manager [None req-78aae732-04df-499a-b781-c715e1e4ca3c tempest-VolumeRetypeWithoutMigrationTest-881387984 None] Task 'cinder.volume.flows.manager.create_volume.ExtractVolumeRefTask;volume:create' (979d1266-c5cd-47b3-813a-bedc49f5e719) transitioned into state 'RUNNING' from state 'PENDING' {{(pid=93705) _task_receiver /opt/stack/data/venv/lib/python3.12/site-packages/taskflow/listeners/logging.py:242}}
Jun 25 18:44:12 devstack cinder-volume[93705]: DEBUG cinder.volume.manager [None req-78aae732-04df-499a-b781-c715e1e4ca3c tempest-VolumeRetypeWithoutMigrationTest-881387984 None] Task 'cinder.volume.flows.manager.create_volume.ExtractVolumeRefTask;volume:create' (979d1266-c5cd-47b3-813a-bedc49f5e719) transitioned into state 'SUCCESS' from state 'RUNNING' with result 'Volume(_name_id=None,admin_metadata=,attach_status='detached',availability_zone='nova',bootable=False,cluster=,cluster_name=None,consistencygroup=,consistencygroup_id=None,created_at=2026-06-25T16:44:12Z,deleted=False,deleted_at=None,display_description=None,display_name='tempest-VolumeRetypeWithoutMigrationTest-Volume-392783517',ec2_id=None,encryption_key_id=None,glance_metadata=,group=,group_id=None,host='devstack@QuobyteHD#QuobyteHD',id=7c30e483-9d84-494f-8ba3-44d7efac9da3,launched_at=None,metadata={},migration_status=None,multiattach=False,previous_status=None,project_id='b8e3f11466ea49d6a313e9c57a9165ca',provider_auth=None,provider_geometry=None,provider_id=None,provider_location=None,replication_driver_data=None,replication_extended_status=None,replication_status=None,scheduled_at=2026-06-25T16:44:12Z,service_uuid=None,shared_targets=True,size=1,snapshot_id=None,snapshots=,source_volid=None,status='creating',terminated_at=None,updated_at=2026-06-25T16:44:12Z,use_quota=True,user_id='c1cb7e2bb8f54601830e581862c29b89',volume_attachment=VolumeAttachmentList,volume_type=VolumeType(8fbc9d83-f049-4d12-8389-dff73fcc6399),volume_type_id=8fbc9d83-f049-4d12-8389-dff73fcc6399)' {{(pid=93705) _task_receiver /opt/stack/data/venv/lib/python3.12/site-packages/taskflow/listeners/logging.py:218}}
Jun 25 18:44:12 devstack cinder-volume[93705]: DEBUG cinder.volume.manager [None req-78aae732-04df-499a-b781-c715e1e4ca3c tempest-VolumeRetypeWithoutMigrationTest-881387984 None] Task 'cinder.volume.flows.manager.create_volume.OnFailureRescheduleTask;volume:create' (d2cc26c2-bd9f-4f0d-8d7a-2d9b1b85ac94) transitioned into state 'RUNNING' from state 'PENDING' {{(pid=93705) _task_receiver /opt/stack/data/venv/lib/python3.12/site-packages/taskflow/listeners/logging.py:242}}
Jun 25 18:44:12 devstack cinder-volume[93705]: DEBUG cinder.volume.manager [None req-78aae732-04df-499a-b781-c715e1e4ca3c tempest-VolumeRetypeWithoutMigrationTest-881387984 None] Task 'cinder.volume.flows.manager.create_volume.OnFailureRescheduleTask;volume:create' (d2cc26c2-bd9f-4f0d-8d7a-2d9b1b85ac94) transitioned into state 'SUCCESS' from state 'RUNNING' with result 'None' {{(pid=93705) _task_receiver /opt/stack/data/venv/lib/python3.12/site-packages/taskflow/listeners/logging.py:218}}
Jun 25 18:44:12 devstack cinder-volume[93705]: DEBUG cinder.volume.manager [None req-78aae732-04df-499a-b781-c715e1e4ca3c tempest-VolumeRetypeWithoutMigrationTest-881387984 None] Task 'cinder.volume.flows.manager.create_volume.ExtractVolumeSpecTask;volume:create' (b129b231-14fc-4346-8da6-89c5f66eb129) transitioned into state 'RUNNING' from state 'PENDING' {{(pid=93705) _task_receiver /opt/stack/data/venv/lib/python3.12/site-packages/taskflow/listeners/logging.py:242}}
Jun 25 18:44:12 devstack cinder-volume[93705]: DEBUG cinder.volume.manager [None req-78aae732-04df-499a-b781-c715e1e4ca3c tempest-VolumeRetypeWithoutMigrationTest-881387984 None] Task 'cinder.volume.flows.manager.create_volume.ExtractVolumeSpecTask;volume:create' (b129b231-14fc-4346-8da6-89c5f66eb129) transitioned into state 'SUCCESS' from state 'RUNNING' with result '{'status': 'creating', 'type': 'raw', 'volume_id': '7c30e483-9d84-494f-8ba3-44d7efac9da3', 'volume_name': 'volume-7c30e483-9d84-494f-8ba3-44d7efac9da3', 'volume_size': 1}' {{(pid=93705) _task_receiver /opt/stack/data/venv/lib/python3.12/site-packages/taskflow/listeners/logging.py:218}}
Jun 25 18:44:12 devstack cinder-volume[93705]: DEBUG cinder.volume.manager [None req-78aae732-04df-499a-b781-c715e1e4ca3c tempest-VolumeRetypeWithoutMigrationTest-881387984 None] Task 'cinder.volume.flows.manager.create_volume.NotifyVolumeActionTask;volume:create, create.start' (b0d2e380-cab1-4721-ad82-f111b67aa40a) transitioned into state 'RUNNING' from state 'PENDING' {{(pid=93705) _task_receiver /opt/stack/data/venv/lib/python3.12/site-packages/taskflow/listeners/logging.py:242}}
Jun 25 18:44:12 devstack cinder-volume[93705]: DEBUG cinder.volume.manager [None req-78aae732-04df-499a-b781-c715e1e4ca3c tempest-VolumeRetypeWithoutMigrationTest-881387984 None] Task 'cinder.volume.flows.manager.create_volume.NotifyVolumeActionTask;volume:create, create.start' (b0d2e380-cab1-4721-ad82-f111b67aa40a) transitioned into state 'SUCCESS' from state 'RUNNING' with result 'None' {{(pid=93705) _task_receiver /opt/stack/data/venv/lib/python3.12/site-packages/taskflow/listeners/logging.py:218}}
Jun 25 18:44:12 devstack cinder-volume[93705]: DEBUG cinder.volume.manager [None req-78aae732-04df-499a-b781-c715e1e4ca3c tempest-VolumeRetypeWithoutMigrationTest-881387984 None] Task 'cinder.volume.flows.manager.create_volume.CreateVolumeFromSpecTask;volume:create' (fd68bc75-8229-4f24-b3b5-9ef8d19af2e6) transitioned into state 'RUNNING' from state 'PENDING' {{(pid=93705) _task_receiver /opt/stack/data/venv/lib/python3.12/site-packages/taskflow/listeners/logging.py:242}}
Jun 25 18:44:12 devstack cinder-volume[93705]: INFO cinder.volume.flows.manager.create_volume [None req-78aae732-04df-499a-b781-c715e1e4ca3c tempest-VolumeRetypeWithoutMigrationTest-881387984 None] Volume 7c30e483-9d84-494f-8ba3-44d7efac9da3: being created as raw with specification: {'status': 'creating', 'volume_name': 'volume-7c30e483-9d84-494f-8ba3-44d7efac9da3', 'volume_size': 1}
Jun 25 18:44:12 devstack cinder-volume[93705]: DEBUG oslo_concurrency.lockutils [None req-78aae732-04df-499a-b781-c715e1e4ca3c tempest-VolumeRetypeWithoutMigrationTest-881387984 None] Acquiring lock "quobyte" by "cinder.volume.drivers.quobyte.QuobyteDriver.create_volume" {{(pid=93705) inner /opt/stack/data/venv/lib/python3.12/site-packages/oslo_concurrency/lockutils.py:511}}
Jun 25 18:44:12 devstack cinder-volume[93705]: DEBUG oslo_concurrency.lockutils [None req-78aae732-04df-499a-b781-c715e1e4ca3c tempest-VolumeRetypeWithoutMigrationTest-881387984 None] Lock "quobyte" acquired by "cinder.volume.drivers.quobyte.QuobyteDriver.create_volume" :: waited 0.000s {{(pid=93705) inner /opt/stack/data/venv/lib/python3.12/site-packages/oslo_concurrency/lockutils.py:524}}
Jun 25 18:44:12 devstack cinder-volume[93705]: DEBUG cinder.volume.drivers.quobyte [None req-78aae732-04df-499a-b781-c715e1e4ca3c tempest-VolumeRetypeWithoutMigrationTest-881387984 None] ==> create_volume: call "{'self': , 'volume': Volume(_name_id=None,admin_metadata=,attach_status='detached',availability_zone='nova',bootable=False,cluster=,cluster_name=None,consistencygroup=,consistencygroup_id=None,created_at=2026-06-25T16:44:12Z,deleted=False,deleted_at=None,display_description=None,display_name='tempest-VolumeRetypeWithoutMigrationTest-Volume-392783517',ec2_id=None,encryption_key_id=None,glance_metadata=,group=,group_id=None,host='devstack@QuobyteHD#QuobyteHD',id=7c30e483-9d84-494f-8ba3-44d7efac9da3,launched_at=None,metadata={},migration_status=None,multiattach=False,previous_status=None,project_id='b8e3f11466ea49d6a313e9c57a9165ca',provider_auth=None,provider_geometry=None,provider_id=None,provider_location=None,replication_driver_data=None,replication_extended_status=None,replication_status=None,scheduled_at=2026-06-25T16:44:12Z,service_uuid=None,shared_targets=True,size=1,snapshot_id=None,snapshots=,source_volid=None,status='creating',terminated_at=None,updated_at=2026-06-25T16:44:12Z,use_quota=True,user_id='c1cb7e2bb8f54601830e581862c29b89',volume_attachment=VolumeAttachmentList,volume_type=VolumeType(8fbc9d83-f049-4d12-8389-dff73fcc6399),volume_type_id=8fbc9d83-f049-4d12-8389-dff73fcc6399)}" {{(pid=93705) trace_logging_wrapper /opt/stack/cinder/cinder/volume/volume_utils.py:1497}}
Jun 25 18:44:12 devstack cinder-volume[93705]: DEBUG cinder.volume.drivers.remotefs [None req-78aae732-04df-499a-b781-c715e1e4ca3c tempest-VolumeRetypeWithoutMigrationTest-881387984 None] Creating volume 7c30e483-9d84-494f-8ba3-44d7efac9da3 {{(pid=93705) create_volume /opt/stack/cinder/cinder/volume/drivers/remotefs.py:292}}
Jun 25 18:44:12 devstack cinder-volume[93705]: DEBUG oslo_concurrency.lockutils [None req-78aae732-04df-499a-b781-c715e1e4ca3c tempest-VolumeRetypeWithoutMigrationTest-881387984 None] Acquiring lock "quobyte_ensure" by "cinder.volume.drivers.quobyte.QuobyteDriver._ensure_shares_mounted" {{(pid=93705) inner /opt/stack/data/venv/lib/python3.12/site-packages/oslo_concurrency/lockutils.py:511}}
Jun 25 18:44:12 devstack cinder-volume[93705]: DEBUG oslo_concurrency.lockutils [None req-78aae732-04df-499a-b781-c715e1e4ca3c tempest-VolumeRetypeWithoutMigrationTest-881387984 None] Lock "quobyte_ensure" acquired by "cinder.volume.drivers.quobyte.QuobyteDriver._ensure_shares_mounted" :: waited 0.000s {{(pid=93705) inner /opt/stack/data/venv/lib/python3.12/site-packages/oslo_concurrency/lockutils.py:524}}
Jun 25 18:44:12 devstack cinder-volume[93705]: DEBUG cinder.volume.drivers.quobyte [None req-78aae732-04df-499a-b781-c715e1e4ca3c tempest-VolumeRetypeWithoutMigrationTest-881387984 None] Quobyte Volume URL set to: {'osci02.corp.quobyte.com/cinder-vol-17be965b-13cd-4fd2-8cd0-2b70921afed5': None} {{(pid=93705) _load_shares_config /opt/stack/cinder/cinder/volume/drivers/quobyte.py:617}}
Jun 25 18:44:12 devstack cinder-volume[93705]: DEBUG cinder.volume.drivers.quobyte [None req-78aae732-04df-499a-b781-c715e1e4ca3c tempest-VolumeRetypeWithoutMigrationTest-881387984 None] Available shares ['osci02.corp.quobyte.com/cinder-vol-17be965b-13cd-4fd2-8cd0-2b70921afed5'] {{(pid=93705) _ensure_shares_mounted /opt/stack/cinder/cinder/volume/drivers/quobyte.py:647}}
Jun 25 18:44:12 devstack cinder-volume[93705]: DEBUG oslo_concurrency.lockutils [None req-78aae732-04df-499a-b781-c715e1e4ca3c tempest-VolumeRetypeWithoutMigrationTest-881387984 None] Lock "quobyte_ensure" "released" by "cinder.volume.drivers.quobyte.QuobyteDriver._ensure_shares_mounted" :: held 0.008s {{(pid=93705) inner /opt/stack/data/venv/lib/python3.12/site-packages/oslo_concurrency/lockutils.py:543}}
Jun 25 18:44:12 devstack cinder-volume[93705]: DEBUG cinder.volume.drivers.quobyte [None req-78aae732-04df-499a-b781-c715e1e4ca3c tempest-VolumeRetypeWithoutMigrationTest-881387984 None] Selected osci02.corp.quobyte.com/cinder-vol-17be965b-13cd-4fd2-8cd0-2b70921afed5 as target Quobyte volume. {{(pid=93705) _find_share /opt/stack/cinder/cinder/volume/drivers/quobyte.py:668}}
Jun 25 18:44:12 devstack cinder-volume[93705]: INFO cinder.volume.drivers.remotefs [None req-78aae732-04df-499a-b781-c715e1e4ca3c tempest-VolumeRetypeWithoutMigrationTest-881387984 None] casted to osci02.corp.quobyte.com/cinder-vol-17be965b-13cd-4fd2-8cd0-2b70921afed5
Jun 25 18:44:12 devstack cinder-volume[93705]: DEBUG oslo_concurrency.processutils [None req-78aae732-04df-499a-b781-c715e1e4ca3c tempest-VolumeRetypeWithoutMigrationTest-881387984 None] Running cmd (subprocess): sudo cinder-rootwrap /etc/cinder/rootwrap.conf qemu-img create -f qcow2 -o preallocation=metadata /opt/stack/data/cinder/mnt/328d3a6bceba1b7e23882d4b394c66d4/volume-7c30e483-9d84-494f-8ba3-44d7efac9da3 1073741824 {{(pid=93705) execute /opt/stack/data/venv/lib/python3.12/site-packages/oslo_concurrency/processutils.py:440}}
Jun 25 18:44:12 devstack sudo[98941]: quobyte : PWD=/ ; USER=root ; COMMAND=/opt/stack/data/venv/bin/cinder-rootwrap /etc/cinder/rootwrap.conf qemu-img create -f qcow2 -o preallocation=metadata /opt/stack/data/cinder/mnt/328d3a6bceba1b7e23882d4b394c66d4/volume-7c30e483-9d84-494f-8ba3-44d7efac9da3 1073741824
Jun 25 18:44:12 devstack sudo[98941]: pam_unix(sudo:session): session opened for user root(uid=0) by (uid=1000)
Jun 25 18:44:12 devstack sudo[98938]: pam_unix(sudo:session): session closed for user root
Jun 25 18:44:12 devstack cinder-volume[93705]: DEBUG oslo_concurrency.processutils [None req-b9789c10-a56d-4909-9edb-2459699a0600 tempest-GroupSnapshotsTest-1551645999 None] CMD "sudo cinder-rootwrap /etc/cinder/rootwrap.conf rm -f /opt/stack/data/cinder/mnt/328d3a6bceba1b7e23882d4b394c66d4/volume-89d5d5b1-8b58-45d4-b59a-374f72847c8c.887c40bd-75c8-4fc5-9bc8-ccd3c1a3f9d7" returned: 0 in 0.755s {{(pid=93705) execute /opt/stack/data/venv/lib/python3.12/site-packages/oslo_concurrency/processutils.py:468}}
Jun 25 18:44:12 devstack cinder-volume[93705]: DEBUG cinder.coordination [None req-b9789c10-a56d-4909-9edb-2459699a0600 tempest-GroupSnapshotsTest-1551645999 None] Lock "cinder-quobyte-887c40bd-75c8-4fc5-9bc8-ccd3c1a3f9d7" released by "_delete_snapshot" :: held 4.412s {{(pid=93705) __release /opt/stack/cinder/cinder/coordination.py:152}}
Jun 25 18:44:12 devstack cinder-volume[93705]: DEBUG cinder.coordination [None req-b9789c10-a56d-4909-9edb-2459699a0600 tempest-GroupSnapshotsTest-1551645999 None] Lock "cinder-quobyte-89d5d5b1-8b58-45d4-b59a-374f72847c8c" released by "delete_snapshot" :: held 4.451s {{(pid=93705) __release /opt/stack/cinder/cinder/coordination.py:152}}
Jun 25 18:44:12 devstack cinder-volume[93705]: DEBUG cinder.coordination [None req-b9789c10-a56d-4909-9edb-2459699a0600 tempest-GroupSnapshotsTest-1551645999 None] Acquiring lock "cinder-quobyte-64a1f467-2456-45ed-9b03-2233075d3f27" by "delete_snapshot" {{(pid=93705) __acquire /opt/stack/cinder/cinder/coordination.py:138}}
Jun 25 18:44:12 devstack cinder-volume[93705]: DEBUG cinder.coordination [None req-b9789c10-a56d-4909-9edb-2459699a0600 tempest-GroupSnapshotsTest-1551645999 None] Lock "cinder-quobyte-64a1f467-2456-45ed-9b03-2233075d3f27" acquired by "delete_snapshot" :: waited 0.025s {{(pid=93705) __acquire /opt/stack/cinder/cinder/coordination.py:141}}
Jun 25 18:44:12 devstack cinder-volume[93705]: DEBUG cinder.coordination [None req-b9789c10-a56d-4909-9edb-2459699a0600 tempest-GroupSnapshotsTest-1551645999 None] Acquiring lock "cinder-quobyte-a32ae370-2602-476e-a131-ddb79beaed2c" by "_delete_snapshot" {{(pid=93705) __acquire /opt/stack/cinder/cinder/coordination.py:138}}
Jun 25 18:44:12 devstack cinder-volume[93705]: DEBUG cinder.coordination [None req-b9789c10-a56d-4909-9edb-2459699a0600 tempest-GroupSnapshotsTest-1551645999 None] Lock "cinder-quobyte-a32ae370-2602-476e-a131-ddb79beaed2c" acquired by "_delete_snapshot" :: waited 0.025s {{(pid=93705) __acquire /opt/stack/cinder/cinder/coordination.py:141}}
Jun 25 18:44:12 devstack cinder-volume[93705]: DEBUG cinder.volume.drivers.remotefs [None req-b9789c10-a56d-4909-9edb-2459699a0600 tempest-GroupSnapshotsTest-1551645999 None] Deleting offline snapshot a32ae370-2602-476e-a131-ddb79beaed2c of volume 64a1f467-2456-45ed-9b03-2233075d3f27 {{(pid=93705) _delete_snapshot /opt/stack/cinder/cinder/volume/drivers/remotefs.py:1288}}
Jun 25 18:44:12 devstack cinder-volume[93705]: DEBUG cinder.volume.drivers.remotefs [None req-b9789c10-a56d-4909-9edb-2459699a0600 tempest-GroupSnapshotsTest-1551645999 None] snapshot_file for this snap is: volume-64a1f467-2456-45ed-9b03-2233075d3f27.a32ae370-2602-476e-a131-ddb79beaed2c {{(pid=93705) _delete_snapshot /opt/stack/cinder/cinder/volume/drivers/remotefs.py:1317}}
Jun 25 18:44:12 devstack cinder-volume[93705]: DEBUG oslo.privsep.daemon [-] privsep: reply[2b3293e0-4298-42c7-b162-a9dffa579262]: (4, 'qcow2') {{(pid=95274) _call_back /opt/stack/data/venv/lib/python3.12/site-packages/oslo_privsep/daemon.py:580}}
Jun 25 18:44:12 devstack cinder-volume[93705]: DEBUG oslo_concurrency.processutils [None req-b9789c10-a56d-4909-9edb-2459699a0600 tempest-GroupSnapshotsTest-1551645999 None] Running cmd (subprocess): /opt/stack/data/venv/bin/python3.12 -m oslo_concurrency.prlimit --as=1073741824 --cpu=60 -- sudo cinder-rootwrap /etc/cinder/rootwrap.conf env LC_ALL=C qemu-img info -f qcow2 --output=json --force-share /opt/stack/data/cinder/mnt/328d3a6bceba1b7e23882d4b394c66d4/volume-64a1f467-2456-45ed-9b03-2233075d3f27.a32ae370-2602-476e-a131-ddb79beaed2c {{(pid=93705) execute /opt/stack/data/venv/lib/python3.12/site-packages/oslo_concurrency/processutils.py:440}}
Jun 25 18:44:13 devstack sudo[98943]: quobyte : PWD=/ ; USER=root ; COMMAND=/opt/stack/data/venv/bin/cinder-rootwrap /etc/cinder/rootwrap.conf env LC_ALL=C qemu-img info -f qcow2 --output=json --force-share /opt/stack/data/cinder/mnt/328d3a6bceba1b7e23882d4b394c66d4/volume-64a1f467-2456-45ed-9b03-2233075d3f27.a32ae370-2602-476e-a131-ddb79beaed2c
Jun 25 18:44:13 devstack sudo[98943]: pam_unix(sudo:session): session opened for user root(uid=0) by (uid=1000)
Jun 25 18:44:13 devstack sudo[98941]: pam_unix(sudo:session): session closed for user root
Jun 25 18:44:13 devstack cinder-volume[93705]: DEBUG oslo_concurrency.processutils [None req-78aae732-04df-499a-b781-c715e1e4ca3c tempest-VolumeRetypeWithoutMigrationTest-881387984 None] CMD "sudo cinder-rootwrap /etc/cinder/rootwrap.conf qemu-img create -f qcow2 -o preallocation=metadata /opt/stack/data/cinder/mnt/328d3a6bceba1b7e23882d4b394c66d4/volume-7c30e483-9d84-494f-8ba3-44d7efac9da3 1073741824" returned: 0 in 1.082s {{(pid=93705) execute /opt/stack/data/venv/lib/python3.12/site-packages/oslo_concurrency/processutils.py:468}}
Jun 25 18:44:13 devstack cinder-volume[93705]: DEBUG oslo_concurrency.processutils [None req-78aae732-04df-499a-b781-c715e1e4ca3c tempest-VolumeRetypeWithoutMigrationTest-881387984 None] Running cmd (subprocess): sudo cinder-rootwrap /etc/cinder/rootwrap.conf chmod ugo+rw /opt/stack/data/cinder/mnt/328d3a6bceba1b7e23882d4b394c66d4/volume-7c30e483-9d84-494f-8ba3-44d7efac9da3 {{(pid=93705) execute /opt/stack/data/venv/lib/python3.12/site-packages/oslo_concurrency/processutils.py:440}}
Jun 25 18:44:13 devstack sudo[98943]: pam_unix(sudo:session): session closed for user root
Jun 25 18:44:13 devstack sudo[98952]: quobyte : PWD=/ ; USER=root ; COMMAND=/opt/stack/data/venv/bin/cinder-rootwrap /etc/cinder/rootwrap.conf chmod ugo+rw /opt/stack/data/cinder/mnt/328d3a6bceba1b7e23882d4b394c66d4/volume-7c30e483-9d84-494f-8ba3-44d7efac9da3
Jun 25 18:44:13 devstack cinder-volume[93705]: DEBUG oslo_concurrency.processutils [None req-b9789c10-a56d-4909-9edb-2459699a0600 tempest-GroupSnapshotsTest-1551645999 None] CMD "/opt/stack/data/venv/bin/python3.12 -m oslo_concurrency.prlimit --as=1073741824 --cpu=60 -- sudo cinder-rootwrap /etc/cinder/rootwrap.conf env LC_ALL=C qemu-img info -f qcow2 --output=json --force-share /opt/stack/data/cinder/mnt/328d3a6bceba1b7e23882d4b394c66d4/volume-64a1f467-2456-45ed-9b03-2233075d3f27.a32ae370-2602-476e-a131-ddb79beaed2c" returned: 0 in 0.913s {{(pid=93705) execute /opt/stack/data/venv/lib/python3.12/site-packages/oslo_concurrency/processutils.py:468}}
Jun 25 18:44:13 devstack cinder-volume[93705]: DEBUG cinder.volume.drivers.remotefs [None req-b9789c10-a56d-4909-9edb-2459699a0600 tempest-GroupSnapshotsTest-1551645999 None] Fetching qemu-img info with special backing_file_template: (/opt/stack/data/cinder/mnt/[0-9a-f]+/)?(volume-64a1f467-2456-45ed-9b03-2233075d3f27(.(tmp-snap-)?[0-9a-f-]+)?|volume_from_snapshot_cache/(tmp-snap-)?[0-9a-f-]+(.(child-|parent-)[0-9a-f-]+)?)$ {{(pid=93705) _qemu_img_info_base /opt/stack/cinder/cinder/volume/drivers/remotefs.py:896}}
Jun 25 18:44:13 devstack sudo[98952]: pam_unix(sudo:session): session opened for user root(uid=0) by (uid=1000)
Jun 25 18:44:13 devstack cinder-volume[93705]: DEBUG oslo.privsep.daemon [-] privsep: reply[21fa82ed-b07d-476e-9164-b9ea308470e3]: (4, 'qcow2') {{(pid=95274) _call_back /opt/stack/data/venv/lib/python3.12/site-packages/oslo_privsep/daemon.py:580}}
Jun 25 18:44:13 devstack cinder-volume[93705]: DEBUG oslo_concurrency.processutils [None req-b9789c10-a56d-4909-9edb-2459699a0600 tempest-GroupSnapshotsTest-1551645999 None] Running cmd (subprocess): /opt/stack/data/venv/bin/python3.12 -m oslo_concurrency.prlimit --as=1073741824 --cpu=60 -- sudo cinder-rootwrap /etc/cinder/rootwrap.conf env LC_ALL=C qemu-img info -f qcow2 --output=json --force-share /opt/stack/data/cinder/mnt/328d3a6bceba1b7e23882d4b394c66d4/volume-64a1f467-2456-45ed-9b03-2233075d3f27 {{(pid=93705) execute /opt/stack/data/venv/lib/python3.12/site-packages/oslo_concurrency/processutils.py:440}}
Jun 25 18:44:14 devstack sudo[98954]: quobyte : PWD=/ ; USER=root ; COMMAND=/opt/stack/data/venv/bin/cinder-rootwrap /etc/cinder/rootwrap.conf env LC_ALL=C qemu-img info -f qcow2 --output=json --force-share /opt/stack/data/cinder/mnt/328d3a6bceba1b7e23882d4b394c66d4/volume-64a1f467-2456-45ed-9b03-2233075d3f27
Jun 25 18:44:14 devstack sudo[98954]: pam_unix(sudo:session): session opened for user root(uid=0) by (uid=1000)
Jun 25 18:44:14 devstack sudo[98952]: pam_unix(sudo:session): session closed for user root
Jun 25 18:44:14 devstack cinder-volume[93705]: DEBUG oslo_concurrency.processutils [None req-78aae732-04df-499a-b781-c715e1e4ca3c tempest-VolumeRetypeWithoutMigrationTest-881387984 None] CMD "sudo cinder-rootwrap /etc/cinder/rootwrap.conf chmod ugo+rw /opt/stack/data/cinder/mnt/328d3a6bceba1b7e23882d4b394c66d4/volume-7c30e483-9d84-494f-8ba3-44d7efac9da3" returned: 0 in 0.919s {{(pid=93705) execute /opt/stack/data/venv/lib/python3.12/site-packages/oslo_concurrency/processutils.py:468}}
Jun 25 18:44:14 devstack cinder-volume[93705]: DEBUG cinder.volume.drivers.quobyte [None req-78aae732-04df-499a-b781-c715e1e4ca3c tempest-VolumeRetypeWithoutMigrationTest-881387984 None] <== create_volume: return (2057ms) {'provider_location': 'osci02.corp.quobyte.com/cinder-vol-17be965b-13cd-4fd2-8cd0-2b70921afed5'} {{(pid=93705) trace_logging_wrapper /opt/stack/cinder/cinder/volume/volume_utils.py:1522}}
Jun 25 18:44:14 devstack cinder-volume[93705]: DEBUG oslo_concurrency.lockutils [None req-78aae732-04df-499a-b781-c715e1e4ca3c tempest-VolumeRetypeWithoutMigrationTest-881387984 None] Lock "quobyte" "released" by "cinder.volume.drivers.quobyte.QuobyteDriver.create_volume" :: held 2.059s {{(pid=93705) inner /opt/stack/data/venv/lib/python3.12/site-packages/oslo_concurrency/lockutils.py:543}}
