Jun 25 18:44:55 devstack sudo[99699]: quobyte : PWD=/ ; USER=root ; COMMAND=/opt/stack/data/venv/bin/cinder-rootwrap /etc/cinder/rootwrap.conf env LC_ALL=C qemu-img info -f qcow2 --output=json --force-share /opt/stack/data/cinder/mnt/328d3a6bceba1b7e23882d4b394c66d4/volume-331ac009-a036-4a0c-a4a4-00d05c3df9c8
Jun 25 18:44:55 devstack sudo[99699]: pam_unix(sudo:session): session opened for user root(uid=0) by (uid=1000)
Jun 25 18:44:56 devstack sudo[99699]: pam_unix(sudo:session): session closed for user root
Jun 25 18:44:56 devstack cinder-volume[93705]: DEBUG oslo_concurrency.processutils [None req-d01a75a6-d248-4217-b98a-a989bbe408be tempest-SnapshotsActionsTest-836659724 None] CMD "/opt/stack/data/venv/bin/python3.12 -m oslo_concurrency.prlimit --as=1073741824 --cpu=60 -- sudo cinder-rootwrap /etc/cinder/rootwrap.conf env LC_ALL=C qemu-img info -f qcow2 --output=json --force-share /opt/stack/data/cinder/mnt/328d3a6bceba1b7e23882d4b394c66d4/volume-331ac009-a036-4a0c-a4a4-00d05c3df9c8" returned: 0 in 0.817s {{(pid=93705) execute /opt/stack/data/venv/lib/python3.12/site-packages/oslo_concurrency/processutils.py:468}}
Jun 25 18:44:56 devstack cinder-volume[93705]: DEBUG oslo_concurrency.processutils [None req-d01a75a6-d248-4217-b98a-a989bbe408be tempest-SnapshotsActionsTest-836659724 None] Running cmd (subprocess): sudo cinder-rootwrap /etc/cinder/rootwrap.conf qemu-img create -f qcow2 -o backing_file=/opt/stack/data/cinder/mnt/328d3a6bceba1b7e23882d4b394c66d4/volume-331ac009-a036-4a0c-a4a4-00d05c3df9c8,backing_fmt=qcow2 /opt/stack/data/cinder/mnt/328d3a6bceba1b7e23882d4b394c66d4/volume-331ac009-a036-4a0c-a4a4-00d05c3df9c8.4b7fd067-b0b7-4b4c-b3ab-a16c8502359c 1G {{(pid=93705) execute /opt/stack/data/venv/lib/python3.12/site-packages/oslo_concurrency/processutils.py:440}}
Jun 25 18:44:56 devstack sudo[99704]: quobyte : PWD=/ ; USER=root ; COMMAND=/opt/stack/data/venv/bin/cinder-rootwrap /etc/cinder/rootwrap.conf qemu-img create -f qcow2 -o backing_file=/opt/stack/data/cinder/mnt/328d3a6bceba1b7e23882d4b394c66d4/volume-331ac009-a036-4a0c-a4a4-00d05c3df9c8,backing_fmt=qcow2 /opt/stack/data/cinder/mnt/328d3a6bceba1b7e23882d4b394c66d4/volume-331ac009-a036-4a0c-a4a4-00d05c3df9c8.4b7fd067-b0b7-4b4c-b3ab-a16c8502359c 1G
Jun 25 18:44:56 devstack sudo[99704]: pam_unix(sudo:session): session opened for user root(uid=0) by (uid=1000)
Jun 25 18:44:57 devstack sudo[99704]: pam_unix(sudo:session): session closed for user root
Jun 25 18:44:57 devstack cinder-volume[93705]: DEBUG oslo_concurrency.processutils [None req-d01a75a6-d248-4217-b98a-a989bbe408be tempest-SnapshotsActionsTest-836659724 None] CMD "sudo cinder-rootwrap /etc/cinder/rootwrap.conf qemu-img create -f qcow2 -o backing_file=/opt/stack/data/cinder/mnt/328d3a6bceba1b7e23882d4b394c66d4/volume-331ac009-a036-4a0c-a4a4-00d05c3df9c8,backing_fmt=qcow2 /opt/stack/data/cinder/mnt/328d3a6bceba1b7e23882d4b394c66d4/volume-331ac009-a036-4a0c-a4a4-00d05c3df9c8.4b7fd067-b0b7-4b4c-b3ab-a16c8502359c 1G" returned: 0 in 0.931s {{(pid=93705) execute /opt/stack/data/venv/lib/python3.12/site-packages/oslo_concurrency/processutils.py:468}}
Jun 25 18:44:57 devstack cinder-volume[93705]: DEBUG oslo_concurrency.processutils [None req-d01a75a6-d248-4217-b98a-a989bbe408be tempest-SnapshotsActionsTest-836659724 None] Running cmd (subprocess): sudo cinder-rootwrap /etc/cinder/rootwrap.conf qemu-img rebase -u -b volume-331ac009-a036-4a0c-a4a4-00d05c3df9c8 -F qcow2 /opt/stack/data/cinder/mnt/328d3a6bceba1b7e23882d4b394c66d4/volume-331ac009-a036-4a0c-a4a4-00d05c3df9c8.4b7fd067-b0b7-4b4c-b3ab-a16c8502359c {{(pid=93705) execute /opt/stack/data/venv/lib/python3.12/site-packages/oslo_concurrency/processutils.py:440}}
Jun 25 18:44:57 devstack sudo[99710]: quobyte : PWD=/ ; USER=root ; COMMAND=/opt/stack/data/venv/bin/cinder-rootwrap /etc/cinder/rootwrap.conf qemu-img rebase -u -b volume-331ac009-a036-4a0c-a4a4-00d05c3df9c8 -F qcow2 /opt/stack/data/cinder/mnt/328d3a6bceba1b7e23882d4b394c66d4/volume-331ac009-a036-4a0c-a4a4-00d05c3df9c8.4b7fd067-b0b7-4b4c-b3ab-a16c8502359c
Jun 25 18:44:57 devstack sudo[99710]: pam_unix(sudo:session): session opened for user root(uid=0) by (uid=1000)
Jun 25 18:44:58 devstack sudo[99710]: pam_unix(sudo:session): session closed for user root
Jun 25 18:44:58 devstack cinder-volume[93705]: DEBUG oslo_concurrency.processutils [None req-d01a75a6-d248-4217-b98a-a989bbe408be tempest-SnapshotsActionsTest-836659724 None] CMD "sudo cinder-rootwrap /etc/cinder/rootwrap.conf qemu-img rebase -u -b volume-331ac009-a036-4a0c-a4a4-00d05c3df9c8 -F qcow2 /opt/stack/data/cinder/mnt/328d3a6bceba1b7e23882d4b394c66d4/volume-331ac009-a036-4a0c-a4a4-00d05c3df9c8.4b7fd067-b0b7-4b4c-b3ab-a16c8502359c" returned: 0 in 0.767s {{(pid=93705) execute /opt/stack/data/venv/lib/python3.12/site-packages/oslo_concurrency/processutils.py:468}}
Jun 25 18:44:58 devstack cinder-volume[93705]: WARNING cinder.volume.drivers.remotefs [None req-d01a75a6-d248-4217-b98a-a989bbe408be tempest-SnapshotsActionsTest-836659724 None] /opt/stack/data/cinder/mnt/328d3a6bceba1b7e23882d4b394c66d4/volume-331ac009-a036-4a0c-a4a4-00d05c3df9c8.4b7fd067-b0b7-4b4c-b3ab-a16c8502359c is being set with open permissions: ugo+rw
Jun 25 18:44:58 devstack cinder-volume[93705]: DEBUG oslo_concurrency.processutils [None req-d01a75a6-d248-4217-b98a-a989bbe408be tempest-SnapshotsActionsTest-836659724 None] Running cmd (subprocess): sudo cinder-rootwrap /etc/cinder/rootwrap.conf chmod ugo+rw /opt/stack/data/cinder/mnt/328d3a6bceba1b7e23882d4b394c66d4/volume-331ac009-a036-4a0c-a4a4-00d05c3df9c8.4b7fd067-b0b7-4b4c-b3ab-a16c8502359c {{(pid=93705) execute /opt/stack/data/venv/lib/python3.12/site-packages/oslo_concurrency/processutils.py:440}}
Jun 25 18:44:58 devstack sudo[99751]: quobyte : PWD=/ ; USER=root ; COMMAND=/opt/stack/data/venv/bin/cinder-rootwrap /etc/cinder/rootwrap.conf chmod ugo+rw /opt/stack/data/cinder/mnt/328d3a6bceba1b7e23882d4b394c66d4/volume-331ac009-a036-4a0c-a4a4-00d05c3df9c8.4b7fd067-b0b7-4b4c-b3ab-a16c8502359c
Jun 25 18:44:58 devstack sudo[99751]: pam_unix(sudo:session): session opened for user root(uid=0) by (uid=1000)
Jun 25 18:44:58 devstack cinder-volume[93705]: DEBUG oslo_concurrency.processutils [None req-d01a75a6-d248-4217-b98a-a989bbe408be tempest-SnapshotsActionsTest-836659724 None] CMD "sudo cinder-rootwrap /etc/cinder/rootwrap.conf chmod ugo+rw /opt/stack/data/cinder/mnt/328d3a6bceba1b7e23882d4b394c66d4/volume-331ac009-a036-4a0c-a4a4-00d05c3df9c8.4b7fd067-b0b7-4b4c-b3ab-a16c8502359c" returned: 0 in 0.701s {{(pid=93705) execute /opt/stack/data/venv/lib/python3.12/site-packages/oslo_concurrency/processutils.py:468}}
Jun 25 18:44:58 devstack sudo[99751]: pam_unix(sudo:session): session closed for user root
Jun 25 18:44:58 devstack cinder-volume[93705]: DEBUG oslo_concurrency.processutils [None req-d01a75a6-d248-4217-b98a-a989bbe408be tempest-SnapshotsActionsTest-836659724 None] Running cmd (subprocess): sudo cinder-rootwrap /etc/cinder/rootwrap.conf truncate -s0 /opt/stack/data/cinder/mnt/328d3a6bceba1b7e23882d4b394c66d4/volume-331ac009-a036-4a0c-a4a4-00d05c3df9c8.info {{(pid=93705) execute /opt/stack/data/venv/lib/python3.12/site-packages/oslo_concurrency/processutils.py:440}}
Jun 25 18:44:58 devstack sudo[99755]: quobyte : PWD=/ ; USER=root ; COMMAND=/opt/stack/data/venv/bin/cinder-rootwrap /etc/cinder/rootwrap.conf truncate -s0 /opt/stack/data/cinder/mnt/328d3a6bceba1b7e23882d4b394c66d4/volume-331ac009-a036-4a0c-a4a4-00d05c3df9c8.info
Jun 25 18:44:58 devstack sudo[99755]: pam_unix(sudo:session): session opened for user root(uid=0) by (uid=1000)
Jun 25 18:44:59 devstack sudo[99755]: pam_unix(sudo:session): session closed for user root
Jun 25 18:44:59 devstack cinder-volume[93705]: DEBUG oslo_concurrency.processutils [None req-d01a75a6-d248-4217-b98a-a989bbe408be tempest-SnapshotsActionsTest-836659724 None] CMD "sudo cinder-rootwrap /etc/cinder/rootwrap.conf truncate -s0 /opt/stack/data/cinder/mnt/328d3a6bceba1b7e23882d4b394c66d4/volume-331ac009-a036-4a0c-a4a4-00d05c3df9c8.info" returned: 0 in 0.662s {{(pid=93705) execute /opt/stack/data/venv/lib/python3.12/site-packages/oslo_concurrency/processutils.py:468}}
Jun 25 18:44:59 devstack cinder-volume[93705]: WARNING cinder.volume.drivers.remotefs [None req-d01a75a6-d248-4217-b98a-a989bbe408be tempest-SnapshotsActionsTest-836659724 None] /opt/stack/data/cinder/mnt/328d3a6bceba1b7e23882d4b394c66d4/volume-331ac009-a036-4a0c-a4a4-00d05c3df9c8.info is being set with open permissions: ugo+rw
Jun 25 18:44:59 devstack cinder-volume[93705]: DEBUG oslo_concurrency.processutils [None req-d01a75a6-d248-4217-b98a-a989bbe408be tempest-SnapshotsActionsTest-836659724 None] Running cmd (subprocess): sudo cinder-rootwrap /etc/cinder/rootwrap.conf chmod ugo+rw /opt/stack/data/cinder/mnt/328d3a6bceba1b7e23882d4b394c66d4/volume-331ac009-a036-4a0c-a4a4-00d05c3df9c8.info {{(pid=93705) execute /opt/stack/data/venv/lib/python3.12/site-packages/oslo_concurrency/processutils.py:440}}
Jun 25 18:44:59 devstack sudo[99758]: quobyte : PWD=/ ; USER=root ; COMMAND=/opt/stack/data/venv/bin/cinder-rootwrap /etc/cinder/rootwrap.conf chmod ugo+rw /opt/stack/data/cinder/mnt/328d3a6bceba1b7e23882d4b394c66d4/volume-331ac009-a036-4a0c-a4a4-00d05c3df9c8.info
Jun 25 18:44:59 devstack sudo[99758]: pam_unix(sudo:session): session opened for user root(uid=0) by (uid=1000)
Jun 25 18:45:00 devstack sudo[99758]: pam_unix(sudo:session): session closed for user root
Jun 25 18:45:00 devstack cinder-volume[93705]: DEBUG oslo_concurrency.processutils [None req-d01a75a6-d248-4217-b98a-a989bbe408be tempest-SnapshotsActionsTest-836659724 None] CMD "sudo cinder-rootwrap /etc/cinder/rootwrap.conf chmod ugo+rw /opt/stack/data/cinder/mnt/328d3a6bceba1b7e23882d4b394c66d4/volume-331ac009-a036-4a0c-a4a4-00d05c3df9c8.info" returned: 0 in 0.750s {{(pid=93705) execute /opt/stack/data/venv/lib/python3.12/site-packages/oslo_concurrency/processutils.py:468}}
Jun 25 18:45:00 devstack cinder-volume[93705]: DEBUG oslo_concurrency.lockutils [None req-d01a75a6-d248-4217-b98a-a989bbe408be tempest-SnapshotsActionsTest-836659724 None] Lock "quobyte" "released" by "cinder.volume.drivers.quobyte.QuobyteDriver.create_snapshot" :: held 4.748s {{(pid=93705) inner /opt/stack/data/venv/lib/python3.12/site-packages/oslo_concurrency/lockutils.py:543}}
Jun 25 18:45:00 devstack cinder-volume[93705]: INFO cinder.volume.manager [None req-d01a75a6-d248-4217-b98a-a989bbe408be tempest-SnapshotsActionsTest-836659724 None] Create snapshot completed successfully
Jun 25 18:45:01 devstack cinder-volume[93705]: DEBUG oslo_concurrency.lockutils [None req-fdbc5a37-b29e-4c66-8400-95da047fb578 tempest-SnapshotsActionsTest-836659724 None] Acquiring lock "quobyte" by "cinder.volume.drivers.quobyte.QuobyteDriver.create_snapshot" {{(pid=93705) inner /opt/stack/data/venv/lib/python3.12/site-packages/oslo_concurrency/lockutils.py:511}}
Jun 25 18:45:01 devstack cinder-volume[93705]: DEBUG oslo_concurrency.lockutils [None req-fdbc5a37-b29e-4c66-8400-95da047fb578 tempest-SnapshotsActionsTest-836659724 None] Lock "quobyte" acquired by "cinder.volume.drivers.quobyte.QuobyteDriver.create_snapshot" :: waited 0.001s {{(pid=93705) inner /opt/stack/data/venv/lib/python3.12/site-packages/oslo_concurrency/lockutils.py:524}}
Jun 25 18:45:01 devstack cinder-volume[93705]: DEBUG cinder.volume.drivers.remotefs [None req-fdbc5a37-b29e-4c66-8400-95da047fb578 tempest-SnapshotsActionsTest-836659724 None] Creating offline snapshot 9da9d653-1716-4aa6-b377-5fdd25538741 of volume 331ac009-a036-4a0c-a4a4-00d05c3df9c8 {{(pid=93705) _create_snapshot /opt/stack/cinder/cinder/volume/drivers/remotefs.py:1816}}
Jun 25 18:45:01 devstack cinder-volume[93705]: DEBUG oslo.privsep.daemon [-] privsep: reply[e293c987-7c3a-4bb9-834d-ed1e8e78d30c]: (4, 'qcow2') {{(pid=95274) _call_back /opt/stack/data/venv/lib/python3.12/site-packages/oslo_privsep/daemon.py:580}}
Jun 25 18:45:01 devstack cinder-volume[93705]: DEBUG oslo_concurrency.processutils [None req-fdbc5a37-b29e-4c66-8400-95da047fb578 tempest-SnapshotsActionsTest-836659724 None] Running cmd (subprocess): /opt/stack/data/venv/bin/python3.12 -m oslo_concurrency.prlimit --as=1073741824 --cpu=60 -- sudo cinder-rootwrap /etc/cinder/rootwrap.conf env LC_ALL=C qemu-img info -f qcow2 --output=json --force-share /opt/stack/data/cinder/mnt/328d3a6bceba1b7e23882d4b394c66d4/volume-331ac009-a036-4a0c-a4a4-00d05c3df9c8.4b7fd067-b0b7-4b4c-b3ab-a16c8502359c {{(pid=93705) execute /opt/stack/data/venv/lib/python3.12/site-packages/oslo_concurrency/processutils.py:440}}
Jun 25 18:45:02 devstack sudo[99765]: quobyte : PWD=/ ; USER=root ; COMMAND=/opt/stack/data/venv/bin/cinder-rootwrap /etc/cinder/rootwrap.conf env LC_ALL=C qemu-img info -f qcow2 --output=json --force-share /opt/stack/data/cinder/mnt/328d3a6bceba1b7e23882d4b394c66d4/volume-331ac009-a036-4a0c-a4a4-00d05c3df9c8.4b7fd067-b0b7-4b4c-b3ab-a16c8502359c
Jun 25 18:45:02 devstack sudo[99765]: pam_unix(sudo:session): session opened for user root(uid=0) by (uid=1000)
Jun 25 18:45:02 devstack sudo[99765]: pam_unix(sudo:session): session closed for user root
Jun 25 18:45:02 devstack cinder-volume[93705]: DEBUG oslo_concurrency.processutils [None req-fdbc5a37-b29e-4c66-8400-95da047fb578 tempest-SnapshotsActionsTest-836659724 None] CMD "/opt/stack/data/venv/bin/python3.12 -m oslo_concurrency.prlimit --as=1073741824 --cpu=60 -- sudo cinder-rootwrap /etc/cinder/rootwrap.conf env LC_ALL=C qemu-img info -f qcow2 --output=json --force-share /opt/stack/data/cinder/mnt/328d3a6bceba1b7e23882d4b394c66d4/volume-331ac009-a036-4a0c-a4a4-00d05c3df9c8.4b7fd067-b0b7-4b4c-b3ab-a16c8502359c" returned: 0 in 0.849s {{(pid=93705) execute /opt/stack/data/venv/lib/python3.12/site-packages/oslo_concurrency/processutils.py:468}}
Jun 25 18:45:02 devstack cinder-volume[93705]: DEBUG cinder.volume.drivers.remotefs [None req-fdbc5a37-b29e-4c66-8400-95da047fb578 tempest-SnapshotsActionsTest-836659724 None] Fetching qemu-img info with special backing_file_template: (/opt/stack/data/cinder/mnt/[0-9a-f]+/)?(volume-331ac009-a036-4a0c-a4a4-00d05c3df9c8(.(tmp-snap-)?[0-9a-f-]+)?|volume_from_snapshot_cache/(tmp-snap-)?[0-9a-f-]+(.(child-|parent-)[0-9a-f-]+)?)$ {{(pid=93705) _qemu_img_info_base /opt/stack/cinder/cinder/volume/drivers/remotefs.py:896}}
Jun 25 18:45:02 devstack cinder-volume[93705]: DEBUG oslo_concurrency.processutils [None req-fdbc5a37-b29e-4c66-8400-95da047fb578 tempest-SnapshotsActionsTest-836659724 None] Running cmd (subprocess): sudo cinder-rootwrap /etc/cinder/rootwrap.conf qemu-img create -f qcow2 -o backing_file=/opt/stack/data/cinder/mnt/328d3a6bceba1b7e23882d4b394c66d4/volume-331ac009-a036-4a0c-a4a4-00d05c3df9c8.4b7fd067-b0b7-4b4c-b3ab-a16c8502359c,backing_fmt=qcow2 /opt/stack/data/cinder/mnt/328d3a6bceba1b7e23882d4b394c66d4/volume-331ac009-a036-4a0c-a4a4-00d05c3df9c8.9da9d653-1716-4aa6-b377-5fdd25538741 1G {{(pid=93705) execute /opt/stack/data/venv/lib/python3.12/site-packages/oslo_concurrency/processutils.py:440}}
Jun 25 18:45:02 devstack sudo[99770]: quobyte : PWD=/ ; USER=root ; COMMAND=/opt/stack/data/venv/bin/cinder-rootwrap /etc/cinder/rootwrap.conf qemu-img create -f qcow2 -o backing_file=/opt/stack/data/cinder/mnt/328d3a6bceba1b7e23882d4b394c66d4/volume-331ac009-a036-4a0c-a4a4-00d05c3df9c8.4b7fd067-b0b7-4b4c-b3ab-a16c8502359c,backing_fmt=qcow2 /opt/stack/data/cinder/mnt/328d3a6bceba1b7e23882d4b394c66d4/volume-331ac009-a036-4a0c-a4a4-00d05c3df9c8.9da9d653-1716-4aa6-b377-5fdd25538741 1G
Jun 25 18:45:02 devstack sudo[99770]: pam_unix(sudo:session): session opened for user root(uid=0) by (uid=1000)
Jun 25 18:45:03 devstack cinder-volume[93705]: DEBUG cinder.volume.flows.manager.create_volume [None req-3e0146b5-16ee-4bd8-be61-37016e099c20 tempest-SnapshotMetadataTestJSON-754424710 None] Volume reschedule parameters: True retry: {'num_attempts': 1, 'backends': ['devstack@QuobyteHD#QuobyteHD'], 'hosts': ['devstack@QuobyteHD#QuobyteHD']} {{(pid=93705) get_flow /opt/stack/cinder/cinder/volume/flows/manager/create_volume.py:1397}}
Jun 25 18:45:03 devstack sudo[99770]: pam_unix(sudo:session): session closed for user root
Jun 25 18:45:03 devstack cinder-volume[93705]: DEBUG cinder.volume.manager [None req-3e0146b5-16ee-4bd8-be61-37016e099c20 tempest-SnapshotMetadataTestJSON-754424710 None] Flow 'volume_create_manager' (f91d096f-c99b-4dd1-baf9-3572f8d182f9) transitioned into state 'RUNNING' from state 'PENDING' {{(pid=93705) _flow_receiver /opt/stack/data/venv/lib/python3.12/site-packages/taskflow/listeners/logging.py:160}}
Jun 25 18:45:03 devstack cinder-volume[93705]: DEBUG cinder.volume.manager [None req-3e0146b5-16ee-4bd8-be61-37016e099c20 tempest-SnapshotMetadataTestJSON-754424710 None] Task 'cinder.volume.flows.manager.create_volume.ExtractVolumeRefTask;volume:create' (f8979cb5-e064-4a04-ba00-011aad63b7a2) transitioned into state 'RUNNING' from state 'PENDING' {{(pid=93705) _task_receiver /opt/stack/data/venv/lib/python3.12/site-packages/taskflow/listeners/logging.py:242}}
Jun 25 18:45:03 devstack cinder-volume[93705]: DEBUG oslo_concurrency.processutils [None req-fdbc5a37-b29e-4c66-8400-95da047fb578 tempest-SnapshotsActionsTest-836659724 None] CMD "sudo cinder-rootwrap /etc/cinder/rootwrap.conf qemu-img create -f qcow2 -o backing_file=/opt/stack/data/cinder/mnt/328d3a6bceba1b7e23882d4b394c66d4/volume-331ac009-a036-4a0c-a4a4-00d05c3df9c8.4b7fd067-b0b7-4b4c-b3ab-a16c8502359c,backing_fmt=qcow2 /opt/stack/data/cinder/mnt/328d3a6bceba1b7e23882d4b394c66d4/volume-331ac009-a036-4a0c-a4a4-00d05c3df9c8.9da9d653-1716-4aa6-b377-5fdd25538741 1G" returned: 0 in 1.117s {{(pid=93705) execute /opt/stack/data/venv/lib/python3.12/site-packages/oslo_concurrency/processutils.py:468}}
Jun 25 18:45:03 devstack cinder-volume[93705]: DEBUG oslo_concurrency.processutils [None req-fdbc5a37-b29e-4c66-8400-95da047fb578 tempest-SnapshotsActionsTest-836659724 None] Running cmd (subprocess): sudo cinder-rootwrap /etc/cinder/rootwrap.conf qemu-img rebase -u -b volume-331ac009-a036-4a0c-a4a4-00d05c3df9c8.4b7fd067-b0b7-4b4c-b3ab-a16c8502359c -F qcow2 /opt/stack/data/cinder/mnt/328d3a6bceba1b7e23882d4b394c66d4/volume-331ac009-a036-4a0c-a4a4-00d05c3df9c8.9da9d653-1716-4aa6-b377-5fdd25538741 {{(pid=93705) execute /opt/stack/data/venv/lib/python3.12/site-packages/oslo_concurrency/processutils.py:440}}
Jun 25 18:45:03 devstack cinder-volume[93705]: DEBUG cinder.volume.manager [None req-3e0146b5-16ee-4bd8-be61-37016e099c20 tempest-SnapshotMetadataTestJSON-754424710 None] Task 'cinder.volume.flows.manager.create_volume.ExtractVolumeRefTask;volume:create' (f8979cb5-e064-4a04-ba00-011aad63b7a2) transitioned into state 'SUCCESS' from state 'RUNNING' with result 'Volume(_name_id=None,admin_metadata=,attach_status='detached',availability_zone='nova',bootable=False,cluster=,cluster_name=None,consistencygroup=,consistencygroup_id=None,created_at=2026-06-25T16:45:03Z,deleted=False,deleted_at=None,display_description=None,display_name='tempest-SnapshotMetadataTestJSON-Volume-129756324',ec2_id=None,encryption_key_id=None,glance_metadata=,group=,group_id=None,host='devstack@QuobyteHD#QuobyteHD',id=8973d4a2-4de2-46a4-bad9-92def87e7e95,launched_at=None,metadata={},migration_status=None,multiattach=False,previous_status=None,project_id='a598fa81dc974acd811c59d071719ca0',provider_auth=None,provider_geometry=None,provider_id=None,provider_location=None,replication_driver_data=None,replication_extended_status=None,replication_status=None,scheduled_at=2026-06-25T16:45:04Z,service_uuid=None,shared_targets=True,size=1,snapshot_id=None,snapshots=,source_volid=None,status='creating',terminated_at=None,updated_at=2026-06-25T16:45:04Z,use_quota=True,user_id='77afe31930b24530b14ee77e88313a70',volume_attachment=VolumeAttachmentList,volume_type=VolumeType(83e4cd22-cca8-49df-be55-ec7a12fad9ee),volume_type_id=83e4cd22-cca8-49df-be55-ec7a12fad9ee)' {{(pid=93705) _task_receiver /opt/stack/data/venv/lib/python3.12/site-packages/taskflow/listeners/logging.py:218}}
Jun 25 18:45:03 devstack sudo[99776]: quobyte : PWD=/ ; USER=root ; COMMAND=/opt/stack/data/venv/bin/cinder-rootwrap /etc/cinder/rootwrap.conf qemu-img rebase -u -b volume-331ac009-a036-4a0c-a4a4-00d05c3df9c8.4b7fd067-b0b7-4b4c-b3ab-a16c8502359c -F qcow2 /opt/stack/data/cinder/mnt/328d3a6bceba1b7e23882d4b394c66d4/volume-331ac009-a036-4a0c-a4a4-00d05c3df9c8.9da9d653-1716-4aa6-b377-5fdd25538741
Jun 25 18:45:03 devstack sudo[99776]: pam_unix(sudo:session): session opened for user root(uid=0) by (uid=1000)
Jun 25 18:45:03 devstack cinder-volume[93705]: DEBUG cinder.volume.manager [None req-3e0146b5-16ee-4bd8-be61-37016e099c20 tempest-SnapshotMetadataTestJSON-754424710 None] Task 'cinder.volume.flows.manager.create_volume.OnFailureRescheduleTask;volume:create' (6050d6df-ae15-4416-a5a8-4c4a41f7e79c) transitioned into state 'RUNNING' from state 'PENDING' {{(pid=93705) _task_receiver /opt/stack/data/venv/lib/python3.12/site-packages/taskflow/listeners/logging.py:242}}
Jun 25 18:45:03 devstack cinder-volume[93705]: DEBUG cinder.volume.manager [None req-3e0146b5-16ee-4bd8-be61-37016e099c20 tempest-SnapshotMetadataTestJSON-754424710 None] Task 'cinder.volume.flows.manager.create_volume.OnFailureRescheduleTask;volume:create' (6050d6df-ae15-4416-a5a8-4c4a41f7e79c) transitioned into state 'SUCCESS' from state 'RUNNING' with result 'None' {{(pid=93705) _task_receiver /opt/stack/data/venv/lib/python3.12/site-packages/taskflow/listeners/logging.py:218}}
Jun 25 18:45:03 devstack cinder-volume[93705]: DEBUG cinder.volume.manager [None req-3e0146b5-16ee-4bd8-be61-37016e099c20 tempest-SnapshotMetadataTestJSON-754424710 None] Task 'cinder.volume.flows.manager.create_volume.ExtractVolumeSpecTask;volume:create' (b7741cae-7e80-4661-85ab-fe5a1eabd1bd) transitioned into state 'RUNNING' from state 'PENDING' {{(pid=93705) _task_receiver /opt/stack/data/venv/lib/python3.12/site-packages/taskflow/listeners/logging.py:242}}
Jun 25 18:45:03 devstack cinder-volume[93705]: DEBUG cinder.volume.manager [None req-3e0146b5-16ee-4bd8-be61-37016e099c20 tempest-SnapshotMetadataTestJSON-754424710 None] Task 'cinder.volume.flows.manager.create_volume.ExtractVolumeSpecTask;volume:create' (b7741cae-7e80-4661-85ab-fe5a1eabd1bd) transitioned into state 'SUCCESS' from state 'RUNNING' with result '{'status': 'creating', 'type': 'raw', 'volume_id': '8973d4a2-4de2-46a4-bad9-92def87e7e95', 'volume_name': 'volume-8973d4a2-4de2-46a4-bad9-92def87e7e95', 'volume_size': 1}' {{(pid=93705) _task_receiver /opt/stack/data/venv/lib/python3.12/site-packages/taskflow/listeners/logging.py:218}}
Jun 25 18:45:03 devstack cinder-volume[93705]: DEBUG cinder.volume.manager [None req-3e0146b5-16ee-4bd8-be61-37016e099c20 tempest-SnapshotMetadataTestJSON-754424710 None] Task 'cinder.volume.flows.manager.create_volume.NotifyVolumeActionTask;volume:create, create.start' (95c33342-1554-4452-9d88-2d3964fa5d34) transitioned into state 'RUNNING' from state 'PENDING' {{(pid=93705) _task_receiver /opt/stack/data/venv/lib/python3.12/site-packages/taskflow/listeners/logging.py:242}}
Jun 25 18:45:03 devstack cinder-volume[93705]: DEBUG cinder.volume.manager [None req-3e0146b5-16ee-4bd8-be61-37016e099c20 tempest-SnapshotMetadataTestJSON-754424710 None] Task 'cinder.volume.flows.manager.create_volume.NotifyVolumeActionTask;volume:create, create.start' (95c33342-1554-4452-9d88-2d3964fa5d34) transitioned into state 'SUCCESS' from state 'RUNNING' with result 'None' {{(pid=93705) _task_receiver /opt/stack/data/venv/lib/python3.12/site-packages/taskflow/listeners/logging.py:218}}
Jun 25 18:45:03 devstack cinder-volume[93705]: DEBUG cinder.volume.manager [None req-3e0146b5-16ee-4bd8-be61-37016e099c20 tempest-SnapshotMetadataTestJSON-754424710 None] Task 'cinder.volume.flows.manager.create_volume.CreateVolumeFromSpecTask;volume:create' (ac1a6c98-17a5-4b27-aef2-dc3479ecbd55) transitioned into state 'RUNNING' from state 'PENDING' {{(pid=93705) _task_receiver /opt/stack/data/venv/lib/python3.12/site-packages/taskflow/listeners/logging.py:242}}
Jun 25 18:45:03 devstack cinder-volume[93705]: INFO cinder.volume.flows.manager.create_volume [None req-3e0146b5-16ee-4bd8-be61-37016e099c20 tempest-SnapshotMetadataTestJSON-754424710 None] Volume 8973d4a2-4de2-46a4-bad9-92def87e7e95: being created as raw with specification: {'status': 'creating', 'volume_name': 'volume-8973d4a2-4de2-46a4-bad9-92def87e7e95', 'volume_size': 1}
Jun 25 18:45:03 devstack cinder-volume[93705]: DEBUG oslo_concurrency.lockutils [None req-3e0146b5-16ee-4bd8-be61-37016e099c20 tempest-SnapshotMetadataTestJSON-754424710 None] Acquiring lock "quobyte" by "cinder.volume.drivers.quobyte.QuobyteDriver.create_volume" {{(pid=93705) inner /opt/stack/data/venv/lib/python3.12/site-packages/oslo_concurrency/lockutils.py:511}}
Jun 25 18:45:04 devstack sudo[99776]: pam_unix(sudo:session): session closed for user root
Jun 25 18:45:04 devstack cinder-volume[93705]: DEBUG oslo_concurrency.processutils [None req-fdbc5a37-b29e-4c66-8400-95da047fb578 tempest-SnapshotsActionsTest-836659724 None] CMD "sudo cinder-rootwrap /etc/cinder/rootwrap.conf qemu-img rebase -u -b volume-331ac009-a036-4a0c-a4a4-00d05c3df9c8.4b7fd067-b0b7-4b4c-b3ab-a16c8502359c -F qcow2 /opt/stack/data/cinder/mnt/328d3a6bceba1b7e23882d4b394c66d4/volume-331ac009-a036-4a0c-a4a4-00d05c3df9c8.9da9d653-1716-4aa6-b377-5fdd25538741" returned: 0 in 0.732s {{(pid=93705) execute /opt/stack/data/venv/lib/python3.12/site-packages/oslo_concurrency/processutils.py:468}}
Jun 25 18:45:04 devstack cinder-volume[93705]: WARNING cinder.volume.drivers.remotefs [None req-fdbc5a37-b29e-4c66-8400-95da047fb578 tempest-SnapshotsActionsTest-836659724 None] /opt/stack/data/cinder/mnt/328d3a6bceba1b7e23882d4b394c66d4/volume-331ac009-a036-4a0c-a4a4-00d05c3df9c8.9da9d653-1716-4aa6-b377-5fdd25538741 is being set with open permissions: ugo+rw
Jun 25 18:45:04 devstack cinder-volume[93705]: DEBUG oslo_concurrency.processutils [None req-fdbc5a37-b29e-4c66-8400-95da047fb578 tempest-SnapshotsActionsTest-836659724 None] Running cmd (subprocess): sudo cinder-rootwrap /etc/cinder/rootwrap.conf chmod ugo+rw /opt/stack/data/cinder/mnt/328d3a6bceba1b7e23882d4b394c66d4/volume-331ac009-a036-4a0c-a4a4-00d05c3df9c8.9da9d653-1716-4aa6-b377-5fdd25538741 {{(pid=93705) execute /opt/stack/data/venv/lib/python3.12/site-packages/oslo_concurrency/processutils.py:440}}
Jun 25 18:45:04 devstack sudo[99784]: quobyte : PWD=/ ; USER=root ; COMMAND=/opt/stack/data/venv/bin/cinder-rootwrap /etc/cinder/rootwrap.conf chmod ugo+rw /opt/stack/data/cinder/mnt/328d3a6bceba1b7e23882d4b394c66d4/volume-331ac009-a036-4a0c-a4a4-00d05c3df9c8.9da9d653-1716-4aa6-b377-5fdd25538741
Jun 25 18:45:04 devstack sudo[99784]: pam_unix(sudo:session): session opened for user root(uid=0) by (uid=1000)
Jun 25 18:45:05 devstack sudo[99784]: pam_unix(sudo:session): session closed for user root
Jun 25 18:45:05 devstack cinder-volume[93705]: DEBUG oslo_concurrency.processutils [None req-fdbc5a37-b29e-4c66-8400-95da047fb578 tempest-SnapshotsActionsTest-836659724 None] CMD "sudo cinder-rootwrap /etc/cinder/rootwrap.conf chmod ugo+rw /opt/stack/data/cinder/mnt/328d3a6bceba1b7e23882d4b394c66d4/volume-331ac009-a036-4a0c-a4a4-00d05c3df9c8.9da9d653-1716-4aa6-b377-5fdd25538741" returned: 0 in 0.631s {{(pid=93705) execute /opt/stack/data/venv/lib/python3.12/site-packages/oslo_concurrency/processutils.py:468}}
Jun 25 18:45:05 devstack cinder-volume[93705]: DEBUG oslo_concurrency.lockutils [None req-fdbc5a37-b29e-4c66-8400-95da047fb578 tempest-SnapshotsActionsTest-836659724 None] Lock "quobyte" "released" by "cinder.volume.drivers.quobyte.QuobyteDriver.create_snapshot" :: held 3.455s {{(pid=93705) inner /opt/stack/data/venv/lib/python3.12/site-packages/oslo_concurrency/lockutils.py:543}}
Jun 25 18:45:05 devstack cinder-volume[93705]: DEBUG oslo_concurrency.lockutils [None req-3e0146b5-16ee-4bd8-be61-37016e099c20 tempest-SnapshotMetadataTestJSON-754424710 None] Lock "quobyte" acquired by "cinder.volume.drivers.quobyte.QuobyteDriver.create_volume" :: waited 1.337s {{(pid=93705) inner /opt/stack/data/venv/lib/python3.12/site-packages/oslo_concurrency/lockutils.py:524}}
Jun 25 18:45:05 devstack cinder-volume[93705]: DEBUG cinder.volume.drivers.quobyte [None req-3e0146b5-16ee-4bd8-be61-37016e099c20 tempest-SnapshotMetadataTestJSON-754424710 None] ==> create_volume: call "{'self': , 'volume': Volume(_name_id=None,admin_metadata=,attach_status='detached',availability_zone='nova',bootable=False,cluster=,cluster_name=None,consistencygroup=,consistencygroup_id=None,created_at=2026-06-25T16:45:03Z,deleted=False,deleted_at=None,display_description=None,display_name='tempest-SnapshotMetadataTestJSON-Volume-129756324',ec2_id=None,encryption_key_id=None,glance_metadata=,group=,group_id=None,host='devstack@QuobyteHD#QuobyteHD',id=8973d4a2-4de2-46a4-bad9-92def87e7e95,launched_at=None,metadata={},migration_status=None,multiattach=False,previous_status=None,project_id='a598fa81dc974acd811c59d071719ca0',provider_auth=None,provider_geometry=None,provider_id=None,provider_location=None,replication_driver_data=None,replication_extended_status=None,replication_status=None,scheduled_at=2026-06-25T16:45:04Z,service_uuid=None,shared_targets=True,size=1,snapshot_id=None,snapshots=,source_volid=None,status='creating',terminated_at=None,updated_at=2026-06-25T16:45:04Z,use_quota=True,user_id='77afe31930b24530b14ee77e88313a70',volume_attachment=VolumeAttachmentList,volume_type=VolumeType(83e4cd22-cca8-49df-be55-ec7a12fad9ee),volume_type_id=83e4cd22-cca8-49df-be55-ec7a12fad9ee)}" {{(pid=93705) trace_logging_wrapper /opt/stack/cinder/cinder/volume/volume_utils.py:1497}}
Jun 25 18:45:05 devstack cinder-volume[93705]: DEBUG cinder.volume.drivers.remotefs [None req-3e0146b5-16ee-4bd8-be61-37016e099c20 tempest-SnapshotMetadataTestJSON-754424710 None] Creating volume 8973d4a2-4de2-46a4-bad9-92def87e7e95 {{(pid=93705) create_volume /opt/stack/cinder/cinder/volume/drivers/remotefs.py:292}}
Jun 25 18:45:05 devstack cinder-volume[93705]: DEBUG oslo_concurrency.lockutils [None req-3e0146b5-16ee-4bd8-be61-37016e099c20 tempest-SnapshotMetadataTestJSON-754424710 None] Acquiring lock "quobyte_ensure" by "cinder.volume.drivers.quobyte.QuobyteDriver._ensure_shares_mounted" {{(pid=93705) inner /opt/stack/data/venv/lib/python3.12/site-packages/oslo_concurrency/lockutils.py:511}}
Jun 25 18:45:05 devstack cinder-volume[93705]: DEBUG oslo_concurrency.lockutils [None req-3e0146b5-16ee-4bd8-be61-37016e099c20 tempest-SnapshotMetadataTestJSON-754424710 None] Lock "quobyte_ensure" acquired by "cinder.volume.drivers.quobyte.QuobyteDriver._ensure_shares_mounted" :: waited 0.000s {{(pid=93705) inner /opt/stack/data/venv/lib/python3.12/site-packages/oslo_concurrency/lockutils.py:524}}
Jun 25 18:45:05 devstack cinder-volume[93705]: DEBUG cinder.volume.drivers.quobyte [None req-3e0146b5-16ee-4bd8-be61-37016e099c20 tempest-SnapshotMetadataTestJSON-754424710 None] Quobyte Volume URL set to: {'osci02.corp.quobyte.com/cinder-vol-17be965b-13cd-4fd2-8cd0-2b70921afed5': None} {{(pid=93705) _load_shares_config /opt/stack/cinder/cinder/volume/drivers/quobyte.py:617}}
Jun 25 18:45:05 devstack cinder-volume[93705]: DEBUG cinder.volume.drivers.quobyte [None req-3e0146b5-16ee-4bd8-be61-37016e099c20 tempest-SnapshotMetadataTestJSON-754424710 None] Available shares ['osci02.corp.quobyte.com/cinder-vol-17be965b-13cd-4fd2-8cd0-2b70921afed5'] {{(pid=93705) _ensure_shares_mounted /opt/stack/cinder/cinder/volume/drivers/quobyte.py:647}}
Jun 25 18:45:05 devstack cinder-volume[93705]: DEBUG oslo_concurrency.lockutils [None req-3e0146b5-16ee-4bd8-be61-37016e099c20 tempest-SnapshotMetadataTestJSON-754424710 None] Lock "quobyte_ensure" "released" by "cinder.volume.drivers.quobyte.QuobyteDriver._ensure_shares_mounted" :: held 0.009s {{(pid=93705) inner /opt/stack/data/venv/lib/python3.12/site-packages/oslo_concurrency/lockutils.py:543}}
Jun 25 18:45:05 devstack cinder-volume[93705]: DEBUG cinder.volume.drivers.quobyte [None req-3e0146b5-16ee-4bd8-be61-37016e099c20 tempest-SnapshotMetadataTestJSON-754424710 None] Selected osci02.corp.quobyte.com/cinder-vol-17be965b-13cd-4fd2-8cd0-2b70921afed5 as target Quobyte volume. {{(pid=93705) _find_share /opt/stack/cinder/cinder/volume/drivers/quobyte.py:668}}
Jun 25 18:45:05 devstack cinder-volume[93705]: INFO cinder.volume.drivers.remotefs [None req-3e0146b5-16ee-4bd8-be61-37016e099c20 tempest-SnapshotMetadataTestJSON-754424710 None] casted to osci02.corp.quobyte.com/cinder-vol-17be965b-13cd-4fd2-8cd0-2b70921afed5
Jun 25 18:45:05 devstack cinder-volume[93705]: DEBUG oslo_concurrency.processutils [None req-3e0146b5-16ee-4bd8-be61-37016e099c20 tempest-SnapshotMetadataTestJSON-754424710 None] Running cmd (subprocess): sudo cinder-rootwrap /etc/cinder/rootwrap.conf qemu-img create -f qcow2 -o preallocation=metadata /opt/stack/data/cinder/mnt/328d3a6bceba1b7e23882d4b394c66d4/volume-8973d4a2-4de2-46a4-bad9-92def87e7e95 1073741824 {{(pid=93705) execute /opt/stack/data/venv/lib/python3.12/site-packages/oslo_concurrency/processutils.py:440}}
Jun 25 18:45:05 devstack sudo[99788]: quobyte : PWD=/ ; USER=root ; COMMAND=/opt/stack/data/venv/bin/cinder-rootwrap /etc/cinder/rootwrap.conf qemu-img create -f qcow2 -o preallocation=metadata /opt/stack/data/cinder/mnt/328d3a6bceba1b7e23882d4b394c66d4/volume-8973d4a2-4de2-46a4-bad9-92def87e7e95 1073741824
Jun 25 18:45:05 devstack sudo[99788]: pam_unix(sudo:session): session opened for user root(uid=0) by (uid=1000)
Jun 25 18:45:05 devstack cinder-volume[93705]: INFO cinder.volume.manager [None req-fdbc5a37-b29e-4c66-8400-95da047fb578 tempest-SnapshotsActionsTest-836659724 None] Create snapshot completed successfully
Jun 25 18:45:06 devstack cinder-volume[93705]: DEBUG cinder.coordination [None req-ab65ebb2-ccff-4669-bbe3-51217277104f tempest-SnapshotsActionsTest-1281389282 None] Acquiring lock "cinder-9da9d653-1716-4aa6-b377-5fdd25538741-delete_snapshot" by "delete_snapshot" {{(pid=93705) __acquire /opt/stack/cinder/cinder/coordination.py:138}}
Jun 25 18:45:06 devstack cinder-volume[93705]: DEBUG cinder.coordination [None req-ab65ebb2-ccff-4669-bbe3-51217277104f tempest-SnapshotsActionsTest-1281389282 None] Lock "cinder-9da9d653-1716-4aa6-b377-5fdd25538741-delete_snapshot" acquired by "delete_snapshot" :: waited 0.021s {{(pid=93705) __acquire /opt/stack/cinder/cinder/coordination.py:141}}
Jun 25 18:45:06 devstack cinder-volume[93705]: DEBUG cinder.coordination [None req-ab65ebb2-ccff-4669-bbe3-51217277104f tempest-SnapshotsActionsTest-1281389282 None] Acquiring lock "cinder-quobyte-331ac009-a036-4a0c-a4a4-00d05c3df9c8" by "delete_snapshot" {{(pid=93705) __acquire /opt/stack/cinder/cinder/coordination.py:138}}
Jun 25 18:45:06 devstack cinder-volume[93705]: DEBUG cinder.coordination [None req-ab65ebb2-ccff-4669-bbe3-51217277104f tempest-SnapshotsActionsTest-1281389282 None] Lock "cinder-quobyte-331ac009-a036-4a0c-a4a4-00d05c3df9c8" acquired by "delete_snapshot" :: waited 0.029s {{(pid=93705) __acquire /opt/stack/cinder/cinder/coordination.py:141}}
Jun 25 18:45:06 devstack cinder-volume[93705]: DEBUG cinder.coordination [None req-ab65ebb2-ccff-4669-bbe3-51217277104f tempest-SnapshotsActionsTest-1281389282 None] Acquiring lock "cinder-quobyte-9da9d653-1716-4aa6-b377-5fdd25538741" by "_delete_snapshot" {{(pid=93705) __acquire /opt/stack/cinder/cinder/coordination.py:138}}
Jun 25 18:45:06 devstack sudo[99788]: pam_unix(sudo:session): session closed for user root
Jun 25 18:45:06 devstack cinder-volume[93705]: DEBUG oslo_concurrency.processutils [None req-3e0146b5-16ee-4bd8-be61-37016e099c20 tempest-SnapshotMetadataTestJSON-754424710 None] CMD "sudo cinder-rootwrap /etc/cinder/rootwrap.conf qemu-img create -f qcow2 -o preallocation=metadata /opt/stack/data/cinder/mnt/328d3a6bceba1b7e23882d4b394c66d4/volume-8973d4a2-4de2-46a4-bad9-92def87e7e95 1073741824" returned: 0 in 0.880s {{(pid=93705) execute /opt/stack/data/venv/lib/python3.12/site-packages/oslo_concurrency/processutils.py:468}}
Jun 25 18:45:06 devstack cinder-volume[93705]: DEBUG dbcounter [-] [93705] Writing DB stats cinder:UPDATE=128,cinder:SELECT=120,cinder:INSERT=31,cinder:DELETE=8 {{(pid=93705) stat_writer /opt/stack/data/venv/lib/python3.12/site-packages/dbcounter.py:115}}
Jun 25 18:45:06 devstack cinder-volume[93705]: DEBUG dbcounter [-] [93705] Writing DB stats cinder:SELECT=108,cinder:INSERT=26,cinder:UPDATE=127,cinder:DELETE=7 {{(pid=93705) stat_writer /opt/stack/data/venv/lib/python3.12/site-packages/dbcounter.py:115}}
Jun 25 18:45:06 devstack cinder-volume[93705]: DEBUG cinder.coordination [None req-ab65ebb2-ccff-4669-bbe3-51217277104f tempest-SnapshotsActionsTest-1281389282 None] Lock "cinder-quobyte-9da9d653-1716-4aa6-b377-5fdd25538741" acquired by "_delete_snapshot" :: waited 0.021s {{(pid=93705) __acquire /opt/stack/cinder/cinder/coordination.py:141}}
Jun 25 18:45:06 devstack cinder-volume[93705]: DEBUG cinder.volume.drivers.remotefs [None req-ab65ebb2-ccff-4669-bbe3-51217277104f tempest-SnapshotsActionsTest-1281389282 None] Deleting offline snapshot 9da9d653-1716-4aa6-b377-5fdd25538741 of volume 331ac009-a036-4a0c-a4a4-00d05c3df9c8 {{(pid=93705) _delete_snapshot /opt/stack/cinder/cinder/volume/drivers/remotefs.py:1288}}
Jun 25 18:45:06 devstack cinder-volume[93705]: DEBUG cinder.volume.drivers.remotefs [None req-ab65ebb2-ccff-4669-bbe3-51217277104f tempest-SnapshotsActionsTest-1281389282 None] snapshot_file for this snap is: volume-331ac009-a036-4a0c-a4a4-00d05c3df9c8.9da9d653-1716-4aa6-b377-5fdd25538741 {{(pid=93705) _delete_snapshot /opt/stack/cinder/cinder/volume/drivers/remotefs.py:1317}}
Jun 25 18:45:06 devstack cinder-volume[93705]: DEBUG oslo.privsep.daemon [-] privsep: reply[00a00937-1541-4106-8ee0-80c05a0aaba9]: (4, 'qcow2') {{(pid=95274) _call_back /opt/stack/data/venv/lib/python3.12/site-packages/oslo_privsep/daemon.py:580}}
Jun 25 18:45:06 devstack cinder-volume[93705]: DEBUG oslo_concurrency.processutils [None req-ab65ebb2-ccff-4669-bbe3-51217277104f tempest-SnapshotsActionsTest-1281389282 None] Running cmd (subprocess): /opt/stack/data/venv/bin/python3.12 -m oslo_concurrency.prlimit --as=1073741824 --cpu=60 -- sudo cinder-rootwrap /etc/cinder/rootwrap.conf env LC_ALL=C qemu-img info -f qcow2 --output=json --force-share /opt/stack/data/cinder/mnt/328d3a6bceba1b7e23882d4b394c66d4/volume-331ac009-a036-4a0c-a4a4-00d05c3df9c8.9da9d653-1716-4aa6-b377-5fdd25538741 {{(pid=93705) execute /opt/stack/data/venv/lib/python3.12/site-packages/oslo_concurrency/processutils.py:440}}
Jun 25 18:45:06 devstack cinder-volume[93705]: DEBUG oslo_concurrency.processutils [None req-3e0146b5-16ee-4bd8-be61-37016e099c20 tempest-SnapshotMetadataTestJSON-754424710 None] Running cmd (subprocess): sudo cinder-rootwrap /etc/cinder/rootwrap.conf chmod ugo+rw /opt/stack/data/cinder/mnt/328d3a6bceba1b7e23882d4b394c66d4/volume-8973d4a2-4de2-46a4-bad9-92def87e7e95 {{(pid=93705) execute /opt/stack/data/venv/lib/python3.12/site-packages/oslo_concurrency/processutils.py:440}}
Jun 25 18:45:06 devstack sudo[99795]: quobyte : PWD=/ ; USER=root ; COMMAND=/opt/stack/data/venv/bin/cinder-rootwrap /etc/cinder/rootwrap.conf chmod ugo+rw /opt/stack/data/cinder/mnt/328d3a6bceba1b7e23882d4b394c66d4/volume-8973d4a2-4de2-46a4-bad9-92def87e7e95
Jun 25 18:45:06 devstack sudo[99795]: pam_unix(sudo:session): session opened for user root(uid=0) by (uid=1000)
Jun 25 18:45:06 devstack sudo[99794]: quobyte : PWD=/ ; USER=root ; COMMAND=/opt/stack/data/venv/bin/cinder-rootwrap /etc/cinder/rootwrap.conf env LC_ALL=C qemu-img info -f qcow2 --output=json --force-share /opt/stack/data/cinder/mnt/328d3a6bceba1b7e23882d4b394c66d4/volume-331ac009-a036-4a0c-a4a4-00d05c3df9c8.9da9d653-1716-4aa6-b377-5fdd25538741
Jun 25 18:45:06 devstack sudo[99794]: pam_unix(sudo:session): session opened for user root(uid=0) by (uid=1000)
Jun 25 18:45:06 devstack sudo[99795]: pam_unix(sudo:session): session closed for user root
Jun 25 18:45:06 devstack cinder-volume[93705]: DEBUG oslo_concurrency.processutils [None req-3e0146b5-16ee-4bd8-be61-37016e099c20 tempest-SnapshotMetadataTestJSON-754424710 None] CMD "sudo cinder-rootwrap /etc/cinder/rootwrap.conf chmod ugo+rw /opt/stack/data/cinder/mnt/328d3a6bceba1b7e23882d4b394c66d4/volume-8973d4a2-4de2-46a4-bad9-92def87e7e95" returned: 0 in 0.705s {{(pid=93705) execute /opt/stack/data/venv/lib/python3.12/site-packages/oslo_concurrency/processutils.py:468}}
Jun 25 18:45:06 devstack cinder-volume[93705]: DEBUG cinder.volume.drivers.quobyte [None req-3e0146b5-16ee-4bd8-be61-37016e099c20 tempest-SnapshotMetadataTestJSON-754424710 None] <== create_volume: return (1664ms) {'provider_location': 'osci02.corp.quobyte.com/cinder-vol-17be965b-13cd-4fd2-8cd0-2b70921afed5'} {{(pid=93705) trace_logging_wrapper /opt/stack/cinder/cinder/volume/volume_utils.py:1522}}
Jun 25 18:45:06 devstack cinder-volume[93705]: DEBUG oslo_concurrency.lockutils [None req-3e0146b5-16ee-4bd8-be61-37016e099c20 tempest-SnapshotMetadataTestJSON-754424710 None] Lock "quobyte" "released" by "cinder.volume.drivers.quobyte.QuobyteDriver.create_volume" :: held 1.668s {{(pid=93705) inner /opt/stack/data/venv/lib/python3.12/site-packages/oslo_concurrency/lockutils.py:543}}
Jun 25 18:45:06 devstack cinder-volume[93705]: DEBUG cinder.volume.manager [None req-3e0146b5-16ee-4bd8-be61-37016e099c20 tempest-SnapshotMetadataTestJSON-754424710 None] Task 'cinder.volume.flows.manager.create_volume.CreateVolumeFromSpecTask;volume:create' (ac1a6c98-17a5-4b27-aef2-dc3479ecbd55) transitioned into state 'SUCCESS' from state 'RUNNING' with result '{'status': 'creating', 'volume_name': 'volume-8973d4a2-4de2-46a4-bad9-92def87e7e95', 'volume_size': 1}' {{(pid=93705) _task_receiver /opt/stack/data/venv/lib/python3.12/site-packages/taskflow/listeners/logging.py:218}}
Jun 25 18:45:06 devstack cinder-volume[93705]: DEBUG cinder.volume.manager [None req-3e0146b5-16ee-4bd8-be61-37016e099c20 tempest-SnapshotMetadataTestJSON-754424710 None] Task 'cinder.volume.flows.manager.create_volume.CreateVolumeOnFinishTask;volume:create, create.end' (727a7871-5ad6-4685-b01b-3d8a3a25af27) transitioned into state 'RUNNING' from state 'PENDING' {{(pid=93705) _task_receiver /opt/stack/data/venv/lib/python3.12/site-packages/taskflow/listeners/logging.py:242}}
Jun 25 18:45:06 devstack cinder-volume[93705]: INFO cinder.volume.flows.manager.create_volume [None req-3e0146b5-16ee-4bd8-be61-37016e099c20 tempest-SnapshotMetadataTestJSON-754424710 None] Volume volume-8973d4a2-4de2-46a4-bad9-92def87e7e95 (8973d4a2-4de2-46a4-bad9-92def87e7e95): created successfully
Jun 25 18:45:07 devstack cinder-volume[93705]: DEBUG cinder.volume.manager [None req-3e0146b5-16ee-4bd8-be61-37016e099c20 tempest-SnapshotMetadataTestJSON-754424710 None] Task 'cinder.volume.flows.manager.create_volume.CreateVolumeOnFinishTask;volume:create, create.end' (727a7871-5ad6-4685-b01b-3d8a3a25af27) transitioned into state 'SUCCESS' from state 'RUNNING' with result 'None' {{(pid=93705) _task_receiver /opt/stack/data/venv/lib/python3.12/site-packages/taskflow/listeners/logging.py:218}}
Jun 25 18:45:07 devstack cinder-volume[93705]: DEBUG cinder.volume.manager [None req-3e0146b5-16ee-4bd8-be61-37016e099c20 tempest-SnapshotMetadataTestJSON-754424710 None] Flow 'volume_create_manager' (f91d096f-c99b-4dd1-baf9-3572f8d182f9) transitioned into state 'SUCCESS' from state 'RUNNING' {{(pid=93705) _flow_receiver /opt/stack/data/venv/lib/python3.12/site-packages/taskflow/listeners/logging.py:160}}
Jun 25 18:45:07 devstack cinder-volume[93705]: INFO cinder.volume.manager [None req-3e0146b5-16ee-4bd8-be61-37016e099c20 tempest-SnapshotMetadataTestJSON-754424710 None] Created volume successfully.
Jun 25 18:45:07 devstack sudo[99794]: pam_unix(sudo:session): session closed for user root
Jun 25 18:45:07 devstack cinder-volume[93705]: DEBUG oslo_concurrency.processutils [None req-ab65ebb2-ccff-4669-bbe3-51217277104f tempest-SnapshotsActionsTest-1281389282 None] CMD "/opt/stack/data/venv/bin/python3.12 -m oslo_concurrency.prlimit --as=1073741824 --cpu=60 -- sudo cinder-rootwrap /etc/cinder/rootwrap.conf env LC_ALL=C qemu-img info -f qcow2 --output=json --force-share /opt/stack/data/cinder/mnt/328d3a6bceba1b7e23882d4b394c66d4/volume-331ac009-a036-4a0c-a4a4-00d05c3df9c8.9da9d653-1716-4aa6-b377-5fdd25538741" returned: 0 in 0.884s {{(pid=93705) execute /opt/stack/data/venv/lib/python3.12/site-packages/oslo_concurrency/processutils.py:468}}
Jun 25 18:45:07 devstack cinder-volume[93705]: DEBUG cinder.volume.drivers.remotefs [None req-ab65ebb2-ccff-4669-bbe3-51217277104f tempest-SnapshotsActionsTest-1281389282 None] Fetching qemu-img info with special backing_file_template: (/opt/stack/data/cinder/mnt/[0-9a-f]+/)?(volume-331ac009-a036-4a0c-a4a4-00d05c3df9c8(.(tmp-snap-)?[0-9a-f-]+)?|volume_from_snapshot_cache/(tmp-snap-)?[0-9a-f-]+(.(child-|parent-)[0-9a-f-]+)?)$ {{(pid=93705) _qemu_img_info_base /opt/stack/cinder/cinder/volume/drivers/remotefs.py:896}}
Jun 25 18:45:07 devstack cinder-volume[93705]: DEBUG oslo.privsep.daemon [-] privsep: reply[1a485989-1048-4433-b456-ecdc8832b7bc]: (4, 'qcow2') {{(pid=95274) _call_back /opt/stack/data/venv/lib/python3.12/site-packages/oslo_privsep/daemon.py:580}}
Jun 25 18:45:07 devstack cinder-volume[93705]: DEBUG oslo_concurrency.processutils [None req-ab65ebb2-ccff-4669-bbe3-51217277104f tempest-SnapshotsActionsTest-1281389282 None] Running cmd (subprocess): /opt/stack/data/venv/bin/python3.12 -m oslo_concurrency.prlimit --as=1073741824 --cpu=60 -- sudo cinder-rootwrap /etc/cinder/rootwrap.conf env LC_ALL=C qemu-img info -f qcow2 --output=json --force-share /opt/stack/data/cinder/mnt/328d3a6bceba1b7e23882d4b394c66d4/volume-331ac009-a036-4a0c-a4a4-00d05c3df9c8.4b7fd067-b0b7-4b4c-b3ab-a16c8502359c {{(pid=93705) execute /opt/stack/data/venv/lib/python3.12/site-packages/oslo_concurrency/processutils.py:440}}
Jun 25 18:45:07 devstack sudo[99802]: quobyte : PWD=/ ; USER=root ; COMMAND=/opt/stack/data/venv/bin/cinder-rootwrap /etc/cinder/rootwrap.conf env LC_ALL=C qemu-img info -f qcow2 --output=json --force-share /opt/stack/data/cinder/mnt/328d3a6bceba1b7e23882d4b394c66d4/volume-331ac009-a036-4a0c-a4a4-00d05c3df9c8.4b7fd067-b0b7-4b4c-b3ab-a16c8502359c
Jun 25 18:45:07 devstack sudo[99802]: pam_unix(sudo:session): session opened for user root(uid=0) by (uid=1000)
Jun 25 18:45:07 devstack sudo[99802]: pam_unix(sudo:session): session closed for user root
Jun 25 18:45:07 devstack cinder-volume[93705]: DEBUG oslo_concurrency.processutils [None req-ab65ebb2-ccff-4669-bbe3-51217277104f tempest-SnapshotsActionsTest-1281389282 None] CMD "/opt/stack/data/venv/bin/python3.12 -m oslo_concurrency.prlimit --as=1073741824 --cpu=60 -- sudo cinder-rootwrap /etc/cinder/rootwrap.conf env LC_ALL=C qemu-img info -f qcow2 --output=json --force-share /opt/stack/data/cinder/mnt/328d3a6bceba1b7e23882d4b394c66d4/volume-331ac009-a036-4a0c-a4a4-00d05c3df9c8.4b7fd067-b0b7-4b4c-b3ab-a16c8502359c" returned: 0 in 0.793s {{(pid=93705) execute /opt/stack/data/venv/lib/python3.12/site-packages/oslo_concurrency/processutils.py:468}}
Jun 25 18:45:07 devstack cinder-volume[93705]: DEBUG cinder.volume.drivers.remotefs [None req-ab65ebb2-ccff-4669-bbe3-51217277104f tempest-SnapshotsActionsTest-1281389282 None] Fetching qemu-img info with special backing_file_template: (/opt/stack/data/cinder/mnt/[0-9a-f]+/)?(volume-331ac009-a036-4a0c-a4a4-00d05c3df9c8(.(tmp-snap-)?[0-9a-f-]+)?|volume_from_snapshot_cache/(tmp-snap-)?[0-9a-f-]+(.(child-|parent-)[0-9a-f-]+)?)$ {{(pid=93705) _qemu_img_info_base /opt/stack/cinder/cinder/volume/drivers/remotefs.py:896}}
Jun 25 18:45:07 devstack cinder-volume[93705]: DEBUG oslo_concurrency.processutils [None req-ab65ebb2-ccff-4669-bbe3-51217277104f tempest-SnapshotsActionsTest-1281389282 None] Running cmd (subprocess): sudo cinder-rootwrap /etc/cinder/rootwrap.conf qemu-img commit -d /opt/stack/data/cinder/mnt/328d3a6bceba1b7e23882d4b394c66d4/volume-331ac009-a036-4a0c-a4a4-00d05c3df9c8.9da9d653-1716-4aa6-b377-5fdd25538741 {{(pid=93705) execute /opt/stack/data/venv/lib/python3.12/site-packages/oslo_concurrency/processutils.py:440}}
Jun 25 18:45:07 devstack sudo[99807]: quobyte : PWD=/ ; USER=root ; COMMAND=/opt/stack/data/venv/bin/cinder-rootwrap /etc/cinder/rootwrap.conf qemu-img commit -d /opt/stack/data/cinder/mnt/328d3a6bceba1b7e23882d4b394c66d4/volume-331ac009-a036-4a0c-a4a4-00d05c3df9c8.9da9d653-1716-4aa6-b377-5fdd25538741
Jun 25 18:45:07 devstack sudo[99807]: pam_unix(sudo:session): session opened for user root(uid=0) by (uid=1000)
Jun 25 18:45:08 devstack cinder-volume[93705]: DEBUG oslo_concurrency.lockutils [None req-17a39bc5-97c9-49d9-9b01-1565126f1287 tempest-SnapshotMetadataTestJSON-754424710 None] Acquiring lock "quobyte" by "cinder.volume.drivers.quobyte.QuobyteDriver.create_snapshot" {{(pid=93705) inner /opt/stack/data/venv/lib/python3.12/site-packages/oslo_concurrency/lockutils.py:511}}
Jun 25 18:45:08 devstack cinder-volume[93705]: DEBUG oslo_concurrency.lockutils [None req-17a39bc5-97c9-49d9-9b01-1565126f1287 tempest-SnapshotMetadataTestJSON-754424710 None] Lock "quobyte" acquired by "cinder.volume.drivers.quobyte.QuobyteDriver.create_snapshot" :: waited 0.001s {{(pid=93705) inner /opt/stack/data/venv/lib/python3.12/site-packages/oslo_concurrency/lockutils.py:524}}
Jun 25 18:45:08 devstack cinder-volume[93705]: DEBUG cinder.volume.drivers.remotefs [None req-17a39bc5-97c9-49d9-9b01-1565126f1287 tempest-SnapshotMetadataTestJSON-754424710 None] Creating offline snapshot ede418f8-0099-40dd-8a67-6b9d0bec136e of volume 8973d4a2-4de2-46a4-bad9-92def87e7e95 {{(pid=93705) _create_snapshot /opt/stack/cinder/cinder/volume/drivers/remotefs.py:1816}}
Jun 25 18:45:08 devstack cinder-volume[93705]: DEBUG oslo.privsep.daemon [-] privsep: reply[3c445b84-0435-4e52-b7a1-4f91544cb380]: (4, 'qcow2') {{(pid=95274) _call_back /opt/stack/data/venv/lib/python3.12/site-packages/oslo_privsep/daemon.py:580}}
