Sep 07 09:37:45 devstack devstack@c-api.service[74924]: DEBUG cinder.api.v3.router [None req-4e1f3ae5-a406-4a05-8478-71b285d990f6 None None] Extended resource: consistencygroups {{(pid=74924) _setup_ext_routes /opt/stack/cinder/cinder/api/v3/router.py:122}}
Sep 07 09:37:45 devstack devstack@c-api.service[74923]: DEBUG cinder.api.v3.router [None req-8f732d83-b3a8-4bc9-a466-13b91583b20e None None] Extended resource: backups {{(pid=74923) _setup_ext_routes /opt/stack/cinder/cinder/api/v3/router.py:122}}
Sep 07 09:37:45 devstack devstack@c-api.service[74924]: DEBUG cinder.api.v3.router [None req-4e1f3ae5-a406-4a05-8478-71b285d990f6 None None] Extended resource: os-volume-transfer {{(pid=74924) _setup_ext_routes /opt/stack/cinder/cinder/api/v3/router.py:122}}
Sep 07 09:37:45 devstack devstack@c-api.service[74923]: DEBUG cinder.api.v3.router [None req-8f732d83-b3a8-4bc9-a466-13b91583b20e None None] Extended resource: encryption {{(pid=74923) _setup_ext_routes /opt/stack/cinder/cinder/api/v3/router.py:122}}
Sep 07 09:37:45 devstack devstack@c-api.service[74924]: DEBUG cinder.api.v3.router [None req-4e1f3ae5-a406-4a05-8478-71b285d990f6 None None] Extended resource: os-snapshot-manage {{(pid=74924) _setup_ext_routes /opt/stack/cinder/cinder/api/v3/router.py:122}}
Sep 07 09:37:45 devstack devstack@c-api.service[74923]: DEBUG cinder.api.v3.router [None req-8f732d83-b3a8-4bc9-a466-13b91583b20e None None] Extended resource: cgsnapshots {{(pid=74923) _setup_ext_routes /opt/stack/cinder/cinder/api/v3/router.py:122}}
Sep 07 09:37:45 devstack devstack@c-api.service[74924]: WARNING stevedore.named [None req-4e1f3ae5-a406-4a05-8478-71b285d990f6 None None] Could not load cinder.keymgr.conf_key_mgr.ConfKeyManager
Sep 07 09:37:45 devstack devstack@c-api.service[74924]: WARNING castellan.key_manager [None req-4e1f3ae5-a406-4a05-8478-71b285d990f6 None None] Deprecation Warning : cinder.keymgr.conf_key_mgr.ConfKeyManager is not a stevedore based driver, trying to load it as a class: stevedore.exception.NoMatches: No 'castellan.drivers' driver found, looking for 'cinder.keymgr.conf_key_mgr.ConfKeyManager'
Sep 07 09:37:45 devstack devstack@c-api.service[74923]: DEBUG cinder.api.v3.router [None req-8f732d83-b3a8-4bc9-a466-13b91583b20e None None] Extended resource: os-volume-type-access {{(pid=74923) _setup_ext_routes /opt/stack/cinder/cinder/api/v3/router.py:122}}
Sep 07 09:37:45 devstack devstack@c-api.service[74924]: WARNING stevedore.named [None req-4e1f3ae5-a406-4a05-8478-71b285d990f6 None None] Could not load cinder.keymgr.conf_key_mgr.ConfKeyManager
Sep 07 09:37:45 devstack devstack@c-api.service[74924]: WARNING castellan.key_manager [None req-4e1f3ae5-a406-4a05-8478-71b285d990f6 None None] Deprecation Warning : cinder.keymgr.conf_key_mgr.ConfKeyManager is not a stevedore based driver, trying to load it as a class: stevedore.exception.NoMatches: No 'castellan.drivers' driver found, looking for 'cinder.keymgr.conf_key_mgr.ConfKeyManager'
Sep 07 09:37:45 devstack devstack@c-api.service[74923]: DEBUG cinder.api.v3.router [None req-8f732d83-b3a8-4bc9-a466-13b91583b20e None None] Extended resource: consistencygroups {{(pid=74923) _setup_ext_routes /opt/stack/cinder/cinder/api/v3/router.py:122}}
Sep 07 09:37:45 devstack devstack@c-api.service[74924]: WARNING stevedore.named [None req-4e1f3ae5-a406-4a05-8478-71b285d990f6 None None] Could not load cinder.keymgr.conf_key_mgr.ConfKeyManager
Sep 07 09:37:45 devstack devstack@c-api.service[74924]: WARNING castellan.key_manager [None req-4e1f3ae5-a406-4a05-8478-71b285d990f6 None None] Deprecation Warning : cinder.keymgr.conf_key_mgr.ConfKeyManager is not a stevedore based driver, trying to load it as a class: stevedore.exception.NoMatches: No 'castellan.drivers' driver found, looking for 'cinder.keymgr.conf_key_mgr.ConfKeyManager'
Sep 07 09:37:45 devstack devstack@c-api.service[74924]: WARNING stevedore.named [None req-4e1f3ae5-a406-4a05-8478-71b285d990f6 None None] Could not load cinder.keymgr.conf_key_mgr.ConfKeyManager
Sep 07 09:37:45 devstack devstack@c-api.service[74924]: WARNING castellan.key_manager [None req-4e1f3ae5-a406-4a05-8478-71b285d990f6 None None] Deprecation Warning : cinder.keymgr.conf_key_mgr.ConfKeyManager is not a stevedore based driver, trying to load it as a class: stevedore.exception.NoMatches: No 'castellan.drivers' driver found, looking for 'cinder.keymgr.conf_key_mgr.ConfKeyManager'
Sep 07 09:37:45 devstack devstack@c-api.service[74923]: DEBUG cinder.api.v3.router [None req-8f732d83-b3a8-4bc9-a466-13b91583b20e None None] Extended resource: os-volume-transfer {{(pid=74923) _setup_ext_routes /opt/stack/cinder/cinder/api/v3/router.py:122}}
Sep 07 09:37:45 devstack devstack@c-api.service[74924]: WARNING stevedore.named [None req-4e1f3ae5-a406-4a05-8478-71b285d990f6 None None] Could not load cinder.keymgr.conf_key_mgr.ConfKeyManager
Sep 07 09:37:45 devstack devstack@c-api.service[74924]: WARNING castellan.key_manager [None req-4e1f3ae5-a406-4a05-8478-71b285d990f6 None None] Deprecation Warning : cinder.keymgr.conf_key_mgr.ConfKeyManager is not a stevedore based driver, trying to load it as a class: stevedore.exception.NoMatches: No 'castellan.drivers' driver found, looking for 'cinder.keymgr.conf_key_mgr.ConfKeyManager'
Sep 07 09:37:45 devstack devstack@c-api.service[74924]: WARNING stevedore.named [None req-4e1f3ae5-a406-4a05-8478-71b285d990f6 None None] Could not load cinder.keymgr.conf_key_mgr.ConfKeyManager
Sep 07 09:37:45 devstack devstack@c-api.service[74924]: WARNING castellan.key_manager [None req-4e1f3ae5-a406-4a05-8478-71b285d990f6 None None] Deprecation Warning : cinder.keymgr.conf_key_mgr.ConfKeyManager is not a stevedore based driver, trying to load it as a class: stevedore.exception.NoMatches: No 'castellan.drivers' driver found, looking for 'cinder.keymgr.conf_key_mgr.ConfKeyManager'
Sep 07 09:37:45 devstack devstack@c-api.service[74923]: DEBUG cinder.api.v3.router [None req-8f732d83-b3a8-4bc9-a466-13b91583b20e None None] Extended resource: os-snapshot-manage {{(pid=74923) _setup_ext_routes /opt/stack/cinder/cinder/api/v3/router.py:122}}
Sep 07 09:37:45 devstack devstack@c-api.service[74924]: WARNING stevedore.named [None req-4e1f3ae5-a406-4a05-8478-71b285d990f6 None None] Could not load cinder.keymgr.conf_key_mgr.ConfKeyManager
Sep 07 09:37:45 devstack devstack@c-api.service[74924]: WARNING castellan.key_manager [None req-4e1f3ae5-a406-4a05-8478-71b285d990f6 None None] Deprecation Warning : cinder.keymgr.conf_key_mgr.ConfKeyManager is not a stevedore based driver, trying to load it as a class: stevedore.exception.NoMatches: No 'castellan.drivers' driver found, looking for 'cinder.keymgr.conf_key_mgr.ConfKeyManager'
Sep 07 09:37:45 devstack devstack@c-api.service[74924]: DEBUG cinder.api.contrib.snapshot_actions [None req-4e1f3ae5-a406-4a05-8478-71b285d990f6 None None] SnapshotActionsController initialized {{(pid=74924) __init__ /opt/stack/cinder/cinder/api/contrib/snapshot_actions.py:33}}
Sep 07 09:37:45 devstack devstack@c-api.service[74923]: WARNING stevedore.named [None req-8f732d83-b3a8-4bc9-a466-13b91583b20e None None] Could not load cinder.keymgr.conf_key_mgr.ConfKeyManager
Sep 07 09:37:45 devstack devstack@c-api.service[74924]: DEBUG cinder.api.v3.router [None req-4e1f3ae5-a406-4a05-8478-71b285d990f6 None None] Extension VolumeHostAttribute extending resource: volumes {{(pid=74924) _setup_extensions /opt/stack/cinder/cinder/api/v3/router.py:155}}
Sep 07 09:37:45 devstack devstack@c-api.service[74924]: DEBUG cinder.api.v3.router [None req-4e1f3ae5-a406-4a05-8478-71b285d990f6 None None] Extension AdminActions extending resource: volumes {{(pid=74924) _setup_extensions /opt/stack/cinder/cinder/api/v3/router.py:155}}
Sep 07 09:37:45 devstack devstack@c-api.service[74923]: WARNING castellan.key_manager [None req-8f732d83-b3a8-4bc9-a466-13b91583b20e None None] Deprecation Warning : cinder.keymgr.conf_key_mgr.ConfKeyManager is not a stevedore based driver, trying to load it as a class: stevedore.exception.NoMatches: No 'castellan.drivers' driver found, looking for 'cinder.keymgr.conf_key_mgr.ConfKeyManager'
Sep 07 09:37:45 devstack devstack@c-api.service[74924]: DEBUG cinder.api.v3.router [None req-4e1f3ae5-a406-4a05-8478-71b285d990f6 None None] Extension AdminActions extending resource: snapshots {{(pid=74924) _setup_extensions /opt/stack/cinder/cinder/api/v3/router.py:155}}
Sep 07 09:37:45 devstack devstack@c-api.service[74924]: DEBUG cinder.api.v3.router [None req-4e1f3ae5-a406-4a05-8478-71b285d990f6 None None] Extension AdminActions extending resource: backups {{(pid=74924) _setup_extensions /opt/stack/cinder/cinder/api/v3/router.py:155}}
Sep 07 09:37:45 devstack devstack@c-api.service[74924]: DEBUG cinder.api.v3.router [None req-4e1f3ae5-a406-4a05-8478-71b285d990f6 None None] Extension VolumeTypeEncryption extending resource: types {{(pid=74924) _setup_extensions /opt/stack/cinder/cinder/api/v3/router.py:155}}
Sep 07 09:37:45 devstack devstack@c-api.service[74924]: DEBUG cinder.api.v3.router [None req-4e1f3ae5-a406-4a05-8478-71b285d990f6 None None] Extension VolumeTenantAttribute extending resource: volumes {{(pid=74924) _setup_extensions /opt/stack/cinder/cinder/api/v3/router.py:155}}
Sep 07 09:37:45 devstack devstack@c-api.service[74924]: DEBUG cinder.api.v3.router [None req-4e1f3ae5-a406-4a05-8478-71b285d990f6 None None] Extension VolumeActions extending resource: volumes {{(pid=74924) _setup_extensions /opt/stack/cinder/cinder/api/v3/router.py:155}}
Sep 07 09:37:45 devstack devstack@c-api.service[74923]: WARNING stevedore.named [None req-8f732d83-b3a8-4bc9-a466-13b91583b20e None None] Could not load cinder.keymgr.conf_key_mgr.ConfKeyManager
Sep 07 09:37:45 devstack devstack@c-api.service[74924]: DEBUG cinder.api.v3.router [None req-4e1f3ae5-a406-4a05-8478-71b285d990f6 None None] Extension ExtendedSnapshotAttributes extending resource: snapshots {{(pid=74924) _setup_extensions /opt/stack/cinder/cinder/api/v3/router.py:155}}
Sep 07 09:37:45 devstack devstack@c-api.service[74923]: WARNING castellan.key_manager [None req-8f732d83-b3a8-4bc9-a466-13b91583b20e None None] Deprecation Warning : cinder.keymgr.conf_key_mgr.ConfKeyManager is not a stevedore based driver, trying to load it as a class: stevedore.exception.NoMatches: No 'castellan.drivers' driver found, looking for 'cinder.keymgr.conf_key_mgr.ConfKeyManager'
Sep 07 09:37:45 devstack devstack@c-api.service[74924]: DEBUG cinder.api.v3.router [None req-4e1f3ae5-a406-4a05-8478-71b285d990f6 None None] Extension VolumeUnmanage extending resource: volumes {{(pid=74924) _setup_extensions /opt/stack/cinder/cinder/api/v3/router.py:155}}
Sep 07 09:37:45 devstack devstack@c-api.service[74924]: DEBUG cinder.api.v3.router [None req-4e1f3ae5-a406-4a05-8478-71b285d990f6 None None] Extension VolumeImageMetadata extending resource: volumes {{(pid=74924) _setup_extensions /opt/stack/cinder/cinder/api/v3/router.py:155}}
Sep 07 09:37:45 devstack devstack@c-api.service[74924]: DEBUG cinder.api.v3.router [None req-4e1f3ae5-a406-4a05-8478-71b285d990f6 None None] Extension UsedLimits extending resource: limits {{(pid=74924) _setup_extensions /opt/stack/cinder/cinder/api/v3/router.py:155}}
Sep 07 09:37:45 devstack devstack@c-api.service[74924]: DEBUG cinder.api.v3.router [None req-4e1f3ae5-a406-4a05-8478-71b285d990f6 None None] Extension SnapshotUnmanage extending resource: snapshots {{(pid=74924) _setup_extensions /opt/stack/cinder/cinder/api/v3/router.py:155}}
Sep 07 09:37:45 devstack devstack@c-api.service[74924]: DEBUG cinder.api.v3.router [None req-4e1f3ae5-a406-4a05-8478-71b285d990f6 None None] Extension TypesManage extending resource: types {{(pid=74924) _setup_extensions /opt/stack/cinder/cinder/api/v3/router.py:155}}
Sep 07 09:37:45 devstack devstack@c-api.service[74923]: WARNING stevedore.named [None req-8f732d83-b3a8-4bc9-a466-13b91583b20e None None] Could not load cinder.keymgr.conf_key_mgr.ConfKeyManager
Sep 07 09:37:45 devstack devstack@c-api.service[74924]: DEBUG cinder.api.v3.router [None req-4e1f3ae5-a406-4a05-8478-71b285d990f6 None None] Extension VolumeMigStatusAttribute extending resource: volumes {{(pid=74924) _setup_extensions /opt/stack/cinder/cinder/api/v3/router.py:155}}
Sep 07 09:37:45 devstack devstack@c-api.service[74923]: WARNING castellan.key_manager [None req-8f732d83-b3a8-4bc9-a466-13b91583b20e None None] Deprecation Warning : cinder.keymgr.conf_key_mgr.ConfKeyManager is not a stevedore based driver, trying to load it as a class: stevedore.exception.NoMatches: No 'castellan.drivers' driver found, looking for 'cinder.keymgr.conf_key_mgr.ConfKeyManager'
Sep 07 09:37:45 devstack devstack@c-api.service[74924]: DEBUG cinder.api.v3.router [None req-4e1f3ae5-a406-4a05-8478-71b285d990f6 None None] Extension SnapshotActions extending resource: snapshots {{(pid=74924) _setup_extensions /opt/stack/cinder/cinder/api/v3/router.py:155}}
Sep 07 09:37:45 devstack devstack@c-api.service[74924]: DEBUG cinder.api.v3.router [None req-4e1f3ae5-a406-4a05-8478-71b285d990f6 None None] Extension VolumeTypeAccess extending resource: types {{(pid=74924) _setup_extensions /opt/stack/cinder/cinder/api/v3/router.py:155}}
Sep 07 09:37:45 devstack devstack@c-api.service[74923]: WARNING stevedore.named [None req-8f732d83-b3a8-4bc9-a466-13b91583b20e None None] Could not load cinder.keymgr.conf_key_mgr.ConfKeyManager
Sep 07 09:37:45 devstack devstack@c-api.service[74923]: WARNING castellan.key_manager [None req-8f732d83-b3a8-4bc9-a466-13b91583b20e None None] Deprecation Warning : cinder.keymgr.conf_key_mgr.ConfKeyManager is not a stevedore based driver, trying to load it as a class: stevedore.exception.NoMatches: No 'castellan.drivers' driver found, looking for 'cinder.keymgr.conf_key_mgr.ConfKeyManager'
Sep 07 09:37:45 devstack devstack@c-api.service[74923]: WARNING stevedore.named [None req-8f732d83-b3a8-4bc9-a466-13b91583b20e None None] Could not load cinder.keymgr.conf_key_mgr.ConfKeyManager
Sep 07 09:37:45 devstack devstack@c-api.service[74923]: WARNING castellan.key_manager [None req-8f732d83-b3a8-4bc9-a466-13b91583b20e None None] Deprecation Warning : cinder.keymgr.conf_key_mgr.ConfKeyManager is not a stevedore based driver, trying to load it as a class: stevedore.exception.NoMatches: No 'castellan.drivers' driver found, looking for 'cinder.keymgr.conf_key_mgr.ConfKeyManager'
Sep 07 09:37:45 devstack devstack@c-api.service[74923]: WARNING stevedore.named [None req-8f732d83-b3a8-4bc9-a466-13b91583b20e None None] Could not load cinder.keymgr.conf_key_mgr.ConfKeyManager
Sep 07 09:37:45 devstack devstack@c-api.service[74923]: WARNING castellan.key_manager [None req-8f732d83-b3a8-4bc9-a466-13b91583b20e None None] Deprecation Warning : cinder.keymgr.conf_key_mgr.ConfKeyManager is not a stevedore based driver, trying to load it as a class: stevedore.exception.NoMatches: No 'castellan.drivers' driver found, looking for 'cinder.keymgr.conf_key_mgr.ConfKeyManager'
Sep 07 09:37:45 devstack devstack@c-api.service[74923]: WARNING stevedore.named [None req-8f732d83-b3a8-4bc9-a466-13b91583b20e None None] Could not load cinder.keymgr.conf_key_mgr.ConfKeyManager
Sep 07 09:37:45 devstack devstack@c-api.service[74923]: WARNING castellan.key_manager [None req-8f732d83-b3a8-4bc9-a466-13b91583b20e None None] Deprecation Warning : cinder.keymgr.conf_key_mgr.ConfKeyManager is not a stevedore based driver, trying to load it as a class: stevedore.exception.NoMatches: No 'castellan.drivers' driver found, looking for 'cinder.keymgr.conf_key_mgr.ConfKeyManager'
Sep 07 09:37:45 devstack devstack@c-api.service[74923]: DEBUG cinder.api.contrib.snapshot_actions [None req-8f732d83-b3a8-4bc9-a466-13b91583b20e None None] SnapshotActionsController initialized {{(pid=74923) __init__ /opt/stack/cinder/cinder/api/contrib/snapshot_actions.py:33}}
Sep 07 09:37:45 devstack devstack@c-api.service[74923]: DEBUG cinder.api.v3.router [None req-8f732d83-b3a8-4bc9-a466-13b91583b20e None None] Extension VolumeHostAttribute extending resource: volumes {{(pid=74923) _setup_extensions /opt/stack/cinder/cinder/api/v3/router.py:155}}
Sep 07 09:37:45 devstack devstack@c-api.service[74923]: DEBUG cinder.api.v3.router [None req-8f732d83-b3a8-4bc9-a466-13b91583b20e None None] Extension AdminActions extending resource: volumes {{(pid=74923) _setup_extensions /opt/stack/cinder/cinder/api/v3/router.py:155}}
Sep 07 09:37:45 devstack devstack@c-api.service[74923]: DEBUG cinder.api.v3.router [None req-8f732d83-b3a8-4bc9-a466-13b91583b20e None None] Extension AdminActions extending resource: snapshots {{(pid=74923) _setup_extensions /opt/stack/cinder/cinder/api/v3/router.py:155}}
Sep 07 09:37:45 devstack devstack@c-api.service[74923]: DEBUG cinder.api.v3.router [None req-8f732d83-b3a8-4bc9-a466-13b91583b20e None None] Extension AdminActions extending resource: backups {{(pid=74923) _setup_extensions /opt/stack/cinder/cinder/api/v3/router.py:155}}
Sep 07 09:37:45 devstack devstack@c-api.service[74923]: DEBUG cinder.api.v3.router [None req-8f732d83-b3a8-4bc9-a466-13b91583b20e None None] Extension VolumeTypeEncryption extending resource: types {{(pid=74923) _setup_extensions /opt/stack/cinder/cinder/api/v3/router.py:155}}
Sep 07 09:37:45 devstack devstack@c-api.service[74923]: DEBUG cinder.api.v3.router [None req-8f732d83-b3a8-4bc9-a466-13b91583b20e None None] Extension VolumeTenantAttribute extending resource: volumes {{(pid=74923) _setup_extensions /opt/stack/cinder/cinder/api/v3/router.py:155}}
Sep 07 09:37:45 devstack devstack@c-api.service[74923]: DEBUG cinder.api.v3.router [None req-8f732d83-b3a8-4bc9-a466-13b91583b20e None None] Extension VolumeActions extending resource: volumes {{(pid=74923) _setup_extensions /opt/stack/cinder/cinder/api/v3/router.py:155}}
Sep 07 09:37:45 devstack devstack@c-api.service[74923]: DEBUG cinder.api.v3.router [None req-8f732d83-b3a8-4bc9-a466-13b91583b20e None None] Extension ExtendedSnapshotAttributes extending resource: snapshots {{(pid=74923) _setup_extensions /opt/stack/cinder/cinder/api/v3/router.py:155}}
Sep 07 09:37:45 devstack devstack@c-api.service[74923]: DEBUG cinder.api.v3.router [None req-8f732d83-b3a8-4bc9-a466-13b91583b20e None None] Extension VolumeUnmanage extending resource: volumes {{(pid=74923) _setup_extensions /opt/stack/cinder/cinder/api/v3/router.py:155}}
Sep 07 09:37:45 devstack devstack@c-api.service[74923]: DEBUG cinder.api.v3.router [None req-8f732d83-b3a8-4bc9-a466-13b91583b20e None None] Extension VolumeImageMetadata extending resource: volumes {{(pid=74923) _setup_extensions /opt/stack/cinder/cinder/api/v3/router.py:155}}
Sep 07 09:37:45 devstack devstack@c-api.service[74923]: DEBUG cinder.api.v3.router [None req-8f732d83-b3a8-4bc9-a466-13b91583b20e None None] Extension UsedLimits extending resource: limits {{(pid=74923) _setup_extensions /opt/stack/cinder/cinder/api/v3/router.py:155}}
Sep 07 09:37:45 devstack devstack@c-api.service[74923]: DEBUG cinder.api.v3.router [None req-8f732d83-b3a8-4bc9-a466-13b91583b20e None None] Extension SnapshotUnmanage extending resource: snapshots {{(pid=74923) _setup_extensions /opt/stack/cinder/cinder/api/v3/router.py:155}}
Sep 07 09:37:45 devstack devstack@c-api.service[74923]: DEBUG cinder.api.v3.router [None req-8f732d83-b3a8-4bc9-a466-13b91583b20e None None] Extension TypesManage extending resource: types {{(pid=74923) _setup_extensions /opt/stack/cinder/cinder/api/v3/router.py:155}}
Sep 07 09:37:45 devstack devstack@c-api.service[74923]: DEBUG cinder.api.v3.router [None req-8f732d83-b3a8-4bc9-a466-13b91583b20e None None] Extension VolumeMigStatusAttribute extending resource: volumes {{(pid=74923) _setup_extensions /opt/stack/cinder/cinder/api/v3/router.py:155}}
Sep 07 09:37:45 devstack devstack@c-api.service[74923]: DEBUG cinder.api.v3.router [None req-8f732d83-b3a8-4bc9-a466-13b91583b20e None None] Extension SnapshotActions extending resource: snapshots {{(pid=74923) _setup_extensions /opt/stack/cinder/cinder/api/v3/router.py:155}}
Sep 07 09:37:45 devstack devstack@c-api.service[74923]: DEBUG cinder.api.v3.router [None req-8f732d83-b3a8-4bc9-a466-13b91583b20e None None] Extension VolumeTypeAccess extending resource: types {{(pid=74923) _setup_extensions /opt/stack/cinder/cinder/api/v3/router.py:155}}
Sep 07 09:37:45 devstack devstack@c-api.service[74924]: WSGI app 0 (mountpoint='') ready in 5 seconds on interpreter 0x789d520a4668 pid: 74924 (default app)
Sep 07 09:37:45 devstack devstack@c-api.service[74924]: DEBUG cinder.api.middleware.request_id [None req-2d5de811-48dc-43ea-a474-0be3dcd4bf61 None None] RequestId filter calling following filter/app {{(pid=74924) _context_setter /opt/stack/cinder/cinder/api/middleware/request_id.py:62}}
Sep 07 09:37:45 devstack devstack@c-api.service[74923]: WSGI app 0 (mountpoint='') ready in 5 seconds on interpreter 0x789d520a4668 pid: 74923 (default app)
Sep 07 09:37:45 devstack devstack@c-api.service[74924]: [pid: 74924|app: 0|req: 1/1] 192.168.122.65 () {50 vars in 780 bytes} [Mon Sep 7 09:37:45 2026] GET /volume/v3/ => generated 114 bytes in 26 msecs (HTTP/1.1 401) 5 headers in 232 bytes (1 switches on core 0)
Sep 07 09:37:53 devstack devstack@c-api.service[74923]: DEBUG cinder.api.middleware.request_id [None req-e695a5db-b060-448b-91f9-118bd8a5adcd None None] RequestId filter calling following filter/app {{(pid=74923) _context_setter /opt/stack/cinder/cinder/api/middleware/request_id.py:62}}
Sep 07 09:37:54 devstack devstack@c-api.service[74923]: INFO cinder.api.openstack.wsgi [None req-e695a5db-b060-448b-91f9-118bd8a5adcd admin admin] POST http://192.168.122.65/volume/v3/types
Sep 07 09:37:54 devstack devstack@c-api.service[74923]: DEBUG cinder.api.openstack.wsgi [None req-e695a5db-b060-448b-91f9-118bd8a5adcd admin admin] Action: 'create', calling method: _create, body: {"volume_type": {"name": "lvmdriver-1", "description": null}} {{(pid=74923) _process_stack /opt/stack/cinder/cinder/api/openstack/wsgi.py:876}}
Sep 07 09:37:54 devstack devstack@c-api.service[74923]: /opt/stack/data/venv/lib/python3.12/site-packages/oslo_context/context.py:102: DeprecationWarning: Policy enforcement is depending on the value of is_admin. This key is deprecated. Please update your policy file to use the standard policy values.
Sep 07 09:37:54 devstack devstack@c-api.service[74923]: warnings.warn(
Sep 07 09:37:54 devstack devstack@c-api.service[74923]: DEBUG oslo_db.sqlalchemy.engines [None req-e695a5db-b060-448b-91f9-118bd8a5adcd admin admin] MySQL server mode set to STRICT_TRANS_TABLES,STRICT_ALL_TABLES,NO_ZERO_IN_DATE,NO_ZERO_DATE,ERROR_FOR_DIVISION_BY_ZERO,TRADITIONAL,NO_ENGINE_SUBSTITUTION {{(pid=74923) _check_effective_sql_mode /opt/stack/data/venv/lib/python3.12/site-packages/oslo_db/sqlalchemy/engines.py:325}}
Sep 07 09:37:54 devstack devstack@c-api.service[74923]: INFO cinder.api.openstack.wsgi [None req-e695a5db-b060-448b-91f9-118bd8a5adcd admin admin] http://192.168.122.65/volume/v3/types returned with HTTP 200
Sep 07 09:37:54 devstack devstack@c-api.service[74923]: [pid: 74923|app: 0|req: 1/2] 192.168.122.65 () {60 vars in 1186 bytes} [Mon Sep 7 09:37:52 2026] POST /volume/v3/types => generated 186 bytes in 1277 msecs (HTTP/1.1 200) 7 headers in 285 bytes (1 switches on core 0)
Sep 07 09:37:54 devstack devstack@c-api.service[74924]: DEBUG cinder.api.middleware.request_id [None req-41e19d30-88a2-4e7d-95e4-e7ba92cbe153 None None] RequestId filter calling following filter/app {{(pid=74924) _context_setter /opt/stack/cinder/cinder/api/middleware/request_id.py:62}}
Sep 07 09:37:54 devstack devstack@c-api.service[74924]: INFO cinder.api.openstack.wsgi [None req-41e19d30-88a2-4e7d-95e4-e7ba92cbe153 admin admin] POST http://192.168.122.65/volume/v3/types/d655ca7c-ec73-4f10-9d1f-ae1e90a22059/extra_specs
Sep 07 09:37:54 devstack devstack@c-api.service[74924]: DEBUG cinder.api.openstack.wsgi [None req-41e19d30-88a2-4e7d-95e4-e7ba92cbe153 admin admin] Action: 'create', calling method: create, body: {"extra_specs": {"volume_backend_name": "lvmdriver-1"}} {{(pid=74924) _process_stack /opt/stack/cinder/cinder/api/openstack/wsgi.py:876}}
Sep 07 09:37:54 devstack devstack@c-api.service[74924]: /opt/stack/data/venv/lib/python3.12/site-packages/oslo_context/context.py:102: DeprecationWarning: Policy enforcement is depending on the value of is_admin. This key is deprecated. Please update your policy file to use the standard policy values.
Sep 07 09:37:54 devstack devstack@c-api.service[74924]: warnings.warn(
Sep 07 09:37:54 devstack devstack@c-api.service[74924]: DEBUG oslo_db.sqlalchemy.engines [None req-41e19d30-88a2-4e7d-95e4-e7ba92cbe153 admin admin] MySQL server mode set to STRICT_TRANS_TABLES,STRICT_ALL_TABLES,NO_ZERO_IN_DATE,NO_ZERO_DATE,ERROR_FOR_DIVISION_BY_ZERO,TRADITIONAL,NO_ENGINE_SUBSTITUTION {{(pid=74924) _check_effective_sql_mode /opt/stack/data/venv/lib/python3.12/site-packages/oslo_db/sqlalchemy/engines.py:325}}
Sep 07 09:37:55 devstack devstack@c-api.service[74924]: INFO cinder.api.openstack.wsgi [None req-41e19d30-88a2-4e7d-95e4-e7ba92cbe153 admin admin] http://192.168.122.65/volume/v3/types/d655ca7c-ec73-4f10-9d1f-ae1e90a22059/extra_specs returned with HTTP 200
Sep 07 09:37:55 devstack devstack@c-api.service[74924]: [pid: 74924|app: 0|req: 2/3] 192.168.122.65 () {60 vars in 1333 bytes} [Mon Sep 7 09:37:54 2026] POST /volume/v3/types/d655ca7c-ec73-4f10-9d1f-ae1e90a22059/extra_specs => generated 55 bytes in 809 msecs (HTTP/1.1 200) 7 headers in 284 bytes (1 switches on core 0)
Sep 07 09:38:04 devstack devstack@c-api.service[74923]: DEBUG dbcounter [-] [74923] Writing DB stats cinder:SELECT=9,cinder:INSERT=1 {{(pid=74923) stat_writer /opt/stack/data/venv/lib/python3.12/site-packages/dbcounter.py:115}}
Sep 07 09:38:05 devstack devstack@c-api.service[74924]: DEBUG dbcounter [-] [74924] Writing DB stats cinder:SELECT=11,cinder:INSERT=1 {{(pid=74924) stat_writer /opt/stack/data/venv/lib/python3.12/site-packages/dbcounter.py:115}}
Sep 07 09:38:36 devstack devstack@c-api.service[74923]: DEBUG cinder.api.middleware.request_id [None req-94121ae0-f2f2-4c27-adfd-0e47e1fee0d4 None None] RequestId filter calling following filter/app {{(pid=74923) _context_setter /opt/stack/cinder/cinder/api/middleware/request_id.py:62}}
Sep 07 09:38:36 devstack devstack@c-api.service[74923]: INFO cinder.api.openstack.wsgi [None req-94121ae0-f2f2-4c27-adfd-0e47e1fee0d4 None None] GET http://192.168.122.65/volume//
Sep 07 09:38:36 devstack devstack@c-api.service[74923]: DEBUG cinder.api.openstack.wsgi [None req-94121ae0-f2f2-4c27-adfd-0e47e1fee0d4 None None] Empty body provided in request {{(pid=74923) get_body /opt/stack/cinder/cinder/api/openstack/wsgi.py:725}}
Sep 07 09:38:36 devstack devstack@c-api.service[74923]: DEBUG cinder.api.openstack.wsgi [None req-94121ae0-f2f2-4c27-adfd-0e47e1fee0d4 None None] Calling method 'all' {{(pid=74923) _process_stack /opt/stack/cinder/cinder/api/openstack/wsgi.py:878}}
Sep 07 09:38:36 devstack devstack@c-api.service[74923]: INFO cinder.api.openstack.wsgi [None req-94121ae0-f2f2-4c27-adfd-0e47e1fee0d4 None None] http://192.168.122.65/volume// returned with HTTP 300
Sep 07 09:38:36 devstack devstack@c-api.service[74923]: [pid: 74923|app: 0|req: 2/4] 192.168.122.65 () {58 vars in 1309 bytes} [Mon Sep 7 09:38:36 2026] GET /volume/ => generated 389 bytes in 5 msecs (HTTP/1.1 300) 7 headers in 299 bytes (1 switches on core 0)
Sep 07 09:40:23 devstack devstack@c-api.service[74924]: DEBUG cinder.api.middleware.request_id [None req-753bb159-47ab-4b5b-9a9d-4839bebfd652 None None] RequestId filter calling following filter/app {{(pid=74924) _context_setter /opt/stack/cinder/cinder/api/middleware/request_id.py:62}}
Sep 07 09:40:23 devstack devstack@c-api.service[74924]: INFO cinder.api.openstack.wsgi [None req-753bb159-47ab-4b5b-9a9d-4839bebfd652 tempest-verify_tempest_config-22168861 tempest-verify_tempest_config-22168861-project-member] GET http://192.168.122.65/volume/v3/extensions
Sep 07 09:40:23 devstack devstack@c-api.service[74924]: DEBUG cinder.api.openstack.wsgi [None req-753bb159-47ab-4b5b-9a9d-4839bebfd652 tempest-verify_tempest_config-22168861 tempest-verify_tempest_config-22168861-project-member] Empty body provided in request {{(pid=74924) get_body /opt/stack/cinder/cinder/api/openstack/wsgi.py:725}}
Sep 07 09:40:23 devstack devstack@c-api.service[74924]: DEBUG cinder.api.openstack.wsgi [None req-753bb159-47ab-4b5b-9a9d-4839bebfd652 tempest-verify_tempest_config-22168861 tempest-verify_tempest_config-22168861-project-member] Calling method 'index' {{(pid=74924) _process_stack /opt/stack/cinder/cinder/api/openstack/wsgi.py:878}}
Sep 07 09:40:23 devstack devstack@c-api.service[74924]: INFO cinder.api.openstack.wsgi [None req-753bb159-47ab-4b5b-9a9d-4839bebfd652 tempest-verify_tempest_config-22168861 tempest-verify_tempest_config-22168861-project-member] http://192.168.122.65/volume/v3/extensions returned with HTTP 200
Sep 07 09:40:23 devstack devstack@c-api.service[74924]: [pid: 74924|app: 0|req: 3/5] 192.168.122.65 () {58 vars in 1125 bytes} [Mon Sep 7 09:40:23 2026] GET /volume/v3/extensions => generated 5245 bytes in 217 msecs (HTTP/1.1 200) 7 headers in 286 bytes (1 switches on core 0)
Sep 07 09:40:30 devstack devstack@c-api.service[74923]: DEBUG cinder.api.middleware.request_id [None req-2e90ed4a-8db9-4b07-aaf2-4cc1296e94f6 None None] RequestId filter calling following filter/app {{(pid=74923) _context_setter /opt/stack/cinder/cinder/api/middleware/request_id.py:62}}
Sep 07 09:40:31 devstack devstack@c-api.service[74923]: INFO cinder.api.openstack.wsgi [None req-2e90ed4a-8db9-4b07-aaf2-4cc1296e94f6 demo admin] POST http://192.168.122.65/volume/v3/types
Sep 07 09:40:31 devstack devstack@c-api.service[74923]: DEBUG cinder.api.openstack.wsgi [None req-2e90ed4a-8db9-4b07-aaf2-4cc1296e94f6 demo admin] Action: 'create', calling method: _create, body: {"volume_type": {"description": null, "name": "QuobyteHD"}} {{(pid=74923) _process_stack /opt/stack/cinder/cinder/api/openstack/wsgi.py:876}}
Sep 07 09:40:31 devstack devstack@c-api.service[74923]: INFO cinder.api.openstack.wsgi [None req-2e90ed4a-8db9-4b07-aaf2-4cc1296e94f6 demo admin] http://192.168.122.65/volume/v3/types returned with HTTP 200
Sep 07 09:40:31 devstack devstack@c-api.service[74923]: [pid: 74923|app: 0|req: 3/6] 192.168.122.65 () {60 vars in 1186 bytes} [Mon Sep 7 09:40:30 2026] POST /volume/v3/types => generated 184 bytes in 153 msecs (HTTP/1.1 200) 7 headers in 285 bytes (1 switches on core 0)
Sep 07 09:40:41 devstack devstack@c-api.service[74923]: DEBUG dbcounter [-] [74923] Writing DB stats cinder:SELECT=3,cinder:INSERT=1 {{(pid=74923) stat_writer /opt/stack/data/venv/lib/python3.12/site-packages/dbcounter.py:115}}
Sep 07 09:42:28 devstack devstack@c-api.service[74922]: Mon Sep 7 09:42:28 2026 - graceful shutdown triggered...
Sep 07 09:42:28 devstack devstack@c-api.service[74923]: Gracefully killing worker 1 (pid: 74923)...
Sep 07 09:42:28 devstack devstack@c-api.service[74924]: Gracefully killing worker 2 (pid: 74924)...
Sep 07 09:42:29 devstack devstack@c-api.service[74922]: worker 1 buried after 1 seconds
Sep 07 09:42:29 devstack devstack@c-api.service[74922]: worker 2 buried after 1 seconds
Sep 07 09:42:29 devstack devstack@c-api.service[74922]: goodbye to uWSGI.
Sep 07 09:42:29 devstack devstack@c-api.service[86603]: [uWSGI] getting INI configuration from /etc/cinder/cinder-api-uwsgi.ini
Sep 07 09:42:29 devstack devstack@c-api.service[86603]: *** Starting uWSGI 2.0.24-debian (64bit) on [Mon Sep 7 09:42:29 2026] ***
Sep 07 09:42:29 devstack devstack@c-api.service[86603]: compiled with version: 13.2.0 on 17 April 2024 16:23:48
Sep 07 09:42:29 devstack devstack@c-api.service[86603]: os: Linux-6.8.0-138-generic #138-Ubuntu SMP PREEMPT_DYNAMIC Fri Jul 31 22:41:49 UTC 2026
Sep 07 09:42:29 devstack devstack@c-api.service[86603]: nodename: devstack
Sep 07 09:42:29 devstack devstack@c-api.service[86603]: machine: x86_64
Sep 07 09:42:29 devstack devstack@c-api.service[86603]: clock source: unix
Sep 07 09:42:29 devstack devstack@c-api.service[86603]: pcre jit disabled
Sep 07 09:42:29 devstack devstack@c-api.service[86603]: detected number of CPU cores: 4
Sep 07 09:42:29 devstack devstack@c-api.service[86603]: current working directory: /
Sep 07 09:42:29 devstack devstack@c-api.service[86603]: detected binary path: /usr/bin/uwsgi-core
Sep 07 09:42:29 devstack devstack@c-api.service[86603]: your processes number limit is 47518
Sep 07 09:42:29 devstack devstack@c-api.service[86603]: your memory page size is 4096 bytes
Sep 07 09:42:29 devstack devstack@c-api.service[86603]: detected max file descriptor number: 2048
Sep 07 09:42:29 devstack devstack@c-api.service[86603]: lock engine: pthread robust mutexes
Sep 07 09:42:29 devstack devstack@c-api.service[86603]: thunder lock: enabled
Sep 07 09:42:29 devstack devstack@c-api.service[86603]: uwsgi socket 0 bound to UNIX address /var/run/uwsgi/cinder-api.socket fd 4
Sep 07 09:42:29 devstack devstack@c-api.service[86603]: Python version: 3.12.3 (main, Jul 15 2026, 23:46:41) [GCC 13.3.0]
Sep 07 09:42:29 devstack devstack@c-api.service[86603]: PEP 405 virtualenv detected: /opt/stack/data/venv
Sep 07 09:42:29 devstack devstack@c-api.service[86603]: Set PythonHome to /opt/stack/data/venv
Sep 07 09:42:29 devstack devstack@c-api.service[86603]: Python main interpreter initialized at 0x760fccca4668
Sep 07 09:42:29 devstack devstack@c-api.service[86603]: python threads support enabled
Sep 07 09:42:29 devstack devstack@c-api.service[86603]: your server socket listen backlog is limited to 100 connections
Sep 07 09:42:29 devstack devstack@c-api.service[86603]: your mercy for graceful operations on workers is 80 seconds
Sep 07 09:42:29 devstack devstack@c-api.service[86603]: mapped 403077 bytes (393 KB) for 2 cores
Sep 07 09:42:29 devstack devstack@c-api.service[86603]: *** Operational MODE: preforking ***
Sep 07 09:42:29 devstack devstack@c-api.service[86603]: *** uWSGI is running in multiple interpreter mode ***
Sep 07 09:42:29 devstack devstack@c-api.service[86603]: spawned uWSGI master process (pid: 86603)
Sep 07 09:42:29 devstack devstack@c-api.service[86603]: spawned uWSGI worker 1 (pid: 86604, cores: 1)
Sep 07 09:42:29 devstack devstack@c-api.service[86603]: spawned uWSGI worker 2 (pid: 86605, cores: 1)
Sep 07 09:42:29 devstack devstack@c-api.service[86603]: running "unix_signal:15 gracefully_kill_them_all" (master-start)...
Sep 07 09:42:30 devstack devstack@c-api.service[86605]: /opt/stack/cinder/cinder/__init__.py:21: EventletDeprecationWarning:
Sep 07 09:42:30 devstack devstack@c-api.service[86605]: Eventlet is deprecated. It is currently being maintained in bugfix mode, and
Sep 07 09:42:30 devstack devstack@c-api.service[86605]: we strongly recommend against using it for new projects.
Sep 07 09:42:30 devstack devstack@c-api.service[86605]: If you are already using Eventlet, we recommend migrating to a different
Sep 07 09:42:30 devstack devstack@c-api.service[86605]: framework. For more detail see
Sep 07 09:42:30 devstack devstack@c-api.service[86605]: https://eventlet.readthedocs.io/en/latest/asyncio/migration.html
Sep 07 09:42:30 devstack devstack@c-api.service[86605]: import eventlet # noqa
Sep 07 09:42:30 devstack devstack@c-api.service[86604]: /opt/stack/cinder/cinder/__init__.py:21: EventletDeprecationWarning:
Sep 07 09:42:30 devstack devstack@c-api.service[86604]: Eventlet is deprecated. It is currently being maintained in bugfix mode, and
Sep 07 09:42:30 devstack devstack@c-api.service[86604]: we strongly recommend against using it for new projects.
Sep 07 09:42:30 devstack devstack@c-api.service[86604]: If you are already using Eventlet, we recommend migrating to a different
Sep 07 09:42:30 devstack devstack@c-api.service[86604]: framework. For more detail see
Sep 07 09:42:30 devstack devstack@c-api.service[86604]: https://eventlet.readthedocs.io/en/latest/asyncio/migration.html
Sep 07 09:42:30 devstack devstack@c-api.service[86604]: import eventlet # noqa
Sep 07 09:42:30 devstack devstack@c-api.service[86605]: /opt/stack/data/venv/lib/python3.12/site-packages/webob/compat.py:5: DeprecationWarning: 'cgi' is deprecated and slated for removal in Python 3.13
Sep 07 09:42:30 devstack devstack@c-api.service[86605]: from cgi import parse_header
Sep 07 09:42:30 devstack devstack@c-api.service[86604]: /opt/stack/data/venv/lib/python3.12/site-packages/webob/compat.py:5: DeprecationWarning: 'cgi' is deprecated and slated for removal in Python 3.13
Sep 07 09:42:30 devstack devstack@c-api.service[86604]: from cgi import parse_header
Sep 07 09:42:30 devstack devstack@c-api.service[86605]: /opt/stack/data/venv/lib/python3.12/site-packages/oslo_utils/eventletutils.py:34: DeprecationWarning: eventletutils module is deprecated and will be removed.
Sep 07 09:42:30 devstack devstack@c-api.service[86605]: warnings.warn(
Sep 07 09:42:30 devstack devstack@c-api.service[86604]: /opt/stack/data/venv/lib/python3.12/site-packages/oslo_utils/eventletutils.py:34: DeprecationWarning: eventletutils module is deprecated and will be removed.
Sep 07 09:42:30 devstack devstack@c-api.service[86604]: warnings.warn(
Sep 07 09:42:30 devstack devstack@c-api.service[86604]: /opt/stack/data/venv/lib/python3.12/site-packages/oslo_service/eventlet_backdoor.py:36: DeprecationWarning: The 'oslo_service.eventlet_backdoor' module usage is deprecated and will be removed in version '2026.2': The 'eventlet_backdoor' module is deprecated and will be removed in version 2026.2. This module is not being replaced. Please migrate away from using it and remove any dependencies on this module.
Sep 07 09:42:30 devstack devstack@c-api.service[86604]: removals.removed_module(
Sep 07 09:42:30 devstack devstack@c-api.service[86605]: /opt/stack/data/venv/lib/python3.12/site-packages/oslo_service/eventlet_backdoor.py:36: DeprecationWarning: The 'oslo_service.eventlet_backdoor' module usage is deprecated and will be removed in version '2026.2': The 'eventlet_backdoor' module is deprecated and will be removed in version 2026.2. This module is not being replaced. Please migrate away from using it and remove any dependencies on this module.
Sep 07 09:42:30 devstack devstack@c-api.service[86605]: removals.removed_module(
Sep 07 09:42:30 devstack devstack@c-api.service[86604]: /opt/stack/data/venv/lib/python3.12/site-packages/oslo_service/sslutils.py:24: DeprecationWarning: The 'oslo_service.sslutils' module usage is deprecated and will be removed in version '2026.2': The 'oslo_service.sslutils' module is deprecated and will be removed in version 2026.2.
Sep 07 09:42:30 devstack devstack@c-api.service[86604]: removals.removed_module(
Sep 07 09:42:30 devstack devstack@c-api.service[86605]: /opt/stack/data/venv/lib/python3.12/site-packages/oslo_service/sslutils.py:24: DeprecationWarning: The 'oslo_service.sslutils' module usage is deprecated and will be removed in version '2026.2': The 'oslo_service.sslutils' module is deprecated and will be removed in version 2026.2.
Sep 07 09:42:30 devstack devstack@c-api.service[86605]: removals.removed_module(
Sep 07 09:42:33 devstack devstack@c-api.service[86604]: /opt/stack/data/venv/lib/python3.12/site-packages/oslo_policy/policy.py:1630: DeprecationWarning: volume_extension:quotas:show deprecated without deprecated_reason or deprecated_since. This will be an error in a future release
Sep 07 09:42:33 devstack devstack@c-api.service[86604]: warnings.warn(
Sep 07 09:42:33 devstack devstack@c-api.service[86605]: /opt/stack/data/venv/lib/python3.12/site-packages/oslo_policy/policy.py:1630: DeprecationWarning: volume_extension:quotas:show deprecated without deprecated_reason or deprecated_since. This will be an error in a future release
Sep 07 09:42:33 devstack devstack@c-api.service[86605]: warnings.warn(
Sep 07 09:42:33 devstack devstack@c-api.service[86604]: /opt/stack/data/venv/lib/python3.12/site-packages/eventlet/__init__.py:83: DeprecationWarning: Using fork() is a bad idea, and there is no guarantee eventlet will work. See https://eventlet.readthedocs.io/en/latest/fork.html for more details.
Sep 07 09:42:33 devstack devstack@c-api.service[86604]: warnings.warn(
Sep 07 09:42:33 devstack devstack@c-api.service[86605]: /opt/stack/data/venv/lib/python3.12/site-packages/eventlet/__init__.py:83: DeprecationWarning: Using fork() is a bad idea, and there is no guarantee eventlet will work. See https://eventlet.readthedocs.io/en/latest/fork.html for more details.
Sep 07 09:42:33 devstack devstack@c-api.service[86605]: warnings.warn(
Sep 07 09:42:33 devstack devstack@c-api.service[86604]: WARNING oslo_config.cfg [-] Deprecated: Option "api_paste_config" from group "DEFAULT" is deprecated for removal (The 'api_paste_config' option is deprecated and will be removed in a future release.). Its value may be silently ignored in the future.
Sep 07 09:42:33 devstack devstack@c-api.service[86604]: DEBUG oslo.service.wsgi [-] Loading app osapi_volume from /etc/cinder/api-paste.ini {{(pid=86604) load_app /opt/stack/data/venv/lib/python3.12/site-packages/oslo_service/wsgi.py:380}}
Sep 07 09:42:33 devstack devstack@c-api.service[86605]: WARNING oslo_config.cfg [-] Deprecated: Option "api_paste_config" from group "DEFAULT" is deprecated for removal (The 'api_paste_config' option is deprecated and will be removed in a future release.). Its value may be silently ignored in the future.
Sep 07 09:42:33 devstack devstack@c-api.service[86605]: DEBUG oslo.service.wsgi [-] Loading app osapi_volume from /etc/cinder/api-paste.ini {{(pid=86605) load_app /opt/stack/data/venv/lib/python3.12/site-packages/oslo_service/wsgi.py:380}}
Sep 07 09:42:33 devstack devstack@c-api.service[86604]: /opt/stack/cinder/cinder/api/validation/validators.py:126: DeprecationWarning: FormatChecker.cls_checks is deprecated. Call FormatChecker.checks on a specific FormatChecker instance instead.
Sep 07 09:42:33 devstack devstack@c-api.service[86604]: @jsonschema.FormatChecker.cls_checks('date-time')
Sep 07 09:42:34 devstack devstack@c-api.service[86605]: /opt/stack/cinder/cinder/api/validation/validators.py:126: DeprecationWarning: FormatChecker.cls_checks is deprecated. Call FormatChecker.checks on a specific FormatChecker instance instead.
Sep 07 09:42:34 devstack devstack@c-api.service[86605]: @jsonschema.FormatChecker.cls_checks('date-time')
Sep 07 09:42:34 devstack devstack@c-api.service[86604]: DEBUG cinder.api.extensions [-] Initializing extension manager. {{(pid=86604) __init__ /opt/stack/cinder/cinder/api/extensions.py:120}}
Sep 07 09:42:34 devstack devstack@c-api.service[86604]: DEBUG cinder.api.extensions [-] Loading extension cinder.api.contrib.standard_extensions {{(pid=86604) load_extension /opt/stack/cinder/cinder/api/extensions.py:194}}
Sep 07 09:42:34 devstack devstack@c-api.service[86604]: DEBUG cinder.api.extensions [-] Calling extension factory cinder.api.contrib.standard_extensions {{(pid=86604) load_extension /opt/stack/cinder/cinder/api/extensions.py:200}}
Sep 07 09:42:34 devstack devstack@c-api.service[86604]: DEBUG cinder.api.extensions [-] Loading extension cinder.api.contrib.volume_manage.Volume_manage {{(pid=86604) load_extension /opt/stack/cinder/cinder/api/extensions.py:194}}
Sep 07 09:42:34 devstack devstack@c-api.service[86604]: DEBUG cinder.api.extensions [-] Calling extension factory cinder.api.contrib.volume_manage.Volume_manage {{(pid=86604) load_extension /opt/stack/cinder/cinder/api/extensions.py:200}}
Sep 07 09:42:34 devstack devstack@c-api.service[86604]: DEBUG cinder.api.extensions [-] Ext name: VolumeManage {{(pid=86604) _check_extension /opt/stack/cinder/cinder/api/extensions.py:174}}
Sep 07 09:42:34 devstack devstack@c-api.service[86604]: DEBUG cinder.api.extensions [-] Ext alias: os-volume-manage {{(pid=86604) _check_extension /opt/stack/cinder/cinder/api/extensions.py:175}}
Sep 07 09:42:34 devstack devstack@c-api.service[86604]: DEBUG cinder.api.extensions [-] Ext description: Allows existing backend storage to be 'managed' by Cinder. {{(pid=86604) _check_extension /opt/stack/cinder/cinder/api/extensions.py:176}}
Sep 07 09:42:34 devstack devstack@c-api.service[86604]: DEBUG cinder.api.extensions [-] Ext updated: 2014-02-10T00:00:00+00:00 {{(pid=86604) _check_extension /opt/stack/cinder/cinder/api/extensions.py:178}}
Sep 07 09:42:34 devstack devstack@c-api.service[86604]: DEBUG cinder.api.extensions [-] Loaded extension: os-volume-manage {{(pid=86604) register /opt/stack/cinder/cinder/api/extensions.py:135}}
Sep 07 09:42:34 devstack devstack@c-api.service[86604]: DEBUG cinder.api.extensions [-] Loading extension cinder.api.contrib.quota_classes.Quota_classes {{(pid=86604) load_extension /opt/stack/cinder/cinder/api/extensions.py:194}}
Sep 07 09:42:34 devstack devstack@c-api.service[86604]: DEBUG cinder.api.extensions [-] Calling extension factory cinder.api.contrib.quota_classes.Quota_classes {{(pid=86604) load_extension /opt/stack/cinder/cinder/api/extensions.py:200}}
Sep 07 09:42:34 devstack devstack@c-api.service[86604]: DEBUG cinder.api.extensions [-] Ext name: QuotaClasses {{(pid=86604) _check_extension /opt/stack/cinder/cinder/api/extensions.py:174}}
Sep 07 09:42:34 devstack devstack@c-api.service[86604]: DEBUG cinder.api.extensions [-] Ext alias: os-quota-class-sets {{(pid=86604) _check_extension /opt/stack/cinder/cinder/api/extensions.py:175}}
Sep 07 09:42:34 devstack devstack@c-api.service[86604]: DEBUG cinder.api.extensions [-] Ext description: Quota classes management support. {{(pid=86604) _check_extension /opt/stack/cinder/cinder/api/extensions.py:176}}
Sep 07 09:42:34 devstack devstack@c-api.service[86604]: DEBUG cinder.api.extensions [-] Ext updated: 2012-03-12T00:00:00+00:00 {{(pid=86604) _check_extension /opt/stack/cinder/cinder/api/extensions.py:178}}
Sep 07 09:42:34 devstack devstack@c-api.service[86604]: DEBUG cinder.api.extensions [-] Loaded extension: os-quota-class-sets {{(pid=86604) register /opt/stack/cinder/cinder/api/extensions.py:135}}
Sep 07 09:42:34 devstack devstack@c-api.service[86604]: DEBUG cinder.api.extensions [-] Loading extension cinder.api.contrib.volume_host_attribute.Volume_host_attribute {{(pid=86604) load_extension /opt/stack/cinder/cinder/api/extensions.py:194}}
Sep 07 09:42:34 devstack devstack@c-api.service[86604]: DEBUG cinder.api.extensions [-] Calling extension factory cinder.api.contrib.volume_host_attribute.Volume_host_attribute {{(pid=86604) load_extension /opt/stack/cinder/cinder/api/extensions.py:200}}
Sep 07 09:42:34 devstack devstack@c-api.service[86604]: DEBUG cinder.api.extensions [-] Ext name: VolumeHostAttribute {{(pid=86604) _check_extension /opt/stack/cinder/cinder/api/extensions.py:174}}
Sep 07 09:42:34 devstack devstack@c-api.service[86604]: DEBUG cinder.api.extensions [-] Ext alias: os-vol-host-attr {{(pid=86604) _check_extension /opt/stack/cinder/cinder/api/extensions.py:175}}
Sep 07 09:42:34 devstack devstack@c-api.service[86604]: DEBUG cinder.api.extensions [-] Ext description: Expose host as an attribute of a volume. {{(pid=86604) _check_extension /opt/stack/cinder/cinder/api/extensions.py:176}}
Sep 07 09:42:34 devstack devstack@c-api.service[86604]: DEBUG cinder.api.extensions [-] Ext updated: 2011-11-03T00:00:00+00:00 {{(pid=86604) _check_extension /opt/stack/cinder/cinder/api/extensions.py:178}}
Sep 07 09:42:34 devstack devstack@c-api.service[86604]: DEBUG cinder.api.extensions [-] Loaded extension: os-vol-host-attr {{(pid=86604) register /opt/stack/cinder/cinder/api/extensions.py:135}}
Sep 07 09:42:34 devstack devstack@c-api.service[86604]: DEBUG cinder.api.extensions [-] Loading extension cinder.api.contrib.hosts.Hosts {{(pid=86604) load_extension /opt/stack/cinder/cinder/api/extensions.py:194}}
Sep 07 09:42:34 devstack devstack@c-api.service[86604]: DEBUG cinder.api.extensions [-] Calling extension factory cinder.api.contrib.hosts.Hosts {{(pid=86604) load_extension /opt/stack/cinder/cinder/api/extensions.py:200}}
Sep 07 09:42:34 devstack devstack@c-api.service[86604]: DEBUG cinder.api.extensions [-] Ext name: Hosts {{(pid=86604) _check_extension /opt/stack/cinder/cinder/api/extensions.py:174}}
Sep 07 09:42:34 devstack devstack@c-api.service[86604]: DEBUG cinder.api.extensions [-] Ext alias: os-hosts {{(pid=86604) _check_extension /opt/stack/cinder/cinder/api/extensions.py:175}}
Sep 07 09:42:34 devstack devstack@c-api.service[86604]: DEBUG cinder.api.extensions [-] Ext description: Admin-only host administration. {{(pid=86604) _check_extension /opt/stack/cinder/cinder/api/extensions.py:176}}
Sep 07 09:42:34 devstack devstack@c-api.service[86604]: DEBUG cinder.api.extensions [-] Ext updated: 2011-06-29T00:00:00+00:00 {{(pid=86604) _check_extension /opt/stack/cinder/cinder/api/extensions.py:178}}
Sep 07 09:42:34 devstack devstack@c-api.service[86604]: DEBUG cinder.api.extensions [-] Loaded extension: os-hosts {{(pid=86604) register /opt/stack/cinder/cinder/api/extensions.py:135}}
Sep 07 09:42:34 devstack devstack@c-api.service[86604]: DEBUG cinder.api.extensions [-] Loading extension cinder.api.contrib.extended_services.Extended_services {{(pid=86604) load_extension /opt/stack/cinder/cinder/api/extensions.py:194}}
Sep 07 09:42:34 devstack devstack@c-api.service[86604]: DEBUG cinder.api.extensions [-] Calling extension factory cinder.api.contrib.extended_services.Extended_services {{(pid=86604) load_extension /opt/stack/cinder/cinder/api/extensions.py:200}}
Sep 07 09:42:34 devstack devstack@c-api.service[86604]: DEBUG cinder.api.extensions [-] Ext name: ExtendedServices {{(pid=86604) _check_extension /opt/stack/cinder/cinder/api/extensions.py:174}}
Sep 07 09:42:34 devstack devstack@c-api.service[86604]: DEBUG cinder.api.extensions [-] Ext alias: os-extended-services {{(pid=86604) _check_extension /opt/stack/cinder/cinder/api/extensions.py:175}}
Sep 07 09:42:34 devstack devstack@c-api.service[86604]: DEBUG cinder.api.extensions [-] Ext description: Extended services support. {{(pid=86604) _check_extension /opt/stack/cinder/cinder/api/extensions.py:176}}
