Sep 01 18:04:08 devstack sudo[94881]: quobyte : PWD=/ ; USER=root ; COMMAND=/opt/stack/data/venv/bin/cinder-rootwrap /etc/cinder/rootwrap.conf env LC_ALL=C qemu-img info -f qcow2 --output=json --force-share /opt/stack/data/cinder/mnt/baf04f88b37709599d77959bd928b6c2/volume-cb7e6061-e11b-49cc-a80f-d58e7c960cd6.0e53ee3a-479a-4b0c-98ea-215ea2916c32
Sep 01 18:04:08 devstack sudo[94881]: pam_unix(sudo:session): session opened for user root(uid=0) by (uid=1000)
Sep 01 18:04:08 devstack sudo[94881]: pam_unix(sudo:session): session closed for user root
Sep 01 18:04:08 devstack cinder-volume[86876]: DEBUG oslo_concurrency.processutils [None req-2618d517-650e-4d77-ad9d-8888626db395 tempest-GroupsV314Test-883469683 None] CMD "/opt/stack/data/venv/bin/python3.12 -m oslo_concurrency.prlimit --as=1073741824 --cpu=60 -- sudo cinder-rootwrap /etc/cinder/rootwrap.conf env LC_ALL=C qemu-img info -f qcow2 --output=json --force-share /opt/stack/data/cinder/mnt/baf04f88b37709599d77959bd928b6c2/volume-cb7e6061-e11b-49cc-a80f-d58e7c960cd6.0e53ee3a-479a-4b0c-98ea-215ea2916c32" returned: 0 in 0.367s {{(pid=86876) execute /opt/stack/data/venv/lib/python3.12/site-packages/oslo_concurrency/processutils.py:468}}
Sep 01 18:04:08 devstack cinder-volume[86876]: DEBUG cinder.volume.drivers.remotefs [None req-2618d517-650e-4d77-ad9d-8888626db395 tempest-GroupsV314Test-883469683 None] Fetching qemu-img info with special backing_file_template: (/opt/stack/data/cinder/mnt/[0-9a-f]+/)?(volume-cb7e6061-e11b-49cc-a80f-d58e7c960cd6(.(tmp-snap-)?[0-9a-f-]+)?|volume_from_snapshot_cache/(tmp-snap-)?[0-9a-f-]+(.(child-|parent-)[0-9a-f-]+)?)$ {{(pid=86876) _qemu_img_info_base /opt/stack/cinder/cinder/volume/drivers/remotefs.py:896}}
Sep 01 18:04:08 devstack cinder-volume[86876]: DEBUG oslo.privsep.daemon [-] privsep: reply[52a5212f-9a57-4107-9dbb-e9feeaf99cd6]: (4, 'qcow2') {{(pid=88672) _call_back /opt/stack/data/venv/lib/python3.12/site-packages/oslo_privsep/daemon.py:580}}
Sep 01 18:04:08 devstack cinder-volume[86876]: DEBUG oslo_concurrency.processutils [None req-2618d517-650e-4d77-ad9d-8888626db395 tempest-GroupsV314Test-883469683 None] Running cmd (subprocess): /opt/stack/data/venv/bin/python3.12 -m oslo_concurrency.prlimit --as=1073741824 --cpu=60 -- sudo cinder-rootwrap /etc/cinder/rootwrap.conf env LC_ALL=C qemu-img info -f qcow2 --output=json --force-share /opt/stack/data/cinder/mnt/baf04f88b37709599d77959bd928b6c2/volume-cb7e6061-e11b-49cc-a80f-d58e7c960cd6 {{(pid=86876) execute /opt/stack/data/venv/lib/python3.12/site-packages/oslo_concurrency/processutils.py:440}}
Sep 01 18:04:09 devstack sudo[94886]: quobyte : PWD=/ ; USER=root ; COMMAND=/opt/stack/data/venv/bin/cinder-rootwrap /etc/cinder/rootwrap.conf env LC_ALL=C qemu-img info -f qcow2 --output=json --force-share /opt/stack/data/cinder/mnt/baf04f88b37709599d77959bd928b6c2/volume-cb7e6061-e11b-49cc-a80f-d58e7c960cd6
Sep 01 18:04:09 devstack sudo[94886]: pam_unix(sudo:session): session opened for user root(uid=0) by (uid=1000)
Sep 01 18:04:09 devstack sudo[94886]: pam_unix(sudo:session): session closed for user root
Sep 01 18:04:09 devstack cinder-volume[86876]: DEBUG oslo_concurrency.processutils [None req-2618d517-650e-4d77-ad9d-8888626db395 tempest-GroupsV314Test-883469683 None] CMD "/opt/stack/data/venv/bin/python3.12 -m oslo_concurrency.prlimit --as=1073741824 --cpu=60 -- sudo cinder-rootwrap /etc/cinder/rootwrap.conf env LC_ALL=C qemu-img info -f qcow2 --output=json --force-share /opt/stack/data/cinder/mnt/baf04f88b37709599d77959bd928b6c2/volume-cb7e6061-e11b-49cc-a80f-d58e7c960cd6" returned: 0 in 0.347s {{(pid=86876) execute /opt/stack/data/venv/lib/python3.12/site-packages/oslo_concurrency/processutils.py:468}}
Sep 01 18:04:09 devstack cinder-volume[86876]: DEBUG cinder.volume.drivers.quobyte [None req-2618d517-650e-4d77-ad9d-8888626db395 tempest-GroupsV314Test-883469683 None] will copy from snapshot at /opt/stack/data/cinder/mnt/baf04f88b37709599d77959bd928b6c2/volume-cb7e6061-e11b-49cc-a80f-d58e7c960cd6 {{(pid=86876) _copy_volume_from_snapshot /opt/stack/cinder/cinder/volume/drivers/quobyte.py:423}}
Sep 01 18:04:09 devstack cinder-volume[86876]: DEBUG cinder.volume.drivers.quobyte [None req-2618d517-650e-4d77-ad9d-8888626db395 tempest-GroupsV314Test-883469683 None] Creating direct copy from snapshot {{(pid=86876) _copy_volume_from_snapshot /opt/stack/cinder/cinder/volume/drivers/quobyte.py:431}}
Sep 01 18:04:09 devstack cinder-volume[86876]: DEBUG cinder.utils [None req-2618d517-650e-4d77-ad9d-8888626db395 tempest-GroupsV314Test-883469683 None] Path /opt/stack/data/cinder/mnt/baf04f88b37709599d77959bd928b6c2/volume-e0d93e05-fbd5-40c8-bd8d-7163f7742a54 not found in is_blk_device check {{(pid=86876) is_blk_device /opt/stack/cinder/cinder/utils.py:622}}
Sep 01 18:04:09 devstack cinder-volume[86876]: DEBUG oslo_concurrency.processutils [None req-2618d517-650e-4d77-ad9d-8888626db395 tempest-GroupsV314Test-883469683 None] Running cmd (subprocess): sudo cinder-rootwrap /etc/cinder/rootwrap.conf qemu-img convert -O qcow2 /opt/stack/data/cinder/mnt/baf04f88b37709599d77959bd928b6c2/volume-cb7e6061-e11b-49cc-a80f-d58e7c960cd6 /opt/stack/data/cinder/mnt/baf04f88b37709599d77959bd928b6c2/volume-e0d93e05-fbd5-40c8-bd8d-7163f7742a54 {{(pid=86876) execute /opt/stack/data/venv/lib/python3.12/site-packages/oslo_concurrency/processutils.py:440}}
Sep 01 18:04:09 devstack sudo[94891]: quobyte : PWD=/ ; USER=root ; COMMAND=/opt/stack/data/venv/bin/cinder-rootwrap /etc/cinder/rootwrap.conf qemu-img convert -O qcow2 /opt/stack/data/cinder/mnt/baf04f88b37709599d77959bd928b6c2/volume-cb7e6061-e11b-49cc-a80f-d58e7c960cd6 /opt/stack/data/cinder/mnt/baf04f88b37709599d77959bd928b6c2/volume-e0d93e05-fbd5-40c8-bd8d-7163f7742a54
Sep 01 18:04:09 devstack sudo[94891]: pam_unix(sudo:session): session opened for user root(uid=0) by (uid=1000)
Sep 01 18:04:14 devstack sudo[94891]: pam_unix(sudo:session): session closed for user root
Sep 01 18:04:14 devstack cinder-volume[86876]: DEBUG oslo_concurrency.processutils [None req-2618d517-650e-4d77-ad9d-8888626db395 tempest-GroupsV314Test-883469683 None] CMD "sudo cinder-rootwrap /etc/cinder/rootwrap.conf qemu-img convert -O qcow2 /opt/stack/data/cinder/mnt/baf04f88b37709599d77959bd928b6c2/volume-cb7e6061-e11b-49cc-a80f-d58e7c960cd6 /opt/stack/data/cinder/mnt/baf04f88b37709599d77959bd928b6c2/volume-e0d93e05-fbd5-40c8-bd8d-7163f7742a54" returned: 0 in 5.590s {{(pid=86876) execute /opt/stack/data/venv/lib/python3.12/site-packages/oslo_concurrency/processutils.py:468}}
Sep 01 18:04:14 devstack cinder-volume[86876]: DEBUG cinder.image.image_utils [None req-2618d517-650e-4d77-ad9d-8888626db395 tempest-GroupsV314Test-883469683 None] Image conversion details: src /opt/stack/data/cinder/mnt/baf04f88b37709599d77959bd928b6c2/volume-cb7e6061-e11b-49cc-a80f-d58e7c960cd6, size 1024.00 MB, duration 5.59 sec, destination /opt/stack/data/cinder/mnt/baf04f88b37709599d77959bd928b6c2/volume-e0d93e05-fbd5-40c8-bd8d-7163f7742a54 {{(pid=86876) _convert_image /opt/stack/cinder/cinder/image/image_utils.py:536}}
Sep 01 18:04:14 devstack cinder-volume[86876]: INFO cinder.image.image_utils [None req-2618d517-650e-4d77-ad9d-8888626db395 tempest-GroupsV314Test-883469683 None] Converted 1024.00 MB image at 183.14 MB/s
Sep 01 18:04:14 devstack cinder-volume[86876]: WARNING cinder.volume.drivers.remotefs [None req-2618d517-650e-4d77-ad9d-8888626db395 tempest-GroupsV314Test-883469683 None] /opt/stack/data/cinder/mnt/baf04f88b37709599d77959bd928b6c2/volume-e0d93e05-fbd5-40c8-bd8d-7163f7742a54 is being set with open permissions: ugo+rw: NotImplementedError
Sep 01 18:04:14 devstack cinder-volume[86876]: DEBUG oslo_concurrency.processutils [None req-2618d517-650e-4d77-ad9d-8888626db395 tempest-GroupsV314Test-883469683 None] Running cmd (subprocess): sudo cinder-rootwrap /etc/cinder/rootwrap.conf chmod ugo+rw /opt/stack/data/cinder/mnt/baf04f88b37709599d77959bd928b6c2/volume-e0d93e05-fbd5-40c8-bd8d-7163f7742a54 {{(pid=86876) execute /opt/stack/data/venv/lib/python3.12/site-packages/oslo_concurrency/processutils.py:440}}
Sep 01 18:04:14 devstack sudo[94919]: quobyte : PWD=/ ; USER=root ; COMMAND=/opt/stack/data/venv/bin/cinder-rootwrap /etc/cinder/rootwrap.conf chmod ugo+rw /opt/stack/data/cinder/mnt/baf04f88b37709599d77959bd928b6c2/volume-e0d93e05-fbd5-40c8-bd8d-7163f7742a54
Sep 01 18:04:14 devstack sudo[94919]: pam_unix(sudo:session): session opened for user root(uid=0) by (uid=1000)
Sep 01 18:04:15 devstack sudo[94919]: pam_unix(sudo:session): session closed for user root
Sep 01 18:04:15 devstack cinder-volume[86876]: DEBUG oslo_concurrency.processutils [None req-2618d517-650e-4d77-ad9d-8888626db395 tempest-GroupsV314Test-883469683 None] CMD "sudo cinder-rootwrap /etc/cinder/rootwrap.conf chmod ugo+rw /opt/stack/data/cinder/mnt/baf04f88b37709599d77959bd928b6c2/volume-e0d93e05-fbd5-40c8-bd8d-7163f7742a54" returned: 0 in 0.245s {{(pid=86876) execute /opt/stack/data/venv/lib/python3.12/site-packages/oslo_concurrency/processutils.py:468}}
Sep 01 18:04:15 devstack cinder-volume[86876]: DEBUG cinder.coordination [None req-2618d517-650e-4d77-ad9d-8888626db395 tempest-GroupsV314Test-883469683 None] Lock "cinder-quobyte-e0d93e05-fbd5-40c8-bd8d-7163f7742a54" released by "_copy_volume_from_snapshot" :: held 6.616s {{(pid=86876) __release /opt/stack/cinder/cinder/coordination.py:152}}
Sep 01 18:04:15 devstack cinder-volume[86876]: DEBUG cinder.coordination [None req-2618d517-650e-4d77-ad9d-8888626db395 tempest-GroupsV314Test-883469683 None] Acquiring lock "cinder-quobyte-0e53ee3a-479a-4b0c-98ea-215ea2916c32" by "_delete_snapshot" {{(pid=86876) __acquire /opt/stack/cinder/cinder/coordination.py:138}}
Sep 01 18:04:15 devstack cinder-volume[86876]: DEBUG cinder.coordination [None req-2618d517-650e-4d77-ad9d-8888626db395 tempest-GroupsV314Test-883469683 None] Lock "cinder-quobyte-0e53ee3a-479a-4b0c-98ea-215ea2916c32" acquired by "_delete_snapshot" :: waited 0.021s {{(pid=86876) __acquire /opt/stack/cinder/cinder/coordination.py:141}}
Sep 01 18:04:15 devstack cinder-volume[86876]: DEBUG cinder.volume.drivers.remotefs [None req-2618d517-650e-4d77-ad9d-8888626db395 tempest-GroupsV314Test-883469683 None] Deleting offline snapshot 0e53ee3a-479a-4b0c-98ea-215ea2916c32 of volume cb7e6061-e11b-49cc-a80f-d58e7c960cd6 {{(pid=86876) _delete_snapshot /opt/stack/cinder/cinder/volume/drivers/remotefs.py:1288}}
Sep 01 18:04:15 devstack cinder-volume[86876]: DEBUG cinder.volume.drivers.remotefs [None req-2618d517-650e-4d77-ad9d-8888626db395 tempest-GroupsV314Test-883469683 None] snapshot_file for this snap is: volume-cb7e6061-e11b-49cc-a80f-d58e7c960cd6.0e53ee3a-479a-4b0c-98ea-215ea2916c32 {{(pid=86876) _delete_snapshot /opt/stack/cinder/cinder/volume/drivers/remotefs.py:1317}}
Sep 01 18:04:15 devstack cinder-volume[86876]: DEBUG oslo.privsep.daemon [-] privsep: reply[898bda4d-c671-412a-b8ad-05b11b52ab9f]: (4, 'qcow2') {{(pid=88672) _call_back /opt/stack/data/venv/lib/python3.12/site-packages/oslo_privsep/daemon.py:580}}
Sep 01 18:04:15 devstack cinder-volume[86876]: DEBUG oslo_concurrency.processutils [None req-2618d517-650e-4d77-ad9d-8888626db395 tempest-GroupsV314Test-883469683 None] Running cmd (subprocess): /opt/stack/data/venv/bin/python3.12 -m oslo_concurrency.prlimit --as=1073741824 --cpu=60 -- sudo cinder-rootwrap /etc/cinder/rootwrap.conf env LC_ALL=C qemu-img info -f qcow2 --output=json --force-share /opt/stack/data/cinder/mnt/baf04f88b37709599d77959bd928b6c2/volume-cb7e6061-e11b-49cc-a80f-d58e7c960cd6.0e53ee3a-479a-4b0c-98ea-215ea2916c32 {{(pid=86876) execute /opt/stack/data/venv/lib/python3.12/site-packages/oslo_concurrency/processutils.py:440}}
Sep 01 18:04:15 devstack sudo[94922]: quobyte : PWD=/ ; USER=root ; COMMAND=/opt/stack/data/venv/bin/cinder-rootwrap /etc/cinder/rootwrap.conf env LC_ALL=C qemu-img info -f qcow2 --output=json --force-share /opt/stack/data/cinder/mnt/baf04f88b37709599d77959bd928b6c2/volume-cb7e6061-e11b-49cc-a80f-d58e7c960cd6.0e53ee3a-479a-4b0c-98ea-215ea2916c32
Sep 01 18:04:15 devstack sudo[94922]: pam_unix(sudo:session): session opened for user root(uid=0) by (uid=1000)
Sep 01 18:04:15 devstack sudo[94922]: pam_unix(sudo:session): session closed for user root
Sep 01 18:04:15 devstack cinder-volume[86876]: DEBUG oslo_concurrency.processutils [None req-2618d517-650e-4d77-ad9d-8888626db395 tempest-GroupsV314Test-883469683 None] CMD "/opt/stack/data/venv/bin/python3.12 -m oslo_concurrency.prlimit --as=1073741824 --cpu=60 -- sudo cinder-rootwrap /etc/cinder/rootwrap.conf env LC_ALL=C qemu-img info -f qcow2 --output=json --force-share /opt/stack/data/cinder/mnt/baf04f88b37709599d77959bd928b6c2/volume-cb7e6061-e11b-49cc-a80f-d58e7c960cd6.0e53ee3a-479a-4b0c-98ea-215ea2916c32" returned: 0 in 0.386s {{(pid=86876) execute /opt/stack/data/venv/lib/python3.12/site-packages/oslo_concurrency/processutils.py:468}}
Sep 01 18:04:15 devstack cinder-volume[86876]: DEBUG cinder.volume.drivers.remotefs [None req-2618d517-650e-4d77-ad9d-8888626db395 tempest-GroupsV314Test-883469683 None] Fetching qemu-img info with special backing_file_template: (/opt/stack/data/cinder/mnt/[0-9a-f]+/)?(volume-cb7e6061-e11b-49cc-a80f-d58e7c960cd6(.(tmp-snap-)?[0-9a-f-]+)?|volume_from_snapshot_cache/(tmp-snap-)?[0-9a-f-]+(.(child-|parent-)[0-9a-f-]+)?)$ {{(pid=86876) _qemu_img_info_base /opt/stack/cinder/cinder/volume/drivers/remotefs.py:896}}
Sep 01 18:04:15 devstack cinder-volume[86876]: DEBUG oslo.privsep.daemon [-] privsep: reply[695440b9-d34d-4e40-b350-ac116c067d2d]: (4, 'qcow2') {{(pid=88672) _call_back /opt/stack/data/venv/lib/python3.12/site-packages/oslo_privsep/daemon.py:580}}
Sep 01 18:04:15 devstack cinder-volume[86876]: DEBUG oslo_concurrency.processutils [None req-2618d517-650e-4d77-ad9d-8888626db395 tempest-GroupsV314Test-883469683 None] Running cmd (subprocess): /opt/stack/data/venv/bin/python3.12 -m oslo_concurrency.prlimit --as=1073741824 --cpu=60 -- sudo cinder-rootwrap /etc/cinder/rootwrap.conf env LC_ALL=C qemu-img info -f qcow2 --output=json --force-share /opt/stack/data/cinder/mnt/baf04f88b37709599d77959bd928b6c2/volume-cb7e6061-e11b-49cc-a80f-d58e7c960cd6 {{(pid=86876) execute /opt/stack/data/venv/lib/python3.12/site-packages/oslo_concurrency/processutils.py:440}}
Sep 01 18:04:15 devstack sudo[94927]: quobyte : PWD=/ ; USER=root ; COMMAND=/opt/stack/data/venv/bin/cinder-rootwrap /etc/cinder/rootwrap.conf env LC_ALL=C qemu-img info -f qcow2 --output=json --force-share /opt/stack/data/cinder/mnt/baf04f88b37709599d77959bd928b6c2/volume-cb7e6061-e11b-49cc-a80f-d58e7c960cd6
Sep 01 18:04:15 devstack sudo[94927]: pam_unix(sudo:session): session opened for user root(uid=0) by (uid=1000)
Sep 01 18:04:16 devstack sudo[94927]: pam_unix(sudo:session): session closed for user root
Sep 01 18:04:16 devstack cinder-volume[86876]: DEBUG oslo_concurrency.processutils [None req-2618d517-650e-4d77-ad9d-8888626db395 tempest-GroupsV314Test-883469683 None] CMD "/opt/stack/data/venv/bin/python3.12 -m oslo_concurrency.prlimit --as=1073741824 --cpu=60 -- sudo cinder-rootwrap /etc/cinder/rootwrap.conf env LC_ALL=C qemu-img info -f qcow2 --output=json --force-share /opt/stack/data/cinder/mnt/baf04f88b37709599d77959bd928b6c2/volume-cb7e6061-e11b-49cc-a80f-d58e7c960cd6" returned: 0 in 0.501s {{(pid=86876) execute /opt/stack/data/venv/lib/python3.12/site-packages/oslo_concurrency/processutils.py:468}}
Sep 01 18:04:16 devstack cinder-volume[86876]: DEBUG oslo_concurrency.processutils [None req-2618d517-650e-4d77-ad9d-8888626db395 tempest-GroupsV314Test-883469683 None] Running cmd (subprocess): sudo cinder-rootwrap /etc/cinder/rootwrap.conf qemu-img commit -d /opt/stack/data/cinder/mnt/baf04f88b37709599d77959bd928b6c2/volume-cb7e6061-e11b-49cc-a80f-d58e7c960cd6.0e53ee3a-479a-4b0c-98ea-215ea2916c32 {{(pid=86876) execute /opt/stack/data/venv/lib/python3.12/site-packages/oslo_concurrency/processutils.py:440}}
Sep 01 18:04:16 devstack sudo[94932]: quobyte : PWD=/ ; USER=root ; COMMAND=/opt/stack/data/venv/bin/cinder-rootwrap /etc/cinder/rootwrap.conf qemu-img commit -d /opt/stack/data/cinder/mnt/baf04f88b37709599d77959bd928b6c2/volume-cb7e6061-e11b-49cc-a80f-d58e7c960cd6.0e53ee3a-479a-4b0c-98ea-215ea2916c32
Sep 01 18:04:16 devstack sudo[94932]: pam_unix(sudo:session): session opened for user root(uid=0) by (uid=1000)
Sep 01 18:04:16 devstack sudo[94932]: pam_unix(sudo:session): session closed for user root
Sep 01 18:04:16 devstack cinder-volume[86876]: DEBUG oslo_concurrency.processutils [None req-2618d517-650e-4d77-ad9d-8888626db395 tempest-GroupsV314Test-883469683 None] CMD "sudo cinder-rootwrap /etc/cinder/rootwrap.conf qemu-img commit -d /opt/stack/data/cinder/mnt/baf04f88b37709599d77959bd928b6c2/volume-cb7e6061-e11b-49cc-a80f-d58e7c960cd6.0e53ee3a-479a-4b0c-98ea-215ea2916c32" returned: 0 in 0.380s {{(pid=86876) execute /opt/stack/data/venv/lib/python3.12/site-packages/oslo_concurrency/processutils.py:468}}
Sep 01 18:04:16 devstack cinder-volume[86876]: DEBUG oslo_concurrency.processutils [None req-2618d517-650e-4d77-ad9d-8888626db395 tempest-GroupsV314Test-883469683 None] Running cmd (subprocess): sudo cinder-rootwrap /etc/cinder/rootwrap.conf rm -f /opt/stack/data/cinder/mnt/baf04f88b37709599d77959bd928b6c2/volume-cb7e6061-e11b-49cc-a80f-d58e7c960cd6.0e53ee3a-479a-4b0c-98ea-215ea2916c32 {{(pid=86876) execute /opt/stack/data/venv/lib/python3.12/site-packages/oslo_concurrency/processutils.py:440}}
Sep 01 18:04:16 devstack sudo[94938]: quobyte : PWD=/ ; USER=root ; COMMAND=/opt/stack/data/venv/bin/cinder-rootwrap /etc/cinder/rootwrap.conf rm -f /opt/stack/data/cinder/mnt/baf04f88b37709599d77959bd928b6c2/volume-cb7e6061-e11b-49cc-a80f-d58e7c960cd6.0e53ee3a-479a-4b0c-98ea-215ea2916c32
Sep 01 18:04:16 devstack sudo[94938]: pam_unix(sudo:session): session opened for user root(uid=0) by (uid=1000)
Sep 01 18:04:16 devstack sudo[94938]: pam_unix(sudo:session): session closed for user root
Sep 01 18:04:16 devstack cinder-volume[86876]: DEBUG oslo_concurrency.processutils [None req-2618d517-650e-4d77-ad9d-8888626db395 tempest-GroupsV314Test-883469683 None] CMD "sudo cinder-rootwrap /etc/cinder/rootwrap.conf rm -f /opt/stack/data/cinder/mnt/baf04f88b37709599d77959bd928b6c2/volume-cb7e6061-e11b-49cc-a80f-d58e7c960cd6.0e53ee3a-479a-4b0c-98ea-215ea2916c32" returned: 0 in 0.265s {{(pid=86876) execute /opt/stack/data/venv/lib/python3.12/site-packages/oslo_concurrency/processutils.py:468}}
Sep 01 18:04:16 devstack cinder-volume[86876]: DEBUG cinder.coordination [None req-2618d517-650e-4d77-ad9d-8888626db395 tempest-GroupsV314Test-883469683 None] Lock "cinder-quobyte-0e53ee3a-479a-4b0c-98ea-215ea2916c32" released by "_delete_snapshot" :: held 1.636s {{(pid=86876) __release /opt/stack/cinder/cinder/coordination.py:152}}
Sep 01 18:04:16 devstack cinder-volume[86876]: DEBUG oslo_concurrency.lockutils [None req-2618d517-650e-4d77-ad9d-8888626db395 tempest-GroupsV314Test-883469683 None] Lock "quobyte" "released" by "cinder.volume.drivers.quobyte.QuobyteDriver.create_cloned_volume" :: held 10.819s {{(pid=86876) inner /opt/stack/data/venv/lib/python3.12/site-packages/oslo_concurrency/lockutils.py:544}}
Sep 01 18:04:16 devstack cinder-volume[86876]: DEBUG oslo_concurrency.lockutils [None req-55fdd5bf-734a-4c16-bb9c-71347b823cca tempest-VolumesExtendTest-60011014 None] Lock "quobyte" acquired by "cinder.volume.drivers.quobyte.QuobyteDriver.create_volume" :: waited 9.323s {{(pid=86876) inner /opt/stack/data/venv/lib/python3.12/site-packages/oslo_concurrency/lockutils.py:525}}
Sep 01 18:04:16 devstack cinder-volume[86876]: DEBUG cinder.volume.drivers.quobyte [None req-55fdd5bf-734a-4c16-bb9c-71347b823cca tempest-VolumesExtendTest-60011014 None] ==> create_volume: call "{'self': , 'volume': Volume(_name_id=None,admin_metadata=,attach_status='detached',availability_zone='nova',bootable=False,cluster=,cluster_name=None,consistencygroup=,consistencygroup_id=None,created_at=2026-09-01T16:04:07Z,deleted=False,deleted_at=None,display_description=None,display_name='tempest-VolumesExtendTest-Volume-484140476',ec2_id=None,encryption_key_id=None,glance_metadata=,group=,group_id=None,host='devstack@QuobyteHD#QuobyteHD',id=8153c90b-28a3-47b6-a54a-bf67c5a6c45f,launched_at=None,metadata={},migration_status=None,multiattach=False,previous_status=None,project_id='3daa6c71397b4604a7bed4982ca289ee',provider_auth=None,provider_geometry=None,provider_id=None,provider_location=None,replication_driver_data=None,replication_extended_status=None,replication_status=None,scheduled_at=2026-09-01T16:04:07Z,service_uuid=None,shared_targets=True,size=1,snapshot_id=None,snapshots=,source_volid=None,status='creating',terminated_at=None,updated_at=2026-09-01T16:04:07Z,use_quota=True,user_id='08e703a5b32d46cbb2c94651683e7572',volume_attachment=VolumeAttachmentList,volume_type=VolumeType(96aa4cad-1b95-4f47-893d-f96820ecd084),volume_type_id=96aa4cad-1b95-4f47-893d-f96820ecd084)}" {{(pid=86876) trace_logging_wrapper /opt/stack/cinder/cinder/volume/volume_utils.py:1497}}
Sep 01 18:04:16 devstack cinder-volume[86876]: DEBUG cinder.volume.drivers.remotefs [None req-55fdd5bf-734a-4c16-bb9c-71347b823cca tempest-VolumesExtendTest-60011014 None] Creating volume 8153c90b-28a3-47b6-a54a-bf67c5a6c45f {{(pid=86876) create_volume /opt/stack/cinder/cinder/volume/drivers/remotefs.py:292}}
Sep 01 18:04:16 devstack cinder-volume[86876]: DEBUG oslo_concurrency.lockutils [None req-55fdd5bf-734a-4c16-bb9c-71347b823cca tempest-VolumesExtendTest-60011014 None] Acquiring lock "quobyte_ensure" by "cinder.volume.drivers.quobyte.QuobyteDriver._ensure_shares_mounted" {{(pid=86876) inner /opt/stack/data/venv/lib/python3.12/site-packages/oslo_concurrency/lockutils.py:512}}
Sep 01 18:04:16 devstack cinder-volume[86876]: DEBUG oslo_concurrency.lockutils [None req-55fdd5bf-734a-4c16-bb9c-71347b823cca tempest-VolumesExtendTest-60011014 None] Lock "quobyte_ensure" acquired by "cinder.volume.drivers.quobyte.QuobyteDriver._ensure_shares_mounted" :: waited 0.000s {{(pid=86876) inner /opt/stack/data/venv/lib/python3.12/site-packages/oslo_concurrency/lockutils.py:525}}
Sep 01 18:04:16 devstack cinder-volume[86876]: DEBUG cinder.volume.drivers.quobyte [None req-55fdd5bf-734a-4c16-bb9c-71347b823cca tempest-VolumesExtendTest-60011014 None] Quobyte Volume URL set to: {'osci02.corp.quobyte.com/cinder-vol-fdd3fae3-61b9-47f8-b60c-618cb4fe533e': None} {{(pid=86876) _load_shares_config /opt/stack/cinder/cinder/volume/drivers/quobyte.py:662}}
Sep 01 18:04:16 devstack cinder-volume[86876]: DEBUG cinder.volume.drivers.quobyte [None req-55fdd5bf-734a-4c16-bb9c-71347b823cca tempest-VolumesExtendTest-60011014 None] Available shares ['osci02.corp.quobyte.com/cinder-vol-fdd3fae3-61b9-47f8-b60c-618cb4fe533e'] {{(pid=86876) _ensure_shares_mounted /opt/stack/cinder/cinder/volume/drivers/quobyte.py:692}}
Sep 01 18:04:16 devstack cinder-volume[86876]: DEBUG oslo_concurrency.lockutils [None req-55fdd5bf-734a-4c16-bb9c-71347b823cca tempest-VolumesExtendTest-60011014 None] Lock "quobyte_ensure" "released" by "cinder.volume.drivers.quobyte.QuobyteDriver._ensure_shares_mounted" :: held 0.011s {{(pid=86876) inner /opt/stack/data/venv/lib/python3.12/site-packages/oslo_concurrency/lockutils.py:544}}
Sep 01 18:04:16 devstack cinder-volume[86876]: DEBUG cinder.volume.drivers.quobyte [None req-55fdd5bf-734a-4c16-bb9c-71347b823cca tempest-VolumesExtendTest-60011014 None] Selected osci02.corp.quobyte.com/cinder-vol-fdd3fae3-61b9-47f8-b60c-618cb4fe533e as target Quobyte volume. {{(pid=86876) _find_share /opt/stack/cinder/cinder/volume/drivers/quobyte.py:713}}
Sep 01 18:04:16 devstack cinder-volume[86876]: INFO cinder.volume.drivers.remotefs [None req-55fdd5bf-734a-4c16-bb9c-71347b823cca tempest-VolumesExtendTest-60011014 None] casted to osci02.corp.quobyte.com/cinder-vol-fdd3fae3-61b9-47f8-b60c-618cb4fe533e
Sep 01 18:04:16 devstack cinder-volume[86876]: DEBUG oslo_concurrency.processutils [None req-55fdd5bf-734a-4c16-bb9c-71347b823cca tempest-VolumesExtendTest-60011014 None] Running cmd (subprocess): sudo cinder-rootwrap /etc/cinder/rootwrap.conf qemu-img create -f qcow2 -o preallocation=metadata /opt/stack/data/cinder/mnt/baf04f88b37709599d77959bd928b6c2/volume-8153c90b-28a3-47b6-a54a-bf67c5a6c45f 1073741824 {{(pid=86876) execute /opt/stack/data/venv/lib/python3.12/site-packages/oslo_concurrency/processutils.py:440}}
Sep 01 18:04:16 devstack sudo[94944]: quobyte : PWD=/ ; USER=root ; COMMAND=/opt/stack/data/venv/bin/cinder-rootwrap /etc/cinder/rootwrap.conf qemu-img create -f qcow2 -o preallocation=metadata /opt/stack/data/cinder/mnt/baf04f88b37709599d77959bd928b6c2/volume-8153c90b-28a3-47b6-a54a-bf67c5a6c45f 1073741824
Sep 01 18:04:16 devstack sudo[94944]: pam_unix(sudo:session): session opened for user root(uid=0) by (uid=1000)
Sep 01 18:04:16 devstack cinder-volume[86876]: INFO cinder.volume.manager [None req-2618d517-650e-4d77-ad9d-8888626db395 tempest-GroupsV314Test-883469683 None] Create group from source-group-8e7abd90-3be0-4855-a593-cda34983c0f0 completed successfully.
Sep 01 18:04:17 devstack sudo[94944]: pam_unix(sudo:session): session closed for user root
Sep 01 18:04:17 devstack cinder-volume[86876]: DEBUG oslo_concurrency.processutils [None req-55fdd5bf-734a-4c16-bb9c-71347b823cca tempest-VolumesExtendTest-60011014 None] CMD "sudo cinder-rootwrap /etc/cinder/rootwrap.conf qemu-img create -f qcow2 -o preallocation=metadata /opt/stack/data/cinder/mnt/baf04f88b37709599d77959bd928b6c2/volume-8153c90b-28a3-47b6-a54a-bf67c5a6c45f 1073741824" returned: 0 in 0.517s {{(pid=86876) execute /opt/stack/data/venv/lib/python3.12/site-packages/oslo_concurrency/processutils.py:468}}
Sep 01 18:04:17 devstack cinder-volume[86876]: DEBUG oslo_concurrency.processutils [None req-55fdd5bf-734a-4c16-bb9c-71347b823cca tempest-VolumesExtendTest-60011014 None] Running cmd (subprocess): sudo cinder-rootwrap /etc/cinder/rootwrap.conf chmod ugo+rw /opt/stack/data/cinder/mnt/baf04f88b37709599d77959bd928b6c2/volume-8153c90b-28a3-47b6-a54a-bf67c5a6c45f {{(pid=86876) execute /opt/stack/data/venv/lib/python3.12/site-packages/oslo_concurrency/processutils.py:440}}
Sep 01 18:04:17 devstack sudo[94952]: quobyte : PWD=/ ; USER=root ; COMMAND=/opt/stack/data/venv/bin/cinder-rootwrap /etc/cinder/rootwrap.conf chmod ugo+rw /opt/stack/data/cinder/mnt/baf04f88b37709599d77959bd928b6c2/volume-8153c90b-28a3-47b6-a54a-bf67c5a6c45f
Sep 01 18:04:17 devstack sudo[94952]: pam_unix(sudo:session): session opened for user root(uid=0) by (uid=1000)
Sep 01 18:04:17 devstack sudo[94952]: pam_unix(sudo:session): session closed for user root
Sep 01 18:04:17 devstack cinder-volume[86876]: DEBUG oslo_concurrency.processutils [None req-55fdd5bf-734a-4c16-bb9c-71347b823cca tempest-VolumesExtendTest-60011014 None] CMD "sudo cinder-rootwrap /etc/cinder/rootwrap.conf chmod ugo+rw /opt/stack/data/cinder/mnt/baf04f88b37709599d77959bd928b6c2/volume-8153c90b-28a3-47b6-a54a-bf67c5a6c45f" returned: 0 in 0.273s {{(pid=86876) execute /opt/stack/data/venv/lib/python3.12/site-packages/oslo_concurrency/processutils.py:468}}
Sep 01 18:04:17 devstack cinder-volume[86876]: DEBUG cinder.volume.drivers.quobyte [None req-55fdd5bf-734a-4c16-bb9c-71347b823cca tempest-VolumesExtendTest-60011014 None] <== create_volume: return (833ms) {'provider_location': 'osci02.corp.quobyte.com/cinder-vol-fdd3fae3-61b9-47f8-b60c-618cb4fe533e'} {{(pid=86876) trace_logging_wrapper /opt/stack/cinder/cinder/volume/volume_utils.py:1522}}
Sep 01 18:04:17 devstack cinder-volume[86876]: DEBUG oslo_concurrency.lockutils [None req-55fdd5bf-734a-4c16-bb9c-71347b823cca tempest-VolumesExtendTest-60011014 None] Lock "quobyte" "released" by "cinder.volume.drivers.quobyte.QuobyteDriver.create_volume" :: held 0.836s {{(pid=86876) inner /opt/stack/data/venv/lib/python3.12/site-packages/oslo_concurrency/lockutils.py:544}}
Sep 01 18:04:17 devstack cinder-volume[86876]: DEBUG oslo_concurrency.lockutils [req-909c132e-8c28-4952-a0b3-c01007cfb29f req-6df43d2c-68c9-4f35-a019-90689d5e1662 tempest-AttachVolumeTestJSON-1836899804 None] Lock "quobyte" acquired by "cinder.volume.drivers.quobyte.QuobyteDriver.initialize_connection" :: waited 9.577s {{(pid=86876) inner /opt/stack/data/venv/lib/python3.12/site-packages/oslo_concurrency/lockutils.py:525}}
Sep 01 18:04:17 devstack cinder-volume[86876]: DEBUG cinder.volume.manager [None req-55fdd5bf-734a-4c16-bb9c-71347b823cca tempest-VolumesExtendTest-60011014 None] Task 'cinder.volume.flows.manager.create_volume.CreateVolumeFromSpecTask;volume:create' (8de360a3-b103-4e7c-835e-bdf1cc0b895c) transitioned into state 'SUCCESS' from state 'RUNNING' with result '{'status': 'creating', 'volume_name': 'volume-8153c90b-28a3-47b6-a54a-bf67c5a6c45f', 'volume_size': 1}' {{(pid=86876) _task_receiver /opt/stack/data/venv/lib/python3.12/site-packages/taskflow/listeners/logging.py:218}}
Sep 01 18:04:17 devstack cinder-volume[86876]: DEBUG cinder.volume.manager [None req-55fdd5bf-734a-4c16-bb9c-71347b823cca tempest-VolumesExtendTest-60011014 None] Task 'cinder.volume.flows.manager.create_volume.CreateVolumeOnFinishTask;volume:create, create.end' (b802b1ae-6514-4132-8cee-ac56e2a56cbe) transitioned into state 'RUNNING' from state 'PENDING' {{(pid=86876) _task_receiver /opt/stack/data/venv/lib/python3.12/site-packages/taskflow/listeners/logging.py:242}}
Sep 01 18:04:17 devstack cinder-volume[86876]: DEBUG oslo_concurrency.lockutils [req-909c132e-8c28-4952-a0b3-c01007cfb29f req-6df43d2c-68c9-4f35-a019-90689d5e1662 tempest-AttachVolumeTestJSON-1836899804 None] Lock "quobyte" "released" by "cinder.volume.drivers.quobyte.QuobyteDriver.initialize_connection" :: held 0.041s {{(pid=86876) inner /opt/stack/data/venv/lib/python3.12/site-packages/oslo_concurrency/lockutils.py:544}}
Sep 01 18:04:17 devstack cinder-volume[86876]: INFO cinder.volume.flows.manager.create_volume [None req-55fdd5bf-734a-4c16-bb9c-71347b823cca tempest-VolumesExtendTest-60011014 None] Volume volume-8153c90b-28a3-47b6-a54a-bf67c5a6c45f (8153c90b-28a3-47b6-a54a-bf67c5a6c45f): created successfully
Sep 01 18:04:17 devstack cinder-volume[86876]: DEBUG cinder.volume.manager [None req-55fdd5bf-734a-4c16-bb9c-71347b823cca tempest-VolumesExtendTest-60011014 None] Task 'cinder.volume.flows.manager.create_volume.CreateVolumeOnFinishTask;volume:create, create.end' (b802b1ae-6514-4132-8cee-ac56e2a56cbe) transitioned into state 'SUCCESS' from state 'RUNNING' with result 'None' {{(pid=86876) _task_receiver /opt/stack/data/venv/lib/python3.12/site-packages/taskflow/listeners/logging.py:218}}
Sep 01 18:04:17 devstack cinder-volume[86876]: DEBUG cinder.volume.manager [None req-55fdd5bf-734a-4c16-bb9c-71347b823cca tempest-VolumesExtendTest-60011014 None] Flow 'volume_create_manager' (c765c949-416f-44cd-b4ac-fbd57d59cc1c) transitioned into state 'SUCCESS' from state 'RUNNING' {{(pid=86876) _flow_receiver /opt/stack/data/venv/lib/python3.12/site-packages/taskflow/listeners/logging.py:160}}
Sep 01 18:04:17 devstack cinder-volume[86876]: INFO cinder.volume.manager [None req-55fdd5bf-734a-4c16-bb9c-71347b823cca tempest-VolumesExtendTest-60011014 None] Created volume successfully.
Sep 01 18:04:17 devstack cinder-volume[86876]: DEBUG cinder.volume.manager [req-909c132e-8c28-4952-a0b3-c01007cfb29f req-6df43d2c-68c9-4f35-a019-90689d5e1662 tempest-AttachVolumeTestJSON-1836899804 None] Connection info returned from driver {'export': 'osci02.corp.quobyte.com/cinder-vol-fdd3fae3-61b9-47f8-b60c-618cb4fe533e', 'name': 'volume-0044b6eb-7382-439d-8b95-fc368d60da3f', 'options': None, 'format': 'qcow2', 'qos_specs': None, 'access_mode': 'rw', 'encrypted': False, 'cacheable': False, 'driver_volume_type': 'quobyte', 'mount_point_base': '/opt/stack/data/cinder/mnt', 'attachment_id': '7cd1d854-5cf1-4013-92c5-e143a644e44a', 'enforce_multipath': True} {{(pid=86876) _connection_create /opt/stack/cinder/cinder/volume/manager.py:4924}}
Sep 01 18:04:17 devstack cinder-volume[86876]: INFO cinder.volume.manager [req-909c132e-8c28-4952-a0b3-c01007cfb29f req-6df43d2c-68c9-4f35-a019-90689d5e1662 tempest-AttachVolumeTestJSON-1836899804 None] attachment_update completed successfully.
Sep 01 18:04:18 devstack cinder-volume[86876]: DEBUG oslo_concurrency.lockutils [None req-4b336943-f66e-4737-a9dd-cbb348bef5a5 tempest-VolumesExtendTest-60011014 None] Acquiring lock "quobyte" by "cinder.volume.drivers.quobyte.QuobyteDriver.create_snapshot" {{(pid=86876) inner /opt/stack/data/venv/lib/python3.12/site-packages/oslo_concurrency/lockutils.py:512}}
Sep 01 18:04:18 devstack cinder-volume[86876]: DEBUG oslo_concurrency.lockutils [None req-4b336943-f66e-4737-a9dd-cbb348bef5a5 tempest-VolumesExtendTest-60011014 None] Lock "quobyte" acquired by "cinder.volume.drivers.quobyte.QuobyteDriver.create_snapshot" :: waited 0.003s {{(pid=86876) inner /opt/stack/data/venv/lib/python3.12/site-packages/oslo_concurrency/lockutils.py:525}}
Sep 01 18:04:18 devstack cinder-volume[86876]: DEBUG cinder.volume.drivers.remotefs [None req-4b336943-f66e-4737-a9dd-cbb348bef5a5 tempest-VolumesExtendTest-60011014 None] Creating offline snapshot 5943ba70-3b3f-4bcb-9c40-3100db6ce857 of volume 8153c90b-28a3-47b6-a54a-bf67c5a6c45f {{(pid=86876) _create_snapshot /opt/stack/cinder/cinder/volume/drivers/remotefs.py:1816}}
Sep 01 18:04:18 devstack cinder-volume[86876]: DEBUG oslo.privsep.daemon [-] privsep: reply[b2064d07-0388-4a00-81a4-24ebc3f5dc0f]: (4, 'qcow2') {{(pid=88672) _call_back /opt/stack/data/venv/lib/python3.12/site-packages/oslo_privsep/daemon.py:580}}
Sep 01 18:04:18 devstack cinder-volume[86876]: DEBUG oslo_concurrency.processutils [None req-4b336943-f66e-4737-a9dd-cbb348bef5a5 tempest-VolumesExtendTest-60011014 None] Running cmd (subprocess): /opt/stack/data/venv/bin/python3.12 -m oslo_concurrency.prlimit --as=1073741824 --cpu=60 -- sudo cinder-rootwrap /etc/cinder/rootwrap.conf env LC_ALL=C qemu-img info -f qcow2 --output=json --force-share /opt/stack/data/cinder/mnt/baf04f88b37709599d77959bd928b6c2/volume-8153c90b-28a3-47b6-a54a-bf67c5a6c45f {{(pid=86876) execute /opt/stack/data/venv/lib/python3.12/site-packages/oslo_concurrency/processutils.py:440}}
Sep 01 18:04:18 devstack cinder-volume[86876]: DEBUG cinder.coordination [None req-e8113e4e-084d-423a-910c-2bb1ac961b90 tempest-GroupsV314Test-883469683 None] Acquiring lock "cinder-quobyte-e0d93e05-fbd5-40c8-bd8d-7163f7742a54" by "delete_volume" {{(pid=86876) __acquire /opt/stack/cinder/cinder/coordination.py:138}}
Sep 01 18:04:18 devstack sudo[94986]: quobyte : PWD=/ ; USER=root ; COMMAND=/opt/stack/data/venv/bin/cinder-rootwrap /etc/cinder/rootwrap.conf env LC_ALL=C qemu-img info -f qcow2 --output=json --force-share /opt/stack/data/cinder/mnt/baf04f88b37709599d77959bd928b6c2/volume-8153c90b-28a3-47b6-a54a-bf67c5a6c45f
Sep 01 18:04:18 devstack sudo[94986]: pam_unix(sudo:session): session opened for user root(uid=0) by (uid=1000)
Sep 01 18:04:18 devstack cinder-volume[86876]: DEBUG cinder.coordination [None req-e8113e4e-084d-423a-910c-2bb1ac961b90 tempest-GroupsV314Test-883469683 None] Lock "cinder-quobyte-e0d93e05-fbd5-40c8-bd8d-7163f7742a54" acquired by "delete_volume" :: waited 0.036s {{(pid=86876) __acquire /opt/stack/cinder/cinder/coordination.py:141}}
Sep 01 18:04:18 devstack cinder-volume[86876]: DEBUG oslo.privsep.daemon [-] privsep: reply[a236127d-bb3d-49e1-aeab-573221999fa6]: (4, 'qcow2') {{(pid=88672) _call_back /opt/stack/data/venv/lib/python3.12/site-packages/oslo_privsep/daemon.py:580}}
Sep 01 18:04:18 devstack cinder-volume[86876]: DEBUG oslo_concurrency.processutils [None req-e8113e4e-084d-423a-910c-2bb1ac961b90 tempest-GroupsV314Test-883469683 None] Running cmd (subprocess): /opt/stack/data/venv/bin/python3.12 -m oslo_concurrency.prlimit --as=1073741824 --cpu=60 -- sudo cinder-rootwrap /etc/cinder/rootwrap.conf env LC_ALL=C qemu-img info -f qcow2 --output=json --force-share /opt/stack/data/cinder/mnt/baf04f88b37709599d77959bd928b6c2/volume-e0d93e05-fbd5-40c8-bd8d-7163f7742a54 {{(pid=86876) execute /opt/stack/data/venv/lib/python3.12/site-packages/oslo_concurrency/processutils.py:440}}
Sep 01 18:04:18 devstack sudo[94988]: quobyte : PWD=/ ; USER=root ; COMMAND=/opt/stack/data/venv/bin/cinder-rootwrap /etc/cinder/rootwrap.conf env LC_ALL=C qemu-img info -f qcow2 --output=json --force-share /opt/stack/data/cinder/mnt/baf04f88b37709599d77959bd928b6c2/volume-e0d93e05-fbd5-40c8-bd8d-7163f7742a54
Sep 01 18:04:18 devstack sudo[94988]: pam_unix(sudo:session): session opened for user root(uid=0) by (uid=1000)
Sep 01 18:04:18 devstack sudo[94986]: pam_unix(sudo:session): session closed for user root
Sep 01 18:04:18 devstack cinder-volume[86876]: DEBUG oslo_concurrency.processutils [None req-4b336943-f66e-4737-a9dd-cbb348bef5a5 tempest-VolumesExtendTest-60011014 None] CMD "/opt/stack/data/venv/bin/python3.12 -m oslo_concurrency.prlimit --as=1073741824 --cpu=60 -- sudo cinder-rootwrap /etc/cinder/rootwrap.conf env LC_ALL=C qemu-img info -f qcow2 --output=json --force-share /opt/stack/data/cinder/mnt/baf04f88b37709599d77959bd928b6c2/volume-8153c90b-28a3-47b6-a54a-bf67c5a6c45f" returned: 0 in 0.444s {{(pid=86876) execute /opt/stack/data/venv/lib/python3.12/site-packages/oslo_concurrency/processutils.py:468}}
Sep 01 18:04:18 devstack cinder-volume[86876]: DEBUG oslo_concurrency.processutils [None req-4b336943-f66e-4737-a9dd-cbb348bef5a5 tempest-VolumesExtendTest-60011014 None] Running cmd (subprocess): sudo cinder-rootwrap /etc/cinder/rootwrap.conf qemu-img create -f qcow2 -o backing_file=/opt/stack/data/cinder/mnt/baf04f88b37709599d77959bd928b6c2/volume-8153c90b-28a3-47b6-a54a-bf67c5a6c45f,backing_fmt=qcow2 /opt/stack/data/cinder/mnt/baf04f88b37709599d77959bd928b6c2/volume-8153c90b-28a3-47b6-a54a-bf67c5a6c45f.5943ba70-3b3f-4bcb-9c40-3100db6ce857 1G {{(pid=86876) execute /opt/stack/data/venv/lib/python3.12/site-packages/oslo_concurrency/processutils.py:440}}
Sep 01 18:04:18 devstack sudo[94993]: quobyte : PWD=/ ; USER=root ; COMMAND=/opt/stack/data/venv/bin/cinder-rootwrap /etc/cinder/rootwrap.conf qemu-img create -f qcow2 -o backing_file=/opt/stack/data/cinder/mnt/baf04f88b37709599d77959bd928b6c2/volume-8153c90b-28a3-47b6-a54a-bf67c5a6c45f,backing_fmt=qcow2 /opt/stack/data/cinder/mnt/baf04f88b37709599d77959bd928b6c2/volume-8153c90b-28a3-47b6-a54a-bf67c5a6c45f.5943ba70-3b3f-4bcb-9c40-3100db6ce857 1G
Sep 01 18:04:18 devstack sudo[94993]: pam_unix(sudo:session): session opened for user root(uid=0) by (uid=1000)
Sep 01 18:04:19 devstack sudo[94988]: pam_unix(sudo:session): session closed for user root
Sep 01 18:04:19 devstack cinder-volume[86876]: DEBUG oslo_concurrency.processutils [None req-e8113e4e-084d-423a-910c-2bb1ac961b90 tempest-GroupsV314Test-883469683 None] CMD "/opt/stack/data/venv/bin/python3.12 -m oslo_concurrency.prlimit --as=1073741824 --cpu=60 -- sudo cinder-rootwrap /etc/cinder/rootwrap.conf env LC_ALL=C qemu-img info -f qcow2 --output=json --force-share /opt/stack/data/cinder/mnt/baf04f88b37709599d77959bd928b6c2/volume-e0d93e05-fbd5-40c8-bd8d-7163f7742a54" returned: 0 in 0.449s {{(pid=86876) execute /opt/stack/data/venv/lib/python3.12/site-packages/oslo_concurrency/processutils.py:468}}
Sep 01 18:04:19 devstack cinder-volume[86876]: DEBUG oslo_concurrency.processutils [None req-e8113e4e-084d-423a-910c-2bb1ac961b90 tempest-GroupsV314Test-883469683 None] Running cmd (subprocess): sudo cinder-rootwrap /etc/cinder/rootwrap.conf rm -f /opt/stack/data/cinder/mnt/baf04f88b37709599d77959bd928b6c2/volume-e0d93e05-fbd5-40c8-bd8d-7163f7742a54 {{(pid=86876) execute /opt/stack/data/venv/lib/python3.12/site-packages/oslo_concurrency/processutils.py:440}}
Sep 01 18:04:19 devstack sudo[94998]: quobyte : PWD=/ ; USER=root ; COMMAND=/opt/stack/data/venv/bin/cinder-rootwrap /etc/cinder/rootwrap.conf rm -f /opt/stack/data/cinder/mnt/baf04f88b37709599d77959bd928b6c2/volume-e0d93e05-fbd5-40c8-bd8d-7163f7742a54
Sep 01 18:04:19 devstack sudo[94998]: pam_unix(sudo:session): session opened for user root(uid=0) by (uid=1000)
Sep 01 18:04:19 devstack sudo[94993]: pam_unix(sudo:session): session closed for user root
Sep 01 18:04:19 devstack cinder-volume[86876]: DEBUG oslo_concurrency.processutils [None req-4b336943-f66e-4737-a9dd-cbb348bef5a5 tempest-VolumesExtendTest-60011014 None] CMD "sudo cinder-rootwrap /etc/cinder/rootwrap.conf qemu-img create -f qcow2 -o backing_file=/opt/stack/data/cinder/mnt/baf04f88b37709599d77959bd928b6c2/volume-8153c90b-28a3-47b6-a54a-bf67c5a6c45f,backing_fmt=qcow2 /opt/stack/data/cinder/mnt/baf04f88b37709599d77959bd928b6c2/volume-8153c90b-28a3-47b6-a54a-bf67c5a6c45f.5943ba70-3b3f-4bcb-9c40-3100db6ce857 1G" returned: 0 in 0.448s {{(pid=86876) execute /opt/stack/data/venv/lib/python3.12/site-packages/oslo_concurrency/processutils.py:468}}
Sep 01 18:04:19 devstack cinder-volume[86876]: DEBUG oslo_concurrency.processutils [None req-4b336943-f66e-4737-a9dd-cbb348bef5a5 tempest-VolumesExtendTest-60011014 None] Running cmd (subprocess): sudo cinder-rootwrap /etc/cinder/rootwrap.conf qemu-img rebase -u -b volume-8153c90b-28a3-47b6-a54a-bf67c5a6c45f -F qcow2 /opt/stack/data/cinder/mnt/baf04f88b37709599d77959bd928b6c2/volume-8153c90b-28a3-47b6-a54a-bf67c5a6c45f.5943ba70-3b3f-4bcb-9c40-3100db6ce857 {{(pid=86876) execute /opt/stack/data/venv/lib/python3.12/site-packages/oslo_concurrency/processutils.py:440}}
Sep 01 18:04:19 devstack sudo[94998]: pam_unix(sudo:session): session closed for user root
Sep 01 18:04:19 devstack cinder-volume[86876]: DEBUG oslo_concurrency.processutils [None req-e8113e4e-084d-423a-910c-2bb1ac961b90 tempest-GroupsV314Test-883469683 None] CMD "sudo cinder-rootwrap /etc/cinder/rootwrap.conf rm -f /opt/stack/data/cinder/mnt/baf04f88b37709599d77959bd928b6c2/volume-e0d93e05-fbd5-40c8-bd8d-7163f7742a54" returned: 0 in 0.261s {{(pid=86876) execute /opt/stack/data/venv/lib/python3.12/site-packages/oslo_concurrency/processutils.py:468}}
Sep 01 18:04:19 devstack sudo[95005]: quobyte : PWD=/ ; USER=root ; COMMAND=/opt/stack/data/venv/bin/cinder-rootwrap /etc/cinder/rootwrap.conf qemu-img rebase -u -b volume-8153c90b-28a3-47b6-a54a-bf67c5a6c45f -F qcow2 /opt/stack/data/cinder/mnt/baf04f88b37709599d77959bd928b6c2/volume-8153c90b-28a3-47b6-a54a-bf67c5a6c45f.5943ba70-3b3f-4bcb-9c40-3100db6ce857
Sep 01 18:04:19 devstack sudo[95005]: pam_unix(sudo:session): session opened for user root(uid=0) by (uid=1000)
Sep 01 18:04:19 devstack cinder-volume[86876]: DEBUG cinder.coordination [None req-e8113e4e-084d-423a-910c-2bb1ac961b90 tempest-GroupsV314Test-883469683 None] Lock "cinder-quobyte-e0d93e05-fbd5-40c8-bd8d-7163f7742a54" released by "delete_volume" :: held 0.784s {{(pid=86876) __release /opt/stack/cinder/cinder/coordination.py:152}}
Sep 01 18:04:19 devstack cinder-volume[86876]: DEBUG cinder.quota [None req-e8113e4e-084d-423a-910c-2bb1ac961b90 tempest-GroupsV314Test-883469683 None] Created reservations ['218770df-bb68-46ab-9b84-8ab4bd8803b7'] {{(pid=86876) reserve /opt/stack/cinder/cinder/quota.py:752}}
Sep 01 18:04:19 devstack cinder-volume[86876]: WARNING cinder.quota [None req-e8113e4e-084d-423a-910c-2bb1ac961b90 tempest-GroupsV314Test-883469683 None] Deprecated: Default quota for resource: volumes_tempest-GroupsV314Test-volume-type-2030464966 is set by the default quota flag: quota_volumes_tempest-GroupsV314Test-volume-type-2030464966, it is now deprecated. Please use the default quota class for default quota.
Sep 01 18:04:19 devstack cinder-volume[86876]: WARNING cinder.quota [None req-e8113e4e-084d-423a-910c-2bb1ac961b90 tempest-GroupsV314Test-883469683 None] Deprecated: Default quota for resource: gigabytes_tempest-GroupsV314Test-volume-type-2030464966 is set by the default quota flag: quota_gigabytes_tempest-GroupsV314Test-volume-type-2030464966, it is now deprecated. Please use the default quota class for default quota.
Sep 01 18:04:19 devstack cinder-volume[86876]: DEBUG cinder.quota [None req-e8113e4e-084d-423a-910c-2bb1ac961b90 tempest-GroupsV314Test-883469683 None] Created reservations ['b8896a84-4ee7-4b64-b075-cf115aef25bf', 'fb50352a-0fb7-4b25-b44b-e37e1377c7d9', '0703c1a0-0e80-422c-ac6e-85a296bfc4f2', '7ed91616-4380-460a-b0e6-3a85c7c905e2'] {{(pid=86876) reserve /opt/stack/cinder/cinder/quota.py:752}}
Sep 01 18:04:19 devstack cinder-volume[86876]: DEBUG oslo_concurrency.lockutils [None req-e8113e4e-084d-423a-910c-2bb1ac961b90 tempest-GroupsV314Test-883469683 None] Acquiring lock "quobyte_ensure" by "cinder.volume.drivers.quobyte.QuobyteDriver._ensure_shares_mounted" {{(pid=86876) inner /opt/stack/data/venv/lib/python3.12/site-packages/oslo_concurrency/lockutils.py:512}}
Sep 01 18:04:19 devstack cinder-volume[86876]: DEBUG oslo_concurrency.lockutils [None req-e8113e4e-084d-423a-910c-2bb1ac961b90 tempest-GroupsV314Test-883469683 None] Lock "quobyte_ensure" acquired by "cinder.volume.drivers.quobyte.QuobyteDriver._ensure_shares_mounted" :: waited 0.001s {{(pid=86876) inner /opt/stack/data/venv/lib/python3.12/site-packages/oslo_concurrency/lockutils.py:525}}
Sep 01 18:04:19 devstack cinder-volume[86876]: DEBUG cinder.volume.drivers.quobyte [None req-e8113e4e-084d-423a-910c-2bb1ac961b90 tempest-GroupsV314Test-883469683 None] Quobyte Volume URL set to: {'osci02.corp.quobyte.com/cinder-vol-fdd3fae3-61b9-47f8-b60c-618cb4fe533e': None} {{(pid=86876) _load_shares_config /opt/stack/cinder/cinder/volume/drivers/quobyte.py:662}}
Sep 01 18:04:19 devstack cinder-volume[86876]: DEBUG cinder.volume.drivers.quobyte [None req-e8113e4e-084d-423a-910c-2bb1ac961b90 tempest-GroupsV314Test-883469683 None] Available shares ['osci02.corp.quobyte.com/cinder-vol-fdd3fae3-61b9-47f8-b60c-618cb4fe533e'] {{(pid=86876) _ensure_shares_mounted /opt/stack/cinder/cinder/volume/drivers/quobyte.py:692}}
Sep 01 18:04:19 devstack cinder-volume[86876]: DEBUG oslo_concurrency.lockutils [None req-e8113e4e-084d-423a-910c-2bb1ac961b90 tempest-GroupsV314Test-883469683 None] Lock "quobyte_ensure" "released" by "cinder.volume.drivers.quobyte.QuobyteDriver._ensure_shares_mounted" :: held 0.010s {{(pid=86876) inner /opt/stack/data/venv/lib/python3.12/site-packages/oslo_concurrency/lockutils.py:544}}
Sep 01 18:04:19 devstack cinder-volume[86876]: DEBUG oslo_concurrency.processutils [None req-e8113e4e-084d-423a-910c-2bb1ac961b90 tempest-GroupsV314Test-883469683 None] Running cmd (subprocess): sudo cinder-rootwrap /etc/cinder/rootwrap.conf df --portability --block-size 1 /opt/stack/data/cinder/mnt/baf04f88b37709599d77959bd928b6c2 {{(pid=86876) execute /opt/stack/data/venv/lib/python3.12/site-packages/oslo_concurrency/processutils.py:440}}
Sep 01 18:04:19 devstack sudo[95010]: quobyte : PWD=/ ; USER=root ; COMMAND=/opt/stack/data/venv/bin/cinder-rootwrap /etc/cinder/rootwrap.conf df --portability --block-size 1 /opt/stack/data/cinder/mnt/baf04f88b37709599d77959bd928b6c2
Sep 01 18:04:19 devstack sudo[95010]: pam_unix(sudo:session): session opened for user root(uid=0) by (uid=1000)
Sep 01 18:04:19 devstack sudo[95005]: pam_unix(sudo:session): session closed for user root
Sep 01 18:04:19 devstack cinder-volume[86876]: DEBUG oslo_concurrency.processutils [None req-4b336943-f66e-4737-a9dd-cbb348bef5a5 tempest-VolumesExtendTest-60011014 None] CMD "sudo cinder-rootwrap /etc/cinder/rootwrap.conf qemu-img rebase -u -b volume-8153c90b-28a3-47b6-a54a-bf67c5a6c45f -F qcow2 /opt/stack/data/cinder/mnt/baf04f88b37709599d77959bd928b6c2/volume-8153c90b-28a3-47b6-a54a-bf67c5a6c45f.5943ba70-3b3f-4bcb-9c40-3100db6ce857" returned: 0 in 0.363s {{(pid=86876) execute /opt/stack/data/venv/lib/python3.12/site-packages/oslo_concurrency/processutils.py:468}}
Sep 01 18:04:19 devstack cinder-volume[86876]: WARNING cinder.volume.drivers.remotefs [None req-4b336943-f66e-4737-a9dd-cbb348bef5a5 tempest-VolumesExtendTest-60011014 None] /opt/stack/data/cinder/mnt/baf04f88b37709599d77959bd928b6c2/volume-8153c90b-28a3-47b6-a54a-bf67c5a6c45f.5943ba70-3b3f-4bcb-9c40-3100db6ce857 is being set with open permissions: ugo+rw
Sep 01 18:04:19 devstack cinder-volume[86876]: DEBUG oslo_concurrency.processutils [None req-4b336943-f66e-4737-a9dd-cbb348bef5a5 tempest-VolumesExtendTest-60011014 None] Running cmd (subprocess): sudo cinder-rootwrap /etc/cinder/rootwrap.conf chmod ugo+rw /opt/stack/data/cinder/mnt/baf04f88b37709599d77959bd928b6c2/volume-8153c90b-28a3-47b6-a54a-bf67c5a6c45f.5943ba70-3b3f-4bcb-9c40-3100db6ce857 {{(pid=86876) execute /opt/stack/data/venv/lib/python3.12/site-packages/oslo_concurrency/processutils.py:440}}
Sep 01 18:04:19 devstack sudo[95012]: quobyte : PWD=/ ; USER=root ; COMMAND=/opt/stack/data/venv/bin/cinder-rootwrap /etc/cinder/rootwrap.conf chmod ugo+rw /opt/stack/data/cinder/mnt/baf04f88b37709599d77959bd928b6c2/volume-8153c90b-28a3-47b6-a54a-bf67c5a6c45f.5943ba70-3b3f-4bcb-9c40-3100db6ce857
Sep 01 18:04:19 devstack sudo[95012]: pam_unix(sudo:session): session opened for user root(uid=0) by (uid=1000)
Sep 01 18:04:19 devstack cinder-volume[86876]: DEBUG cinder.volume.flows.manager.create_volume [None req-c9432dfd-d12b-4dd7-83b8-c7feb205fe03 tempest-AttachVolumeTestJSON-1836899804 None] Volume reschedule parameters: True retry: {'num_attempts': 1, 'backends': ['devstack@QuobyteHD#QuobyteHD'], 'hosts': ['devstack@QuobyteHD#QuobyteHD']} {{(pid=86876) get_flow /opt/stack/cinder/cinder/volume/flows/manager/create_volume.py:1397}}
Sep 01 18:04:19 devstack cinder-volume[86876]: DEBUG cinder.volume.manager [None req-c9432dfd-d12b-4dd7-83b8-c7feb205fe03 tempest-AttachVolumeTestJSON-1836899804 None] Flow 'volume_create_manager' (ffe37502-7208-40f5-8c90-01afb99ce7f5) transitioned into state 'RUNNING' from state 'PENDING' {{(pid=86876) _flow_receiver /opt/stack/data/venv/lib/python3.12/site-packages/taskflow/listeners/logging.py:160}}
Sep 01 18:04:19 devstack cinder-volume[86876]: DEBUG cinder.volume.manager [None req-c9432dfd-d12b-4dd7-83b8-c7feb205fe03 tempest-AttachVolumeTestJSON-1836899804 None] Task 'cinder.volume.flows.manager.create_volume.ExtractVolumeRefTask;volume:create' (f05b8530-aa4d-4e17-b4db-5ac1e621434f) transitioned into state 'RUNNING' from state 'PENDING' {{(pid=86876) _task_receiver /opt/stack/data/venv/lib/python3.12/site-packages/taskflow/listeners/logging.py:242}}
