Jun 15 04:16:05 devstack cinder-volume[92103]: DEBUG oslo_concurrency.lockutils [None req-2eb1e4e0-e9c0-46f1-b5d2-0f02959e659e tempest-GroupSnapshotsV319Test-11856162 None] Lock "quobyte" acquired by "cinder.volume.drivers.quobyte.QuobyteDriver.create_snapshot" :: waited 0.001s {{(pid=92103) inner /opt/stack/data/venv/lib/python3.12/site-packages/oslo_concurrency/lockutils.py:519}}
Jun 15 04:16:05 devstack cinder-volume[92103]: DEBUG cinder.volume.drivers.remotefs [None req-2eb1e4e0-e9c0-46f1-b5d2-0f02959e659e tempest-GroupSnapshotsV319Test-11856162 None] Creating offline snapshot fa4e3d38-88c7-4e4b-ae25-dadc8a2b87cf of volume 4a4161c0-2f88-48ca-9645-11c68ef08f61 {{(pid=92103) _create_snapshot /opt/stack/cinder/cinder/volume/drivers/remotefs.py:1816}}
Jun 15 04:16:05 devstack cinder-volume[92103]: DEBUG oslo.privsep.daemon [-] privsep: reply[161d3b34-d686-4e09-bb58-7e24a9ad26c6]: (4, 'qcow2') {{(pid=92968) _call_back /opt/stack/data/venv/lib/python3.12/site-packages/oslo_privsep/daemon.py:573}}
Jun 15 04:16:05 devstack cinder-volume[92103]: DEBUG oslo_concurrency.processutils [None req-2eb1e4e0-e9c0-46f1-b5d2-0f02959e659e tempest-GroupSnapshotsV319Test-11856162 None] Running cmd (subprocess): /opt/stack/data/venv/bin/python3.12 -m oslo_concurrency.prlimit --as=1073741824 --cpu=60 -- sudo cinder-rootwrap /etc/cinder/rootwrap.conf env LC_ALL=C qemu-img info -f qcow2 --output=json --force-share /opt/stack/data/cinder/mnt/6e400dcc428b3c80328e47ad5ad45b3a/volume-4a4161c0-2f88-48ca-9645-11c68ef08f61 {{(pid=92103) execute /opt/stack/data/venv/lib/python3.12/site-packages/oslo_concurrency/processutils.py:440}}
Jun 15 04:16:05 devstack sudo[94052]: quobyte : PWD=/ ; USER=root ; COMMAND=/opt/stack/data/venv/bin/cinder-rootwrap /etc/cinder/rootwrap.conf env LC_ALL=C qemu-img info -f qcow2 --output=json --force-share /opt/stack/data/cinder/mnt/6e400dcc428b3c80328e47ad5ad45b3a/volume-4a4161c0-2f88-48ca-9645-11c68ef08f61
Jun 15 04:16:05 devstack sudo[94052]: pam_unix(sudo:session): session opened for user root(uid=0) by (uid=1000)
Jun 15 04:16:06 devstack sudo[94052]: pam_unix(sudo:session): session closed for user root
Jun 15 04:16:06 devstack cinder-volume[92103]: DEBUG oslo_concurrency.processutils [None req-2eb1e4e0-e9c0-46f1-b5d2-0f02959e659e tempest-GroupSnapshotsV319Test-11856162 None] CMD "/opt/stack/data/venv/bin/python3.12 -m oslo_concurrency.prlimit --as=1073741824 --cpu=60 -- sudo cinder-rootwrap /etc/cinder/rootwrap.conf env LC_ALL=C qemu-img info -f qcow2 --output=json --force-share /opt/stack/data/cinder/mnt/6e400dcc428b3c80328e47ad5ad45b3a/volume-4a4161c0-2f88-48ca-9645-11c68ef08f61" returned: 0 in 0.784s {{(pid=92103) execute /opt/stack/data/venv/lib/python3.12/site-packages/oslo_concurrency/processutils.py:468}}
Jun 15 04:16:06 devstack cinder-volume[92103]: DEBUG oslo_concurrency.processutils [None req-2eb1e4e0-e9c0-46f1-b5d2-0f02959e659e tempest-GroupSnapshotsV319Test-11856162 None] Running cmd (subprocess): sudo cinder-rootwrap /etc/cinder/rootwrap.conf qemu-img create -f qcow2 -o backing_file=/opt/stack/data/cinder/mnt/6e400dcc428b3c80328e47ad5ad45b3a/volume-4a4161c0-2f88-48ca-9645-11c68ef08f61,backing_fmt=qcow2 /opt/stack/data/cinder/mnt/6e400dcc428b3c80328e47ad5ad45b3a/volume-4a4161c0-2f88-48ca-9645-11c68ef08f61.fa4e3d38-88c7-4e4b-ae25-dadc8a2b87cf 1G {{(pid=92103) execute /opt/stack/data/venv/lib/python3.12/site-packages/oslo_concurrency/processutils.py:440}}
Jun 15 04:16:06 devstack sudo[94066]: quobyte : PWD=/ ; USER=root ; COMMAND=/opt/stack/data/venv/bin/cinder-rootwrap /etc/cinder/rootwrap.conf qemu-img create -f qcow2 -o backing_file=/opt/stack/data/cinder/mnt/6e400dcc428b3c80328e47ad5ad45b3a/volume-4a4161c0-2f88-48ca-9645-11c68ef08f61,backing_fmt=qcow2 /opt/stack/data/cinder/mnt/6e400dcc428b3c80328e47ad5ad45b3a/volume-4a4161c0-2f88-48ca-9645-11c68ef08f61.fa4e3d38-88c7-4e4b-ae25-dadc8a2b87cf 1G
Jun 15 04:16:06 devstack sudo[94066]: pam_unix(sudo:session): session opened for user root(uid=0) by (uid=1000)
Jun 15 04:16:07 devstack sudo[94066]: pam_unix(sudo:session): session closed for user root
Jun 15 04:16:07 devstack cinder-volume[92103]: DEBUG oslo_concurrency.processutils [None req-2eb1e4e0-e9c0-46f1-b5d2-0f02959e659e tempest-GroupSnapshotsV319Test-11856162 None] CMD "sudo cinder-rootwrap /etc/cinder/rootwrap.conf qemu-img create -f qcow2 -o backing_file=/opt/stack/data/cinder/mnt/6e400dcc428b3c80328e47ad5ad45b3a/volume-4a4161c0-2f88-48ca-9645-11c68ef08f61,backing_fmt=qcow2 /opt/stack/data/cinder/mnt/6e400dcc428b3c80328e47ad5ad45b3a/volume-4a4161c0-2f88-48ca-9645-11c68ef08f61.fa4e3d38-88c7-4e4b-ae25-dadc8a2b87cf 1G" returned: 0 in 1.213s {{(pid=92103) execute /opt/stack/data/venv/lib/python3.12/site-packages/oslo_concurrency/processutils.py:468}}
Jun 15 04:16:07 devstack cinder-volume[92103]: DEBUG oslo_concurrency.processutils [None req-2eb1e4e0-e9c0-46f1-b5d2-0f02959e659e tempest-GroupSnapshotsV319Test-11856162 None] Running cmd (subprocess): sudo cinder-rootwrap /etc/cinder/rootwrap.conf qemu-img rebase -u -b volume-4a4161c0-2f88-48ca-9645-11c68ef08f61 -F qcow2 /opt/stack/data/cinder/mnt/6e400dcc428b3c80328e47ad5ad45b3a/volume-4a4161c0-2f88-48ca-9645-11c68ef08f61.fa4e3d38-88c7-4e4b-ae25-dadc8a2b87cf {{(pid=92103) execute /opt/stack/data/venv/lib/python3.12/site-packages/oslo_concurrency/processutils.py:440}}
Jun 15 04:16:07 devstack sudo[94447]: quobyte : PWD=/ ; USER=root ; COMMAND=/opt/stack/data/venv/bin/cinder-rootwrap /etc/cinder/rootwrap.conf qemu-img rebase -u -b volume-4a4161c0-2f88-48ca-9645-11c68ef08f61 -F qcow2 /opt/stack/data/cinder/mnt/6e400dcc428b3c80328e47ad5ad45b3a/volume-4a4161c0-2f88-48ca-9645-11c68ef08f61.fa4e3d38-88c7-4e4b-ae25-dadc8a2b87cf
Jun 15 04:16:07 devstack sudo[94447]: pam_unix(sudo:session): session opened for user root(uid=0) by (uid=1000)
Jun 15 04:16:08 devstack sudo[94447]: pam_unix(sudo:session): session closed for user root
Jun 15 04:16:08 devstack cinder-volume[92103]: DEBUG oslo_concurrency.processutils [None req-2eb1e4e0-e9c0-46f1-b5d2-0f02959e659e tempest-GroupSnapshotsV319Test-11856162 None] CMD "sudo cinder-rootwrap /etc/cinder/rootwrap.conf qemu-img rebase -u -b volume-4a4161c0-2f88-48ca-9645-11c68ef08f61 -F qcow2 /opt/stack/data/cinder/mnt/6e400dcc428b3c80328e47ad5ad45b3a/volume-4a4161c0-2f88-48ca-9645-11c68ef08f61.fa4e3d38-88c7-4e4b-ae25-dadc8a2b87cf" returned: 0 in 0.772s {{(pid=92103) execute /opt/stack/data/venv/lib/python3.12/site-packages/oslo_concurrency/processutils.py:468}}
Jun 15 04:16:08 devstack cinder-volume[92103]: WARNING cinder.volume.drivers.remotefs [None req-2eb1e4e0-e9c0-46f1-b5d2-0f02959e659e tempest-GroupSnapshotsV319Test-11856162 None] /opt/stack/data/cinder/mnt/6e400dcc428b3c80328e47ad5ad45b3a/volume-4a4161c0-2f88-48ca-9645-11c68ef08f61.fa4e3d38-88c7-4e4b-ae25-dadc8a2b87cf is being set with open permissions: ugo+rw: NotImplementedError
Jun 15 04:16:08 devstack cinder-volume[92103]: DEBUG oslo_concurrency.processutils [None req-2eb1e4e0-e9c0-46f1-b5d2-0f02959e659e tempest-GroupSnapshotsV319Test-11856162 None] Running cmd (subprocess): sudo cinder-rootwrap /etc/cinder/rootwrap.conf chmod ugo+rw /opt/stack/data/cinder/mnt/6e400dcc428b3c80328e47ad5ad45b3a/volume-4a4161c0-2f88-48ca-9645-11c68ef08f61.fa4e3d38-88c7-4e4b-ae25-dadc8a2b87cf {{(pid=92103) execute /opt/stack/data/venv/lib/python3.12/site-packages/oslo_concurrency/processutils.py:440}}
Jun 15 04:16:08 devstack sudo[94454]: quobyte : PWD=/ ; USER=root ; COMMAND=/opt/stack/data/venv/bin/cinder-rootwrap /etc/cinder/rootwrap.conf chmod ugo+rw /opt/stack/data/cinder/mnt/6e400dcc428b3c80328e47ad5ad45b3a/volume-4a4161c0-2f88-48ca-9645-11c68ef08f61.fa4e3d38-88c7-4e4b-ae25-dadc8a2b87cf
Jun 15 04:16:08 devstack sudo[94454]: pam_unix(sudo:session): session opened for user root(uid=0) by (uid=1000)
Jun 15 04:16:08 devstack cinder-volume[92103]: DEBUG cinder.coordination [None req-cae44097-9e23-4602-bdf9-afcba946541f tempest-DeleteServersTestJSON-1460995620 None] Acquiring lock "cinder-49ba4851-13f8-4e31-b3cc-8c3f2e2433d1-delete_volume" by "delete_volume" {{(pid=92103) __acquire /opt/stack/cinder/cinder/coordination.py:138}}
Jun 15 04:16:08 devstack cinder-volume[92103]: DEBUG cinder.coordination [None req-cae44097-9e23-4602-bdf9-afcba946541f tempest-DeleteServersTestJSON-1460995620 None] Lock "cinder-49ba4851-13f8-4e31-b3cc-8c3f2e2433d1-delete_volume" acquired by "delete_volume" :: waited 0.018s {{(pid=92103) __acquire /opt/stack/cinder/cinder/coordination.py:141}}
Jun 15 04:16:08 devstack cinder-volume[92103]: DEBUG cinder.coordination [None req-cae44097-9e23-4602-bdf9-afcba946541f tempest-DeleteServersTestJSON-1460995620 None] Acquiring lock "cinder-quobyte-49ba4851-13f8-4e31-b3cc-8c3f2e2433d1" by "delete_volume" {{(pid=92103) __acquire /opt/stack/cinder/cinder/coordination.py:138}}
Jun 15 04:16:08 devstack cinder-volume[92103]: DEBUG cinder.coordination [None req-cae44097-9e23-4602-bdf9-afcba946541f tempest-DeleteServersTestJSON-1460995620 None] Lock "cinder-quobyte-49ba4851-13f8-4e31-b3cc-8c3f2e2433d1" acquired by "delete_volume" :: waited 0.027s {{(pid=92103) __acquire /opt/stack/cinder/cinder/coordination.py:141}}
Jun 15 04:16:08 devstack cinder-volume[92103]: DEBUG oslo.privsep.daemon [-] privsep: reply[ccfd7c07-bb4a-4009-be86-568dceb73f09]: (4, 'qcow2') {{(pid=92968) _call_back /opt/stack/data/venv/lib/python3.12/site-packages/oslo_privsep/daemon.py:573}}
Jun 15 04:16:08 devstack cinder-volume[92103]: DEBUG oslo_concurrency.processutils [None req-cae44097-9e23-4602-bdf9-afcba946541f tempest-DeleteServersTestJSON-1460995620 None] Running cmd (subprocess): /opt/stack/data/venv/bin/python3.12 -m oslo_concurrency.prlimit --as=1073741824 --cpu=60 -- sudo cinder-rootwrap /etc/cinder/rootwrap.conf env LC_ALL=C qemu-img info -f qcow2 --output=json --force-share /opt/stack/data/cinder/mnt/6e400dcc428b3c80328e47ad5ad45b3a/volume-49ba4851-13f8-4e31-b3cc-8c3f2e2433d1 {{(pid=92103) execute /opt/stack/data/venv/lib/python3.12/site-packages/oslo_concurrency/processutils.py:440}}
Jun 15 04:16:08 devstack sudo[94456]: quobyte : PWD=/ ; USER=root ; COMMAND=/opt/stack/data/venv/bin/cinder-rootwrap /etc/cinder/rootwrap.conf env LC_ALL=C qemu-img info -f qcow2 --output=json --force-share /opt/stack/data/cinder/mnt/6e400dcc428b3c80328e47ad5ad45b3a/volume-49ba4851-13f8-4e31-b3cc-8c3f2e2433d1
Jun 15 04:16:08 devstack sudo[94456]: pam_unix(sudo:session): session opened for user root(uid=0) by (uid=1000)
Jun 15 04:16:09 devstack sudo[94454]: pam_unix(sudo:session): session closed for user root
Jun 15 04:16:09 devstack cinder-volume[92103]: DEBUG oslo_concurrency.processutils [None req-2eb1e4e0-e9c0-46f1-b5d2-0f02959e659e tempest-GroupSnapshotsV319Test-11856162 None] CMD "sudo cinder-rootwrap /etc/cinder/rootwrap.conf chmod ugo+rw /opt/stack/data/cinder/mnt/6e400dcc428b3c80328e47ad5ad45b3a/volume-4a4161c0-2f88-48ca-9645-11c68ef08f61.fa4e3d38-88c7-4e4b-ae25-dadc8a2b87cf" returned: 0 in 0.689s {{(pid=92103) execute /opt/stack/data/venv/lib/python3.12/site-packages/oslo_concurrency/processutils.py:468}}
Jun 15 04:16:09 devstack cinder-volume[92103]: DEBUG oslo_concurrency.processutils [None req-2eb1e4e0-e9c0-46f1-b5d2-0f02959e659e tempest-GroupSnapshotsV319Test-11856162 None] Running cmd (subprocess): sudo cinder-rootwrap /etc/cinder/rootwrap.conf truncate -s0 /opt/stack/data/cinder/mnt/6e400dcc428b3c80328e47ad5ad45b3a/volume-4a4161c0-2f88-48ca-9645-11c68ef08f61.info {{(pid=92103) execute /opt/stack/data/venv/lib/python3.12/site-packages/oslo_concurrency/processutils.py:440}}
Jun 15 04:16:09 devstack sudo[94460]: quobyte : PWD=/ ; USER=root ; COMMAND=/opt/stack/data/venv/bin/cinder-rootwrap /etc/cinder/rootwrap.conf truncate -s0 /opt/stack/data/cinder/mnt/6e400dcc428b3c80328e47ad5ad45b3a/volume-4a4161c0-2f88-48ca-9645-11c68ef08f61.info
Jun 15 04:16:09 devstack sudo[94460]: pam_unix(sudo:session): session opened for user root(uid=0) by (uid=1000)
Jun 15 04:16:09 devstack sudo[94456]: pam_unix(sudo:session): session closed for user root
Jun 15 04:16:09 devstack cinder-volume[92103]: DEBUG oslo_concurrency.processutils [None req-cae44097-9e23-4602-bdf9-afcba946541f tempest-DeleteServersTestJSON-1460995620 None] CMD "/opt/stack/data/venv/bin/python3.12 -m oslo_concurrency.prlimit --as=1073741824 --cpu=60 -- sudo cinder-rootwrap /etc/cinder/rootwrap.conf env LC_ALL=C qemu-img info -f qcow2 --output=json --force-share /opt/stack/data/cinder/mnt/6e400dcc428b3c80328e47ad5ad45b3a/volume-49ba4851-13f8-4e31-b3cc-8c3f2e2433d1" returned: 0 in 0.896s {{(pid=92103) execute /opt/stack/data/venv/lib/python3.12/site-packages/oslo_concurrency/processutils.py:468}}
Jun 15 04:16:09 devstack cinder-volume[92103]: DEBUG oslo_concurrency.processutils [None req-cae44097-9e23-4602-bdf9-afcba946541f tempest-DeleteServersTestJSON-1460995620 None] Running cmd (subprocess): sudo cinder-rootwrap /etc/cinder/rootwrap.conf rm -f /opt/stack/data/cinder/mnt/6e400dcc428b3c80328e47ad5ad45b3a/volume-49ba4851-13f8-4e31-b3cc-8c3f2e2433d1 {{(pid=92103) execute /opt/stack/data/venv/lib/python3.12/site-packages/oslo_concurrency/processutils.py:440}}
Jun 15 04:16:09 devstack sudo[94467]: quobyte : PWD=/ ; USER=root ; COMMAND=/opt/stack/data/venv/bin/cinder-rootwrap /etc/cinder/rootwrap.conf rm -f /opt/stack/data/cinder/mnt/6e400dcc428b3c80328e47ad5ad45b3a/volume-49ba4851-13f8-4e31-b3cc-8c3f2e2433d1
Jun 15 04:16:09 devstack sudo[94467]: pam_unix(sudo:session): session opened for user root(uid=0) by (uid=1000)
Jun 15 04:16:10 devstack sudo[94460]: pam_unix(sudo:session): session closed for user root
Jun 15 04:16:10 devstack cinder-volume[92103]: DEBUG oslo_concurrency.processutils [None req-2eb1e4e0-e9c0-46f1-b5d2-0f02959e659e tempest-GroupSnapshotsV319Test-11856162 None] CMD "sudo cinder-rootwrap /etc/cinder/rootwrap.conf truncate -s0 /opt/stack/data/cinder/mnt/6e400dcc428b3c80328e47ad5ad45b3a/volume-4a4161c0-2f88-48ca-9645-11c68ef08f61.info" returned: 0 in 0.799s {{(pid=92103) execute /opt/stack/data/venv/lib/python3.12/site-packages/oslo_concurrency/processutils.py:468}}
Jun 15 04:16:10 devstack cinder-volume[92103]: WARNING cinder.volume.drivers.remotefs [None req-2eb1e4e0-e9c0-46f1-b5d2-0f02959e659e tempest-GroupSnapshotsV319Test-11856162 None] /opt/stack/data/cinder/mnt/6e400dcc428b3c80328e47ad5ad45b3a/volume-4a4161c0-2f88-48ca-9645-11c68ef08f61.info is being set with open permissions: ugo+rw: NotImplementedError
Jun 15 04:16:10 devstack cinder-volume[92103]: DEBUG oslo_concurrency.processutils [None req-2eb1e4e0-e9c0-46f1-b5d2-0f02959e659e tempest-GroupSnapshotsV319Test-11856162 None] Running cmd (subprocess): sudo cinder-rootwrap /etc/cinder/rootwrap.conf chmod ugo+rw /opt/stack/data/cinder/mnt/6e400dcc428b3c80328e47ad5ad45b3a/volume-4a4161c0-2f88-48ca-9645-11c68ef08f61.info {{(pid=92103) execute /opt/stack/data/venv/lib/python3.12/site-packages/oslo_concurrency/processutils.py:440}}
Jun 15 04:16:10 devstack sudo[94470]: quobyte : PWD=/ ; USER=root ; COMMAND=/opt/stack/data/venv/bin/cinder-rootwrap /etc/cinder/rootwrap.conf chmod ugo+rw /opt/stack/data/cinder/mnt/6e400dcc428b3c80328e47ad5ad45b3a/volume-4a4161c0-2f88-48ca-9645-11c68ef08f61.info
Jun 15 04:16:10 devstack sudo[94470]: pam_unix(sudo:session): session opened for user root(uid=0) by (uid=1000)
Jun 15 04:16:10 devstack sudo[94467]: pam_unix(sudo:session): session closed for user root
Jun 15 04:16:10 devstack cinder-volume[92103]: DEBUG oslo_concurrency.processutils [None req-cae44097-9e23-4602-bdf9-afcba946541f tempest-DeleteServersTestJSON-1460995620 None] CMD "sudo cinder-rootwrap /etc/cinder/rootwrap.conf rm -f /opt/stack/data/cinder/mnt/6e400dcc428b3c80328e47ad5ad45b3a/volume-49ba4851-13f8-4e31-b3cc-8c3f2e2433d1" returned: 0 in 0.702s {{(pid=92103) execute /opt/stack/data/venv/lib/python3.12/site-packages/oslo_concurrency/processutils.py:468}}
Jun 15 04:16:10 devstack cinder-volume[92103]: DEBUG cinder.coordination [None req-cae44097-9e23-4602-bdf9-afcba946541f tempest-DeleteServersTestJSON-1460995620 None] Lock "cinder-quobyte-49ba4851-13f8-4e31-b3cc-8c3f2e2433d1" released by "delete_volume" :: held 1.671s {{(pid=92103) __release /opt/stack/cinder/cinder/coordination.py:152}}
Jun 15 04:16:10 devstack cinder-volume[92103]: DEBUG cinder.quota [None req-cae44097-9e23-4602-bdf9-afcba946541f tempest-DeleteServersTestJSON-1460995620 None] Created reservations ['f3f0705c-19b1-4e3f-a822-f0df20dd4f6f', '2c40d51f-0f7c-4116-b899-23548482e737', 'ecfe0702-6b27-4b38-aa19-8c08837f37f4', 'c59f1663-d2c8-4be2-98dd-414ddd411979'] {{(pid=92103) reserve /opt/stack/cinder/cinder/quota.py:752}}
Jun 15 04:16:10 devstack cinder-volume[92103]: DEBUG oslo_concurrency.lockutils [None req-cae44097-9e23-4602-bdf9-afcba946541f tempest-DeleteServersTestJSON-1460995620 None] Acquiring lock "quobyte_ensure" by "cinder.volume.drivers.quobyte.QuobyteDriver._ensure_shares_mounted" {{(pid=92103) inner /opt/stack/data/venv/lib/python3.12/site-packages/oslo_concurrency/lockutils.py:506}}
Jun 15 04:16:10 devstack cinder-volume[92103]: DEBUG oslo_concurrency.lockutils [None req-cae44097-9e23-4602-bdf9-afcba946541f tempest-DeleteServersTestJSON-1460995620 None] Lock "quobyte_ensure" acquired by "cinder.volume.drivers.quobyte.QuobyteDriver._ensure_shares_mounted" :: waited 0.001s {{(pid=92103) inner /opt/stack/data/venv/lib/python3.12/site-packages/oslo_concurrency/lockutils.py:519}}
Jun 15 04:16:10 devstack cinder-volume[92103]: DEBUG cinder.volume.drivers.quobyte [None req-cae44097-9e23-4602-bdf9-afcba946541f tempest-DeleteServersTestJSON-1460995620 None] Quobyte Volume URL set to: {'osci02.corp.quobyte.com/cinder-vol-5d8312ac-b369-4347-a09d-3f7f8e5ae1ac': None} {{(pid=92103) _load_shares_config /opt/stack/cinder/cinder/volume/drivers/quobyte.py:617}}
Jun 15 04:16:10 devstack cinder-volume[92103]: DEBUG cinder.volume.drivers.quobyte [None req-cae44097-9e23-4602-bdf9-afcba946541f tempest-DeleteServersTestJSON-1460995620 None] Available shares ['osci02.corp.quobyte.com/cinder-vol-5d8312ac-b369-4347-a09d-3f7f8e5ae1ac'] {{(pid=92103) _ensure_shares_mounted /opt/stack/cinder/cinder/volume/drivers/quobyte.py:647}}
Jun 15 04:16:10 devstack cinder-volume[92103]: DEBUG oslo_concurrency.lockutils [None req-cae44097-9e23-4602-bdf9-afcba946541f tempest-DeleteServersTestJSON-1460995620 None] Lock "quobyte_ensure" "released" by "cinder.volume.drivers.quobyte.QuobyteDriver._ensure_shares_mounted" :: held 0.008s {{(pid=92103) inner /opt/stack/data/venv/lib/python3.12/site-packages/oslo_concurrency/lockutils.py:538}}
Jun 15 04:16:10 devstack cinder-volume[92103]: DEBUG oslo_concurrency.processutils [None req-cae44097-9e23-4602-bdf9-afcba946541f tempest-DeleteServersTestJSON-1460995620 None] Running cmd (subprocess): sudo cinder-rootwrap /etc/cinder/rootwrap.conf df --portability --block-size 1 /opt/stack/data/cinder/mnt/6e400dcc428b3c80328e47ad5ad45b3a {{(pid=92103) execute /opt/stack/data/venv/lib/python3.12/site-packages/oslo_concurrency/processutils.py:440}}
Jun 15 04:16:10 devstack sudo[94473]: quobyte : PWD=/ ; USER=root ; COMMAND=/opt/stack/data/venv/bin/cinder-rootwrap /etc/cinder/rootwrap.conf df --portability --block-size 1 /opt/stack/data/cinder/mnt/6e400dcc428b3c80328e47ad5ad45b3a
Jun 15 04:16:10 devstack sudo[94473]: pam_unix(sudo:session): session opened for user root(uid=0) by (uid=1000)
Jun 15 04:16:10 devstack sudo[94470]: pam_unix(sudo:session): session closed for user root
Jun 15 04:16:10 devstack cinder-volume[92103]: DEBUG oslo_concurrency.processutils [None req-2eb1e4e0-e9c0-46f1-b5d2-0f02959e659e tempest-GroupSnapshotsV319Test-11856162 None] CMD "sudo cinder-rootwrap /etc/cinder/rootwrap.conf chmod ugo+rw /opt/stack/data/cinder/mnt/6e400dcc428b3c80328e47ad5ad45b3a/volume-4a4161c0-2f88-48ca-9645-11c68ef08f61.info" returned: 0 in 0.724s {{(pid=92103) execute /opt/stack/data/venv/lib/python3.12/site-packages/oslo_concurrency/processutils.py:468}}
Jun 15 04:16:10 devstack cinder-volume[92103]: DEBUG oslo_concurrency.lockutils [None req-2eb1e4e0-e9c0-46f1-b5d2-0f02959e659e tempest-GroupSnapshotsV319Test-11856162 None] Lock "quobyte" "released" by "cinder.volume.drivers.quobyte.QuobyteDriver.create_snapshot" :: held 5.098s {{(pid=92103) inner /opt/stack/data/venv/lib/python3.12/site-packages/oslo_concurrency/lockutils.py:538}}
Jun 15 04:16:10 devstack cinder-volume[92103]: INFO cinder.volume.manager [None req-2eb1e4e0-e9c0-46f1-b5d2-0f02959e659e tempest-GroupSnapshotsV319Test-11856162 None] group_snapshot 4beecca4-39ce-49b4-93af-d31af879344b: created successfully
Jun 15 04:16:11 devstack sudo[94473]: pam_unix(sudo:session): session closed for user root
Jun 15 04:16:11 devstack cinder-volume[92103]: DEBUG oslo_concurrency.processutils [None req-cae44097-9e23-4602-bdf9-afcba946541f tempest-DeleteServersTestJSON-1460995620 None] CMD "sudo cinder-rootwrap /etc/cinder/rootwrap.conf df --portability --block-size 1 /opt/stack/data/cinder/mnt/6e400dcc428b3c80328e47ad5ad45b3a" returned: 0 in 0.711s {{(pid=92103) execute /opt/stack/data/venv/lib/python3.12/site-packages/oslo_concurrency/processutils.py:468}}
Jun 15 04:16:11 devstack cinder-volume[92103]: DEBUG cinder.manager [None req-cae44097-9e23-4602-bdf9-afcba946541f tempest-DeleteServersTestJSON-1460995620 None] Notifying Schedulers of capabilities ... {{(pid=92103) _publish_service_capabilities /opt/stack/cinder/cinder/manager.py:219}}
Jun 15 04:16:11 devstack cinder-volume[92103]: INFO cinder.volume.manager [None req-cae44097-9e23-4602-bdf9-afcba946541f tempest-DeleteServersTestJSON-1460995620 None] Deleted volume successfully.
Jun 15 04:16:11 devstack cinder-volume[92103]: DEBUG cinder.coordination [None req-cae44097-9e23-4602-bdf9-afcba946541f tempest-DeleteServersTestJSON-1460995620 None] Lock "cinder-49ba4851-13f8-4e31-b3cc-8c3f2e2433d1-delete_volume" released by "delete_volume" :: held 2.620s {{(pid=92103) __release /opt/stack/cinder/cinder/coordination.py:152}}
Jun 15 04:16:11 devstack cinder-volume[92103]: INFO cinder.volume.manager [None req-4089e7cd-425a-4ae4-b70e-717b5299a4f6 tempest-GroupSnapshotsV319Test-11856162 None] group_snapshot 4beecca4-39ce-49b4-93af-d31af879344b: deleting
Jun 15 04:16:11 devstack cinder-volume[92103]: DEBUG cinder.volume.manager [None req-4089e7cd-425a-4ae4-b70e-717b5299a4f6 tempest-GroupSnapshotsV319Test-11856162 None] group_snapshot 4beecca4-39ce-49b4-93af-d31af879344b: deleting {{(pid=92103) delete_group_snapshot /opt/stack/cinder/cinder/volume/manager.py:4350}}
Jun 15 04:16:11 devstack cinder-volume[92103]: DEBUG cinder.coordination [None req-4089e7cd-425a-4ae4-b70e-717b5299a4f6 tempest-GroupSnapshotsV319Test-11856162 None] Acquiring lock "cinder-quobyte-4a4161c0-2f88-48ca-9645-11c68ef08f61" by "delete_snapshot" {{(pid=92103) __acquire /opt/stack/cinder/cinder/coordination.py:138}}
Jun 15 04:16:11 devstack cinder-volume[92103]: DEBUG cinder.coordination [None req-4089e7cd-425a-4ae4-b70e-717b5299a4f6 tempest-GroupSnapshotsV319Test-11856162 None] Lock "cinder-quobyte-4a4161c0-2f88-48ca-9645-11c68ef08f61" acquired by "delete_snapshot" :: waited 0.052s {{(pid=92103) __acquire /opt/stack/cinder/cinder/coordination.py:141}}
Jun 15 04:16:11 devstack cinder-volume[92103]: DEBUG cinder.coordination [None req-4089e7cd-425a-4ae4-b70e-717b5299a4f6 tempest-GroupSnapshotsV319Test-11856162 None] Acquiring lock "cinder-quobyte-fa4e3d38-88c7-4e4b-ae25-dadc8a2b87cf" by "_delete_snapshot" {{(pid=92103) __acquire /opt/stack/cinder/cinder/coordination.py:138}}
Jun 15 04:16:11 devstack cinder-volume[92103]: DEBUG cinder.coordination [None req-4089e7cd-425a-4ae4-b70e-717b5299a4f6 tempest-GroupSnapshotsV319Test-11856162 None] Lock "cinder-quobyte-fa4e3d38-88c7-4e4b-ae25-dadc8a2b87cf" acquired by "_delete_snapshot" :: waited 0.026s {{(pid=92103) __acquire /opt/stack/cinder/cinder/coordination.py:141}}
Jun 15 04:16:11 devstack cinder-volume[92103]: DEBUG cinder.volume.drivers.remotefs [None req-4089e7cd-425a-4ae4-b70e-717b5299a4f6 tempest-GroupSnapshotsV319Test-11856162 None] Deleting offline snapshot fa4e3d38-88c7-4e4b-ae25-dadc8a2b87cf of volume 4a4161c0-2f88-48ca-9645-11c68ef08f61 {{(pid=92103) _delete_snapshot /opt/stack/cinder/cinder/volume/drivers/remotefs.py:1288}}
Jun 15 04:16:11 devstack cinder-volume[92103]: DEBUG cinder.volume.drivers.remotefs [None req-4089e7cd-425a-4ae4-b70e-717b5299a4f6 tempest-GroupSnapshotsV319Test-11856162 None] snapshot_file for this snap is: volume-4a4161c0-2f88-48ca-9645-11c68ef08f61.fa4e3d38-88c7-4e4b-ae25-dadc8a2b87cf {{(pid=92103) _delete_snapshot /opt/stack/cinder/cinder/volume/drivers/remotefs.py:1317}}
Jun 15 04:16:11 devstack cinder-volume[92103]: DEBUG oslo.privsep.daemon [-] privsep: reply[cb06ced7-f942-4afa-9d33-b588a1fad017]: (4, 'qcow2') {{(pid=92968) _call_back /opt/stack/data/venv/lib/python3.12/site-packages/oslo_privsep/daemon.py:573}}
Jun 15 04:16:11 devstack cinder-volume[92103]: DEBUG oslo_concurrency.processutils [None req-4089e7cd-425a-4ae4-b70e-717b5299a4f6 tempest-GroupSnapshotsV319Test-11856162 None] Running cmd (subprocess): /opt/stack/data/venv/bin/python3.12 -m oslo_concurrency.prlimit --as=1073741824 --cpu=60 -- sudo cinder-rootwrap /etc/cinder/rootwrap.conf env LC_ALL=C qemu-img info -f qcow2 --output=json --force-share /opt/stack/data/cinder/mnt/6e400dcc428b3c80328e47ad5ad45b3a/volume-4a4161c0-2f88-48ca-9645-11c68ef08f61.fa4e3d38-88c7-4e4b-ae25-dadc8a2b87cf {{(pid=92103) execute /opt/stack/data/venv/lib/python3.12/site-packages/oslo_concurrency/processutils.py:440}}
Jun 15 04:16:12 devstack sudo[94477]: quobyte : PWD=/ ; USER=root ; COMMAND=/opt/stack/data/venv/bin/cinder-rootwrap /etc/cinder/rootwrap.conf env LC_ALL=C qemu-img info -f qcow2 --output=json --force-share /opt/stack/data/cinder/mnt/6e400dcc428b3c80328e47ad5ad45b3a/volume-4a4161c0-2f88-48ca-9645-11c68ef08f61.fa4e3d38-88c7-4e4b-ae25-dadc8a2b87cf
Jun 15 04:16:12 devstack sudo[94477]: pam_unix(sudo:session): session opened for user root(uid=0) by (uid=1000)
Jun 15 04:16:12 devstack sudo[94477]: pam_unix(sudo:session): session closed for user root
Jun 15 04:16:12 devstack cinder-volume[92103]: DEBUG oslo_concurrency.processutils [None req-4089e7cd-425a-4ae4-b70e-717b5299a4f6 tempest-GroupSnapshotsV319Test-11856162 None] CMD "/opt/stack/data/venv/bin/python3.12 -m oslo_concurrency.prlimit --as=1073741824 --cpu=60 -- sudo cinder-rootwrap /etc/cinder/rootwrap.conf env LC_ALL=C qemu-img info -f qcow2 --output=json --force-share /opt/stack/data/cinder/mnt/6e400dcc428b3c80328e47ad5ad45b3a/volume-4a4161c0-2f88-48ca-9645-11c68ef08f61.fa4e3d38-88c7-4e4b-ae25-dadc8a2b87cf" returned: 0 in 0.805s {{(pid=92103) execute /opt/stack/data/venv/lib/python3.12/site-packages/oslo_concurrency/processutils.py:468}}
Jun 15 04:16:12 devstack cinder-volume[92103]: DEBUG cinder.volume.drivers.remotefs [None req-4089e7cd-425a-4ae4-b70e-717b5299a4f6 tempest-GroupSnapshotsV319Test-11856162 None] Fetching qemu-img info with special backing_file_template: (/opt/stack/data/cinder/mnt/[0-9a-f]+/)?(volume-4a4161c0-2f88-48ca-9645-11c68ef08f61(.(tmp-snap-)?[0-9a-f-]+)?|volume_from_snapshot_cache/(tmp-snap-)?[0-9a-f-]+(.(child-|parent-)[0-9a-f-]+)?)$ {{(pid=92103) _qemu_img_info_base /opt/stack/cinder/cinder/volume/drivers/remotefs.py:896}}
Jun 15 04:16:12 devstack cinder-volume[92103]: DEBUG oslo.privsep.daemon [-] privsep: reply[c4443365-cb1d-4319-8a82-c7d3d206f110]: (4, 'qcow2') {{(pid=92968) _call_back /opt/stack/data/venv/lib/python3.12/site-packages/oslo_privsep/daemon.py:573}}
Jun 15 04:16:12 devstack cinder-volume[92103]: DEBUG oslo_concurrency.processutils [None req-4089e7cd-425a-4ae4-b70e-717b5299a4f6 tempest-GroupSnapshotsV319Test-11856162 None] Running cmd (subprocess): /opt/stack/data/venv/bin/python3.12 -m oslo_concurrency.prlimit --as=1073741824 --cpu=60 -- sudo cinder-rootwrap /etc/cinder/rootwrap.conf env LC_ALL=C qemu-img info -f qcow2 --output=json --force-share /opt/stack/data/cinder/mnt/6e400dcc428b3c80328e47ad5ad45b3a/volume-4a4161c0-2f88-48ca-9645-11c68ef08f61 {{(pid=92103) execute /opt/stack/data/venv/lib/python3.12/site-packages/oslo_concurrency/processutils.py:440}}
Jun 15 04:16:12 devstack sudo[94483]: quobyte : PWD=/ ; USER=root ; COMMAND=/opt/stack/data/venv/bin/cinder-rootwrap /etc/cinder/rootwrap.conf env LC_ALL=C qemu-img info -f qcow2 --output=json --force-share /opt/stack/data/cinder/mnt/6e400dcc428b3c80328e47ad5ad45b3a/volume-4a4161c0-2f88-48ca-9645-11c68ef08f61
Jun 15 04:16:12 devstack sudo[94483]: pam_unix(sudo:session): session opened for user root(uid=0) by (uid=1000)
Jun 15 04:16:13 devstack sudo[94483]: pam_unix(sudo:session): session closed for user root
Jun 15 04:16:13 devstack cinder-volume[92103]: DEBUG oslo_concurrency.processutils [None req-4089e7cd-425a-4ae4-b70e-717b5299a4f6 tempest-GroupSnapshotsV319Test-11856162 None] CMD "/opt/stack/data/venv/bin/python3.12 -m oslo_concurrency.prlimit --as=1073741824 --cpu=60 -- sudo cinder-rootwrap /etc/cinder/rootwrap.conf env LC_ALL=C qemu-img info -f qcow2 --output=json --force-share /opt/stack/data/cinder/mnt/6e400dcc428b3c80328e47ad5ad45b3a/volume-4a4161c0-2f88-48ca-9645-11c68ef08f61" returned: 0 in 0.780s {{(pid=92103) execute /opt/stack/data/venv/lib/python3.12/site-packages/oslo_concurrency/processutils.py:468}}
Jun 15 04:16:13 devstack cinder-volume[92103]: DEBUG oslo_concurrency.processutils [None req-4089e7cd-425a-4ae4-b70e-717b5299a4f6 tempest-GroupSnapshotsV319Test-11856162 None] Running cmd (subprocess): sudo cinder-rootwrap /etc/cinder/rootwrap.conf qemu-img commit -d /opt/stack/data/cinder/mnt/6e400dcc428b3c80328e47ad5ad45b3a/volume-4a4161c0-2f88-48ca-9645-11c68ef08f61.fa4e3d38-88c7-4e4b-ae25-dadc8a2b87cf {{(pid=92103) execute /opt/stack/data/venv/lib/python3.12/site-packages/oslo_concurrency/processutils.py:440}}
Jun 15 04:16:13 devstack sudo[94488]: quobyte : PWD=/ ; USER=root ; COMMAND=/opt/stack/data/venv/bin/cinder-rootwrap /etc/cinder/rootwrap.conf qemu-img commit -d /opt/stack/data/cinder/mnt/6e400dcc428b3c80328e47ad5ad45b3a/volume-4a4161c0-2f88-48ca-9645-11c68ef08f61.fa4e3d38-88c7-4e4b-ae25-dadc8a2b87cf
Jun 15 04:16:13 devstack sudo[94488]: pam_unix(sudo:session): session opened for user root(uid=0) by (uid=1000)
Jun 15 04:16:14 devstack sudo[94488]: pam_unix(sudo:session): session closed for user root
Jun 15 04:16:14 devstack cinder-volume[92103]: DEBUG oslo_concurrency.processutils [None req-4089e7cd-425a-4ae4-b70e-717b5299a4f6 tempest-GroupSnapshotsV319Test-11856162 None] CMD "sudo cinder-rootwrap /etc/cinder/rootwrap.conf qemu-img commit -d /opt/stack/data/cinder/mnt/6e400dcc428b3c80328e47ad5ad45b3a/volume-4a4161c0-2f88-48ca-9645-11c68ef08f61.fa4e3d38-88c7-4e4b-ae25-dadc8a2b87cf" returned: 0 in 0.884s {{(pid=92103) execute /opt/stack/data/venv/lib/python3.12/site-packages/oslo_concurrency/processutils.py:468}}
Jun 15 04:16:14 devstack cinder-volume[92103]: DEBUG oslo_concurrency.processutils [None req-4089e7cd-425a-4ae4-b70e-717b5299a4f6 tempest-GroupSnapshotsV319Test-11856162 None] Running cmd (subprocess): sudo cinder-rootwrap /etc/cinder/rootwrap.conf rm -f /opt/stack/data/cinder/mnt/6e400dcc428b3c80328e47ad5ad45b3a/volume-4a4161c0-2f88-48ca-9645-11c68ef08f61.fa4e3d38-88c7-4e4b-ae25-dadc8a2b87cf {{(pid=92103) execute /opt/stack/data/venv/lib/python3.12/site-packages/oslo_concurrency/processutils.py:440}}
Jun 15 04:16:14 devstack sudo[94493]: quobyte : PWD=/ ; USER=root ; COMMAND=/opt/stack/data/venv/bin/cinder-rootwrap /etc/cinder/rootwrap.conf rm -f /opt/stack/data/cinder/mnt/6e400dcc428b3c80328e47ad5ad45b3a/volume-4a4161c0-2f88-48ca-9645-11c68ef08f61.fa4e3d38-88c7-4e4b-ae25-dadc8a2b87cf
Jun 15 04:16:14 devstack sudo[94493]: pam_unix(sudo:session): session opened for user root(uid=0) by (uid=1000)
Jun 15 04:16:15 devstack sudo[94493]: pam_unix(sudo:session): session closed for user root
Jun 15 04:16:15 devstack cinder-volume[92103]: DEBUG oslo_concurrency.processutils [None req-4089e7cd-425a-4ae4-b70e-717b5299a4f6 tempest-GroupSnapshotsV319Test-11856162 None] CMD "sudo cinder-rootwrap /etc/cinder/rootwrap.conf rm -f /opt/stack/data/cinder/mnt/6e400dcc428b3c80328e47ad5ad45b3a/volume-4a4161c0-2f88-48ca-9645-11c68ef08f61.fa4e3d38-88c7-4e4b-ae25-dadc8a2b87cf" returned: 0 in 0.692s {{(pid=92103) execute /opt/stack/data/venv/lib/python3.12/site-packages/oslo_concurrency/processutils.py:468}}
Jun 15 04:16:15 devstack cinder-volume[92103]: DEBUG cinder.coordination [None req-4089e7cd-425a-4ae4-b70e-717b5299a4f6 tempest-GroupSnapshotsV319Test-11856162 None] Lock "cinder-quobyte-fa4e3d38-88c7-4e4b-ae25-dadc8a2b87cf" released by "_delete_snapshot" :: held 3.279s {{(pid=92103) __release /opt/stack/cinder/cinder/coordination.py:152}}
Jun 15 04:16:15 devstack cinder-volume[92103]: DEBUG cinder.coordination [None req-4089e7cd-425a-4ae4-b70e-717b5299a4f6 tempest-GroupSnapshotsV319Test-11856162 None] Lock "cinder-quobyte-4a4161c0-2f88-48ca-9645-11c68ef08f61" released by "delete_snapshot" :: held 3.318s {{(pid=92103) __release /opt/stack/cinder/cinder/coordination.py:152}}
Jun 15 04:16:15 devstack cinder-volume[92103]: WARNING cinder.quota [None req-4089e7cd-425a-4ae4-b70e-717b5299a4f6 tempest-GroupSnapshotsV319Test-11856162 None] Deprecated: Default quota for resource: gigabytes_tempest-GroupSnapshotsV319Test-volume-type-230248440 is set by the default quota flag: quota_gigabytes_tempest-GroupSnapshotsV319Test-volume-type-230248440, it is now deprecated. Please use the default quota class for default quota.
Jun 15 04:16:15 devstack cinder-volume[92103]: WARNING cinder.quota [None req-4089e7cd-425a-4ae4-b70e-717b5299a4f6 tempest-GroupSnapshotsV319Test-11856162 None] Deprecated: Default quota for resource: snapshots_tempest-GroupSnapshotsV319Test-volume-type-230248440 is set by the default quota flag: quota_snapshots_tempest-GroupSnapshotsV319Test-volume-type-230248440, it is now deprecated. Please use the default quota class for default quota.
Jun 15 04:16:15 devstack cinder-volume[92103]: DEBUG cinder.quota [None req-4089e7cd-425a-4ae4-b70e-717b5299a4f6 tempest-GroupSnapshotsV319Test-11856162 None] Created reservations ['f6ffbc5e-fc0d-4bd1-b88a-954e8dfd57ab', '3916da71-b75a-42dc-b6b0-e14a2457ef2a', 'a6961cac-ad58-44ea-8f22-5dc348888c70', 'd4fd771a-4792-442f-a70d-1bad680dacc0'] {{(pid=92103) reserve /opt/stack/cinder/cinder/quota.py:752}}
Jun 15 04:16:15 devstack cinder-volume[92103]: INFO cinder.volume.manager [None req-4089e7cd-425a-4ae4-b70e-717b5299a4f6 tempest-GroupSnapshotsV319Test-11856162 None] group_snapshot 4beecca4-39ce-49b4-93af-d31af879344b: deleted successfully
Jun 15 04:16:16 devstack cinder-volume[92103]: DEBUG dbcounter [-] [92103] Writing DB stats cinder:SELECT=54,cinder:UPDATE=45,cinder:INSERT=10,cinder:DELETE=3 {{(pid=92103) stat_writer /opt/stack/data/venv/lib/python3.12/site-packages/dbcounter.py:115}}
Jun 15 04:16:16 devstack cinder-volume[92103]: DEBUG dbcounter [-] [92103] Writing DB stats cinder:SELECT=50,cinder:UPDATE=40,cinder:DELETE=3,cinder:INSERT=7 {{(pid=92103) stat_writer /opt/stack/data/venv/lib/python3.12/site-packages/dbcounter.py:115}}
Jun 15 04:16:16 devstack cinder-volume[92103]: DEBUG cinder.coordination [None req-ca44dbfd-2c06-4d8c-ac03-404e8c2e93b7 tempest-GroupSnapshotsV319Test-11856162 None] Acquiring lock "cinder-quobyte-4a4161c0-2f88-48ca-9645-11c68ef08f61" by "delete_volume" {{(pid=92103) __acquire /opt/stack/cinder/cinder/coordination.py:138}}
Jun 15 04:16:16 devstack cinder-volume[92103]: DEBUG cinder.coordination [None req-ca44dbfd-2c06-4d8c-ac03-404e8c2e93b7 tempest-GroupSnapshotsV319Test-11856162 None] Lock "cinder-quobyte-4a4161c0-2f88-48ca-9645-11c68ef08f61" acquired by "delete_volume" :: waited 0.030s {{(pid=92103) __acquire /opt/stack/cinder/cinder/coordination.py:141}}
Jun 15 04:16:16 devstack cinder-volume[92103]: DEBUG oslo.privsep.daemon [-] privsep: reply[f2130912-1a16-4c6f-b9c3-4216d945baf1]: (4, 'qcow2') {{(pid=92968) _call_back /opt/stack/data/venv/lib/python3.12/site-packages/oslo_privsep/daemon.py:573}}
Jun 15 04:16:16 devstack cinder-volume[92103]: DEBUG oslo_concurrency.processutils [None req-ca44dbfd-2c06-4d8c-ac03-404e8c2e93b7 tempest-GroupSnapshotsV319Test-11856162 None] Running cmd (subprocess): /opt/stack/data/venv/bin/python3.12 -m oslo_concurrency.prlimit --as=1073741824 --cpu=60 -- sudo cinder-rootwrap /etc/cinder/rootwrap.conf env LC_ALL=C qemu-img info -f qcow2 --output=json --force-share /opt/stack/data/cinder/mnt/6e400dcc428b3c80328e47ad5ad45b3a/volume-4a4161c0-2f88-48ca-9645-11c68ef08f61 {{(pid=92103) execute /opt/stack/data/venv/lib/python3.12/site-packages/oslo_concurrency/processutils.py:440}}
Jun 15 04:16:16 devstack sudo[94498]: quobyte : PWD=/ ; USER=root ; COMMAND=/opt/stack/data/venv/bin/cinder-rootwrap /etc/cinder/rootwrap.conf env LC_ALL=C qemu-img info -f qcow2 --output=json --force-share /opt/stack/data/cinder/mnt/6e400dcc428b3c80328e47ad5ad45b3a/volume-4a4161c0-2f88-48ca-9645-11c68ef08f61
Jun 15 04:16:16 devstack sudo[94498]: pam_unix(sudo:session): session opened for user root(uid=0) by (uid=1000)
Jun 15 04:16:17 devstack sudo[94498]: pam_unix(sudo:session): session closed for user root
Jun 15 04:16:17 devstack cinder-volume[92103]: DEBUG oslo_concurrency.processutils [None req-ca44dbfd-2c06-4d8c-ac03-404e8c2e93b7 tempest-GroupSnapshotsV319Test-11856162 None] CMD "/opt/stack/data/venv/bin/python3.12 -m oslo_concurrency.prlimit --as=1073741824 --cpu=60 -- sudo cinder-rootwrap /etc/cinder/rootwrap.conf env LC_ALL=C qemu-img info -f qcow2 --output=json --force-share /opt/stack/data/cinder/mnt/6e400dcc428b3c80328e47ad5ad45b3a/volume-4a4161c0-2f88-48ca-9645-11c68ef08f61" returned: 0 in 0.820s {{(pid=92103) execute /opt/stack/data/venv/lib/python3.12/site-packages/oslo_concurrency/processutils.py:468}}
Jun 15 04:16:17 devstack cinder-volume[92103]: DEBUG oslo_concurrency.processutils [None req-ca44dbfd-2c06-4d8c-ac03-404e8c2e93b7 tempest-GroupSnapshotsV319Test-11856162 None] Running cmd (subprocess): sudo cinder-rootwrap /etc/cinder/rootwrap.conf rm -f /opt/stack/data/cinder/mnt/6e400dcc428b3c80328e47ad5ad45b3a/volume-4a4161c0-2f88-48ca-9645-11c68ef08f61 {{(pid=92103) execute /opt/stack/data/venv/lib/python3.12/site-packages/oslo_concurrency/processutils.py:440}}
Jun 15 04:16:17 devstack sudo[94503]: quobyte : PWD=/ ; USER=root ; COMMAND=/opt/stack/data/venv/bin/cinder-rootwrap /etc/cinder/rootwrap.conf rm -f /opt/stack/data/cinder/mnt/6e400dcc428b3c80328e47ad5ad45b3a/volume-4a4161c0-2f88-48ca-9645-11c68ef08f61
Jun 15 04:16:17 devstack sudo[94503]: pam_unix(sudo:session): session opened for user root(uid=0) by (uid=1000)
Jun 15 04:16:18 devstack sudo[94503]: pam_unix(sudo:session): session closed for user root
Jun 15 04:16:18 devstack cinder-volume[92103]: DEBUG oslo_concurrency.processutils [None req-ca44dbfd-2c06-4d8c-ac03-404e8c2e93b7 tempest-GroupSnapshotsV319Test-11856162 None] CMD "sudo cinder-rootwrap /etc/cinder/rootwrap.conf rm -f /opt/stack/data/cinder/mnt/6e400dcc428b3c80328e47ad5ad45b3a/volume-4a4161c0-2f88-48ca-9645-11c68ef08f61" returned: 0 in 0.757s {{(pid=92103) execute /opt/stack/data/venv/lib/python3.12/site-packages/oslo_concurrency/processutils.py:468}}
Jun 15 04:16:18 devstack cinder-volume[92103]: DEBUG cinder.coordination [None req-ca44dbfd-2c06-4d8c-ac03-404e8c2e93b7 tempest-GroupSnapshotsV319Test-11856162 None] Lock "cinder-quobyte-4a4161c0-2f88-48ca-9645-11c68ef08f61" released by "delete_volume" :: held 1.672s {{(pid=92103) __release /opt/stack/cinder/cinder/coordination.py:152}}
Jun 15 04:16:18 devstack cinder-volume[92103]: DEBUG cinder.quota [None req-ca44dbfd-2c06-4d8c-ac03-404e8c2e93b7 tempest-GroupSnapshotsV319Test-11856162 None] Created reservations ['4192eba8-350a-4b1f-8ae5-23a3e3f4975f'] {{(pid=92103) reserve /opt/stack/cinder/cinder/quota.py:752}}
Jun 15 04:16:18 devstack cinder-volume[92103]: WARNING cinder.quota [None req-ca44dbfd-2c06-4d8c-ac03-404e8c2e93b7 tempest-GroupSnapshotsV319Test-11856162 None] Deprecated: Default quota for resource: volumes_tempest-GroupSnapshotsV319Test-volume-type-230248440 is set by the default quota flag: quota_volumes_tempest-GroupSnapshotsV319Test-volume-type-230248440, it is now deprecated. Please use the default quota class for default quota.
Jun 15 04:16:18 devstack cinder-volume[92103]: DEBUG cinder.quota [None req-ca44dbfd-2c06-4d8c-ac03-404e8c2e93b7 tempest-GroupSnapshotsV319Test-11856162 None] Created reservations ['5d57b6de-d8ee-4ac9-8bfe-044b8eecb3d7', 'ccb0a384-730d-4ffe-9dd8-09e60d2fbd68', 'c68fc25a-6cb1-4c4b-9bae-10d1b81c64df', 'ceb41249-7686-4e52-b615-459467733fa4'] {{(pid=92103) reserve /opt/stack/cinder/cinder/quota.py:752}}
Jun 15 04:16:18 devstack cinder-volume[92103]: DEBUG oslo_concurrency.lockutils [None req-ca44dbfd-2c06-4d8c-ac03-404e8c2e93b7 tempest-GroupSnapshotsV319Test-11856162 None] Acquiring lock "quobyte_ensure" by "cinder.volume.drivers.quobyte.QuobyteDriver._ensure_shares_mounted" {{(pid=92103) inner /opt/stack/data/venv/lib/python3.12/site-packages/oslo_concurrency/lockutils.py:506}}
Jun 15 04:16:18 devstack cinder-volume[92103]: DEBUG oslo_concurrency.lockutils [None req-ca44dbfd-2c06-4d8c-ac03-404e8c2e93b7 tempest-GroupSnapshotsV319Test-11856162 None] Lock "quobyte_ensure" acquired by "cinder.volume.drivers.quobyte.QuobyteDriver._ensure_shares_mounted" :: waited 0.001s {{(pid=92103) inner /opt/stack/data/venv/lib/python3.12/site-packages/oslo_concurrency/lockutils.py:519}}
Jun 15 04:16:18 devstack cinder-volume[92103]: DEBUG cinder.volume.drivers.quobyte [None req-ca44dbfd-2c06-4d8c-ac03-404e8c2e93b7 tempest-GroupSnapshotsV319Test-11856162 None] Quobyte Volume URL set to: {'osci02.corp.quobyte.com/cinder-vol-5d8312ac-b369-4347-a09d-3f7f8e5ae1ac': None} {{(pid=92103) _load_shares_config /opt/stack/cinder/cinder/volume/drivers/quobyte.py:617}}
Jun 15 04:16:18 devstack cinder-volume[92103]: DEBUG cinder.volume.drivers.quobyte [None req-ca44dbfd-2c06-4d8c-ac03-404e8c2e93b7 tempest-GroupSnapshotsV319Test-11856162 None] Available shares ['osci02.corp.quobyte.com/cinder-vol-5d8312ac-b369-4347-a09d-3f7f8e5ae1ac'] {{(pid=92103) _ensure_shares_mounted /opt/stack/cinder/cinder/volume/drivers/quobyte.py:647}}
Jun 15 04:16:18 devstack cinder-volume[92103]: DEBUG oslo_concurrency.lockutils [None req-ca44dbfd-2c06-4d8c-ac03-404e8c2e93b7 tempest-GroupSnapshotsV319Test-11856162 None] Lock "quobyte_ensure" "released" by "cinder.volume.drivers.quobyte.QuobyteDriver._ensure_shares_mounted" :: held 0.011s {{(pid=92103) inner /opt/stack/data/venv/lib/python3.12/site-packages/oslo_concurrency/lockutils.py:538}}
Jun 15 04:16:18 devstack cinder-volume[92103]: DEBUG oslo_concurrency.processutils [None req-ca44dbfd-2c06-4d8c-ac03-404e8c2e93b7 tempest-GroupSnapshotsV319Test-11856162 None] Running cmd (subprocess): sudo cinder-rootwrap /etc/cinder/rootwrap.conf df --portability --block-size 1 /opt/stack/data/cinder/mnt/6e400dcc428b3c80328e47ad5ad45b3a {{(pid=92103) execute /opt/stack/data/venv/lib/python3.12/site-packages/oslo_concurrency/processutils.py:440}}
Jun 15 04:16:18 devstack sudo[94506]: quobyte : PWD=/ ; USER=root ; COMMAND=/opt/stack/data/venv/bin/cinder-rootwrap /etc/cinder/rootwrap.conf df --portability --block-size 1 /opt/stack/data/cinder/mnt/6e400dcc428b3c80328e47ad5ad45b3a
Jun 15 04:16:18 devstack sudo[94506]: pam_unix(sudo:session): session opened for user root(uid=0) by (uid=1000)
Jun 15 04:16:19 devstack sudo[94506]: pam_unix(sudo:session): session closed for user root
Jun 15 04:16:19 devstack cinder-volume[92103]: DEBUG oslo_concurrency.processutils [None req-ca44dbfd-2c06-4d8c-ac03-404e8c2e93b7 tempest-GroupSnapshotsV319Test-11856162 None] CMD "sudo cinder-rootwrap /etc/cinder/rootwrap.conf df --portability --block-size 1 /opt/stack/data/cinder/mnt/6e400dcc428b3c80328e47ad5ad45b3a" returned: 0 in 0.723s {{(pid=92103) execute /opt/stack/data/venv/lib/python3.12/site-packages/oslo_concurrency/processutils.py:468}}
Jun 15 04:16:19 devstack cinder-volume[92103]: DEBUG cinder.manager [None req-ca44dbfd-2c06-4d8c-ac03-404e8c2e93b7 tempest-GroupSnapshotsV319Test-11856162 None] Notifying Schedulers of capabilities ... {{(pid=92103) _publish_service_capabilities /opt/stack/cinder/cinder/manager.py:219}}
Jun 15 04:16:19 devstack cinder-volume[92103]: INFO cinder.volume.manager [None req-ca44dbfd-2c06-4d8c-ac03-404e8c2e93b7 tempest-GroupSnapshotsV319Test-11856162 None] Delete group completed successfully.
Jun 15 04:16:28 devstack cinder-volume[92103]: DEBUG dbcounter [-] [92103] Writing DB stats cinder:SELECT=8,cinder:UPDATE=11,cinder:INSERT=2 {{(pid=92103) stat_writer /opt/stack/data/venv/lib/python3.12/site-packages/dbcounter.py:115}}
Jun 15 04:16:28 devstack cinder-volume[92103]: DEBUG dbcounter [-] [92103] Writing DB stats cinder:UPDATE=10,cinder:SELECT=7,cinder:INSERT=3 {{(pid=92103) stat_writer /opt/stack/data/venv/lib/python3.12/site-packages/dbcounter.py:115}}
Jun 15 04:16:32 devstack cinder-volume[92103]: INFO cinder.volume.manager [req-2c7ee93d-2c4e-4af0-9244-502c6c70b022 req-24f9b93a-a7bc-4870-b16c-2a020890efda tempest-AttachVolumeTestJSON-362422834 None] Terminate volume connection completed successfully.
Jun 15 04:16:32 devstack cinder-volume[92103]: DEBUG cinder.volume.manager [req-2c7ee93d-2c4e-4af0-9244-502c6c70b022 req-24f9b93a-a7bc-4870-b16c-2a020890efda tempest-AttachVolumeTestJSON-362422834 None] Deleting attachment 5837af22-4598-4596-8680-d707ef959dd0. {{(pid=92103) attachment_delete /opt/stack/cinder/cinder/volume/manager.py:5055}}
Jun 15 04:16:35 devstack cinder-volume[92103]: DEBUG oslo_service.periodic_task [None req-1ce989ce-4113-4e26-8c4c-082112d5ef9b None None] Running periodic task VolumeManager.publish_service_capabilities {{(pid=92103) run_periodic_tasks /opt/stack/data/venv/lib/python3.12/site-packages/oslo_service/periodic_task.py:210}}
Jun 15 04:16:35 devstack cinder-volume[92103]: DEBUG oslo_concurrency.lockutils [None req-1ce989ce-4113-4e26-8c4c-082112d5ef9b None None] Acquiring lock "quobyte_ensure" by "cinder.volume.drivers.quobyte.QuobyteDriver._ensure_shares_mounted" {{(pid=92103) inner /opt/stack/data/venv/lib/python3.12/site-packages/oslo_concurrency/lockutils.py:506}}
Jun 15 04:16:35 devstack cinder-volume[92103]: DEBUG oslo_concurrency.lockutils [None req-1ce989ce-4113-4e26-8c4c-082112d5ef9b None None] Lock "quobyte_ensure" acquired by "cinder.volume.drivers.quobyte.QuobyteDriver._ensure_shares_mounted" :: waited 0.000s {{(pid=92103) inner /opt/stack/data/venv/lib/python3.12/site-packages/oslo_concurrency/lockutils.py:519}}
Jun 15 04:16:35 devstack cinder-volume[92103]: DEBUG cinder.volume.drivers.quobyte [None req-1ce989ce-4113-4e26-8c4c-082112d5ef9b None None] Quobyte Volume URL set to: {'osci02.corp.quobyte.com/cinder-vol-5d8312ac-b369-4347-a09d-3f7f8e5ae1ac': None} {{(pid=92103) _load_shares_config /opt/stack/cinder/cinder/volume/drivers/quobyte.py:617}}
Jun 15 04:16:35 devstack cinder-volume[92103]: DEBUG cinder.volume.drivers.quobyte [None req-1ce989ce-4113-4e26-8c4c-082112d5ef9b None None] Available shares ['osci02.corp.quobyte.com/cinder-vol-5d8312ac-b369-4347-a09d-3f7f8e5ae1ac'] {{(pid=92103) _ensure_shares_mounted /opt/stack/cinder/cinder/volume/drivers/quobyte.py:647}}
Jun 15 04:16:35 devstack cinder-volume[92103]: DEBUG oslo_concurrency.lockutils [None req-1ce989ce-4113-4e26-8c4c-082112d5ef9b None None] Lock "quobyte_ensure" "released" by "cinder.volume.drivers.quobyte.QuobyteDriver._ensure_shares_mounted" :: held 0.008s {{(pid=92103) inner /opt/stack/data/venv/lib/python3.12/site-packages/oslo_concurrency/lockutils.py:538}}
Jun 15 04:16:35 devstack cinder-volume[92103]: DEBUG oslo_concurrency.processutils [None req-1ce989ce-4113-4e26-8c4c-082112d5ef9b None None] Running cmd (subprocess): sudo cinder-rootwrap /etc/cinder/rootwrap.conf df --portability --block-size 1 /opt/stack/data/cinder/mnt/6e400dcc428b3c80328e47ad5ad45b3a {{(pid=92103) execute /opt/stack/data/venv/lib/python3.12/site-packages/oslo_concurrency/processutils.py:440}}
Jun 15 04:16:35 devstack sudo[94631]: quobyte : PWD=/ ; USER=root ; COMMAND=/opt/stack/data/venv/bin/cinder-rootwrap /etc/cinder/rootwrap.conf df --portability --block-size 1 /opt/stack/data/cinder/mnt/6e400dcc428b3c80328e47ad5ad45b3a
Jun 15 04:16:35 devstack sudo[94631]: pam_unix(sudo:session): session opened for user root(uid=0) by (uid=1000)
Jun 15 04:16:36 devstack sudo[94631]: pam_unix(sudo:session): session closed for user root
Jun 15 04:16:36 devstack cinder-volume[92103]: DEBUG oslo_concurrency.processutils [None req-1ce989ce-4113-4e26-8c4c-082112d5ef9b None None] CMD "sudo cinder-rootwrap /etc/cinder/rootwrap.conf df --portability --block-size 1 /opt/stack/data/cinder/mnt/6e400dcc428b3c80328e47ad5ad45b3a" returned: 0 in 0.766s {{(pid=92103) execute /opt/stack/data/venv/lib/python3.12/site-packages/oslo_concurrency/processutils.py:468}}
Jun 15 04:16:36 devstack cinder-volume[92103]: DEBUG cinder.manager [None req-1ce989ce-4113-4e26-8c4c-082112d5ef9b None None] Notifying Schedulers of capabilities ... {{(pid=92103) _publish_service_capabilities /opt/stack/cinder/cinder/manager.py:219}}
Jun 15 04:16:37 devstack cinder-volume[92103]: DEBUG cinder.volume.flows.manager.create_volume [None req-eab1e95c-1efb-4e45-b916-2ac6800cd7aa tempest-SnapshotsActionsTest-1134628267 None] Volume reschedule parameters: True retry: {'num_attempts': 1, 'backends': ['devstack@QuobyteHD#QuobyteHD'], 'hosts': ['devstack@QuobyteHD#QuobyteHD']} {{(pid=92103) get_flow /opt/stack/cinder/cinder/volume/flows/manager/create_volume.py:1397}}
Jun 15 04:16:37 devstack cinder-volume[92103]: DEBUG cinder.volume.manager [None req-eab1e95c-1efb-4e45-b916-2ac6800cd7aa tempest-SnapshotsActionsTest-1134628267 None] Flow 'volume_create_manager' (291615f5-d565-4c05-8dfa-d1145ce75c36) transitioned into state 'RUNNING' from state 'PENDING' {{(pid=92103) _flow_receiver /opt/stack/data/venv/lib/python3.12/site-packages/taskflow/listeners/logging.py:145}}
