Aug 10 17:39:22 devstack cinder-volume[94368]: DEBUG oslo.privsep.daemon [-] privsep: reply[18af119b-a8a8-4787-8320-0b7b3a33b66e]: (4, 'qcow2') {{(pid=95459) _call_back /opt/stack/data/venv/lib/python3.12/site-packages/oslo_privsep/daemon.py:580}}
Aug 10 17:39:22 devstack cinder-volume[94368]: DEBUG oslo_concurrency.processutils [None req-208e48d2-9f54-4c46-a656-05be5abc00bb tempest-GroupSnapshotsTest-1716244458 None] Running cmd (subprocess): /opt/stack/data/venv/bin/python3.12 -m oslo_concurrency.prlimit --as=1073741824 --cpu=60 -- sudo cinder-rootwrap /etc/cinder/rootwrap.conf env LC_ALL=C qemu-img info -f qcow2 --output=json --force-share /opt/stack/data/cinder/mnt/5a42e679dc14b946ac6b37540c5b6e4a/volume-cda7d8dd-5548-43f6-8c1b-3be55e77cdfe {{(pid=94368) execute /opt/stack/data/venv/lib/python3.12/site-packages/oslo_concurrency/processutils.py:440}}
Aug 10 17:39:22 devstack sudo[101800]: quobyte : PWD=/ ; USER=root ; COMMAND=/opt/stack/data/venv/bin/cinder-rootwrap /etc/cinder/rootwrap.conf env LC_ALL=C qemu-img info -f qcow2 --output=json --force-share /opt/stack/data/cinder/mnt/5a42e679dc14b946ac6b37540c5b6e4a/volume-cda7d8dd-5548-43f6-8c1b-3be55e77cdfe
Aug 10 17:39:22 devstack sudo[101800]: pam_unix(sudo:session): session opened for user root(uid=0) by (uid=1000)
Aug 10 17:39:23 devstack sudo[101800]: pam_unix(sudo:session): session closed for user root
Aug 10 17:39:23 devstack cinder-volume[94368]: DEBUG oslo_concurrency.processutils [None req-208e48d2-9f54-4c46-a656-05be5abc00bb tempest-GroupSnapshotsTest-1716244458 None] CMD "/opt/stack/data/venv/bin/python3.12 -m oslo_concurrency.prlimit --as=1073741824 --cpu=60 -- sudo cinder-rootwrap /etc/cinder/rootwrap.conf env LC_ALL=C qemu-img info -f qcow2 --output=json --force-share /opt/stack/data/cinder/mnt/5a42e679dc14b946ac6b37540c5b6e4a/volume-cda7d8dd-5548-43f6-8c1b-3be55e77cdfe" returned: 0 in 0.429s {{(pid=94368) execute /opt/stack/data/venv/lib/python3.12/site-packages/oslo_concurrency/processutils.py:468}}
Aug 10 17:39:23 devstack cinder-volume[94368]: DEBUG oslo_concurrency.processutils [None req-208e48d2-9f54-4c46-a656-05be5abc00bb tempest-GroupSnapshotsTest-1716244458 None] Running cmd (subprocess): sudo cinder-rootwrap /etc/cinder/rootwrap.conf qemu-img commit -d /opt/stack/data/cinder/mnt/5a42e679dc14b946ac6b37540c5b6e4a/volume-cda7d8dd-5548-43f6-8c1b-3be55e77cdfe.7d4a2e6e-829f-4a52-93c6-0c1f30199e24 {{(pid=94368) execute /opt/stack/data/venv/lib/python3.12/site-packages/oslo_concurrency/processutils.py:440}}
Aug 10 17:39:23 devstack sudo[101805]: quobyte : PWD=/ ; USER=root ; COMMAND=/opt/stack/data/venv/bin/cinder-rootwrap /etc/cinder/rootwrap.conf qemu-img commit -d /opt/stack/data/cinder/mnt/5a42e679dc14b946ac6b37540c5b6e4a/volume-cda7d8dd-5548-43f6-8c1b-3be55e77cdfe.7d4a2e6e-829f-4a52-93c6-0c1f30199e24
Aug 10 17:39:23 devstack sudo[101805]: pam_unix(sudo:session): session opened for user root(uid=0) by (uid=1000)
Aug 10 17:39:23 devstack sudo[101805]: pam_unix(sudo:session): session closed for user root
Aug 10 17:39:23 devstack cinder-volume[94368]: DEBUG oslo_concurrency.processutils [None req-208e48d2-9f54-4c46-a656-05be5abc00bb tempest-GroupSnapshotsTest-1716244458 None] CMD "sudo cinder-rootwrap /etc/cinder/rootwrap.conf qemu-img commit -d /opt/stack/data/cinder/mnt/5a42e679dc14b946ac6b37540c5b6e4a/volume-cda7d8dd-5548-43f6-8c1b-3be55e77cdfe.7d4a2e6e-829f-4a52-93c6-0c1f30199e24" returned: 0 in 0.556s {{(pid=94368) execute /opt/stack/data/venv/lib/python3.12/site-packages/oslo_concurrency/processutils.py:468}}
Aug 10 17:39:23 devstack cinder-volume[94368]: DEBUG oslo_concurrency.processutils [None req-208e48d2-9f54-4c46-a656-05be5abc00bb tempest-GroupSnapshotsTest-1716244458 None] Running cmd (subprocess): sudo cinder-rootwrap /etc/cinder/rootwrap.conf rm -f /opt/stack/data/cinder/mnt/5a42e679dc14b946ac6b37540c5b6e4a/volume-cda7d8dd-5548-43f6-8c1b-3be55e77cdfe.7d4a2e6e-829f-4a52-93c6-0c1f30199e24 {{(pid=94368) execute /opt/stack/data/venv/lib/python3.12/site-packages/oslo_concurrency/processutils.py:440}}
Aug 10 17:39:23 devstack sudo[101811]: quobyte : PWD=/ ; USER=root ; COMMAND=/opt/stack/data/venv/bin/cinder-rootwrap /etc/cinder/rootwrap.conf rm -f /opt/stack/data/cinder/mnt/5a42e679dc14b946ac6b37540c5b6e4a/volume-cda7d8dd-5548-43f6-8c1b-3be55e77cdfe.7d4a2e6e-829f-4a52-93c6-0c1f30199e24
Aug 10 17:39:23 devstack sudo[101811]: pam_unix(sudo:session): session opened for user root(uid=0) by (uid=1000)
Aug 10 17:39:24 devstack sudo[101811]: pam_unix(sudo:session): session closed for user root
Aug 10 17:39:24 devstack cinder-volume[94368]: DEBUG oslo_concurrency.processutils [None req-208e48d2-9f54-4c46-a656-05be5abc00bb tempest-GroupSnapshotsTest-1716244458 None] CMD "sudo cinder-rootwrap /etc/cinder/rootwrap.conf rm -f /opt/stack/data/cinder/mnt/5a42e679dc14b946ac6b37540c5b6e4a/volume-cda7d8dd-5548-43f6-8c1b-3be55e77cdfe.7d4a2e6e-829f-4a52-93c6-0c1f30199e24" returned: 0 in 0.393s {{(pid=94368) execute /opt/stack/data/venv/lib/python3.12/site-packages/oslo_concurrency/processutils.py:468}}
Aug 10 17:39:24 devstack cinder-volume[94368]: DEBUG cinder.coordination [None req-208e48d2-9f54-4c46-a656-05be5abc00bb tempest-GroupSnapshotsTest-1716244458 None] Lock "cinder-quobyte-7d4a2e6e-829f-4a52-93c6-0c1f30199e24" released by "_delete_snapshot" :: held 1.869s {{(pid=94368) __release /opt/stack/cinder/cinder/coordination.py:152}}
Aug 10 17:39:24 devstack cinder-volume[94368]: DEBUG cinder.coordination [None req-208e48d2-9f54-4c46-a656-05be5abc00bb tempest-GroupSnapshotsTest-1716244458 None] Lock "cinder-quobyte-cda7d8dd-5548-43f6-8c1b-3be55e77cdfe" released by "delete_snapshot" :: held 1.901s {{(pid=94368) __release /opt/stack/cinder/cinder/coordination.py:152}}
Aug 10 17:39:24 devstack cinder-volume[94368]: DEBUG cinder.coordination [None req-208e48d2-9f54-4c46-a656-05be5abc00bb tempest-GroupSnapshotsTest-1716244458 None] Acquiring lock "cinder-quobyte-076f4213-520b-42ff-aa7d-a304af70c1a7" by "delete_snapshot" {{(pid=94368) __acquire /opt/stack/cinder/cinder/coordination.py:138}}
Aug 10 17:39:24 devstack cinder-volume[94368]: DEBUG cinder.coordination [None req-208e48d2-9f54-4c46-a656-05be5abc00bb tempest-GroupSnapshotsTest-1716244458 None] Lock "cinder-quobyte-076f4213-520b-42ff-aa7d-a304af70c1a7" acquired by "delete_snapshot" :: waited 0.034s {{(pid=94368) __acquire /opt/stack/cinder/cinder/coordination.py:141}}
Aug 10 17:39:24 devstack cinder-volume[94368]: DEBUG cinder.coordination [None req-208e48d2-9f54-4c46-a656-05be5abc00bb tempest-GroupSnapshotsTest-1716244458 None] Acquiring lock "cinder-quobyte-98158e43-09d7-4fa1-bb72-975159a729a9" by "_delete_snapshot" {{(pid=94368) __acquire /opt/stack/cinder/cinder/coordination.py:138}}
Aug 10 17:39:24 devstack cinder-volume[94368]: INFO cinder.volume.manager [req-893ae399-61e6-4418-87c6-39497fe34d32 req-c3d6606d-6a97-4f42-9276-c6f231a436c4 tempest-AttachVolumeNegativeTest-326312709 None] Terminate volume connection completed successfully.
Aug 10 17:39:24 devstack cinder-volume[94368]: DEBUG cinder.volume.manager [req-893ae399-61e6-4418-87c6-39497fe34d32 req-c3d6606d-6a97-4f42-9276-c6f231a436c4 tempest-AttachVolumeNegativeTest-326312709 None] Deleting attachment ba132a88-a967-44ee-a549-31f5c93d3a83. {{(pid=94368) attachment_delete /opt/stack/cinder/cinder/volume/manager.py:5055}}
Aug 10 17:39:24 devstack cinder-volume[94368]: DEBUG cinder.coordination [None req-208e48d2-9f54-4c46-a656-05be5abc00bb tempest-GroupSnapshotsTest-1716244458 None] Lock "cinder-quobyte-98158e43-09d7-4fa1-bb72-975159a729a9" acquired by "_delete_snapshot" :: waited 0.020s {{(pid=94368) __acquire /opt/stack/cinder/cinder/coordination.py:141}}
Aug 10 17:39:24 devstack cinder-volume[94368]: DEBUG cinder.volume.drivers.remotefs [None req-208e48d2-9f54-4c46-a656-05be5abc00bb tempest-GroupSnapshotsTest-1716244458 None] Deleting offline snapshot 98158e43-09d7-4fa1-bb72-975159a729a9 of volume 076f4213-520b-42ff-aa7d-a304af70c1a7 {{(pid=94368) _delete_snapshot /opt/stack/cinder/cinder/volume/drivers/remotefs.py:1288}}
Aug 10 17:39:24 devstack cinder-volume[94368]: DEBUG cinder.volume.drivers.remotefs [None req-208e48d2-9f54-4c46-a656-05be5abc00bb tempest-GroupSnapshotsTest-1716244458 None] snapshot_file for this snap is: volume-076f4213-520b-42ff-aa7d-a304af70c1a7.98158e43-09d7-4fa1-bb72-975159a729a9 {{(pid=94368) _delete_snapshot /opt/stack/cinder/cinder/volume/drivers/remotefs.py:1317}}
Aug 10 17:39:24 devstack cinder-volume[94368]: DEBUG oslo.privsep.daemon [-] privsep: reply[c21165e2-13a1-43a9-a870-63056dc63210]: (4, 'qcow2') {{(pid=95459) _call_back /opt/stack/data/venv/lib/python3.12/site-packages/oslo_privsep/daemon.py:580}}
Aug 10 17:39:24 devstack cinder-volume[94368]: DEBUG oslo_concurrency.processutils [None req-208e48d2-9f54-4c46-a656-05be5abc00bb tempest-GroupSnapshotsTest-1716244458 None] Running cmd (subprocess): /opt/stack/data/venv/bin/python3.12 -m oslo_concurrency.prlimit --as=1073741824 --cpu=60 -- sudo cinder-rootwrap /etc/cinder/rootwrap.conf env LC_ALL=C qemu-img info -f qcow2 --output=json --force-share /opt/stack/data/cinder/mnt/5a42e679dc14b946ac6b37540c5b6e4a/volume-076f4213-520b-42ff-aa7d-a304af70c1a7.98158e43-09d7-4fa1-bb72-975159a729a9 {{(pid=94368) execute /opt/stack/data/venv/lib/python3.12/site-packages/oslo_concurrency/processutils.py:440}}
Aug 10 17:39:24 devstack sudo[101819]: quobyte : PWD=/ ; USER=root ; COMMAND=/opt/stack/data/venv/bin/cinder-rootwrap /etc/cinder/rootwrap.conf env LC_ALL=C qemu-img info -f qcow2 --output=json --force-share /opt/stack/data/cinder/mnt/5a42e679dc14b946ac6b37540c5b6e4a/volume-076f4213-520b-42ff-aa7d-a304af70c1a7.98158e43-09d7-4fa1-bb72-975159a729a9
Aug 10 17:39:24 devstack sudo[101819]: pam_unix(sudo:session): session opened for user root(uid=0) by (uid=1000)
Aug 10 17:39:24 devstack sudo[101819]: pam_unix(sudo:session): session closed for user root
Aug 10 17:39:24 devstack cinder-volume[94368]: DEBUG oslo_concurrency.processutils [None req-208e48d2-9f54-4c46-a656-05be5abc00bb tempest-GroupSnapshotsTest-1716244458 None] CMD "/opt/stack/data/venv/bin/python3.12 -m oslo_concurrency.prlimit --as=1073741824 --cpu=60 -- sudo cinder-rootwrap /etc/cinder/rootwrap.conf env LC_ALL=C qemu-img info -f qcow2 --output=json --force-share /opt/stack/data/cinder/mnt/5a42e679dc14b946ac6b37540c5b6e4a/volume-076f4213-520b-42ff-aa7d-a304af70c1a7.98158e43-09d7-4fa1-bb72-975159a729a9" returned: 0 in 0.394s {{(pid=94368) execute /opt/stack/data/venv/lib/python3.12/site-packages/oslo_concurrency/processutils.py:468}}
Aug 10 17:39:24 devstack cinder-volume[94368]: DEBUG cinder.volume.drivers.remotefs [None req-208e48d2-9f54-4c46-a656-05be5abc00bb tempest-GroupSnapshotsTest-1716244458 None] Fetching qemu-img info with special backing_file_template: (/opt/stack/data/cinder/mnt/[0-9a-f]+/)?(volume-076f4213-520b-42ff-aa7d-a304af70c1a7(.(tmp-snap-)?[0-9a-f-]+)?|volume_from_snapshot_cache/(tmp-snap-)?[0-9a-f-]+(.(child-|parent-)[0-9a-f-]+)?)$ {{(pid=94368) _qemu_img_info_base /opt/stack/cinder/cinder/volume/drivers/remotefs.py:896}}
Aug 10 17:39:24 devstack cinder-volume[94368]: DEBUG oslo.privsep.daemon [-] privsep: reply[e25e3a21-e7ce-4ac2-ac23-e9005e5a311b]: (4, 'qcow2') {{(pid=95459) _call_back /opt/stack/data/venv/lib/python3.12/site-packages/oslo_privsep/daemon.py:580}}
Aug 10 17:39:24 devstack cinder-volume[94368]: DEBUG oslo_concurrency.processutils [None req-208e48d2-9f54-4c46-a656-05be5abc00bb tempest-GroupSnapshotsTest-1716244458 None] Running cmd (subprocess): /opt/stack/data/venv/bin/python3.12 -m oslo_concurrency.prlimit --as=1073741824 --cpu=60 -- sudo cinder-rootwrap /etc/cinder/rootwrap.conf env LC_ALL=C qemu-img info -f qcow2 --output=json --force-share /opt/stack/data/cinder/mnt/5a42e679dc14b946ac6b37540c5b6e4a/volume-076f4213-520b-42ff-aa7d-a304af70c1a7 {{(pid=94368) execute /opt/stack/data/venv/lib/python3.12/site-packages/oslo_concurrency/processutils.py:440}}
Aug 10 17:39:24 devstack sudo[101824]: quobyte : PWD=/ ; USER=root ; COMMAND=/opt/stack/data/venv/bin/cinder-rootwrap /etc/cinder/rootwrap.conf env LC_ALL=C qemu-img info -f qcow2 --output=json --force-share /opt/stack/data/cinder/mnt/5a42e679dc14b946ac6b37540c5b6e4a/volume-076f4213-520b-42ff-aa7d-a304af70c1a7
Aug 10 17:39:24 devstack sudo[101824]: pam_unix(sudo:session): session opened for user root(uid=0) by (uid=1000)
Aug 10 17:39:25 devstack sudo[101824]: pam_unix(sudo:session): session closed for user root
Aug 10 17:39:25 devstack cinder-volume[94368]: DEBUG oslo_concurrency.processutils [None req-208e48d2-9f54-4c46-a656-05be5abc00bb tempest-GroupSnapshotsTest-1716244458 None] CMD "/opt/stack/data/venv/bin/python3.12 -m oslo_concurrency.prlimit --as=1073741824 --cpu=60 -- sudo cinder-rootwrap /etc/cinder/rootwrap.conf env LC_ALL=C qemu-img info -f qcow2 --output=json --force-share /opt/stack/data/cinder/mnt/5a42e679dc14b946ac6b37540c5b6e4a/volume-076f4213-520b-42ff-aa7d-a304af70c1a7" returned: 0 in 0.454s {{(pid=94368) execute /opt/stack/data/venv/lib/python3.12/site-packages/oslo_concurrency/processutils.py:468}}
Aug 10 17:39:25 devstack cinder-volume[94368]: DEBUG oslo_concurrency.processutils [None req-208e48d2-9f54-4c46-a656-05be5abc00bb tempest-GroupSnapshotsTest-1716244458 None] Running cmd (subprocess): sudo cinder-rootwrap /etc/cinder/rootwrap.conf qemu-img commit -d /opt/stack/data/cinder/mnt/5a42e679dc14b946ac6b37540c5b6e4a/volume-076f4213-520b-42ff-aa7d-a304af70c1a7.98158e43-09d7-4fa1-bb72-975159a729a9 {{(pid=94368) execute /opt/stack/data/venv/lib/python3.12/site-packages/oslo_concurrency/processutils.py:440}}
Aug 10 17:39:25 devstack sudo[101833]: quobyte : PWD=/ ; USER=root ; COMMAND=/opt/stack/data/venv/bin/cinder-rootwrap /etc/cinder/rootwrap.conf qemu-img commit -d /opt/stack/data/cinder/mnt/5a42e679dc14b946ac6b37540c5b6e4a/volume-076f4213-520b-42ff-aa7d-a304af70c1a7.98158e43-09d7-4fa1-bb72-975159a729a9
Aug 10 17:39:25 devstack sudo[101833]: pam_unix(sudo:session): session opened for user root(uid=0) by (uid=1000)
Aug 10 17:39:25 devstack sudo[101833]: pam_unix(sudo:session): session closed for user root
Aug 10 17:39:25 devstack cinder-volume[94368]: DEBUG oslo_concurrency.processutils [None req-208e48d2-9f54-4c46-a656-05be5abc00bb tempest-GroupSnapshotsTest-1716244458 None] CMD "sudo cinder-rootwrap /etc/cinder/rootwrap.conf qemu-img commit -d /opt/stack/data/cinder/mnt/5a42e679dc14b946ac6b37540c5b6e4a/volume-076f4213-520b-42ff-aa7d-a304af70c1a7.98158e43-09d7-4fa1-bb72-975159a729a9" returned: 0 in 0.632s {{(pid=94368) execute /opt/stack/data/venv/lib/python3.12/site-packages/oslo_concurrency/processutils.py:468}}
Aug 10 17:39:25 devstack cinder-volume[94368]: DEBUG oslo_concurrency.processutils [None req-208e48d2-9f54-4c46-a656-05be5abc00bb tempest-GroupSnapshotsTest-1716244458 None] Running cmd (subprocess): sudo cinder-rootwrap /etc/cinder/rootwrap.conf rm -f /opt/stack/data/cinder/mnt/5a42e679dc14b946ac6b37540c5b6e4a/volume-076f4213-520b-42ff-aa7d-a304af70c1a7.98158e43-09d7-4fa1-bb72-975159a729a9 {{(pid=94368) execute /opt/stack/data/venv/lib/python3.12/site-packages/oslo_concurrency/processutils.py:440}}
Aug 10 17:39:25 devstack sudo[101860]: quobyte : PWD=/ ; USER=root ; COMMAND=/opt/stack/data/venv/bin/cinder-rootwrap /etc/cinder/rootwrap.conf rm -f /opt/stack/data/cinder/mnt/5a42e679dc14b946ac6b37540c5b6e4a/volume-076f4213-520b-42ff-aa7d-a304af70c1a7.98158e43-09d7-4fa1-bb72-975159a729a9
Aug 10 17:39:25 devstack sudo[101860]: pam_unix(sudo:session): session opened for user root(uid=0) by (uid=1000)
Aug 10 17:39:26 devstack sudo[101860]: pam_unix(sudo:session): session closed for user root
Aug 10 17:39:26 devstack cinder-volume[94368]: DEBUG oslo_concurrency.processutils [None req-208e48d2-9f54-4c46-a656-05be5abc00bb tempest-GroupSnapshotsTest-1716244458 None] CMD "sudo cinder-rootwrap /etc/cinder/rootwrap.conf rm -f /opt/stack/data/cinder/mnt/5a42e679dc14b946ac6b37540c5b6e4a/volume-076f4213-520b-42ff-aa7d-a304af70c1a7.98158e43-09d7-4fa1-bb72-975159a729a9" returned: 0 in 0.480s {{(pid=94368) execute /opt/stack/data/venv/lib/python3.12/site-packages/oslo_concurrency/processutils.py:468}}
Aug 10 17:39:26 devstack cinder-volume[94368]: DEBUG cinder.coordination [None req-208e48d2-9f54-4c46-a656-05be5abc00bb tempest-GroupSnapshotsTest-1716244458 None] Lock "cinder-quobyte-98158e43-09d7-4fa1-bb72-975159a729a9" released by "_delete_snapshot" :: held 2.099s {{(pid=94368) __release /opt/stack/cinder/cinder/coordination.py:152}}
Aug 10 17:39:26 devstack cinder-volume[94368]: DEBUG cinder.coordination [None req-208e48d2-9f54-4c46-a656-05be5abc00bb tempest-GroupSnapshotsTest-1716244458 None] Lock "cinder-quobyte-076f4213-520b-42ff-aa7d-a304af70c1a7" released by "delete_snapshot" :: held 2.132s {{(pid=94368) __release /opt/stack/cinder/cinder/coordination.py:152}}
Aug 10 17:39:26 devstack cinder-volume[94368]: WARNING cinder.quota [None req-208e48d2-9f54-4c46-a656-05be5abc00bb tempest-GroupSnapshotsTest-1716244458 None] Deprecated: Default quota for resource: gigabytes_tempest-GroupSnapshotsTest-volume-type-198042273 is set by the default quota flag: quota_gigabytes_tempest-GroupSnapshotsTest-volume-type-198042273, it is now deprecated. Please use the default quota class for default quota.
Aug 10 17:39:26 devstack cinder-volume[94368]: WARNING cinder.quota [None req-208e48d2-9f54-4c46-a656-05be5abc00bb tempest-GroupSnapshotsTest-1716244458 None] Deprecated: Default quota for resource: snapshots_tempest-GroupSnapshotsTest-volume-type-198042273 is set by the default quota flag: quota_snapshots_tempest-GroupSnapshotsTest-volume-type-198042273, it is now deprecated. Please use the default quota class for default quota.
Aug 10 17:39:26 devstack cinder-volume[94368]: DEBUG cinder.quota [None req-208e48d2-9f54-4c46-a656-05be5abc00bb tempest-GroupSnapshotsTest-1716244458 None] Created reservations ['f4542383-a585-4729-bd11-6c15ed0315e4', '05cd8d95-6381-4983-826e-1277ef2d2035', 'ed049008-ca35-4cbe-a037-1ae538ea560d', 'f1ce11dc-452c-4adf-a456-f18d0dedfcd6'] {{(pid=94368) reserve /opt/stack/cinder/cinder/quota.py:752}}
Aug 10 17:39:26 devstack cinder-volume[94368]: DEBUG cinder.quota [None req-208e48d2-9f54-4c46-a656-05be5abc00bb tempest-GroupSnapshotsTest-1716244458 None] Created reservations ['4204eb57-4b15-4891-99c6-c87bd3f82ac0', '045d75f1-9e74-4079-8a55-e52ff3c090d8', 'af138bd4-ab69-410b-b0e0-76f8b1d7e071', '6cdfdfdf-5939-46d0-9981-e59e3ce7c706'] {{(pid=94368) reserve /opt/stack/cinder/cinder/quota.py:752}}
Aug 10 17:39:26 devstack cinder-volume[94368]: INFO cinder.volume.manager [None req-208e48d2-9f54-4c46-a656-05be5abc00bb tempest-GroupSnapshotsTest-1716244458 None] group_snapshot e4556905-162f-4ed4-aaa0-181b831c1648: deleted successfully
Aug 10 17:39:28 devstack cinder-volume[94368]: DEBUG cinder.coordination [None req-c3ce4cd6-28c3-46ce-9a79-249af9e42991 tempest-GroupSnapshotsTest-1716244458 None] Acquiring lock "cinder-quobyte-076f4213-520b-42ff-aa7d-a304af70c1a7" by "delete_volume" {{(pid=94368) __acquire /opt/stack/cinder/cinder/coordination.py:138}}
Aug 10 17:39:28 devstack cinder-volume[94368]: DEBUG cinder.coordination [None req-c3ce4cd6-28c3-46ce-9a79-249af9e42991 tempest-GroupSnapshotsTest-1716244458 None] Lock "cinder-quobyte-076f4213-520b-42ff-aa7d-a304af70c1a7" acquired by "delete_volume" :: waited 0.022s {{(pid=94368) __acquire /opt/stack/cinder/cinder/coordination.py:141}}
Aug 10 17:39:28 devstack cinder-volume[94368]: DEBUG oslo.privsep.daemon [-] privsep: reply[17823195-9550-4b72-b551-0c945e1078e8]: (4, 'qcow2') {{(pid=95459) _call_back /opt/stack/data/venv/lib/python3.12/site-packages/oslo_privsep/daemon.py:580}}
Aug 10 17:39:28 devstack cinder-volume[94368]: DEBUG oslo_concurrency.processutils [None req-c3ce4cd6-28c3-46ce-9a79-249af9e42991 tempest-GroupSnapshotsTest-1716244458 None] Running cmd (subprocess): /opt/stack/data/venv/bin/python3.12 -m oslo_concurrency.prlimit --as=1073741824 --cpu=60 -- sudo cinder-rootwrap /etc/cinder/rootwrap.conf env LC_ALL=C qemu-img info -f qcow2 --output=json --force-share /opt/stack/data/cinder/mnt/5a42e679dc14b946ac6b37540c5b6e4a/volume-076f4213-520b-42ff-aa7d-a304af70c1a7 {{(pid=94368) execute /opt/stack/data/venv/lib/python3.12/site-packages/oslo_concurrency/processutils.py:440}}
Aug 10 17:39:28 devstack sudo[101882]: quobyte : PWD=/ ; USER=root ; COMMAND=/opt/stack/data/venv/bin/cinder-rootwrap /etc/cinder/rootwrap.conf env LC_ALL=C qemu-img info -f qcow2 --output=json --force-share /opt/stack/data/cinder/mnt/5a42e679dc14b946ac6b37540c5b6e4a/volume-076f4213-520b-42ff-aa7d-a304af70c1a7
Aug 10 17:39:28 devstack sudo[101882]: pam_unix(sudo:session): session opened for user root(uid=0) by (uid=1000)
Aug 10 17:39:29 devstack sudo[101882]: pam_unix(sudo:session): session closed for user root
Aug 10 17:39:29 devstack cinder-volume[94368]: DEBUG oslo_concurrency.processutils [None req-c3ce4cd6-28c3-46ce-9a79-249af9e42991 tempest-GroupSnapshotsTest-1716244458 None] CMD "/opt/stack/data/venv/bin/python3.12 -m oslo_concurrency.prlimit --as=1073741824 --cpu=60 -- sudo cinder-rootwrap /etc/cinder/rootwrap.conf env LC_ALL=C qemu-img info -f qcow2 --output=json --force-share /opt/stack/data/cinder/mnt/5a42e679dc14b946ac6b37540c5b6e4a/volume-076f4213-520b-42ff-aa7d-a304af70c1a7" returned: 0 in 0.674s {{(pid=94368) execute /opt/stack/data/venv/lib/python3.12/site-packages/oslo_concurrency/processutils.py:468}}
Aug 10 17:39:29 devstack cinder-volume[94368]: DEBUG oslo_concurrency.processutils [None req-c3ce4cd6-28c3-46ce-9a79-249af9e42991 tempest-GroupSnapshotsTest-1716244458 None] Running cmd (subprocess): sudo cinder-rootwrap /etc/cinder/rootwrap.conf rm -f /opt/stack/data/cinder/mnt/5a42e679dc14b946ac6b37540c5b6e4a/volume-076f4213-520b-42ff-aa7d-a304af70c1a7 {{(pid=94368) execute /opt/stack/data/venv/lib/python3.12/site-packages/oslo_concurrency/processutils.py:440}}
Aug 10 17:39:29 devstack sudo[101908]: quobyte : PWD=/ ; USER=root ; COMMAND=/opt/stack/data/venv/bin/cinder-rootwrap /etc/cinder/rootwrap.conf rm -f /opt/stack/data/cinder/mnt/5a42e679dc14b946ac6b37540c5b6e4a/volume-076f4213-520b-42ff-aa7d-a304af70c1a7
Aug 10 17:39:29 devstack sudo[101908]: pam_unix(sudo:session): session opened for user root(uid=0) by (uid=1000)
Aug 10 17:39:29 devstack sudo[101908]: pam_unix(sudo:session): session closed for user root
Aug 10 17:39:29 devstack cinder-volume[94368]: DEBUG oslo_concurrency.processutils [None req-c3ce4cd6-28c3-46ce-9a79-249af9e42991 tempest-GroupSnapshotsTest-1716244458 None] CMD "sudo cinder-rootwrap /etc/cinder/rootwrap.conf rm -f /opt/stack/data/cinder/mnt/5a42e679dc14b946ac6b37540c5b6e4a/volume-076f4213-520b-42ff-aa7d-a304af70c1a7" returned: 0 in 0.321s {{(pid=94368) execute /opt/stack/data/venv/lib/python3.12/site-packages/oslo_concurrency/processutils.py:468}}
Aug 10 17:39:29 devstack cinder-volume[94368]: DEBUG cinder.coordination [None req-c3ce4cd6-28c3-46ce-9a79-249af9e42991 tempest-GroupSnapshotsTest-1716244458 None] Lock "cinder-quobyte-076f4213-520b-42ff-aa7d-a304af70c1a7" released by "delete_volume" :: held 1.103s {{(pid=94368) __release /opt/stack/cinder/cinder/coordination.py:152}}
Aug 10 17:39:29 devstack cinder-volume[94368]: DEBUG cinder.coordination [None req-c3ce4cd6-28c3-46ce-9a79-249af9e42991 tempest-GroupSnapshotsTest-1716244458 None] Acquiring lock "cinder-quobyte-cda7d8dd-5548-43f6-8c1b-3be55e77cdfe" by "delete_volume" {{(pid=94368) __acquire /opt/stack/cinder/cinder/coordination.py:138}}
Aug 10 17:39:29 devstack cinder-volume[94368]: DEBUG cinder.coordination [None req-c3ce4cd6-28c3-46ce-9a79-249af9e42991 tempest-GroupSnapshotsTest-1716244458 None] Lock "cinder-quobyte-cda7d8dd-5548-43f6-8c1b-3be55e77cdfe" acquired by "delete_volume" :: waited 0.017s {{(pid=94368) __acquire /opt/stack/cinder/cinder/coordination.py:141}}
Aug 10 17:39:29 devstack cinder-volume[94368]: DEBUG oslo.privsep.daemon [-] privsep: reply[b5498153-3b25-4fa9-847f-8ba801c7fc9f]: (4, 'qcow2') {{(pid=95459) _call_back /opt/stack/data/venv/lib/python3.12/site-packages/oslo_privsep/daemon.py:580}}
Aug 10 17:39:29 devstack cinder-volume[94368]: DEBUG oslo_concurrency.processutils [None req-c3ce4cd6-28c3-46ce-9a79-249af9e42991 tempest-GroupSnapshotsTest-1716244458 None] Running cmd (subprocess): /opt/stack/data/venv/bin/python3.12 -m oslo_concurrency.prlimit --as=1073741824 --cpu=60 -- sudo cinder-rootwrap /etc/cinder/rootwrap.conf env LC_ALL=C qemu-img info -f qcow2 --output=json --force-share /opt/stack/data/cinder/mnt/5a42e679dc14b946ac6b37540c5b6e4a/volume-cda7d8dd-5548-43f6-8c1b-3be55e77cdfe {{(pid=94368) execute /opt/stack/data/venv/lib/python3.12/site-packages/oslo_concurrency/processutils.py:440}}
Aug 10 17:39:29 devstack sudo[101912]: quobyte : PWD=/ ; USER=root ; COMMAND=/opt/stack/data/venv/bin/cinder-rootwrap /etc/cinder/rootwrap.conf env LC_ALL=C qemu-img info -f qcow2 --output=json --force-share /opt/stack/data/cinder/mnt/5a42e679dc14b946ac6b37540c5b6e4a/volume-cda7d8dd-5548-43f6-8c1b-3be55e77cdfe
Aug 10 17:39:29 devstack sudo[101912]: pam_unix(sudo:session): session opened for user root(uid=0) by (uid=1000)
Aug 10 17:39:30 devstack sudo[101912]: pam_unix(sudo:session): session closed for user root
Aug 10 17:39:30 devstack cinder-volume[94368]: DEBUG oslo_concurrency.processutils [None req-c3ce4cd6-28c3-46ce-9a79-249af9e42991 tempest-GroupSnapshotsTest-1716244458 None] CMD "/opt/stack/data/venv/bin/python3.12 -m oslo_concurrency.prlimit --as=1073741824 --cpu=60 -- sudo cinder-rootwrap /etc/cinder/rootwrap.conf env LC_ALL=C qemu-img info -f qcow2 --output=json --force-share /opt/stack/data/cinder/mnt/5a42e679dc14b946ac6b37540c5b6e4a/volume-cda7d8dd-5548-43f6-8c1b-3be55e77cdfe" returned: 0 in 0.499s {{(pid=94368) execute /opt/stack/data/venv/lib/python3.12/site-packages/oslo_concurrency/processutils.py:468}}
Aug 10 17:39:30 devstack cinder-volume[94368]: DEBUG oslo_concurrency.processutils [None req-c3ce4cd6-28c3-46ce-9a79-249af9e42991 tempest-GroupSnapshotsTest-1716244458 None] Running cmd (subprocess): sudo cinder-rootwrap /etc/cinder/rootwrap.conf rm -f /opt/stack/data/cinder/mnt/5a42e679dc14b946ac6b37540c5b6e4a/volume-cda7d8dd-5548-43f6-8c1b-3be55e77cdfe {{(pid=94368) execute /opt/stack/data/venv/lib/python3.12/site-packages/oslo_concurrency/processutils.py:440}}
Aug 10 17:39:30 devstack sudo[101918]: quobyte : PWD=/ ; USER=root ; COMMAND=/opt/stack/data/venv/bin/cinder-rootwrap /etc/cinder/rootwrap.conf rm -f /opt/stack/data/cinder/mnt/5a42e679dc14b946ac6b37540c5b6e4a/volume-cda7d8dd-5548-43f6-8c1b-3be55e77cdfe
Aug 10 17:39:30 devstack sudo[101918]: pam_unix(sudo:session): session opened for user root(uid=0) by (uid=1000)
Aug 10 17:39:30 devstack cinder-volume[94368]: DEBUG cinder.coordination [None req-53d5d8f9-1631-41de-9ea9-5d6776b13884 tempest-AttachVolumeNegativeTest-326312709 None] Acquiring lock "cinder-43bf6afa-f672-491c-85d2-59e4a148eef0-delete_volume" by "delete_volume" {{(pid=94368) __acquire /opt/stack/cinder/cinder/coordination.py:138}}
Aug 10 17:39:30 devstack cinder-volume[94368]: DEBUG cinder.coordination [None req-53d5d8f9-1631-41de-9ea9-5d6776b13884 tempest-AttachVolumeNegativeTest-326312709 None] Lock "cinder-43bf6afa-f672-491c-85d2-59e4a148eef0-delete_volume" acquired by "delete_volume" :: waited 0.037s {{(pid=94368) __acquire /opt/stack/cinder/cinder/coordination.py:141}}
Aug 10 17:39:30 devstack sudo[101918]: pam_unix(sudo:session): session closed for user root
Aug 10 17:39:30 devstack cinder-volume[94368]: DEBUG oslo_concurrency.processutils [None req-c3ce4cd6-28c3-46ce-9a79-249af9e42991 tempest-GroupSnapshotsTest-1716244458 None] CMD "sudo cinder-rootwrap /etc/cinder/rootwrap.conf rm -f /opt/stack/data/cinder/mnt/5a42e679dc14b946ac6b37540c5b6e4a/volume-cda7d8dd-5548-43f6-8c1b-3be55e77cdfe" returned: 0 in 0.357s {{(pid=94368) execute /opt/stack/data/venv/lib/python3.12/site-packages/oslo_concurrency/processutils.py:468}}
Aug 10 17:39:30 devstack cinder-volume[94368]: DEBUG cinder.coordination [None req-53d5d8f9-1631-41de-9ea9-5d6776b13884 tempest-AttachVolumeNegativeTest-326312709 None] Acquiring lock "cinder-quobyte-43bf6afa-f672-491c-85d2-59e4a148eef0" by "delete_volume" {{(pid=94368) __acquire /opt/stack/cinder/cinder/coordination.py:138}}
Aug 10 17:39:30 devstack cinder-volume[94368]: DEBUG cinder.coordination [None req-c3ce4cd6-28c3-46ce-9a79-249af9e42991 tempest-GroupSnapshotsTest-1716244458 None] Lock "cinder-quobyte-cda7d8dd-5548-43f6-8c1b-3be55e77cdfe" released by "delete_volume" :: held 0.918s {{(pid=94368) __release /opt/stack/cinder/cinder/coordination.py:152}}
Aug 10 17:39:30 devstack cinder-volume[94368]: DEBUG cinder.coordination [None req-53d5d8f9-1631-41de-9ea9-5d6776b13884 tempest-AttachVolumeNegativeTest-326312709 None] Lock "cinder-quobyte-43bf6afa-f672-491c-85d2-59e4a148eef0" acquired by "delete_volume" :: waited 0.024s {{(pid=94368) __acquire /opt/stack/cinder/cinder/coordination.py:141}}
Aug 10 17:39:30 devstack cinder-volume[94368]: DEBUG oslo.privsep.daemon [-] privsep: reply[f932dc6d-a908-4980-9090-434ee073e165]: (4, 'qcow2') {{(pid=95459) _call_back /opt/stack/data/venv/lib/python3.12/site-packages/oslo_privsep/daemon.py:580}}
Aug 10 17:39:30 devstack cinder-volume[94368]: DEBUG oslo_concurrency.processutils [None req-53d5d8f9-1631-41de-9ea9-5d6776b13884 tempest-AttachVolumeNegativeTest-326312709 None] Running cmd (subprocess): /opt/stack/data/venv/bin/python3.12 -m oslo_concurrency.prlimit --as=1073741824 --cpu=60 -- sudo cinder-rootwrap /etc/cinder/rootwrap.conf env LC_ALL=C qemu-img info -f qcow2 --output=json --force-share /opt/stack/data/cinder/mnt/5a42e679dc14b946ac6b37540c5b6e4a/volume-43bf6afa-f672-491c-85d2-59e4a148eef0 {{(pid=94368) execute /opt/stack/data/venv/lib/python3.12/site-packages/oslo_concurrency/processutils.py:440}}
Aug 10 17:39:30 devstack cinder-volume[94368]: DEBUG cinder.quota [None req-c3ce4cd6-28c3-46ce-9a79-249af9e42991 tempest-GroupSnapshotsTest-1716244458 None] Created reservations ['f4a5260a-32cf-49b5-89fb-dc55faa013d2'] {{(pid=94368) reserve /opt/stack/cinder/cinder/quota.py:752}}
Aug 10 17:39:30 devstack cinder-volume[94368]: WARNING cinder.quota [None req-c3ce4cd6-28c3-46ce-9a79-249af9e42991 tempest-GroupSnapshotsTest-1716244458 None] Deprecated: Default quota for resource: volumes_tempest-GroupSnapshotsTest-volume-type-198042273 is set by the default quota flag: quota_volumes_tempest-GroupSnapshotsTest-volume-type-198042273, it is now deprecated. Please use the default quota class for default quota.
Aug 10 17:39:30 devstack cinder-volume[94368]: DEBUG cinder.quota [None req-c3ce4cd6-28c3-46ce-9a79-249af9e42991 tempest-GroupSnapshotsTest-1716244458 None] Created reservations ['1b713f80-1f3c-49fd-a6cc-02e5c738d78c', 'a2546c05-0501-4696-b3b4-763cb68051c8', '47155225-fbbc-4585-b6a7-5a4bb799ccb7', '02b853b0-096b-4ff9-a84c-af9aa5d69769'] {{(pid=94368) reserve /opt/stack/cinder/cinder/quota.py:752}}
Aug 10 17:39:30 devstack sudo[101921]: quobyte : PWD=/ ; USER=root ; COMMAND=/opt/stack/data/venv/bin/cinder-rootwrap /etc/cinder/rootwrap.conf env LC_ALL=C qemu-img info -f qcow2 --output=json --force-share /opt/stack/data/cinder/mnt/5a42e679dc14b946ac6b37540c5b6e4a/volume-43bf6afa-f672-491c-85d2-59e4a148eef0
Aug 10 17:39:30 devstack sudo[101921]: pam_unix(sudo:session): session opened for user root(uid=0) by (uid=1000)
Aug 10 17:39:30 devstack cinder-volume[94368]: DEBUG cinder.quota [None req-c3ce4cd6-28c3-46ce-9a79-249af9e42991 tempest-GroupSnapshotsTest-1716244458 None] Created reservations ['848d3dcd-1c04-41b5-9c1a-88d1c0290388', '9bf1bc9c-7e68-4426-b103-076a7d6e01c9', '403eed87-d34a-454e-962f-e9dcd3680d5c', 'ddaf2dad-178c-4844-aae4-0fb95ff2d43b'] {{(pid=94368) reserve /opt/stack/cinder/cinder/quota.py:752}}
Aug 10 17:39:31 devstack cinder-volume[94368]: DEBUG oslo_concurrency.lockutils [None req-c3ce4cd6-28c3-46ce-9a79-249af9e42991 tempest-GroupSnapshotsTest-1716244458 None] Acquiring lock "quobyte_ensure" by "cinder.volume.drivers.quobyte.QuobyteDriver._ensure_shares_mounted" {{(pid=94368) inner /opt/stack/data/venv/lib/python3.12/site-packages/oslo_concurrency/lockutils.py:512}}
Aug 10 17:39:31 devstack cinder-volume[94368]: DEBUG oslo_concurrency.lockutils [None req-c3ce4cd6-28c3-46ce-9a79-249af9e42991 tempest-GroupSnapshotsTest-1716244458 None] Lock "quobyte_ensure" acquired by "cinder.volume.drivers.quobyte.QuobyteDriver._ensure_shares_mounted" :: waited 0.001s {{(pid=94368) inner /opt/stack/data/venv/lib/python3.12/site-packages/oslo_concurrency/lockutils.py:525}}
Aug 10 17:39:31 devstack cinder-volume[94368]: DEBUG cinder.volume.drivers.quobyte [None req-c3ce4cd6-28c3-46ce-9a79-249af9e42991 tempest-GroupSnapshotsTest-1716244458 None] Quobyte Volume URL set to: {'osci02.corp.quobyte.com/cinder-vol-1ed5bdd7-41fc-49f2-87ee-667264a90500': None} {{(pid=94368) _load_shares_config /opt/stack/cinder/cinder/volume/drivers/quobyte.py:665}}
Aug 10 17:39:31 devstack cinder-volume[94368]: DEBUG cinder.volume.drivers.quobyte [None req-c3ce4cd6-28c3-46ce-9a79-249af9e42991 tempest-GroupSnapshotsTest-1716244458 None] Available shares ['osci02.corp.quobyte.com/cinder-vol-1ed5bdd7-41fc-49f2-87ee-667264a90500'] {{(pid=94368) _ensure_shares_mounted /opt/stack/cinder/cinder/volume/drivers/quobyte.py:695}}
Aug 10 17:39:31 devstack cinder-volume[94368]: DEBUG oslo_concurrency.lockutils [None req-c3ce4cd6-28c3-46ce-9a79-249af9e42991 tempest-GroupSnapshotsTest-1716244458 None] Lock "quobyte_ensure" "released" by "cinder.volume.drivers.quobyte.QuobyteDriver._ensure_shares_mounted" :: held 0.023s {{(pid=94368) inner /opt/stack/data/venv/lib/python3.12/site-packages/oslo_concurrency/lockutils.py:544}}
Aug 10 17:39:31 devstack cinder-volume[94368]: DEBUG oslo_concurrency.processutils [None req-c3ce4cd6-28c3-46ce-9a79-249af9e42991 tempest-GroupSnapshotsTest-1716244458 None] Running cmd (subprocess): sudo cinder-rootwrap /etc/cinder/rootwrap.conf df --portability --block-size 1 /opt/stack/data/cinder/mnt/5a42e679dc14b946ac6b37540c5b6e4a {{(pid=94368) execute /opt/stack/data/venv/lib/python3.12/site-packages/oslo_concurrency/processutils.py:440}}
Aug 10 17:39:31 devstack sudo[101927]: quobyte : PWD=/ ; USER=root ; COMMAND=/opt/stack/data/venv/bin/cinder-rootwrap /etc/cinder/rootwrap.conf df --portability --block-size 1 /opt/stack/data/cinder/mnt/5a42e679dc14b946ac6b37540c5b6e4a
Aug 10 17:39:31 devstack sudo[101927]: pam_unix(sudo:session): session opened for user root(uid=0) by (uid=1000)
Aug 10 17:39:31 devstack sudo[101921]: pam_unix(sudo:session): session closed for user root
Aug 10 17:39:31 devstack cinder-volume[94368]: DEBUG oslo_concurrency.processutils [None req-53d5d8f9-1631-41de-9ea9-5d6776b13884 tempest-AttachVolumeNegativeTest-326312709 None] CMD "/opt/stack/data/venv/bin/python3.12 -m oslo_concurrency.prlimit --as=1073741824 --cpu=60 -- sudo cinder-rootwrap /etc/cinder/rootwrap.conf env LC_ALL=C qemu-img info -f qcow2 --output=json --force-share /opt/stack/data/cinder/mnt/5a42e679dc14b946ac6b37540c5b6e4a/volume-43bf6afa-f672-491c-85d2-59e4a148eef0" returned: 0 in 0.564s {{(pid=94368) execute /opt/stack/data/venv/lib/python3.12/site-packages/oslo_concurrency/processutils.py:468}}
Aug 10 17:39:31 devstack cinder-volume[94368]: DEBUG oslo_concurrency.processutils [None req-53d5d8f9-1631-41de-9ea9-5d6776b13884 tempest-AttachVolumeNegativeTest-326312709 None] Running cmd (subprocess): sudo cinder-rootwrap /etc/cinder/rootwrap.conf rm -f /opt/stack/data/cinder/mnt/5a42e679dc14b946ac6b37540c5b6e4a/volume-43bf6afa-f672-491c-85d2-59e4a148eef0 {{(pid=94368) execute /opt/stack/data/venv/lib/python3.12/site-packages/oslo_concurrency/processutils.py:440}}
Aug 10 17:39:31 devstack sudo[101929]: quobyte : PWD=/ ; USER=root ; COMMAND=/opt/stack/data/venv/bin/cinder-rootwrap /etc/cinder/rootwrap.conf rm -f /opt/stack/data/cinder/mnt/5a42e679dc14b946ac6b37540c5b6e4a/volume-43bf6afa-f672-491c-85d2-59e4a148eef0
Aug 10 17:39:31 devstack sudo[101929]: pam_unix(sudo:session): session opened for user root(uid=0) by (uid=1000)
Aug 10 17:39:31 devstack sudo[101927]: pam_unix(sudo:session): session closed for user root
Aug 10 17:39:31 devstack cinder-volume[94368]: DEBUG oslo_concurrency.processutils [None req-c3ce4cd6-28c3-46ce-9a79-249af9e42991 tempest-GroupSnapshotsTest-1716244458 None] CMD "sudo cinder-rootwrap /etc/cinder/rootwrap.conf df --portability --block-size 1 /opt/stack/data/cinder/mnt/5a42e679dc14b946ac6b37540c5b6e4a" returned: 0 in 0.334s {{(pid=94368) execute /opt/stack/data/venv/lib/python3.12/site-packages/oslo_concurrency/processutils.py:468}}
Aug 10 17:39:31 devstack cinder-volume[94368]: DEBUG cinder.manager [None req-c3ce4cd6-28c3-46ce-9a79-249af9e42991 tempest-GroupSnapshotsTest-1716244458 None] Notifying Schedulers of capabilities ... {{(pid=94368) _publish_service_capabilities /opt/stack/cinder/cinder/manager.py:219}}
Aug 10 17:39:31 devstack cinder-volume[94368]: INFO cinder.volume.manager [None req-c3ce4cd6-28c3-46ce-9a79-249af9e42991 tempest-GroupSnapshotsTest-1716244458 None] Delete group completed successfully.
Aug 10 17:39:31 devstack cinder-volume[94368]: INFO cinder.volume.manager [req-83af414d-46fe-45a2-8002-f723e4d50419 req-718f6cf0-7dd4-40c2-873a-e7afebc2dbdc tempest-ServerActionsTestOtherA-1300832886 None] Terminate volume connection completed successfully.
Aug 10 17:39:31 devstack cinder-volume[94368]: DEBUG cinder.volume.manager [req-83af414d-46fe-45a2-8002-f723e4d50419 req-718f6cf0-7dd4-40c2-873a-e7afebc2dbdc tempest-ServerActionsTestOtherA-1300832886 None] Deleting attachment a0e52914-79ff-43c2-9648-b52df77d48cc. {{(pid=94368) attachment_delete /opt/stack/cinder/cinder/volume/manager.py:5055}}
Aug 10 17:39:31 devstack sudo[101929]: pam_unix(sudo:session): session closed for user root
Aug 10 17:39:31 devstack cinder-volume[94368]: DEBUG oslo_concurrency.processutils [None req-53d5d8f9-1631-41de-9ea9-5d6776b13884 tempest-AttachVolumeNegativeTest-326312709 None] CMD "sudo cinder-rootwrap /etc/cinder/rootwrap.conf rm -f /opt/stack/data/cinder/mnt/5a42e679dc14b946ac6b37540c5b6e4a/volume-43bf6afa-f672-491c-85d2-59e4a148eef0" returned: 0 in 0.336s {{(pid=94368) execute /opt/stack/data/venv/lib/python3.12/site-packages/oslo_concurrency/processutils.py:468}}
Aug 10 17:39:31 devstack cinder-volume[94368]: DEBUG cinder.coordination [None req-53d5d8f9-1631-41de-9ea9-5d6776b13884 tempest-AttachVolumeNegativeTest-326312709 None] Lock "cinder-quobyte-43bf6afa-f672-491c-85d2-59e4a148eef0" released by "delete_volume" :: held 0.962s {{(pid=94368) __release /opt/stack/cinder/cinder/coordination.py:152}}
Aug 10 17:39:31 devstack cinder-volume[94368]: DEBUG cinder.quota [None req-53d5d8f9-1631-41de-9ea9-5d6776b13884 tempest-AttachVolumeNegativeTest-326312709 None] Created reservations ['a04b9001-3423-478b-99a1-0a8aeb22d02d', 'bdee3231-09f9-48b4-9b6a-4ef23aac212c', '7b8e3f48-8538-4b70-8649-d1c30b9a5d0c', '56ae10f3-d5d4-414a-950a-971ffd9fc619'] {{(pid=94368) reserve /opt/stack/cinder/cinder/quota.py:752}}
Aug 10 17:39:31 devstack cinder-volume[94368]: DEBUG cinder.coordination [req-83af414d-46fe-45a2-8002-f723e4d50419 req-6fe244c1-1666-480c-948b-aaf8d9f7f0e2 tempest-ServerActionsTestOtherA-1300832886 None] Acquiring lock "cinder-f176601d-8f3c-44de-a001-5c2cb125d6e7-delete_volume" by "delete_volume" {{(pid=94368) __acquire /opt/stack/cinder/cinder/coordination.py:138}}
Aug 10 17:39:31 devstack cinder-volume[94368]: DEBUG oslo_concurrency.lockutils [None req-53d5d8f9-1631-41de-9ea9-5d6776b13884 tempest-AttachVolumeNegativeTest-326312709 None] Acquiring lock "quobyte_ensure" by "cinder.volume.drivers.quobyte.QuobyteDriver._ensure_shares_mounted" {{(pid=94368) inner /opt/stack/data/venv/lib/python3.12/site-packages/oslo_concurrency/lockutils.py:512}}
Aug 10 17:39:31 devstack cinder-volume[94368]: DEBUG oslo_concurrency.lockutils [None req-53d5d8f9-1631-41de-9ea9-5d6776b13884 tempest-AttachVolumeNegativeTest-326312709 None] Lock "quobyte_ensure" acquired by "cinder.volume.drivers.quobyte.QuobyteDriver._ensure_shares_mounted" :: waited 0.004s {{(pid=94368) inner /opt/stack/data/venv/lib/python3.12/site-packages/oslo_concurrency/lockutils.py:525}}
Aug 10 17:39:31 devstack cinder-volume[94368]: DEBUG cinder.volume.drivers.quobyte [None req-53d5d8f9-1631-41de-9ea9-5d6776b13884 tempest-AttachVolumeNegativeTest-326312709 None] Quobyte Volume URL set to: {'osci02.corp.quobyte.com/cinder-vol-1ed5bdd7-41fc-49f2-87ee-667264a90500': None} {{(pid=94368) _load_shares_config /opt/stack/cinder/cinder/volume/drivers/quobyte.py:665}}
Aug 10 17:39:31 devstack cinder-volume[94368]: DEBUG cinder.volume.drivers.quobyte [None req-53d5d8f9-1631-41de-9ea9-5d6776b13884 tempest-AttachVolumeNegativeTest-326312709 None] Available shares ['osci02.corp.quobyte.com/cinder-vol-1ed5bdd7-41fc-49f2-87ee-667264a90500'] {{(pid=94368) _ensure_shares_mounted /opt/stack/cinder/cinder/volume/drivers/quobyte.py:695}}
Aug 10 17:39:31 devstack cinder-volume[94368]: DEBUG oslo_concurrency.lockutils [None req-53d5d8f9-1631-41de-9ea9-5d6776b13884 tempest-AttachVolumeNegativeTest-326312709 None] Lock "quobyte_ensure" "released" by "cinder.volume.drivers.quobyte.QuobyteDriver._ensure_shares_mounted" :: held 0.007s {{(pid=94368) inner /opt/stack/data/venv/lib/python3.12/site-packages/oslo_concurrency/lockutils.py:544}}
Aug 10 17:39:31 devstack cinder-volume[94368]: DEBUG oslo_concurrency.processutils [None req-53d5d8f9-1631-41de-9ea9-5d6776b13884 tempest-AttachVolumeNegativeTest-326312709 None] Running cmd (subprocess): sudo cinder-rootwrap /etc/cinder/rootwrap.conf df --portability --block-size 1 /opt/stack/data/cinder/mnt/5a42e679dc14b946ac6b37540c5b6e4a {{(pid=94368) execute /opt/stack/data/venv/lib/python3.12/site-packages/oslo_concurrency/processutils.py:440}}
Aug 10 17:39:31 devstack cinder-volume[94368]: DEBUG cinder.coordination [req-83af414d-46fe-45a2-8002-f723e4d50419 req-6fe244c1-1666-480c-948b-aaf8d9f7f0e2 tempest-ServerActionsTestOtherA-1300832886 None] Lock "cinder-f176601d-8f3c-44de-a001-5c2cb125d6e7-delete_volume" acquired by "delete_volume" :: waited 0.047s {{(pid=94368) __acquire /opt/stack/cinder/cinder/coordination.py:141}}
Aug 10 17:39:31 devstack sudo[101934]: quobyte : PWD=/ ; USER=root ; COMMAND=/opt/stack/data/venv/bin/cinder-rootwrap /etc/cinder/rootwrap.conf df --portability --block-size 1 /opt/stack/data/cinder/mnt/5a42e679dc14b946ac6b37540c5b6e4a
Aug 10 17:39:31 devstack sudo[101934]: pam_unix(sudo:session): session opened for user root(uid=0) by (uid=1000)
Aug 10 17:39:31 devstack cinder-volume[94368]: DEBUG cinder.coordination [req-83af414d-46fe-45a2-8002-f723e4d50419 req-6fe244c1-1666-480c-948b-aaf8d9f7f0e2 tempest-ServerActionsTestOtherA-1300832886 None] Acquiring lock "cinder-quobyte-f176601d-8f3c-44de-a001-5c2cb125d6e7" by "delete_volume" {{(pid=94368) __acquire /opt/stack/cinder/cinder/coordination.py:138}}
Aug 10 17:39:31 devstack cinder-volume[94368]: DEBUG cinder.coordination [req-83af414d-46fe-45a2-8002-f723e4d50419 req-6fe244c1-1666-480c-948b-aaf8d9f7f0e2 tempest-ServerActionsTestOtherA-1300832886 None] Lock "cinder-quobyte-f176601d-8f3c-44de-a001-5c2cb125d6e7" acquired by "delete_volume" :: waited 0.020s {{(pid=94368) __acquire /opt/stack/cinder/cinder/coordination.py:141}}
Aug 10 17:39:31 devstack cinder-volume[94368]: DEBUG oslo.privsep.daemon [-] privsep: reply[c9615c54-78ca-4bd7-a83f-c74a7673e217]: (4, 'qcow2') {{(pid=95459) _call_back /opt/stack/data/venv/lib/python3.12/site-packages/oslo_privsep/daemon.py:580}}
Aug 10 17:39:31 devstack cinder-volume[94368]: DEBUG oslo_concurrency.processutils [req-83af414d-46fe-45a2-8002-f723e4d50419 req-6fe244c1-1666-480c-948b-aaf8d9f7f0e2 tempest-ServerActionsTestOtherA-1300832886 None] Running cmd (subprocess): /opt/stack/data/venv/bin/python3.12 -m oslo_concurrency.prlimit --as=1073741824 --cpu=60 -- sudo cinder-rootwrap /etc/cinder/rootwrap.conf env LC_ALL=C qemu-img info -f qcow2 --output=json --force-share /opt/stack/data/cinder/mnt/5a42e679dc14b946ac6b37540c5b6e4a/volume-f176601d-8f3c-44de-a001-5c2cb125d6e7 {{(pid=94368) execute /opt/stack/data/venv/lib/python3.12/site-packages/oslo_concurrency/processutils.py:440}}
Aug 10 17:39:32 devstack sudo[101936]: quobyte : PWD=/ ; USER=root ; COMMAND=/opt/stack/data/venv/bin/cinder-rootwrap /etc/cinder/rootwrap.conf env LC_ALL=C qemu-img info -f qcow2 --output=json --force-share /opt/stack/data/cinder/mnt/5a42e679dc14b946ac6b37540c5b6e4a/volume-f176601d-8f3c-44de-a001-5c2cb125d6e7
Aug 10 17:39:32 devstack sudo[101936]: pam_unix(sudo:session): session opened for user root(uid=0) by (uid=1000)
Aug 10 17:39:32 devstack sudo[101934]: pam_unix(sudo:session): session closed for user root
Aug 10 17:39:32 devstack cinder-volume[94368]: DEBUG oslo_concurrency.processutils [None req-53d5d8f9-1631-41de-9ea9-5d6776b13884 tempest-AttachVolumeNegativeTest-326312709 None] CMD "sudo cinder-rootwrap /etc/cinder/rootwrap.conf df --portability --block-size 1 /opt/stack/data/cinder/mnt/5a42e679dc14b946ac6b37540c5b6e4a" returned: 0 in 0.296s {{(pid=94368) execute /opt/stack/data/venv/lib/python3.12/site-packages/oslo_concurrency/processutils.py:468}}
Aug 10 17:39:32 devstack cinder-volume[94368]: DEBUG cinder.manager [None req-53d5d8f9-1631-41de-9ea9-5d6776b13884 tempest-AttachVolumeNegativeTest-326312709 None] Notifying Schedulers of capabilities ... {{(pid=94368) _publish_service_capabilities /opt/stack/cinder/cinder/manager.py:219}}
Aug 10 17:39:32 devstack cinder-volume[94368]: INFO cinder.volume.manager [None req-53d5d8f9-1631-41de-9ea9-5d6776b13884 tempest-AttachVolumeNegativeTest-326312709 None] Deleted volume successfully.
Aug 10 17:39:32 devstack cinder-volume[94368]: DEBUG cinder.coordination [None req-53d5d8f9-1631-41de-9ea9-5d6776b13884 tempest-AttachVolumeNegativeTest-326312709 None] Lock "cinder-43bf6afa-f672-491c-85d2-59e4a148eef0-delete_volume" released by "delete_volume" :: held 1.582s {{(pid=94368) __release /opt/stack/cinder/cinder/coordination.py:152}}
Aug 10 17:39:32 devstack sudo[101936]: pam_unix(sudo:session): session closed for user root
Aug 10 17:39:32 devstack cinder-volume[94368]: DEBUG oslo_concurrency.processutils [req-83af414d-46fe-45a2-8002-f723e4d50419 req-6fe244c1-1666-480c-948b-aaf8d9f7f0e2 tempest-ServerActionsTestOtherA-1300832886 None] CMD "/opt/stack/data/venv/bin/python3.12 -m oslo_concurrency.prlimit --as=1073741824 --cpu=60 -- sudo cinder-rootwrap /etc/cinder/rootwrap.conf env LC_ALL=C qemu-img info -f qcow2 --output=json --force-share /opt/stack/data/cinder/mnt/5a42e679dc14b946ac6b37540c5b6e4a/volume-f176601d-8f3c-44de-a001-5c2cb125d6e7" returned: 0 in 0.561s {{(pid=94368) execute /opt/stack/data/venv/lib/python3.12/site-packages/oslo_concurrency/processutils.py:468}}
Aug 10 17:39:32 devstack cinder-volume[94368]: DEBUG oslo_concurrency.processutils [req-83af414d-46fe-45a2-8002-f723e4d50419 req-6fe244c1-1666-480c-948b-aaf8d9f7f0e2 tempest-ServerActionsTestOtherA-1300832886 None] Running cmd (subprocess): sudo cinder-rootwrap /etc/cinder/rootwrap.conf rm -f /opt/stack/data/cinder/mnt/5a42e679dc14b946ac6b37540c5b6e4a/volume-f176601d-8f3c-44de-a001-5c2cb125d6e7 {{(pid=94368) execute /opt/stack/data/venv/lib/python3.12/site-packages/oslo_concurrency/processutils.py:440}}
Aug 10 17:39:32 devstack sudo[101942]: quobyte : PWD=/ ; USER=root ; COMMAND=/opt/stack/data/venv/bin/cinder-rootwrap /etc/cinder/rootwrap.conf rm -f /opt/stack/data/cinder/mnt/5a42e679dc14b946ac6b37540c5b6e4a/volume-f176601d-8f3c-44de-a001-5c2cb125d6e7
Aug 10 17:39:32 devstack sudo[101942]: pam_unix(sudo:session): session opened for user root(uid=0) by (uid=1000)
Aug 10 17:39:32 devstack sudo[101942]: pam_unix(sudo:session): session closed for user root
Aug 10 17:39:32 devstack cinder-volume[94368]: DEBUG oslo_concurrency.processutils [req-83af414d-46fe-45a2-8002-f723e4d50419 req-6fe244c1-1666-480c-948b-aaf8d9f7f0e2 tempest-ServerActionsTestOtherA-1300832886 None] CMD "sudo cinder-rootwrap /etc/cinder/rootwrap.conf rm -f /opt/stack/data/cinder/mnt/5a42e679dc14b946ac6b37540c5b6e4a/volume-f176601d-8f3c-44de-a001-5c2cb125d6e7" returned: 0 in 0.328s {{(pid=94368) execute /opt/stack/data/venv/lib/python3.12/site-packages/oslo_concurrency/processutils.py:468}}
Aug 10 17:39:32 devstack cinder-volume[94368]: INFO cinder.volume.manager [None req-e7513c52-d287-4b53-8fa3-a4f1861fbf19 tempest-GroupSnapshotsTest-1716244458 None] Group tempest-GroupSnapshotsTest-Group-63049376: creating
Aug 10 17:39:32 devstack cinder-volume[94368]: DEBUG cinder.coordination [req-83af414d-46fe-45a2-8002-f723e4d50419 req-6fe244c1-1666-480c-948b-aaf8d9f7f0e2 tempest-ServerActionsTestOtherA-1300832886 None] Lock "cinder-quobyte-f176601d-8f3c-44de-a001-5c2cb125d6e7" released by "delete_volume" :: held 0.948s {{(pid=94368) __release /opt/stack/cinder/cinder/coordination.py:152}}
Aug 10 17:39:32 devstack cinder-volume[94368]: INFO cinder.volume.manager [None req-e7513c52-d287-4b53-8fa3-a4f1861fbf19 tempest-GroupSnapshotsTest-1716244458 None] Group tempest-GroupSnapshotsTest-Group-63049376: created successfully
Aug 10 17:39:32 devstack cinder-volume[94368]: INFO cinder.volume.manager [None req-e7513c52-d287-4b53-8fa3-a4f1861fbf19 tempest-GroupSnapshotsTest-1716244458 None] Create group completed successfully.
Aug 10 17:39:32 devstack cinder-volume[94368]: DEBUG cinder.quota [req-83af414d-46fe-45a2-8002-f723e4d50419 req-6fe244c1-1666-480c-948b-aaf8d9f7f0e2 tempest-ServerActionsTestOtherA-1300832886 None] Created reservations ['cf7588bb-a095-4a88-8dbe-82d60983271a', '78b94899-c3f5-4ec8-ab1a-ac4041e140da', 'fd8548b5-de0d-4582-b439-068fb0df179e', 'f8fb7209-e6d1-4036-acfa-c5505eee8176'] {{(pid=94368) reserve /opt/stack/cinder/cinder/quota.py:752}}
Aug 10 17:39:32 devstack cinder-volume[94368]: DEBUG cinder.coordination [None req-cf1c2e50-38ac-4582-9a7d-37e313487c6f tempest-AttachVolumeNegativeTest-326312709 None] Acquiring lock "cinder-f2310f52-2641-4708-92cb-93681bdcdada-delete_volume" by "delete_volume" {{(pid=94368) __acquire /opt/stack/cinder/cinder/coordination.py:138}}
