Aug 10 17:28:35 devstack devstack@g-api.service[84013]: DEBUG glance.common.config [None req-4fb51278-4e50-4ca7-857e-21527e5ae388 None None] barbican_service_user.cafile = None {{(pid=84013) log_opt_values /opt/stack/data/venv/lib/python3.12/site-packages/oslo_config/cfg.py:3545}}
Aug 10 17:28:35 devstack devstack@g-api.service[84013]: DEBUG glance.common.config [None req-4fb51278-4e50-4ca7-857e-21527e5ae388 None None] barbican_service_user.certfile = None {{(pid=84013) log_opt_values /opt/stack/data/venv/lib/python3.12/site-packages/oslo_config/cfg.py:3545}}
Aug 10 17:28:35 devstack devstack@g-api.service[84013]: DEBUG glance.common.config [None req-4fb51278-4e50-4ca7-857e-21527e5ae388 None None] barbican_service_user.collect_timing = False {{(pid=84013) log_opt_values /opt/stack/data/venv/lib/python3.12/site-packages/oslo_config/cfg.py:3545}}
Aug 10 17:28:35 devstack devstack@g-api.service[84013]: DEBUG glance.common.config [None req-4fb51278-4e50-4ca7-857e-21527e5ae388 None None] barbican_service_user.insecure = False {{(pid=84013) log_opt_values /opt/stack/data/venv/lib/python3.12/site-packages/oslo_config/cfg.py:3545}}
Aug 10 17:28:35 devstack devstack@g-api.service[84013]: DEBUG glance.common.config [None req-4fb51278-4e50-4ca7-857e-21527e5ae388 None None] barbican_service_user.keyfile = None {{(pid=84013) log_opt_values /opt/stack/data/venv/lib/python3.12/site-packages/oslo_config/cfg.py:3545}}
Aug 10 17:28:35 devstack devstack@g-api.service[84013]: DEBUG glance.common.config [None req-4fb51278-4e50-4ca7-857e-21527e5ae388 None None] barbican_service_user.split_loggers = False {{(pid=84013) log_opt_values /opt/stack/data/venv/lib/python3.12/site-packages/oslo_config/cfg.py:3545}}
Aug 10 17:28:35 devstack devstack@g-api.service[84013]: DEBUG glance.common.config [None req-4fb51278-4e50-4ca7-857e-21527e5ae388 None None] barbican_service_user.timeout = None {{(pid=84013) log_opt_values /opt/stack/data/venv/lib/python3.12/site-packages/oslo_config/cfg.py:3545}}
Aug 10 17:28:35 devstack devstack@g-api.service[84013]: DEBUG glance.common.config [None req-4fb51278-4e50-4ca7-857e-21527e5ae388 None None] database.asyncio_connection = **** {{(pid=84013) log_opt_values /opt/stack/data/venv/lib/python3.12/site-packages/oslo_config/cfg.py:3545}}
Aug 10 17:28:35 devstack devstack@g-api.service[84013]: DEBUG glance.common.config [None req-4fb51278-4e50-4ca7-857e-21527e5ae388 None None] database.asyncio_slave_connection = **** {{(pid=84013) log_opt_values /opt/stack/data/venv/lib/python3.12/site-packages/oslo_config/cfg.py:3545}}
Aug 10 17:28:35 devstack devstack@g-api.service[84013]: DEBUG glance.common.config [None req-4fb51278-4e50-4ca7-857e-21527e5ae388 None None] database.backend = sqlalchemy {{(pid=84013) log_opt_values /opt/stack/data/venv/lib/python3.12/site-packages/oslo_config/cfg.py:3545}}
Aug 10 17:28:35 devstack devstack@g-api.service[84013]: DEBUG glance.common.config [None req-4fb51278-4e50-4ca7-857e-21527e5ae388 None None] database.connection = **** {{(pid=84013) log_opt_values /opt/stack/data/venv/lib/python3.12/site-packages/oslo_config/cfg.py:3545}}
Aug 10 17:28:35 devstack devstack@g-api.service[84013]: DEBUG glance.common.config [None req-4fb51278-4e50-4ca7-857e-21527e5ae388 None None] database.connection_debug = 0 {{(pid=84013) log_opt_values /opt/stack/data/venv/lib/python3.12/site-packages/oslo_config/cfg.py:3545}}
Aug 10 17:28:35 devstack devstack@g-api.service[84013]: DEBUG glance.common.config [None req-4fb51278-4e50-4ca7-857e-21527e5ae388 None None] database.connection_parameters = {{(pid=84013) log_opt_values /opt/stack/data/venv/lib/python3.12/site-packages/oslo_config/cfg.py:3545}}
Aug 10 17:28:35 devstack devstack@g-api.service[84013]: DEBUG glance.common.config [None req-4fb51278-4e50-4ca7-857e-21527e5ae388 None None] database.connection_recycle_time = 3600 {{(pid=84013) log_opt_values /opt/stack/data/venv/lib/python3.12/site-packages/oslo_config/cfg.py:3545}}
Aug 10 17:28:35 devstack devstack@g-api.service[84013]: DEBUG glance.common.config [None req-4fb51278-4e50-4ca7-857e-21527e5ae388 None None] database.connection_trace = False {{(pid=84013) log_opt_values /opt/stack/data/venv/lib/python3.12/site-packages/oslo_config/cfg.py:3545}}
Aug 10 17:28:35 devstack devstack@g-api.service[84013]: DEBUG glance.common.config [None req-4fb51278-4e50-4ca7-857e-21527e5ae388 None None] database.db_inc_retry_interval = True {{(pid=84013) log_opt_values /opt/stack/data/venv/lib/python3.12/site-packages/oslo_config/cfg.py:3545}}
Aug 10 17:28:35 devstack devstack@g-api.service[84013]: DEBUG glance.common.config [None req-4fb51278-4e50-4ca7-857e-21527e5ae388 None None] database.db_max_retries = 20 {{(pid=84013) log_opt_values /opt/stack/data/venv/lib/python3.12/site-packages/oslo_config/cfg.py:3545}}
Aug 10 17:28:35 devstack devstack@g-api.service[84013]: DEBUG glance.common.config [None req-4fb51278-4e50-4ca7-857e-21527e5ae388 None None] database.db_max_retry_interval = 10 {{(pid=84013) log_opt_values /opt/stack/data/venv/lib/python3.12/site-packages/oslo_config/cfg.py:3545}}
Aug 10 17:28:35 devstack devstack@g-api.service[84013]: DEBUG glance.common.config [None req-4fb51278-4e50-4ca7-857e-21527e5ae388 None None] database.db_retry_interval = 1 {{(pid=84013) log_opt_values /opt/stack/data/venv/lib/python3.12/site-packages/oslo_config/cfg.py:3545}}
Aug 10 17:28:35 devstack devstack@g-api.service[84013]: DEBUG glance.common.config [None req-4fb51278-4e50-4ca7-857e-21527e5ae388 None None] database.max_overflow = 50 {{(pid=84013) log_opt_values /opt/stack/data/venv/lib/python3.12/site-packages/oslo_config/cfg.py:3545}}
Aug 10 17:28:35 devstack devstack@g-api.service[84013]: DEBUG glance.common.config [None req-4fb51278-4e50-4ca7-857e-21527e5ae388 None None] database.max_pool_size = 5 {{(pid=84013) log_opt_values /opt/stack/data/venv/lib/python3.12/site-packages/oslo_config/cfg.py:3545}}
Aug 10 17:28:35 devstack devstack@g-api.service[84013]: DEBUG glance.common.config [None req-4fb51278-4e50-4ca7-857e-21527e5ae388 None None] database.max_retries = 10 {{(pid=84013) log_opt_values /opt/stack/data/venv/lib/python3.12/site-packages/oslo_config/cfg.py:3545}}
Aug 10 17:28:35 devstack devstack@g-api.service[84013]: DEBUG glance.common.config [None req-4fb51278-4e50-4ca7-857e-21527e5ae388 None None] database.mysql_sql_mode = TRADITIONAL {{(pid=84013) log_opt_values /opt/stack/data/venv/lib/python3.12/site-packages/oslo_config/cfg.py:3545}}
Aug 10 17:28:35 devstack devstack@g-api.service[84013]: DEBUG glance.common.config [None req-4fb51278-4e50-4ca7-857e-21527e5ae388 None None] database.mysql_wsrep_sync_wait = None {{(pid=84013) log_opt_values /opt/stack/data/venv/lib/python3.12/site-packages/oslo_config/cfg.py:3545}}
Aug 10 17:28:35 devstack devstack@g-api.service[84013]: DEBUG glance.common.config [None req-4fb51278-4e50-4ca7-857e-21527e5ae388 None None] database.pool_timeout = None {{(pid=84013) log_opt_values /opt/stack/data/venv/lib/python3.12/site-packages/oslo_config/cfg.py:3545}}
Aug 10 17:28:35 devstack devstack@g-api.service[84013]: DEBUG glance.common.config [None req-4fb51278-4e50-4ca7-857e-21527e5ae388 None None] database.retry_interval = 10 {{(pid=84013) log_opt_values /opt/stack/data/venv/lib/python3.12/site-packages/oslo_config/cfg.py:3545}}
Aug 10 17:28:35 devstack devstack@g-api.service[84013]: DEBUG glance.common.config [None req-4fb51278-4e50-4ca7-857e-21527e5ae388 None None] database.slave_connection = **** {{(pid=84013) log_opt_values /opt/stack/data/venv/lib/python3.12/site-packages/oslo_config/cfg.py:3545}}
Aug 10 17:28:35 devstack devstack@g-api.service[84013]: DEBUG glance.common.config [None req-4fb51278-4e50-4ca7-857e-21527e5ae388 None None] database.sqlite_synchronous = True {{(pid=84013) log_opt_values /opt/stack/data/venv/lib/python3.12/site-packages/oslo_config/cfg.py:3545}}
Aug 10 17:28:35 devstack devstack@g-api.service[84013]: DEBUG glance.common.config [None req-4fb51278-4e50-4ca7-857e-21527e5ae388 None None] database.synchronous_reader = True {{(pid=84013) log_opt_values /opt/stack/data/venv/lib/python3.12/site-packages/oslo_config/cfg.py:3545}}
Aug 10 17:28:35 devstack devstack@g-api.service[84013]: DEBUG glance.common.config [None req-4fb51278-4e50-4ca7-857e-21527e5ae388 None None] database.use_db_reconnect = False {{(pid=84013) log_opt_values /opt/stack/data/venv/lib/python3.12/site-packages/oslo_config/cfg.py:3545}}
Aug 10 17:28:35 devstack devstack@g-api.service[84013]: DEBUG glance.common.config [None req-4fb51278-4e50-4ca7-857e-21527e5ae388 None None] healthcheck.allowed_source_ranges = [] {{(pid=84013) log_opt_values /opt/stack/data/venv/lib/python3.12/site-packages/oslo_config/cfg.py:3545}}
Aug 10 17:28:35 devstack devstack@g-api.service[84013]: DEBUG glance.common.config [None req-4fb51278-4e50-4ca7-857e-21527e5ae388 None None] healthcheck.backends = ['disable_by_file'] {{(pid=84013) log_opt_values /opt/stack/data/venv/lib/python3.12/site-packages/oslo_config/cfg.py:3545}}
Aug 10 17:28:35 devstack devstack@g-api.service[84013]: DEBUG glance.common.config [None req-4fb51278-4e50-4ca7-857e-21527e5ae388 None None] healthcheck.detailed = False {{(pid=84013) log_opt_values /opt/stack/data/venv/lib/python3.12/site-packages/oslo_config/cfg.py:3545}}
Aug 10 17:28:35 devstack devstack@g-api.service[84013]: DEBUG glance.common.config [None req-4fb51278-4e50-4ca7-857e-21527e5ae388 None None] healthcheck.disable_by_file_path = None {{(pid=84013) log_opt_values /opt/stack/data/venv/lib/python3.12/site-packages/oslo_config/cfg.py:3545}}
Aug 10 17:28:35 devstack devstack@g-api.service[84013]: DEBUG glance.common.config [None req-4fb51278-4e50-4ca7-857e-21527e5ae388 None None] healthcheck.ignore_proxied_requests = False {{(pid=84013) log_opt_values /opt/stack/data/venv/lib/python3.12/site-packages/oslo_config/cfg.py:3545}}
Aug 10 17:28:35 devstack devstack@g-api.service[84013]: DEBUG glance.common.config [None req-4fb51278-4e50-4ca7-857e-21527e5ae388 None None] ******************************************************************************** {{(pid=84013) log_opt_values /opt/stack/data/venv/lib/python3.12/site-packages/oslo_config/cfg.py:3552}}
Aug 10 17:28:35 devstack devstack@g-api.service[84013]: WSGI app 0 (mountpoint='') ready in 5 seconds on interpreter 0x7163e9ea4668 pid: 84013 (default app)
Aug 10 17:28:39 devstack devstack@g-api.service[84014]: DEBUG glance.api.middleware.version_negotiation [None req-a42f9d45-f450-4e46-919e-2bd21acbc76e None None] Determining version of request: GET / Accept: application/json {{(pid=84014) process_request /opt/stack/glance/glance/api/middleware/version_negotiation.py:44}}
Aug 10 17:28:39 devstack devstack@g-api.service[84014]: DEBUG glance.api.middleware.version_negotiation [None req-a42f9d45-f450-4e46-919e-2bd21acbc76e None None] Using url versioning {{(pid=84014) process_request /opt/stack/glance/glance/api/middleware/version_negotiation.py:57}}
Aug 10 17:28:39 devstack devstack@g-api.service[84014]: DEBUG glance.api.middleware.version_negotiation [None req-a42f9d45-f450-4e46-919e-2bd21acbc76e None None] Unknown version. Returning version choices. {{(pid=84014) process_request /opt/stack/glance/glance/api/middleware/version_negotiation.py:64}}
Aug 10 17:28:39 devstack devstack@g-api.service[84014]: [pid: 84014|app: 0|req: 2/2] 127.0.0.1 () {34 vars in 519 bytes} [Mon Aug 10 17:28:39 2026] GET / => generated 1571 bytes in 3 msecs (HTTP/1.1 300) 3 headers in 106 bytes (1 switches on core 0)
Aug 10 17:28:39 devstack devstack@g-api.service[84013]: DEBUG glance.api.middleware.version_negotiation [None req-4fb51278-4e50-4ca7-857e-21527e5ae388 None None] Determining version of request: POST /v2/images Accept: */* {{(pid=84013) process_request /opt/stack/glance/glance/api/middleware/version_negotiation.py:44}}
Aug 10 17:28:39 devstack devstack@g-api.service[84013]: DEBUG glance.api.middleware.version_negotiation [None req-4fb51278-4e50-4ca7-857e-21527e5ae388 None None] Using url versioning {{(pid=84013) process_request /opt/stack/glance/glance/api/middleware/version_negotiation.py:57}}
Aug 10 17:28:39 devstack devstack@g-api.service[84013]: DEBUG glance.api.middleware.version_negotiation [None req-4fb51278-4e50-4ca7-857e-21527e5ae388 None None] Matched version: v2 {{(pid=84013) process_request /opt/stack/glance/glance/api/middleware/version_negotiation.py:69}}
Aug 10 17:28:39 devstack devstack@g-api.service[84013]: DEBUG glance.api.middleware.version_negotiation [None req-4fb51278-4e50-4ca7-857e-21527e5ae388 None None] new path /v2/images {{(pid=84013) process_request /opt/stack/glance/glance/api/middleware/version_negotiation.py:70}}
Aug 10 17:28:40 devstack devstack@g-api.service[84013]: [pid: 84013|app: 0|req: 1/3] 127.0.0.1 () {40 vars in 782 bytes} [Mon Aug 10 17:28:39 2026] POST /v2/images => generated 807 bytes in 1162 msecs (HTTP/1.1 201) 6 headers in 314 bytes (1 switches on core 0)
Aug 10 17:28:40 devstack devstack@g-api.service[84014]: DEBUG glance.api.middleware.version_negotiation [None req-a42f9d45-f450-4e46-919e-2bd21acbc76e None None] Determining version of request: PUT /v2/images/7c47c761-d4fb-4fe9-9fbc-703cf8dcbd68/file Accept: {{(pid=84014) process_request /opt/stack/glance/glance/api/middleware/version_negotiation.py:44}}
Aug 10 17:28:40 devstack devstack@g-api.service[84014]: DEBUG glance.api.middleware.version_negotiation [None req-a42f9d45-f450-4e46-919e-2bd21acbc76e None None] Using url versioning {{(pid=84014) process_request /opt/stack/glance/glance/api/middleware/version_negotiation.py:57}}
Aug 10 17:28:40 devstack devstack@g-api.service[84014]: DEBUG glance.api.middleware.version_negotiation [None req-a42f9d45-f450-4e46-919e-2bd21acbc76e None None] Matched version: v2 {{(pid=84014) process_request /opt/stack/glance/glance/api/middleware/version_negotiation.py:69}}
Aug 10 17:28:40 devstack devstack@g-api.service[84014]: DEBUG glance.api.middleware.version_negotiation [None req-a42f9d45-f450-4e46-919e-2bd21acbc76e None None] new path /v2/images/7c47c761-d4fb-4fe9-9fbc-703cf8dcbd68/file {{(pid=84014) process_request /opt/stack/glance/glance/api/middleware/version_negotiation.py:70}}
Aug 10 17:28:41 devstack devstack@g-api.service[84014]: INFO glance.api.v2.image_data [None req-8cb99332-adb2-4b9c-97e1-d1e2d04acb52 admin admin] Unable to create trust: no such option collect_timing in group [keystone_authtoken] Use the existing user token.
Aug 10 17:28:41 devstack devstack@g-api.service[84014]: DEBUG glance.location [None req-8cb99332-adb2-4b9c-97e1-d1e2d04acb52 admin admin] Enabling in-flight format inspection for qcow2 {{(pid=84014) set_data /opt/stack/glance/glance/location.py:596}}
Aug 10 17:28:41 devstack devstack@g-api.service[84014]: DEBUG oslo_utils.imageutils.format_inspector [None req-8cb99332-adb2-4b9c-97e1-d1e2d04acb52 admin admin] Format inspector for vmdk does not match, excluding from consideration (Signature KDMV not found: b'QFI\xfb') {{(pid=84014) _process_chunk /opt/stack/data/venv/lib/python3.12/site-packages/oslo_utils/imageutils/format_inspector.py:1758}}
Aug 10 17:28:41 devstack devstack@g-api.service[84014]: DEBUG oslo_utils.imageutils.format_inspector [None req-8cb99332-adb2-4b9c-97e1-d1e2d04acb52 admin admin] Format inspector for vhdx does not match, excluding from consideration (Region signature not found at 30000) {{(pid=84014) _process_chunk /opt/stack/data/venv/lib/python3.12/site-packages/oslo_utils/imageutils/format_inspector.py:1758}}
Aug 10 17:28:42 devstack devstack@g-api.service[84014]: DEBUG glance_store._drivers.filesystem [None req-8cb99332-adb2-4b9c-97e1-d1e2d04acb52 admin admin] Wrote 21692416 bytes to /opt/stack/data/glance/images/7c47c761-d4fb-4fe9-9fbc-703cf8dcbd68 with checksum 87617e24a5e30cb3b87fda8c0764838f and multihash 9a9bce0083a00939ec17c11febbfc767aa211aaa54f51e75c5a8b271a9b5637c77205a518b7a2007cb391d23cceb01e0e4e8d64832317151bc85b734b92a7be0 {{(pid=84014) add /opt/stack/data/venv/lib/python3.12/site-packages/glance_store/_drivers/filesystem.py:899}}
Aug 10 17:28:42 devstack devstack@g-api.service[84014]: INFO glance.location [None req-8cb99332-adb2-4b9c-97e1-d1e2d04acb52 admin admin] Image format matched and virtual size computed: 117440512
Aug 10 17:28:42 devstack devstack@g-api.service[84014]: DEBUG glance_store.backend [None req-8cb99332-adb2-4b9c-97e1-d1e2d04acb52 admin admin] Skipping store.set_acls... not implemented. {{(pid=84014) set_acls /opt/stack/data/venv/lib/python3.12/site-packages/glance_store/backend.py:507}}
Aug 10 17:28:42 devstack devstack@g-api.service[84014]: [pid: 84014|app: 0|req: 3/4] 127.0.0.1 () {42 vars in 914 bytes} [Mon Aug 10 17:28:40 2026] PUT /v2/images/7c47c761-d4fb-4fe9-9fbc-703cf8dcbd68/file => generated 0 bytes in 1695 msecs (HTTP/1.1 204) 4 headers in 171 bytes (1 switches on core 0)
Aug 10 17:28:42 devstack devstack@g-api.service[84013]: DEBUG glance.api.middleware.version_negotiation [None req-fd2f1501-716a-4674-9463-fef1f46a7204 admin admin] Determining version of request: GET /v2/images/7c47c761-d4fb-4fe9-9fbc-703cf8dcbd68 Accept: */* {{(pid=84013) process_request /opt/stack/glance/glance/api/middleware/version_negotiation.py:44}}
Aug 10 17:28:42 devstack devstack@g-api.service[84013]: DEBUG glance.api.middleware.version_negotiation [None req-fd2f1501-716a-4674-9463-fef1f46a7204 admin admin] Using url versioning {{(pid=84013) process_request /opt/stack/glance/glance/api/middleware/version_negotiation.py:57}}
Aug 10 17:28:42 devstack devstack@g-api.service[84013]: DEBUG glance.api.middleware.version_negotiation [None req-fd2f1501-716a-4674-9463-fef1f46a7204 admin admin] Matched version: v2 {{(pid=84013) process_request /opt/stack/glance/glance/api/middleware/version_negotiation.py:69}}
Aug 10 17:28:42 devstack devstack@g-api.service[84013]: DEBUG glance.api.middleware.version_negotiation [None req-fd2f1501-716a-4674-9463-fef1f46a7204 admin admin] new path /v2/images/7c47c761-d4fb-4fe9-9fbc-703cf8dcbd68 {{(pid=84013) process_request /opt/stack/glance/glance/api/middleware/version_negotiation.py:70}}
Aug 10 17:28:42 devstack devstack@g-api.service[84013]: [pid: 84013|app: 0|req: 2/5] 127.0.0.1 () {36 vars in 802 bytes} [Mon Aug 10 17:28:42 2026] GET /v2/images/7c47c761-d4fb-4fe9-9fbc-703cf8dcbd68 => generated 976 bytes in 19 msecs (HTTP/1.1 200) 4 headers in 157 bytes (1 switches on core 0)
Aug 10 17:28:52 devstack devstack@g-api.service[84014]: DEBUG dbcounter [-] [84014] Writing DB stats glance:INSERT=5,glance:SELECT=16,glance:UPDATE=2 {{(pid=84014) stat_writer /opt/stack/data/venv/lib/python3.12/site-packages/dbcounter.py:115}}
Aug 10 17:28:52 devstack devstack@g-api.service[84013]: DEBUG dbcounter [-] [84013] Writing DB stats glance:INSERT=9,glance:SELECT=6 {{(pid=84013) stat_writer /opt/stack/data/venv/lib/python3.12/site-packages/dbcounter.py:115}}
Aug 10 17:29:26 devstack devstack@g-api.service[84014]: DEBUG glance.api.middleware.version_negotiation [None req-8cb99332-adb2-4b9c-97e1-d1e2d04acb52 admin admin] Determining version of request: GET / Accept: application/json {{(pid=84014) process_request /opt/stack/glance/glance/api/middleware/version_negotiation.py:44}}
Aug 10 17:29:26 devstack devstack@g-api.service[84014]: DEBUG glance.api.middleware.version_negotiation [None req-8cb99332-adb2-4b9c-97e1-d1e2d04acb52 admin admin] Using url versioning {{(pid=84014) process_request /opt/stack/glance/glance/api/middleware/version_negotiation.py:57}}
Aug 10 17:29:26 devstack devstack@g-api.service[84014]: DEBUG glance.api.middleware.version_negotiation [None req-8cb99332-adb2-4b9c-97e1-d1e2d04acb52 admin admin] Unknown version. Returning version choices. {{(pid=84014) process_request /opt/stack/glance/glance/api/middleware/version_negotiation.py:64}}
Aug 10 17:29:26 devstack devstack@g-api.service[84014]: [pid: 84014|app: 0|req: 4/6] 127.0.0.1 () {34 vars in 519 bytes} [Mon Aug 10 17:29:26 2026] GET / => generated 1571 bytes in 4 msecs (HTTP/1.1 300) 3 headers in 106 bytes (1 switches on core 0)
Aug 10 17:29:26 devstack devstack@g-api.service[84013]: DEBUG glance.api.middleware.version_negotiation [None req-3b23fedf-562e-4eac-bb0a-f313b07a20a9 admin admin] Determining version of request: GET /v2/images Accept: application/json {{(pid=84013) process_request /opt/stack/glance/glance/api/middleware/version_negotiation.py:44}}
Aug 10 17:29:26 devstack devstack@g-api.service[84013]: DEBUG glance.api.middleware.version_negotiation [None req-3b23fedf-562e-4eac-bb0a-f313b07a20a9 admin admin] Using url versioning {{(pid=84013) process_request /opt/stack/glance/glance/api/middleware/version_negotiation.py:57}}
Aug 10 17:29:26 devstack devstack@g-api.service[84013]: DEBUG glance.api.middleware.version_negotiation [None req-3b23fedf-562e-4eac-bb0a-f313b07a20a9 admin admin] Matched version: v2 {{(pid=84013) process_request /opt/stack/glance/glance/api/middleware/version_negotiation.py:69}}
Aug 10 17:29:26 devstack devstack@g-api.service[84013]: DEBUG glance.api.middleware.version_negotiation [None req-3b23fedf-562e-4eac-bb0a-f313b07a20a9 admin admin] new path /v2/images {{(pid=84013) process_request /opt/stack/glance/glance/api/middleware/version_negotiation.py:70}}
Aug 10 17:29:26 devstack devstack@g-api.service[84013]: [pid: 84013|app: 0|req: 3/7] 127.0.0.1 () {36 vars in 741 bytes} [Mon Aug 10 17:29:26 2026] GET /v2/images => generated 1045 bytes in 89 msecs (HTTP/1.1 200) 4 headers in 158 bytes (1 switches on core 0)
Aug 10 17:29:36 devstack devstack@g-api.service[84014]: DEBUG glance.api.middleware.version_negotiation [None req-8cb99332-adb2-4b9c-97e1-d1e2d04acb52 admin admin] Determining version of request: GET / Accept: application/json {{(pid=84014) process_request /opt/stack/glance/glance/api/middleware/version_negotiation.py:44}}
Aug 10 17:29:36 devstack devstack@g-api.service[84014]: DEBUG glance.api.middleware.version_negotiation [None req-8cb99332-adb2-4b9c-97e1-d1e2d04acb52 admin admin] Using url versioning {{(pid=84014) process_request /opt/stack/glance/glance/api/middleware/version_negotiation.py:57}}
Aug 10 17:29:36 devstack devstack@g-api.service[84014]: DEBUG glance.api.middleware.version_negotiation [None req-8cb99332-adb2-4b9c-97e1-d1e2d04acb52 admin admin] Unknown version. Returning version choices. {{(pid=84014) process_request /opt/stack/glance/glance/api/middleware/version_negotiation.py:64}}
Aug 10 17:29:36 devstack devstack@g-api.service[84014]: [pid: 84014|app: 0|req: 5/8] 127.0.0.1 () {34 vars in 519 bytes} [Mon Aug 10 17:29:36 2026] GET / => generated 1571 bytes in 2 msecs (HTTP/1.1 300) 3 headers in 106 bytes (1 switches on core 0)
Aug 10 17:29:36 devstack devstack@g-api.service[84013]: DEBUG glance.api.middleware.version_negotiation [None req-b1a83c49-1eed-4366-ae0b-252f4de09845 admin admin] Determining version of request: GET /v2/images/7c47c761-d4fb-4fe9-9fbc-703cf8dcbd68 Accept: */* {{(pid=84013) process_request /opt/stack/glance/glance/api/middleware/version_negotiation.py:44}}
Aug 10 17:29:36 devstack devstack@g-api.service[84013]: DEBUG glance.api.middleware.version_negotiation [None req-b1a83c49-1eed-4366-ae0b-252f4de09845 admin admin] Using url versioning {{(pid=84013) process_request /opt/stack/glance/glance/api/middleware/version_negotiation.py:57}}
Aug 10 17:29:36 devstack devstack@g-api.service[84013]: DEBUG glance.api.middleware.version_negotiation [None req-b1a83c49-1eed-4366-ae0b-252f4de09845 admin admin] Matched version: v2 {{(pid=84013) process_request /opt/stack/glance/glance/api/middleware/version_negotiation.py:69}}
Aug 10 17:29:36 devstack devstack@g-api.service[84013]: DEBUG glance.api.middleware.version_negotiation [None req-b1a83c49-1eed-4366-ae0b-252f4de09845 admin admin] new path /v2/images/7c47c761-d4fb-4fe9-9fbc-703cf8dcbd68 {{(pid=84013) process_request /opt/stack/glance/glance/api/middleware/version_negotiation.py:70}}
Aug 10 17:29:36 devstack devstack@g-api.service[84013]: [pid: 84013|app: 0|req: 4/9] 127.0.0.1 () {36 vars in 802 bytes} [Mon Aug 10 17:29:36 2026] GET /v2/images/7c47c761-d4fb-4fe9-9fbc-703cf8dcbd68 => generated 976 bytes in 71 msecs (HTTP/1.1 200) 4 headers in 157 bytes (1 switches on core 0)
Aug 10 17:29:42 devstack devstack@g-api.service[84014]: DEBUG glance.api.middleware.version_negotiation [None req-8cb99332-adb2-4b9c-97e1-d1e2d04acb52 admin admin] Determining version of request: GET / Accept: application/json {{(pid=84014) process_request /opt/stack/glance/glance/api/middleware/version_negotiation.py:44}}
Aug 10 17:29:42 devstack devstack@g-api.service[84014]: DEBUG glance.api.middleware.version_negotiation [None req-8cb99332-adb2-4b9c-97e1-d1e2d04acb52 admin admin] Using url versioning {{(pid=84014) process_request /opt/stack/glance/glance/api/middleware/version_negotiation.py:57}}
Aug 10 17:29:42 devstack devstack@g-api.service[84014]: DEBUG glance.api.middleware.version_negotiation [None req-8cb99332-adb2-4b9c-97e1-d1e2d04acb52 admin admin] Unknown version. Returning version choices. {{(pid=84014) process_request /opt/stack/glance/glance/api/middleware/version_negotiation.py:64}}
Aug 10 17:29:42 devstack devstack@g-api.service[84014]: [pid: 84014|app: 0|req: 6/10] 127.0.0.1 () {34 vars in 519 bytes} [Mon Aug 10 17:29:42 2026] GET / => generated 1571 bytes in 2 msecs (HTTP/1.1 300) 3 headers in 106 bytes (1 switches on core 0)
Aug 10 17:29:42 devstack devstack@g-api.service[84013]: DEBUG glance.api.middleware.version_negotiation [None req-834ebc8e-d1a0-4365-98dc-75a94473eb04 admin admin] Determining version of request: GET /v2/images/7c47c761-d4fb-4fe9-9fbc-703cf8dcbd68 Accept: */* {{(pid=84013) process_request /opt/stack/glance/glance/api/middleware/version_negotiation.py:44}}
Aug 10 17:29:42 devstack devstack@g-api.service[84013]: DEBUG glance.api.middleware.version_negotiation [None req-834ebc8e-d1a0-4365-98dc-75a94473eb04 admin admin] Using url versioning {{(pid=84013) process_request /opt/stack/glance/glance/api/middleware/version_negotiation.py:57}}
Aug 10 17:29:42 devstack devstack@g-api.service[84013]: DEBUG glance.api.middleware.version_negotiation [None req-834ebc8e-d1a0-4365-98dc-75a94473eb04 admin admin] Matched version: v2 {{(pid=84013) process_request /opt/stack/glance/glance/api/middleware/version_negotiation.py:69}}
Aug 10 17:29:42 devstack devstack@g-api.service[84013]: DEBUG glance.api.middleware.version_negotiation [None req-834ebc8e-d1a0-4365-98dc-75a94473eb04 admin admin] new path /v2/images/7c47c761-d4fb-4fe9-9fbc-703cf8dcbd68 {{(pid=84013) process_request /opt/stack/glance/glance/api/middleware/version_negotiation.py:70}}
Aug 10 17:29:42 devstack devstack@g-api.service[84013]: [pid: 84013|app: 0|req: 5/11] 127.0.0.1 () {36 vars in 802 bytes} [Mon Aug 10 17:29:42 2026] GET /v2/images/7c47c761-d4fb-4fe9-9fbc-703cf8dcbd68 => generated 976 bytes in 71 msecs (HTTP/1.1 200) 4 headers in 157 bytes (1 switches on core 0)
Aug 10 17:29:52 devstack devstack@g-api.service[84013]: DEBUG dbcounter [-] [84013] Writing DB stats glance:SELECT=5 {{(pid=84013) stat_writer /opt/stack/data/venv/lib/python3.12/site-packages/dbcounter.py:115}}
Aug 10 17:30:58 devstack devstack@g-api.service[84014]: DEBUG glance.api.middleware.version_negotiation [None req-8cb99332-adb2-4b9c-97e1-d1e2d04acb52 admin admin] Determining version of request: GET / Accept: application/json {{(pid=84014) process_request /opt/stack/glance/glance/api/middleware/version_negotiation.py:44}}
Aug 10 17:30:58 devstack devstack@g-api.service[84014]: DEBUG glance.api.middleware.version_negotiation [None req-8cb99332-adb2-4b9c-97e1-d1e2d04acb52 admin admin] Using url versioning {{(pid=84014) process_request /opt/stack/glance/glance/api/middleware/version_negotiation.py:57}}
Aug 10 17:30:58 devstack devstack@g-api.service[84014]: DEBUG glance.api.middleware.version_negotiation [None req-8cb99332-adb2-4b9c-97e1-d1e2d04acb52 admin admin] Unknown version. Returning version choices. {{(pid=84014) process_request /opt/stack/glance/glance/api/middleware/version_negotiation.py:64}}
Aug 10 17:30:58 devstack devstack@g-api.service[84014]: [pid: 84014|app: 0|req: 7/12] 127.0.0.1 () {36 vars in 488 bytes} [Mon Aug 10 17:30:58 2026] GET / => generated 1571 bytes in 2 msecs (HTTP/1.1 300) 3 headers in 106 bytes (1 switches on core 0)
Aug 10 17:33:53 devstack devstack@g-api.service[84013]: DEBUG glance.api.middleware.version_negotiation [None req-e1ad8a59-1102-4503-b3e7-0b36f01896dc admin admin] Determining version of request: GET / Accept: application/json {{(pid=84013) process_request /opt/stack/glance/glance/api/middleware/version_negotiation.py:44}}
Aug 10 17:33:53 devstack devstack@g-api.service[84013]: DEBUG glance.api.middleware.version_negotiation [None req-e1ad8a59-1102-4503-b3e7-0b36f01896dc admin admin] Using url versioning {{(pid=84013) process_request /opt/stack/glance/glance/api/middleware/version_negotiation.py:57}}
Aug 10 17:33:53 devstack devstack@g-api.service[84013]: DEBUG glance.api.middleware.version_negotiation [None req-e1ad8a59-1102-4503-b3e7-0b36f01896dc admin admin] Unknown version. Returning version choices. {{(pid=84013) process_request /opt/stack/glance/glance/api/middleware/version_negotiation.py:64}}
Aug 10 17:33:53 devstack devstack@g-api.service[84013]: [pid: 84013|app: 0|req: 6/13] 127.0.0.1 () {34 vars in 505 bytes} [Mon Aug 10 17:33:53 2026] GET / => generated 1571 bytes in 3 msecs (HTTP/1.1 300) 3 headers in 106 bytes (1 switches on core 0)
Aug 10 17:33:53 devstack devstack@g-api.service[84014]: DEBUG glance.api.middleware.version_negotiation [None req-8cb99332-adb2-4b9c-97e1-d1e2d04acb52 admin admin] Determining version of request: GET /v2/images/7c47c761-d4fb-4fe9-9fbc-703cf8dcbd68 Accept: */* {{(pid=84014) process_request /opt/stack/glance/glance/api/middleware/version_negotiation.py:44}}
Aug 10 17:33:53 devstack devstack@g-api.service[84014]: DEBUG glance.api.middleware.version_negotiation [None req-8cb99332-adb2-4b9c-97e1-d1e2d04acb52 admin admin] Using url versioning {{(pid=84014) process_request /opt/stack/glance/glance/api/middleware/version_negotiation.py:57}}
Aug 10 17:33:53 devstack devstack@g-api.service[84014]: DEBUG glance.api.middleware.version_negotiation [None req-8cb99332-adb2-4b9c-97e1-d1e2d04acb52 admin admin] Matched version: v2 {{(pid=84014) process_request /opt/stack/glance/glance/api/middleware/version_negotiation.py:69}}
Aug 10 17:33:53 devstack devstack@g-api.service[84014]: DEBUG glance.api.middleware.version_negotiation [None req-8cb99332-adb2-4b9c-97e1-d1e2d04acb52 admin admin] new path /v2/images/7c47c761-d4fb-4fe9-9fbc-703cf8dcbd68 {{(pid=84014) process_request /opt/stack/glance/glance/api/middleware/version_negotiation.py:70}}
Aug 10 17:33:53 devstack devstack@g-api.service[84014]: [pid: 84014|app: 0|req: 8/14] 127.0.0.1 () {42 vars in 1061 bytes} [Mon Aug 10 17:33:53 2026] GET /v2/images/7c47c761-d4fb-4fe9-9fbc-703cf8dcbd68 => generated 976 bytes in 350 msecs (HTTP/1.1 200) 4 headers in 157 bytes (1 switches on core 0)
Aug 10 17:33:53 devstack devstack@g-api.service[84013]: DEBUG glance.api.middleware.version_negotiation [None req-e1ad8a59-1102-4503-b3e7-0b36f01896dc admin admin] Determining version of request: GET /v2/schemas/image Accept: */* {{(pid=84013) process_request /opt/stack/glance/glance/api/middleware/version_negotiation.py:44}}
Aug 10 17:33:53 devstack devstack@g-api.service[84013]: DEBUG glance.api.middleware.version_negotiation [None req-e1ad8a59-1102-4503-b3e7-0b36f01896dc admin admin] Using url versioning {{(pid=84013) process_request /opt/stack/glance/glance/api/middleware/version_negotiation.py:57}}
Aug 10 17:33:53 devstack devstack@g-api.service[84013]: DEBUG glance.api.middleware.version_negotiation [None req-e1ad8a59-1102-4503-b3e7-0b36f01896dc admin admin] Matched version: v2 {{(pid=84013) process_request /opt/stack/glance/glance/api/middleware/version_negotiation.py:69}}
Aug 10 17:33:53 devstack devstack@g-api.service[84013]: DEBUG glance.api.middleware.version_negotiation [None req-e1ad8a59-1102-4503-b3e7-0b36f01896dc admin admin] new path /v2/schemas/image {{(pid=84013) process_request /opt/stack/glance/glance/api/middleware/version_negotiation.py:70}}
Aug 10 17:33:53 devstack devstack@g-api.service[84013]: [pid: 84013|app: 0|req: 7/15] 127.0.0.1 () {42 vars in 1001 bytes} [Mon Aug 10 17:33:53 2026] GET /v2/schemas/image => generated 6083 bytes in 10 msecs (HTTP/1.1 200) 4 headers in 158 bytes (1 switches on core 0)
Aug 10 17:33:55 devstack devstack@g-api.service[84014]: DEBUG glance.api.middleware.version_negotiation [None req-aee5dec2-5408-4c7f-a9bb-7bddcf96a71e tempest-DeleteServersTestJSON-661186363 tempest-DeleteServersTestJSON-661186363-project-member] Determining version of request: GET / Accept: application/json {{(pid=84014) process_request /opt/stack/glance/glance/api/middleware/version_negotiation.py:44}}
Aug 10 17:33:55 devstack devstack@g-api.service[84014]: DEBUG glance.api.middleware.version_negotiation [None req-aee5dec2-5408-4c7f-a9bb-7bddcf96a71e tempest-DeleteServersTestJSON-661186363 tempest-DeleteServersTestJSON-661186363-project-member] Using url versioning {{(pid=84014) process_request /opt/stack/glance/glance/api/middleware/version_negotiation.py:57}}
Aug 10 17:33:55 devstack devstack@g-api.service[84014]: DEBUG glance.api.middleware.version_negotiation [None req-aee5dec2-5408-4c7f-a9bb-7bddcf96a71e tempest-DeleteServersTestJSON-661186363 tempest-DeleteServersTestJSON-661186363-project-member] Unknown version. Returning version choices. {{(pid=84014) process_request /opt/stack/glance/glance/api/middleware/version_negotiation.py:64}}
Aug 10 17:33:55 devstack devstack@g-api.service[84014]: [pid: 84014|app: 0|req: 9/16] 127.0.0.1 () {34 vars in 505 bytes} [Mon Aug 10 17:33:55 2026] GET / => generated 1571 bytes in 2 msecs (HTTP/1.1 300) 3 headers in 106 bytes (1 switches on core 0)
Aug 10 17:33:55 devstack devstack@g-api.service[84013]: DEBUG glance.api.middleware.version_negotiation [None req-aee5dec2-5408-4c7f-a9bb-7bddcf96a71e tempest-DeleteServersTestJSON-661186363 tempest-DeleteServersTestJSON-661186363-project-member] Determining version of request: GET /v2/images/7c47c761-d4fb-4fe9-9fbc-703cf8dcbd68 Accept: */* {{(pid=84013) process_request /opt/stack/glance/glance/api/middleware/version_negotiation.py:44}}
Aug 10 17:33:55 devstack devstack@g-api.service[84013]: DEBUG glance.api.middleware.version_negotiation [None req-aee5dec2-5408-4c7f-a9bb-7bddcf96a71e tempest-DeleteServersTestJSON-661186363 tempest-DeleteServersTestJSON-661186363-project-member] Using url versioning {{(pid=84013) process_request /opt/stack/glance/glance/api/middleware/version_negotiation.py:57}}
Aug 10 17:33:55 devstack devstack@g-api.service[84013]: DEBUG glance.api.middleware.version_negotiation [None req-aee5dec2-5408-4c7f-a9bb-7bddcf96a71e tempest-DeleteServersTestJSON-661186363 tempest-DeleteServersTestJSON-661186363-project-member] Matched version: v2 {{(pid=84013) process_request /opt/stack/glance/glance/api/middleware/version_negotiation.py:69}}
Aug 10 17:33:55 devstack devstack@g-api.service[84013]: DEBUG glance.api.middleware.version_negotiation [None req-aee5dec2-5408-4c7f-a9bb-7bddcf96a71e tempest-DeleteServersTestJSON-661186363 tempest-DeleteServersTestJSON-661186363-project-member] new path /v2/images/7c47c761-d4fb-4fe9-9fbc-703cf8dcbd68 {{(pid=84013) process_request /opt/stack/glance/glance/api/middleware/version_negotiation.py:70}}
Aug 10 17:33:55 devstack devstack@g-api.service[84013]: [pid: 84013|app: 0|req: 8/17] 127.0.0.1 () {42 vars in 1061 bytes} [Mon Aug 10 17:33:55 2026] GET /v2/images/7c47c761-d4fb-4fe9-9fbc-703cf8dcbd68 => generated 976 bytes in 138 msecs (HTTP/1.1 200) 4 headers in 157 bytes (1 switches on core 0)
Aug 10 17:33:55 devstack devstack@g-api.service[84014]: DEBUG glance.api.middleware.version_negotiation [None req-aee5dec2-5408-4c7f-a9bb-7bddcf96a71e tempest-DeleteServersTestJSON-661186363 tempest-DeleteServersTestJSON-661186363-project-member] Determining version of request: GET /v2/schemas/image Accept: */* {{(pid=84014) process_request /opt/stack/glance/glance/api/middleware/version_negotiation.py:44}}
Aug 10 17:33:55 devstack devstack@g-api.service[84014]: DEBUG glance.api.middleware.version_negotiation [None req-aee5dec2-5408-4c7f-a9bb-7bddcf96a71e tempest-DeleteServersTestJSON-661186363 tempest-DeleteServersTestJSON-661186363-project-member] Using url versioning {{(pid=84014) process_request /opt/stack/glance/glance/api/middleware/version_negotiation.py:57}}
Aug 10 17:33:55 devstack devstack@g-api.service[84014]: DEBUG glance.api.middleware.version_negotiation [None req-aee5dec2-5408-4c7f-a9bb-7bddcf96a71e tempest-DeleteServersTestJSON-661186363 tempest-DeleteServersTestJSON-661186363-project-member] Matched version: v2 {{(pid=84014) process_request /opt/stack/glance/glance/api/middleware/version_negotiation.py:69}}
Aug 10 17:33:55 devstack devstack@g-api.service[84014]: DEBUG glance.api.middleware.version_negotiation [None req-aee5dec2-5408-4c7f-a9bb-7bddcf96a71e tempest-DeleteServersTestJSON-661186363 tempest-DeleteServersTestJSON-661186363-project-member] new path /v2/schemas/image {{(pid=84014) process_request /opt/stack/glance/glance/api/middleware/version_negotiation.py:70}}
Aug 10 17:33:55 devstack devstack@g-api.service[84014]: [pid: 84014|app: 0|req: 10/18] 127.0.0.1 () {42 vars in 1001 bytes} [Mon Aug 10 17:33:55 2026] GET /v2/schemas/image => generated 6083 bytes in 9 msecs (HTTP/1.1 200) 4 headers in 158 bytes (1 switches on core 0)
Aug 10 17:34:03 devstack devstack@g-api.service[84014]: DEBUG dbcounter [-] [84014] Writing DB stats glance:SELECT=2 {{(pid=84014) stat_writer /opt/stack/data/venv/lib/python3.12/site-packages/dbcounter.py:115}}
Aug 10 17:34:05 devstack devstack@g-api.service[84013]: DEBUG dbcounter [-] [84013] Writing DB stats glance:SELECT=2 {{(pid=84013) stat_writer /opt/stack/data/venv/lib/python3.12/site-packages/dbcounter.py:115}}
Aug 10 17:34:08 devstack devstack@g-api.service[84013]: DEBUG glance.api.middleware.version_negotiation [None req-d52eb897-e95c-4690-9ed4-ac1669e170ce tempest-AttachVolumeTestJSON-2136407091 tempest-AttachVolumeTestJSON-2136407091-project-member] Determining version of request: GET /v2/images/7c47c761-d4fb-4fe9-9fbc-703cf8dcbd68 Accept: */* {{(pid=84013) process_request /opt/stack/glance/glance/api/middleware/version_negotiation.py:44}}
Aug 10 17:34:08 devstack devstack@g-api.service[84013]: DEBUG glance.api.middleware.version_negotiation [None req-d52eb897-e95c-4690-9ed4-ac1669e170ce tempest-AttachVolumeTestJSON-2136407091 tempest-AttachVolumeTestJSON-2136407091-project-member] Using url versioning {{(pid=84013) process_request /opt/stack/glance/glance/api/middleware/version_negotiation.py:57}}
Aug 10 17:34:08 devstack devstack@g-api.service[84013]: DEBUG glance.api.middleware.version_negotiation [None req-d52eb897-e95c-4690-9ed4-ac1669e170ce tempest-AttachVolumeTestJSON-2136407091 tempest-AttachVolumeTestJSON-2136407091-project-member] Matched version: v2 {{(pid=84013) process_request /opt/stack/glance/glance/api/middleware/version_negotiation.py:69}}
Aug 10 17:34:08 devstack devstack@g-api.service[84013]: DEBUG glance.api.middleware.version_negotiation [None req-d52eb897-e95c-4690-9ed4-ac1669e170ce tempest-AttachVolumeTestJSON-2136407091 tempest-AttachVolumeTestJSON-2136407091-project-member] new path /v2/images/7c47c761-d4fb-4fe9-9fbc-703cf8dcbd68 {{(pid=84013) process_request /opt/stack/glance/glance/api/middleware/version_negotiation.py:70}}
Aug 10 17:34:08 devstack devstack@g-api.service[84013]: [pid: 84013|app: 0|req: 9/19] 127.0.0.1 () {42 vars in 1061 bytes} [Mon Aug 10 17:34:08 2026] GET /v2/images/7c47c761-d4fb-4fe9-9fbc-703cf8dcbd68 => generated 976 bytes in 30 msecs (HTTP/1.1 200) 4 headers in 157 bytes (1 switches on core 0)
Aug 10 17:34:08 devstack devstack@g-api.service[84014]: DEBUG glance.api.middleware.version_negotiation [None req-d52eb897-e95c-4690-9ed4-ac1669e170ce tempest-AttachVolumeTestJSON-2136407091 tempest-AttachVolumeTestJSON-2136407091-project-member] Determining version of request: GET /v2/images/7c47c761-d4fb-4fe9-9fbc-703cf8dcbd68/file Accept: */* {{(pid=84014) process_request /opt/stack/glance/glance/api/middleware/version_negotiation.py:44}}
Aug 10 17:34:08 devstack devstack@g-api.service[84014]: DEBUG glance.api.middleware.version_negotiation [None req-d52eb897-e95c-4690-9ed4-ac1669e170ce tempest-AttachVolumeTestJSON-2136407091 tempest-AttachVolumeTestJSON-2136407091-project-member] Using url versioning {{(pid=84014) process_request /opt/stack/glance/glance/api/middleware/version_negotiation.py:57}}
Aug 10 17:34:08 devstack devstack@g-api.service[84014]: DEBUG glance.api.middleware.version_negotiation [None req-d52eb897-e95c-4690-9ed4-ac1669e170ce tempest-AttachVolumeTestJSON-2136407091 tempest-AttachVolumeTestJSON-2136407091-project-member] Matched version: v2 {{(pid=84014) process_request /opt/stack/glance/glance/api/middleware/version_negotiation.py:69}}
Aug 10 17:34:08 devstack devstack@g-api.service[84014]: DEBUG glance.api.middleware.version_negotiation [None req-d52eb897-e95c-4690-9ed4-ac1669e170ce tempest-AttachVolumeTestJSON-2136407091 tempest-AttachVolumeTestJSON-2136407091-project-member] new path /v2/images/7c47c761-d4fb-4fe9-9fbc-703cf8dcbd68/file {{(pid=84014) process_request /opt/stack/glance/glance/api/middleware/version_negotiation.py:70}}
Aug 10 17:34:08 devstack devstack@g-api.service[84014]: DEBUG glance_store._drivers.filesystem [None req-aee5dec2-5408-4c7f-a9bb-7bddcf96a71e tempest-DeleteServersTestJSON-661186363 tempest-DeleteServersTestJSON-661186363-project-member] Found image at /opt/stack/data/glance/images/7c47c761-d4fb-4fe9-9fbc-703cf8dcbd68. Returning in ChunkedFile. {{(pid=84014) get /opt/stack/data/venv/lib/python3.12/site-packages/glance_store/_drivers/filesystem.py:724}}
Aug 10 17:34:08 devstack devstack@g-api.service[84014]: DEBUG glance.image_cache [None req-aee5dec2-5408-4c7f-a9bb-7bddcf96a71e tempest-DeleteServersTestJSON-661186363 tempest-DeleteServersTestJSON-661186363-project-member] Tee'ing image '7c47c761-d4fb-4fe9-9fbc-703cf8dcbd68' into cache {{(pid=84014) get_caching_iter /opt/stack/glance/glance/image_cache/__init__.py:356}}
Aug 10 17:34:08 devstack devstack@g-api.service[84014]: DEBUG glance.image_cache.drivers.centralized_db [None req-aee5dec2-5408-4c7f-a9bb-7bddcf96a71e tempest-DeleteServersTestJSON-661186363 tempest-DeleteServersTestJSON-661186363-project-member] Fetch finished, moving '/opt/stack/data/glance/cache/incomplete/7c47c761-d4fb-4fe9-9fbc-703cf8dcbd68' to '/opt/stack/data/glance/cache/7c47c761-d4fb-4fe9-9fbc-703cf8dcbd68' {{(pid=84014) commit /opt/stack/glance/glance/image_cache/drivers/centralized_db.py:243}}
Aug 10 17:34:08 devstack devstack@g-api.service[84014]: DEBUG glance.image_cache.drivers.centralized_db [None req-aee5dec2-5408-4c7f-a9bb-7bddcf96a71e tempest-DeleteServersTestJSON-661186363 tempest-DeleteServersTestJSON-661186363-project-member] Image cached successfully. {{(pid=84014) commit /opt/stack/glance/glance/image_cache/drivers/centralized_db.py:258}}
Aug 10 17:34:08 devstack devstack@g-api.service[84014]: [pid: 84014|app: 0|req: 11/20] 127.0.0.1 () {42 vars in 1071 bytes} [Mon Aug 10 17:34:08 2026] GET /v2/images/7c47c761-d4fb-4fe9-9fbc-703cf8dcbd68/file => generated 21692416 bytes in 590 msecs (HTTP/1.1 200) 4 headers in 191 bytes (334 switches on core 0)
Aug 10 17:34:08 devstack devstack@g-api.service[84013]: DEBUG glance.api.middleware.version_negotiation [None req-aee5dec2-5408-4c7f-a9bb-7bddcf96a71e tempest-DeleteServersTestJSON-661186363 tempest-DeleteServersTestJSON-661186363-project-member] Determining version of request: GET /v2/images/7c47c761-d4fb-4fe9-9fbc-703cf8dcbd68 Accept: */* {{(pid=84013) process_request /opt/stack/glance/glance/api/middleware/version_negotiation.py:44}}
Aug 10 17:34:08 devstack devstack@g-api.service[84013]: DEBUG glance.api.middleware.version_negotiation [None req-aee5dec2-5408-4c7f-a9bb-7bddcf96a71e tempest-DeleteServersTestJSON-661186363 tempest-DeleteServersTestJSON-661186363-project-member] Using url versioning {{(pid=84013) process_request /opt/stack/glance/glance/api/middleware/version_negotiation.py:57}}
Aug 10 17:34:08 devstack devstack@g-api.service[84013]: DEBUG glance.api.middleware.version_negotiation [None req-aee5dec2-5408-4c7f-a9bb-7bddcf96a71e tempest-DeleteServersTestJSON-661186363 tempest-DeleteServersTestJSON-661186363-project-member] Matched version: v2 {{(pid=84013) process_request /opt/stack/glance/glance/api/middleware/version_negotiation.py:69}}
Aug 10 17:34:08 devstack devstack@g-api.service[84013]: DEBUG glance.api.middleware.version_negotiation [None req-aee5dec2-5408-4c7f-a9bb-7bddcf96a71e tempest-DeleteServersTestJSON-661186363 tempest-DeleteServersTestJSON-661186363-project-member] new path /v2/images/7c47c761-d4fb-4fe9-9fbc-703cf8dcbd68 {{(pid=84013) process_request /opt/stack/glance/glance/api/middleware/version_negotiation.py:70}}
Aug 10 17:34:09 devstack devstack@g-api.service[84013]: [pid: 84013|app: 0|req: 10/21] 127.0.0.1 () {42 vars in 1061 bytes} [Mon Aug 10 17:34:08 2026] GET /v2/images/7c47c761-d4fb-4fe9-9fbc-703cf8dcbd68 => generated 976 bytes in 34 msecs (HTTP/1.1 200) 4 headers in 157 bytes (1 switches on core 0)
Aug 10 17:34:09 devstack devstack@g-api.service[84014]: DEBUG glance.api.middleware.version_negotiation [None req-aee5dec2-5408-4c7f-a9bb-7bddcf96a71e tempest-DeleteServersTestJSON-661186363 tempest-DeleteServersTestJSON-661186363-project-member] Determining version of request: GET /v2/schemas/image Accept: */* {{(pid=84014) process_request /opt/stack/glance/glance/api/middleware/version_negotiation.py:44}}
Aug 10 17:34:09 devstack devstack@g-api.service[84014]: DEBUG glance.api.middleware.version_negotiation [None req-aee5dec2-5408-4c7f-a9bb-7bddcf96a71e tempest-DeleteServersTestJSON-661186363 tempest-DeleteServersTestJSON-661186363-project-member] Using url versioning {{(pid=84014) process_request /opt/stack/glance/glance/api/middleware/version_negotiation.py:57}}
Aug 10 17:34:09 devstack devstack@g-api.service[84014]: DEBUG glance.api.middleware.version_negotiation [None req-aee5dec2-5408-4c7f-a9bb-7bddcf96a71e tempest-DeleteServersTestJSON-661186363 tempest-DeleteServersTestJSON-661186363-project-member] Matched version: v2 {{(pid=84014) process_request /opt/stack/glance/glance/api/middleware/version_negotiation.py:69}}
Aug 10 17:34:09 devstack devstack@g-api.service[84014]: DEBUG glance.api.middleware.version_negotiation [None req-aee5dec2-5408-4c7f-a9bb-7bddcf96a71e tempest-DeleteServersTestJSON-661186363 tempest-DeleteServersTestJSON-661186363-project-member] new path /v2/schemas/image {{(pid=84014) process_request /opt/stack/glance/glance/api/middleware/version_negotiation.py:70}}
Aug 10 17:34:09 devstack devstack@g-api.service[84014]: [pid: 84014|app: 0|req: 12/22] 127.0.0.1 () {42 vars in 1001 bytes} [Mon Aug 10 17:34:09 2026] GET /v2/schemas/image => generated 6083 bytes in 11 msecs (HTTP/1.1 200) 4 headers in 158 bytes (1 switches on core 0)
Aug 10 17:34:18 devstack devstack@g-api.service[84014]: DEBUG dbcounter [-] [84014] Writing DB stats glance:SELECT=5,glance:INSERT=1 {{(pid=84014) stat_writer /opt/stack/data/venv/lib/python3.12/site-packages/dbcounter.py:115}}
Aug 10 17:34:19 devstack devstack@g-api.service[84013]: DEBUG dbcounter [-] [84013] Writing DB stats glance:SELECT=4 {{(pid=84013) stat_writer /opt/stack/data/venv/lib/python3.12/site-packages/dbcounter.py:115}}
Aug 10 17:34:29 devstack devstack@g-api.service[84013]: DEBUG glance.api.middleware.version_negotiation [None req-aee5dec2-5408-4c7f-a9bb-7bddcf96a71e tempest-DeleteServersTestJSON-661186363 tempest-DeleteServersTestJSON-661186363-project-member] Determining version of request: GET /v2/images/7c47c761-d4fb-4fe9-9fbc-703cf8dcbd68 Accept: */* {{(pid=84013) process_request /opt/stack/glance/glance/api/middleware/version_negotiation.py:44}}
Aug 10 17:34:29 devstack devstack@g-api.service[84013]: DEBUG glance.api.middleware.version_negotiation [None req-aee5dec2-5408-4c7f-a9bb-7bddcf96a71e tempest-DeleteServersTestJSON-661186363 tempest-DeleteServersTestJSON-661186363-project-member] Using url versioning {{(pid=84013) process_request /opt/stack/glance/glance/api/middleware/version_negotiation.py:57}}
Aug 10 17:34:29 devstack devstack@g-api.service[84013]: DEBUG glance.api.middleware.version_negotiation [None req-aee5dec2-5408-4c7f-a9bb-7bddcf96a71e tempest-DeleteServersTestJSON-661186363 tempest-DeleteServersTestJSON-661186363-project-member] Matched version: v2 {{(pid=84013) process_request /opt/stack/glance/glance/api/middleware/version_negotiation.py:69}}
Aug 10 17:34:29 devstack devstack@g-api.service[84013]: DEBUG glance.api.middleware.version_negotiation [None req-aee5dec2-5408-4c7f-a9bb-7bddcf96a71e tempest-DeleteServersTestJSON-661186363 tempest-DeleteServersTestJSON-661186363-project-member] new path /v2/images/7c47c761-d4fb-4fe9-9fbc-703cf8dcbd68 {{(pid=84013) process_request /opt/stack/glance/glance/api/middleware/version_negotiation.py:70}}
Aug 10 17:34:29 devstack devstack@g-api.service[84013]: [pid: 84013|app: 0|req: 11/23] 127.0.0.1 () {42 vars in 1061 bytes} [Mon Aug 10 17:34:29 2026] GET /v2/images/7c47c761-d4fb-4fe9-9fbc-703cf8dcbd68 => generated 976 bytes in 41 msecs (HTTP/1.1 200) 4 headers in 157 bytes (1 switches on core 0)
Aug 10 17:34:29 devstack devstack@g-api.service[84014]: DEBUG glance.api.middleware.version_negotiation [None req-aee5dec2-5408-4c7f-a9bb-7bddcf96a71e tempest-DeleteServersTestJSON-661186363 tempest-DeleteServersTestJSON-661186363-project-member] Determining version of request: GET /v2/schemas/image Accept: */* {{(pid=84014) process_request /opt/stack/glance/glance/api/middleware/version_negotiation.py:44}}
