Feb 20 16:27:12 devstack cinder-volume[82572]: DEBUG cinder.volume.manager [None req-f23f86fe-4a42-4792-a923-237825a2012d tempest-VolumeTypesAccessTest-1199212526 None] Task 'cinder.volume.flows.manager.create_volume.CreateVolumeOnFinishTask;volume:create, create.end' (4e163c05-3af8-4291-a16b-4d842c0f321c) transitioned into state 'SUCCESS' from state 'RUNNING' with result 'None' {{(pid=82572) _task_receiver /opt/stack/data/venv/lib/python3.10/site-packages/taskflow/listeners/logging.py:182}}
Feb 20 16:27:12 devstack cinder-volume[82572]: DEBUG cinder.volume.manager [None req-f23f86fe-4a42-4792-a923-237825a2012d tempest-VolumeTypesAccessTest-1199212526 None] Flow 'volume_create_manager' (42bae891-5a8c-4d2c-99c6-78123ca9ebb1) transitioned into state 'SUCCESS' from state 'RUNNING' {{(pid=82572) _flow_receiver /opt/stack/data/venv/lib/python3.10/site-packages/taskflow/listeners/logging.py:145}}
Feb 20 16:27:12 devstack cinder-volume[82572]: INFO cinder.volume.manager [None req-f23f86fe-4a42-4792-a923-237825a2012d tempest-VolumeTypesAccessTest-1199212526 None] Created volume successfully.
Feb 20 16:27:12 devstack cinder-volume[82572]: INFO cinder.volume.manager [None req-ee459182-6803-4214-abbe-d93bceac475d tempest-GroupSnapshotsTest-546214346 None] Update group completed successfully.
Feb 20 16:27:13 devstack cinder-volume[82572]: DEBUG cinder.coordination [None req-c5f7966f-1fd2-4a39-bd04-c2428cd60707 tempest-VolumeTypesAccessTest-1199212526 None] Acquiring lock "cinder-913f982d-2aee-44da-8bdc-40841c31acd9-delete_volume" by "delete_volume" {{(pid=82572) __acquire /opt/stack/cinder/cinder/coordination.py:138}}
Feb 20 16:27:13 devstack cinder-volume[82572]: DEBUG cinder.coordination [None req-c5f7966f-1fd2-4a39-bd04-c2428cd60707 tempest-VolumeTypesAccessTest-1199212526 None] Lock "cinder-913f982d-2aee-44da-8bdc-40841c31acd9-delete_volume" acquired by "delete_volume" :: waited 0.009s {{(pid=82572) __acquire /opt/stack/cinder/cinder/coordination.py:141}}
Feb 20 16:27:13 devstack cinder-volume[82572]: DEBUG cinder.coordination [None req-c5f7966f-1fd2-4a39-bd04-c2428cd60707 tempest-VolumeTypesAccessTest-1199212526 None] Acquiring lock "cinder-quobyte-913f982d-2aee-44da-8bdc-40841c31acd9" by "delete_volume" {{(pid=82572) __acquire /opt/stack/cinder/cinder/coordination.py:138}}
Feb 20 16:27:13 devstack cinder-volume[82572]: DEBUG cinder.coordination [None req-c5f7966f-1fd2-4a39-bd04-c2428cd60707 tempest-VolumeTypesAccessTest-1199212526 None] Lock "cinder-quobyte-913f982d-2aee-44da-8bdc-40841c31acd9" acquired by "delete_volume" :: waited 0.008s {{(pid=82572) __acquire /opt/stack/cinder/cinder/coordination.py:141}}
Feb 20 16:27:13 devstack cinder-volume[82572]: DEBUG oslo.privsep.daemon [-] privsep: reply[e8759f00-ba5a-4bb8-92d0-560d16ce4d36]: (4, 'qcow2') {{(pid=83727) _call_back /opt/stack/data/venv/lib/python3.10/site-packages/oslo_privsep/daemon.py:573}}
Feb 20 16:27:13 devstack cinder-volume[82572]: DEBUG oslo_concurrency.processutils [None req-c5f7966f-1fd2-4a39-bd04-c2428cd60707 tempest-VolumeTypesAccessTest-1199212526 None] Running cmd (subprocess): /opt/stack/data/venv/bin/python3.10 -m oslo_concurrency.prlimit --as=1073741824 --cpu=60 -- sudo cinder-rootwrap /etc/cinder/rootwrap.conf env LC_ALL=C qemu-img info -f qcow2 --output=json --force-share /opt/stack/data/cinder/mnt/0f36de11288db572422ea93966241100/volume-913f982d-2aee-44da-8bdc-40841c31acd9 {{(pid=82572) execute /opt/stack/data/venv/lib/python3.10/site-packages/oslo_concurrency/processutils.py:368}}
Feb 20 16:27:13 devstack sudo[85055]: quobyte : PWD=/ ; USER=root ; COMMAND=/opt/stack/data/venv/bin/cinder-rootwrap /etc/cinder/rootwrap.conf env LC_ALL=C qemu-img info -f qcow2 --output=json --force-share /opt/stack/data/cinder/mnt/0f36de11288db572422ea93966241100/volume-913f982d-2aee-44da-8bdc-40841c31acd9
Feb 20 16:27:13 devstack sudo[85055]: pam_unix(sudo:session): session opened for user root(uid=0) by (uid=1000)
Feb 20 16:27:13 devstack sudo[85055]: pam_unix(sudo:session): session closed for user root
Feb 20 16:27:13 devstack cinder-volume[82572]: DEBUG oslo_concurrency.processutils [None req-c5f7966f-1fd2-4a39-bd04-c2428cd60707 tempest-VolumeTypesAccessTest-1199212526 None] CMD "/opt/stack/data/venv/bin/python3.10 -m oslo_concurrency.prlimit --as=1073741824 --cpu=60 -- sudo cinder-rootwrap /etc/cinder/rootwrap.conf env LC_ALL=C qemu-img info -f qcow2 --output=json --force-share /opt/stack/data/cinder/mnt/0f36de11288db572422ea93966241100/volume-913f982d-2aee-44da-8bdc-40841c31acd9" returned: 0 in 0.495s {{(pid=82572) execute /opt/stack/data/venv/lib/python3.10/site-packages/oslo_concurrency/processutils.py:396}}
Feb 20 16:27:13 devstack cinder-volume[82572]: DEBUG oslo_concurrency.processutils [None req-c5f7966f-1fd2-4a39-bd04-c2428cd60707 tempest-VolumeTypesAccessTest-1199212526 None] Running cmd (subprocess): sudo cinder-rootwrap /etc/cinder/rootwrap.conf rm -f /opt/stack/data/cinder/mnt/0f36de11288db572422ea93966241100/volume-913f982d-2aee-44da-8bdc-40841c31acd9 {{(pid=82572) execute /opt/stack/data/venv/lib/python3.10/site-packages/oslo_concurrency/processutils.py:368}}
Feb 20 16:27:13 devstack sudo[85060]: quobyte : PWD=/ ; USER=root ; COMMAND=/opt/stack/data/venv/bin/cinder-rootwrap /etc/cinder/rootwrap.conf rm -f /opt/stack/data/cinder/mnt/0f36de11288db572422ea93966241100/volume-913f982d-2aee-44da-8bdc-40841c31acd9
Feb 20 16:27:13 devstack sudo[85060]: pam_unix(sudo:session): session opened for user root(uid=0) by (uid=1000)
Feb 20 16:27:14 devstack sudo[85060]: pam_unix(sudo:session): session closed for user root
Feb 20 16:27:14 devstack cinder-volume[82572]: DEBUG oslo_concurrency.processutils [None req-c5f7966f-1fd2-4a39-bd04-c2428cd60707 tempest-VolumeTypesAccessTest-1199212526 None] CMD "sudo cinder-rootwrap /etc/cinder/rootwrap.conf rm -f /opt/stack/data/cinder/mnt/0f36de11288db572422ea93966241100/volume-913f982d-2aee-44da-8bdc-40841c31acd9" returned: 0 in 0.422s {{(pid=82572) execute /opt/stack/data/venv/lib/python3.10/site-packages/oslo_concurrency/processutils.py:396}}
Feb 20 16:27:14 devstack cinder-volume[82572]: DEBUG cinder.coordination [None req-c5f7966f-1fd2-4a39-bd04-c2428cd60707 tempest-VolumeTypesAccessTest-1199212526 None] Lock "cinder-quobyte-913f982d-2aee-44da-8bdc-40841c31acd9" released by "delete_volume" :: held 0.941s {{(pid=82572) __release /opt/stack/cinder/cinder/coordination.py:152}}
Feb 20 16:27:14 devstack cinder-volume[82572]: WARNING cinder.quota [None req-c5f7966f-1fd2-4a39-bd04-c2428cd60707 tempest-VolumeTypesAccessTest-1199212526 None] Deprecated: Default quota for resource: volumes_tempest-VolumeTypesAccessTest-volume-type-420295401 is set by the default quota flag: quota_volumes_tempest-VolumeTypesAccessTest-volume-type-420295401, it is now deprecated. Please use the default quota class for default quota.
Feb 20 16:27:14 devstack cinder-volume[82572]: WARNING cinder.quota [None req-c5f7966f-1fd2-4a39-bd04-c2428cd60707 tempest-VolumeTypesAccessTest-1199212526 None] Deprecated: Default quota for resource: gigabytes_tempest-VolumeTypesAccessTest-volume-type-420295401 is set by the default quota flag: quota_gigabytes_tempest-VolumeTypesAccessTest-volume-type-420295401, it is now deprecated. Please use the default quota class for default quota.
Feb 20 16:27:14 devstack cinder-volume[82572]: DEBUG cinder.quota [None req-c5f7966f-1fd2-4a39-bd04-c2428cd60707 tempest-VolumeTypesAccessTest-1199212526 None] Created reservations ['e0f5c3d1-3e20-47a6-8fc9-8c36ab126c4f', '23d3c57c-ae48-4160-8478-8925de38e3f6', 'f89c2ab2-db7a-4007-b43d-60bac0573365', '41f0691c-12c7-41b3-bda1-297a94aab249'] {{(pid=82572) reserve /opt/stack/cinder/cinder/quota.py:752}}
Feb 20 16:27:14 devstack cinder-volume[82572]: INFO cinder.volume.manager [None req-f8ea713e-88cd-48ae-b93b-adeff4ad4c3e tempest-GroupSnapshotsTest-546214346 None] GroupSnapshot e5c3305b-1062-4a81-8fbb-bbc909e4d137: creating.
Feb 20 16:27:15 devstack cinder-volume[82572]: DEBUG cinder.volume.manager [None req-f8ea713e-88cd-48ae-b93b-adeff4ad4c3e tempest-GroupSnapshotsTest-546214346 None] Group snapshot e5c3305b-1062-4a81-8fbb-bbc909e4d137: creating. {{(pid=82572) create_group_snapshot /opt/stack/cinder/cinder/volume/manager.py:4175}}
Feb 20 16:27:15 devstack cinder-volume[82572]: DEBUG oslo_concurrency.lockutils [None req-f8ea713e-88cd-48ae-b93b-adeff4ad4c3e tempest-GroupSnapshotsTest-546214346 None] Acquiring lock "quobyte" by "cinder.volume.drivers.quobyte.QuobyteDriver.create_snapshot" {{(pid=82572) inner /opt/stack/data/venv/lib/python3.10/site-packages/oslo_concurrency/lockutils.py:506}}
Feb 20 16:27:15 devstack cinder-volume[82572]: DEBUG oslo_concurrency.lockutils [None req-f8ea713e-88cd-48ae-b93b-adeff4ad4c3e tempest-GroupSnapshotsTest-546214346 None] Lock "quobyte" acquired by "cinder.volume.drivers.quobyte.QuobyteDriver.create_snapshot" :: waited 0.001s {{(pid=82572) inner /opt/stack/data/venv/lib/python3.10/site-packages/oslo_concurrency/lockutils.py:519}}
Feb 20 16:27:15 devstack cinder-volume[82572]: DEBUG cinder.volume.drivers.remotefs [None req-f8ea713e-88cd-48ae-b93b-adeff4ad4c3e tempest-GroupSnapshotsTest-546214346 None] Creating offline snapshot 294df05d-405b-4cf0-b575-c3a79b63d744 of volume 26339ef9-cce1-49e5-8159-a502aefbb3f8 {{(pid=82572) _create_snapshot /opt/stack/cinder/cinder/volume/drivers/remotefs.py:1815}}
Feb 20 16:27:15 devstack cinder-volume[82572]: DEBUG oslo.privsep.daemon [-] privsep: reply[1b4333f1-4544-443f-a060-407373a16c5d]: (4, 'qcow2') {{(pid=83727) _call_back /opt/stack/data/venv/lib/python3.10/site-packages/oslo_privsep/daemon.py:573}}
Feb 20 16:27:15 devstack cinder-volume[82572]: DEBUG oslo_concurrency.processutils [None req-f8ea713e-88cd-48ae-b93b-adeff4ad4c3e tempest-GroupSnapshotsTest-546214346 None] Running cmd (subprocess): /opt/stack/data/venv/bin/python3.10 -m oslo_concurrency.prlimit --as=1073741824 --cpu=60 -- sudo cinder-rootwrap /etc/cinder/rootwrap.conf env LC_ALL=C qemu-img info -f qcow2 --output=json --force-share /opt/stack/data/cinder/mnt/0f36de11288db572422ea93966241100/volume-26339ef9-cce1-49e5-8159-a502aefbb3f8 {{(pid=82572) execute /opt/stack/data/venv/lib/python3.10/site-packages/oslo_concurrency/processutils.py:368}}
Feb 20 16:27:15 devstack sudo[85063]: quobyte : PWD=/ ; USER=root ; COMMAND=/opt/stack/data/venv/bin/cinder-rootwrap /etc/cinder/rootwrap.conf env LC_ALL=C qemu-img info -f qcow2 --output=json --force-share /opt/stack/data/cinder/mnt/0f36de11288db572422ea93966241100/volume-26339ef9-cce1-49e5-8159-a502aefbb3f8
Feb 20 16:27:15 devstack sudo[85063]: pam_unix(sudo:session): session opened for user root(uid=0) by (uid=1000)
Feb 20 16:27:15 devstack cinder-volume[82572]: DEBUG oslo_concurrency.lockutils [None req-c5f7966f-1fd2-4a39-bd04-c2428cd60707 tempest-VolumeTypesAccessTest-1199212526 None] Acquiring lock "quobyte_ensure" by "cinder.volume.drivers.quobyte.QuobyteDriver._ensure_shares_mounted" {{(pid=82572) inner /opt/stack/data/venv/lib/python3.10/site-packages/oslo_concurrency/lockutils.py:506}}
Feb 20 16:27:15 devstack cinder-volume[82572]: DEBUG oslo_concurrency.lockutils [None req-c5f7966f-1fd2-4a39-bd04-c2428cd60707 tempest-VolumeTypesAccessTest-1199212526 None] Lock "quobyte_ensure" acquired by "cinder.volume.drivers.quobyte.QuobyteDriver._ensure_shares_mounted" :: waited 0.001s {{(pid=82572) inner /opt/stack/data/venv/lib/python3.10/site-packages/oslo_concurrency/lockutils.py:519}}
Feb 20 16:27:15 devstack cinder-volume[82572]: DEBUG cinder.volume.drivers.quobyte [None req-c5f7966f-1fd2-4a39-bd04-c2428cd60707 tempest-VolumeTypesAccessTest-1199212526 None] Quobyte Volume URL set to: {'osci02.corp.quobyte.com/cinder-vol-f047e66e-5469-491e-b05f-a9944a2b97a9': None} {{(pid=82572) _load_shares_config /opt/stack/cinder/cinder/volume/drivers/quobyte.py:617}}
Feb 20 16:27:15 devstack cinder-volume[82572]: DEBUG cinder.volume.drivers.quobyte [None req-c5f7966f-1fd2-4a39-bd04-c2428cd60707 tempest-VolumeTypesAccessTest-1199212526 None] Available shares ['osci02.corp.quobyte.com/cinder-vol-f047e66e-5469-491e-b05f-a9944a2b97a9'] {{(pid=82572) _ensure_shares_mounted /opt/stack/cinder/cinder/volume/drivers/quobyte.py:647}}
Feb 20 16:27:15 devstack cinder-volume[82572]: DEBUG oslo_concurrency.lockutils [None req-c5f7966f-1fd2-4a39-bd04-c2428cd60707 tempest-VolumeTypesAccessTest-1199212526 None] Lock "quobyte_ensure" "released" by "cinder.volume.drivers.quobyte.QuobyteDriver._ensure_shares_mounted" :: held 0.003s {{(pid=82572) inner /opt/stack/data/venv/lib/python3.10/site-packages/oslo_concurrency/lockutils.py:538}}
Feb 20 16:27:15 devstack cinder-volume[82572]: DEBUG oslo_concurrency.processutils [None req-c5f7966f-1fd2-4a39-bd04-c2428cd60707 tempest-VolumeTypesAccessTest-1199212526 None] Running cmd (subprocess): sudo cinder-rootwrap /etc/cinder/rootwrap.conf df --portability --block-size 1 /opt/stack/data/cinder/mnt/0f36de11288db572422ea93966241100 {{(pid=82572) execute /opt/stack/data/venv/lib/python3.10/site-packages/oslo_concurrency/processutils.py:368}}
Feb 20 16:27:15 devstack sudo[85065]: quobyte : PWD=/ ; USER=root ; COMMAND=/opt/stack/data/venv/bin/cinder-rootwrap /etc/cinder/rootwrap.conf df --portability --block-size 1 /opt/stack/data/cinder/mnt/0f36de11288db572422ea93966241100
Feb 20 16:27:15 devstack sudo[85065]: pam_unix(sudo:session): session opened for user root(uid=0) by (uid=1000)
Feb 20 16:27:15 devstack sudo[85065]: pam_unix(sudo:session): session closed for user root
Feb 20 16:27:15 devstack sudo[85063]: pam_unix(sudo:session): session closed for user root
Feb 20 16:27:15 devstack cinder-volume[82572]: DEBUG oslo_concurrency.processutils [None req-c5f7966f-1fd2-4a39-bd04-c2428cd60707 tempest-VolumeTypesAccessTest-1199212526 None] CMD "sudo cinder-rootwrap /etc/cinder/rootwrap.conf df --portability --block-size 1 /opt/stack/data/cinder/mnt/0f36de11288db572422ea93966241100" returned: 0 in 0.425s {{(pid=82572) execute /opt/stack/data/venv/lib/python3.10/site-packages/oslo_concurrency/processutils.py:396}}
Feb 20 16:27:15 devstack cinder-volume[82572]: DEBUG cinder.manager [None req-c5f7966f-1fd2-4a39-bd04-c2428cd60707 tempest-VolumeTypesAccessTest-1199212526 None] Notifying Schedulers of capabilities ... {{(pid=82572) _publish_service_capabilities /opt/stack/cinder/cinder/manager.py:202}}
Feb 20 16:27:15 devstack cinder-volume[82572]: DEBUG oslo_concurrency.processutils [None req-f8ea713e-88cd-48ae-b93b-adeff4ad4c3e tempest-GroupSnapshotsTest-546214346 None] CMD "/opt/stack/data/venv/bin/python3.10 -m oslo_concurrency.prlimit --as=1073741824 --cpu=60 -- sudo cinder-rootwrap /etc/cinder/rootwrap.conf env LC_ALL=C qemu-img info -f qcow2 --output=json --force-share /opt/stack/data/cinder/mnt/0f36de11288db572422ea93966241100/volume-26339ef9-cce1-49e5-8159-a502aefbb3f8" returned: 0 in 0.515s {{(pid=82572) execute /opt/stack/data/venv/lib/python3.10/site-packages/oslo_concurrency/processutils.py:396}}
Feb 20 16:27:15 devstack cinder-volume[82572]: DEBUG oslo_concurrency.processutils [None req-f8ea713e-88cd-48ae-b93b-adeff4ad4c3e tempest-GroupSnapshotsTest-546214346 None] Running cmd (subprocess): sudo cinder-rootwrap /etc/cinder/rootwrap.conf qemu-img create -f qcow2 -o backing_file=/opt/stack/data/cinder/mnt/0f36de11288db572422ea93966241100/volume-26339ef9-cce1-49e5-8159-a502aefbb3f8,backing_fmt=qcow2 /opt/stack/data/cinder/mnt/0f36de11288db572422ea93966241100/volume-26339ef9-cce1-49e5-8159-a502aefbb3f8.294df05d-405b-4cf0-b575-c3a79b63d744 1G {{(pid=82572) execute /opt/stack/data/venv/lib/python3.10/site-packages/oslo_concurrency/processutils.py:368}}
Feb 20 16:27:15 devstack cinder-volume[82572]: INFO cinder.volume.manager [None req-c5f7966f-1fd2-4a39-bd04-c2428cd60707 tempest-VolumeTypesAccessTest-1199212526 None] Deleted volume successfully.
Feb 20 16:27:15 devstack sudo[85071]: quobyte : PWD=/ ; USER=root ; COMMAND=/opt/stack/data/venv/bin/cinder-rootwrap /etc/cinder/rootwrap.conf qemu-img create -f qcow2 -o backing_file=/opt/stack/data/cinder/mnt/0f36de11288db572422ea93966241100/volume-26339ef9-cce1-49e5-8159-a502aefbb3f8,backing_fmt=qcow2 /opt/stack/data/cinder/mnt/0f36de11288db572422ea93966241100/volume-26339ef9-cce1-49e5-8159-a502aefbb3f8.294df05d-405b-4cf0-b575-c3a79b63d744 1G
Feb 20 16:27:15 devstack sudo[85071]: pam_unix(sudo:session): session opened for user root(uid=0) by (uid=1000)
Feb 20 16:27:15 devstack cinder-volume[82572]: DEBUG cinder.coordination [None req-c5f7966f-1fd2-4a39-bd04-c2428cd60707 tempest-VolumeTypesAccessTest-1199212526 None] Lock "cinder-913f982d-2aee-44da-8bdc-40841c31acd9-delete_volume" released by "delete_volume" :: held 2.634s {{(pid=82572) __release /opt/stack/cinder/cinder/coordination.py:152}}
Feb 20 16:27:16 devstack sudo[85071]: pam_unix(sudo:session): session closed for user root
Feb 20 16:27:16 devstack cinder-volume[82572]: DEBUG oslo_concurrency.processutils [None req-f8ea713e-88cd-48ae-b93b-adeff4ad4c3e tempest-GroupSnapshotsTest-546214346 None] CMD "sudo cinder-rootwrap /etc/cinder/rootwrap.conf qemu-img create -f qcow2 -o backing_file=/opt/stack/data/cinder/mnt/0f36de11288db572422ea93966241100/volume-26339ef9-cce1-49e5-8159-a502aefbb3f8,backing_fmt=qcow2 /opt/stack/data/cinder/mnt/0f36de11288db572422ea93966241100/volume-26339ef9-cce1-49e5-8159-a502aefbb3f8.294df05d-405b-4cf0-b575-c3a79b63d744 1G" returned: 0 in 0.523s {{(pid=82572) execute /opt/stack/data/venv/lib/python3.10/site-packages/oslo_concurrency/processutils.py:396}}
Feb 20 16:27:16 devstack cinder-volume[82572]: DEBUG oslo_concurrency.processutils [None req-f8ea713e-88cd-48ae-b93b-adeff4ad4c3e tempest-GroupSnapshotsTest-546214346 None] Running cmd (subprocess): sudo cinder-rootwrap /etc/cinder/rootwrap.conf qemu-img rebase -u -b volume-26339ef9-cce1-49e5-8159-a502aefbb3f8 -F qcow2 /opt/stack/data/cinder/mnt/0f36de11288db572422ea93966241100/volume-26339ef9-cce1-49e5-8159-a502aefbb3f8.294df05d-405b-4cf0-b575-c3a79b63d744 {{(pid=82572) execute /opt/stack/data/venv/lib/python3.10/site-packages/oslo_concurrency/processutils.py:368}}
Feb 20 16:27:16 devstack sudo[85076]: quobyte : PWD=/ ; USER=root ; COMMAND=/opt/stack/data/venv/bin/cinder-rootwrap /etc/cinder/rootwrap.conf qemu-img rebase -u -b volume-26339ef9-cce1-49e5-8159-a502aefbb3f8 -F qcow2 /opt/stack/data/cinder/mnt/0f36de11288db572422ea93966241100/volume-26339ef9-cce1-49e5-8159-a502aefbb3f8.294df05d-405b-4cf0-b575-c3a79b63d744
Feb 20 16:27:16 devstack sudo[85076]: pam_unix(sudo:session): session opened for user root(uid=0) by (uid=1000)
Feb 20 16:27:16 devstack sudo[85076]: pam_unix(sudo:session): session closed for user root
Feb 20 16:27:16 devstack cinder-volume[82572]: DEBUG oslo_concurrency.processutils [None req-f8ea713e-88cd-48ae-b93b-adeff4ad4c3e tempest-GroupSnapshotsTest-546214346 None] CMD "sudo cinder-rootwrap /etc/cinder/rootwrap.conf qemu-img rebase -u -b volume-26339ef9-cce1-49e5-8159-a502aefbb3f8 -F qcow2 /opt/stack/data/cinder/mnt/0f36de11288db572422ea93966241100/volume-26339ef9-cce1-49e5-8159-a502aefbb3f8.294df05d-405b-4cf0-b575-c3a79b63d744" returned: 0 in 0.464s {{(pid=82572) execute /opt/stack/data/venv/lib/python3.10/site-packages/oslo_concurrency/processutils.py:396}}
Feb 20 16:27:16 devstack cinder-volume[82572]: WARNING cinder.volume.drivers.remotefs [None req-f8ea713e-88cd-48ae-b93b-adeff4ad4c3e tempest-GroupSnapshotsTest-546214346 None] /opt/stack/data/cinder/mnt/0f36de11288db572422ea93966241100/volume-26339ef9-cce1-49e5-8159-a502aefbb3f8.294df05d-405b-4cf0-b575-c3a79b63d744 is being set with open permissions: ugo+rw: NotImplementedError
Feb 20 16:27:16 devstack cinder-volume[82572]: DEBUG oslo_concurrency.processutils [None req-f8ea713e-88cd-48ae-b93b-adeff4ad4c3e tempest-GroupSnapshotsTest-546214346 None] Running cmd (subprocess): sudo cinder-rootwrap /etc/cinder/rootwrap.conf chmod ugo+rw /opt/stack/data/cinder/mnt/0f36de11288db572422ea93966241100/volume-26339ef9-cce1-49e5-8159-a502aefbb3f8.294df05d-405b-4cf0-b575-c3a79b63d744 {{(pid=82572) execute /opt/stack/data/venv/lib/python3.10/site-packages/oslo_concurrency/processutils.py:368}}
Feb 20 16:27:16 devstack sudo[85082]: quobyte : PWD=/ ; USER=root ; COMMAND=/opt/stack/data/venv/bin/cinder-rootwrap /etc/cinder/rootwrap.conf chmod ugo+rw /opt/stack/data/cinder/mnt/0f36de11288db572422ea93966241100/volume-26339ef9-cce1-49e5-8159-a502aefbb3f8.294df05d-405b-4cf0-b575-c3a79b63d744
Feb 20 16:27:16 devstack sudo[85082]: pam_unix(sudo:session): session opened for user root(uid=0) by (uid=1000)
Feb 20 16:27:16 devstack sudo[85082]: pam_unix(sudo:session): session closed for user root
Feb 20 16:27:16 devstack cinder-volume[82572]: DEBUG oslo_concurrency.processutils [None req-f8ea713e-88cd-48ae-b93b-adeff4ad4c3e tempest-GroupSnapshotsTest-546214346 None] CMD "sudo cinder-rootwrap /etc/cinder/rootwrap.conf chmod ugo+rw /opt/stack/data/cinder/mnt/0f36de11288db572422ea93966241100/volume-26339ef9-cce1-49e5-8159-a502aefbb3f8.294df05d-405b-4cf0-b575-c3a79b63d744" returned: 0 in 0.397s {{(pid=82572) execute /opt/stack/data/venv/lib/python3.10/site-packages/oslo_concurrency/processutils.py:396}}
Feb 20 16:27:17 devstack cinder-volume[82572]: DEBUG oslo_concurrency.processutils [None req-f8ea713e-88cd-48ae-b93b-adeff4ad4c3e tempest-GroupSnapshotsTest-546214346 None] Running cmd (subprocess): sudo cinder-rootwrap /etc/cinder/rootwrap.conf truncate -s0 /opt/stack/data/cinder/mnt/0f36de11288db572422ea93966241100/volume-26339ef9-cce1-49e5-8159-a502aefbb3f8.info {{(pid=82572) execute /opt/stack/data/venv/lib/python3.10/site-packages/oslo_concurrency/processutils.py:368}}
Feb 20 16:27:17 devstack sudo[85085]: quobyte : PWD=/ ; USER=root ; COMMAND=/opt/stack/data/venv/bin/cinder-rootwrap /etc/cinder/rootwrap.conf truncate -s0 /opt/stack/data/cinder/mnt/0f36de11288db572422ea93966241100/volume-26339ef9-cce1-49e5-8159-a502aefbb3f8.info
Feb 20 16:27:17 devstack sudo[85085]: pam_unix(sudo:session): session opened for user root(uid=0) by (uid=1000)
Feb 20 16:27:18 devstack sudo[85085]: pam_unix(sudo:session): session closed for user root
Feb 20 16:27:18 devstack cinder-volume[82572]: DEBUG oslo_concurrency.processutils [None req-f8ea713e-88cd-48ae-b93b-adeff4ad4c3e tempest-GroupSnapshotsTest-546214346 None] CMD "sudo cinder-rootwrap /etc/cinder/rootwrap.conf truncate -s0 /opt/stack/data/cinder/mnt/0f36de11288db572422ea93966241100/volume-26339ef9-cce1-49e5-8159-a502aefbb3f8.info" returned: 0 in 0.391s {{(pid=82572) execute /opt/stack/data/venv/lib/python3.10/site-packages/oslo_concurrency/processutils.py:396}}
Feb 20 16:27:18 devstack cinder-volume[82572]: WARNING cinder.volume.drivers.remotefs [None req-f8ea713e-88cd-48ae-b93b-adeff4ad4c3e tempest-GroupSnapshotsTest-546214346 None] /opt/stack/data/cinder/mnt/0f36de11288db572422ea93966241100/volume-26339ef9-cce1-49e5-8159-a502aefbb3f8.info is being set with open permissions: ugo+rw: NotImplementedError
Feb 20 16:27:18 devstack cinder-volume[82572]: DEBUG oslo_concurrency.processutils [None req-f8ea713e-88cd-48ae-b93b-adeff4ad4c3e tempest-GroupSnapshotsTest-546214346 None] Running cmd (subprocess): sudo cinder-rootwrap /etc/cinder/rootwrap.conf chmod ugo+rw /opt/stack/data/cinder/mnt/0f36de11288db572422ea93966241100/volume-26339ef9-cce1-49e5-8159-a502aefbb3f8.info {{(pid=82572) execute /opt/stack/data/venv/lib/python3.10/site-packages/oslo_concurrency/processutils.py:368}}
Feb 20 16:27:18 devstack sudo[85088]: quobyte : PWD=/ ; USER=root ; COMMAND=/opt/stack/data/venv/bin/cinder-rootwrap /etc/cinder/rootwrap.conf chmod ugo+rw /opt/stack/data/cinder/mnt/0f36de11288db572422ea93966241100/volume-26339ef9-cce1-49e5-8159-a502aefbb3f8.info
Feb 20 16:27:18 devstack sudo[85088]: pam_unix(sudo:session): session opened for user root(uid=0) by (uid=1000)
Feb 20 16:27:18 devstack sudo[85088]: pam_unix(sudo:session): session closed for user root
Feb 20 16:27:18 devstack cinder-volume[82572]: DEBUG oslo_concurrency.processutils [None req-f8ea713e-88cd-48ae-b93b-adeff4ad4c3e tempest-GroupSnapshotsTest-546214346 None] CMD "sudo cinder-rootwrap /etc/cinder/rootwrap.conf chmod ugo+rw /opt/stack/data/cinder/mnt/0f36de11288db572422ea93966241100/volume-26339ef9-cce1-49e5-8159-a502aefbb3f8.info" returned: 0 in 0.448s {{(pid=82572) execute /opt/stack/data/venv/lib/python3.10/site-packages/oslo_concurrency/processutils.py:396}}
Feb 20 16:27:18 devstack cinder-volume[82572]: DEBUG oslo_concurrency.lockutils [None req-f8ea713e-88cd-48ae-b93b-adeff4ad4c3e tempest-GroupSnapshotsTest-546214346 None] Lock "quobyte" "released" by "cinder.volume.drivers.quobyte.QuobyteDriver.create_snapshot" :: held 3.484s {{(pid=82572) inner /opt/stack/data/venv/lib/python3.10/site-packages/oslo_concurrency/lockutils.py:538}}
Feb 20 16:27:18 devstack cinder-volume[82572]: DEBUG oslo_concurrency.lockutils [None req-f8ea713e-88cd-48ae-b93b-adeff4ad4c3e tempest-GroupSnapshotsTest-546214346 None] Acquiring lock "quobyte" by "cinder.volume.drivers.quobyte.QuobyteDriver.create_snapshot" {{(pid=82572) inner /opt/stack/data/venv/lib/python3.10/site-packages/oslo_concurrency/lockutils.py:506}}
Feb 20 16:27:18 devstack cinder-volume[82572]: DEBUG oslo_concurrency.lockutils [None req-f8ea713e-88cd-48ae-b93b-adeff4ad4c3e tempest-GroupSnapshotsTest-546214346 None] Lock "quobyte" acquired by "cinder.volume.drivers.quobyte.QuobyteDriver.create_snapshot" :: waited 0.002s {{(pid=82572) inner /opt/stack/data/venv/lib/python3.10/site-packages/oslo_concurrency/lockutils.py:519}}
Feb 20 16:27:18 devstack cinder-volume[82572]: DEBUG cinder.volume.drivers.remotefs [None req-f8ea713e-88cd-48ae-b93b-adeff4ad4c3e tempest-GroupSnapshotsTest-546214346 None] Creating offline snapshot 428f61f8-5797-4ada-8efd-64c7c6774b3b of volume a312759d-81b7-4cd5-bf6e-a57115bff8f9 {{(pid=82572) _create_snapshot /opt/stack/cinder/cinder/volume/drivers/remotefs.py:1815}}
Feb 20 16:27:18 devstack cinder-volume[82572]: DEBUG oslo.privsep.daemon [-] privsep: reply[0f5e24fd-f677-4b4d-8dae-b1e11858204b]: (4, 'qcow2') {{(pid=83727) _call_back /opt/stack/data/venv/lib/python3.10/site-packages/oslo_privsep/daemon.py:573}}
Feb 20 16:27:18 devstack cinder-volume[82572]: DEBUG oslo_concurrency.processutils [None req-f8ea713e-88cd-48ae-b93b-adeff4ad4c3e tempest-GroupSnapshotsTest-546214346 None] Running cmd (subprocess): /opt/stack/data/venv/bin/python3.10 -m oslo_concurrency.prlimit --as=1073741824 --cpu=60 -- sudo cinder-rootwrap /etc/cinder/rootwrap.conf env LC_ALL=C qemu-img info -f qcow2 --output=json --force-share /opt/stack/data/cinder/mnt/0f36de11288db572422ea93966241100/volume-a312759d-81b7-4cd5-bf6e-a57115bff8f9 {{(pid=82572) execute /opt/stack/data/venv/lib/python3.10/site-packages/oslo_concurrency/processutils.py:368}}
Feb 20 16:27:18 devstack sudo[85091]: quobyte : PWD=/ ; USER=root ; COMMAND=/opt/stack/data/venv/bin/cinder-rootwrap /etc/cinder/rootwrap.conf env LC_ALL=C qemu-img info -f qcow2 --output=json --force-share /opt/stack/data/cinder/mnt/0f36de11288db572422ea93966241100/volume-a312759d-81b7-4cd5-bf6e-a57115bff8f9
Feb 20 16:27:18 devstack sudo[85091]: pam_unix(sudo:session): session opened for user root(uid=0) by (uid=1000)
Feb 20 16:27:19 devstack sudo[85091]: pam_unix(sudo:session): session closed for user root
Feb 20 16:27:19 devstack cinder-volume[82572]: DEBUG oslo_concurrency.processutils [None req-f8ea713e-88cd-48ae-b93b-adeff4ad4c3e tempest-GroupSnapshotsTest-546214346 None] CMD "/opt/stack/data/venv/bin/python3.10 -m oslo_concurrency.prlimit --as=1073741824 --cpu=60 -- sudo cinder-rootwrap /etc/cinder/rootwrap.conf env LC_ALL=C qemu-img info -f qcow2 --output=json --force-share /opt/stack/data/cinder/mnt/0f36de11288db572422ea93966241100/volume-a312759d-81b7-4cd5-bf6e-a57115bff8f9" returned: 0 in 0.654s {{(pid=82572) execute /opt/stack/data/venv/lib/python3.10/site-packages/oslo_concurrency/processutils.py:396}}
Feb 20 16:27:19 devstack cinder-volume[82572]: DEBUG oslo_concurrency.processutils [None req-f8ea713e-88cd-48ae-b93b-adeff4ad4c3e tempest-GroupSnapshotsTest-546214346 None] Running cmd (subprocess): sudo cinder-rootwrap /etc/cinder/rootwrap.conf qemu-img create -f qcow2 -o backing_file=/opt/stack/data/cinder/mnt/0f36de11288db572422ea93966241100/volume-a312759d-81b7-4cd5-bf6e-a57115bff8f9,backing_fmt=qcow2 /opt/stack/data/cinder/mnt/0f36de11288db572422ea93966241100/volume-a312759d-81b7-4cd5-bf6e-a57115bff8f9.428f61f8-5797-4ada-8efd-64c7c6774b3b 1G {{(pid=82572) execute /opt/stack/data/venv/lib/python3.10/site-packages/oslo_concurrency/processutils.py:368}}
Feb 20 16:27:19 devstack sudo[85096]: quobyte : PWD=/ ; USER=root ; COMMAND=/opt/stack/data/venv/bin/cinder-rootwrap /etc/cinder/rootwrap.conf qemu-img create -f qcow2 -o backing_file=/opt/stack/data/cinder/mnt/0f36de11288db572422ea93966241100/volume-a312759d-81b7-4cd5-bf6e-a57115bff8f9,backing_fmt=qcow2 /opt/stack/data/cinder/mnt/0f36de11288db572422ea93966241100/volume-a312759d-81b7-4cd5-bf6e-a57115bff8f9.428f61f8-5797-4ada-8efd-64c7c6774b3b 1G
Feb 20 16:27:19 devstack sudo[85096]: pam_unix(sudo:session): session opened for user root(uid=0) by (uid=1000)
Feb 20 16:27:19 devstack sudo[85096]: pam_unix(sudo:session): session closed for user root
Feb 20 16:27:19 devstack cinder-volume[82572]: DEBUG oslo_concurrency.processutils [None req-f8ea713e-88cd-48ae-b93b-adeff4ad4c3e tempest-GroupSnapshotsTest-546214346 None] CMD "sudo cinder-rootwrap /etc/cinder/rootwrap.conf qemu-img create -f qcow2 -o backing_file=/opt/stack/data/cinder/mnt/0f36de11288db572422ea93966241100/volume-a312759d-81b7-4cd5-bf6e-a57115bff8f9,backing_fmt=qcow2 /opt/stack/data/cinder/mnt/0f36de11288db572422ea93966241100/volume-a312759d-81b7-4cd5-bf6e-a57115bff8f9.428f61f8-5797-4ada-8efd-64c7c6774b3b 1G" returned: 0 in 0.659s {{(pid=82572) execute /opt/stack/data/venv/lib/python3.10/site-packages/oslo_concurrency/processutils.py:396}}
Feb 20 16:27:19 devstack cinder-volume[82572]: DEBUG oslo_concurrency.processutils [None req-f8ea713e-88cd-48ae-b93b-adeff4ad4c3e tempest-GroupSnapshotsTest-546214346 None] Running cmd (subprocess): sudo cinder-rootwrap /etc/cinder/rootwrap.conf qemu-img rebase -u -b volume-a312759d-81b7-4cd5-bf6e-a57115bff8f9 -F qcow2 /opt/stack/data/cinder/mnt/0f36de11288db572422ea93966241100/volume-a312759d-81b7-4cd5-bf6e-a57115bff8f9.428f61f8-5797-4ada-8efd-64c7c6774b3b {{(pid=82572) execute /opt/stack/data/venv/lib/python3.10/site-packages/oslo_concurrency/processutils.py:368}}
Feb 20 16:27:19 devstack sudo[85101]: quobyte : PWD=/ ; USER=root ; COMMAND=/opt/stack/data/venv/bin/cinder-rootwrap /etc/cinder/rootwrap.conf qemu-img rebase -u -b volume-a312759d-81b7-4cd5-bf6e-a57115bff8f9 -F qcow2 /opt/stack/data/cinder/mnt/0f36de11288db572422ea93966241100/volume-a312759d-81b7-4cd5-bf6e-a57115bff8f9.428f61f8-5797-4ada-8efd-64c7c6774b3b
Feb 20 16:27:19 devstack sudo[85101]: pam_unix(sudo:session): session opened for user root(uid=0) by (uid=1000)
Feb 20 16:27:20 devstack sudo[85101]: pam_unix(sudo:session): session closed for user root
Feb 20 16:27:20 devstack cinder-volume[82572]: DEBUG oslo_concurrency.processutils [None req-f8ea713e-88cd-48ae-b93b-adeff4ad4c3e tempest-GroupSnapshotsTest-546214346 None] CMD "sudo cinder-rootwrap /etc/cinder/rootwrap.conf qemu-img rebase -u -b volume-a312759d-81b7-4cd5-bf6e-a57115bff8f9 -F qcow2 /opt/stack/data/cinder/mnt/0f36de11288db572422ea93966241100/volume-a312759d-81b7-4cd5-bf6e-a57115bff8f9.428f61f8-5797-4ada-8efd-64c7c6774b3b" returned: 0 in 0.522s {{(pid=82572) execute /opt/stack/data/venv/lib/python3.10/site-packages/oslo_concurrency/processutils.py:396}}
Feb 20 16:27:20 devstack cinder-volume[82572]: WARNING cinder.volume.drivers.remotefs [None req-f8ea713e-88cd-48ae-b93b-adeff4ad4c3e tempest-GroupSnapshotsTest-546214346 None] /opt/stack/data/cinder/mnt/0f36de11288db572422ea93966241100/volume-a312759d-81b7-4cd5-bf6e-a57115bff8f9.428f61f8-5797-4ada-8efd-64c7c6774b3b is being set with open permissions: ugo+rw: NotImplementedError
Feb 20 16:27:20 devstack cinder-volume[82572]: DEBUG oslo_concurrency.processutils [None req-f8ea713e-88cd-48ae-b93b-adeff4ad4c3e tempest-GroupSnapshotsTest-546214346 None] Running cmd (subprocess): sudo cinder-rootwrap /etc/cinder/rootwrap.conf chmod ugo+rw /opt/stack/data/cinder/mnt/0f36de11288db572422ea93966241100/volume-a312759d-81b7-4cd5-bf6e-a57115bff8f9.428f61f8-5797-4ada-8efd-64c7c6774b3b {{(pid=82572) execute /opt/stack/data/venv/lib/python3.10/site-packages/oslo_concurrency/processutils.py:368}}
Feb 20 16:27:20 devstack sudo[85106]: quobyte : PWD=/ ; USER=root ; COMMAND=/opt/stack/data/venv/bin/cinder-rootwrap /etc/cinder/rootwrap.conf chmod ugo+rw /opt/stack/data/cinder/mnt/0f36de11288db572422ea93966241100/volume-a312759d-81b7-4cd5-bf6e-a57115bff8f9.428f61f8-5797-4ada-8efd-64c7c6774b3b
Feb 20 16:27:20 devstack sudo[85106]: pam_unix(sudo:session): session opened for user root(uid=0) by (uid=1000)
Feb 20 16:27:20 devstack cinder-volume[82572]: DEBUG cinder.volume.flows.manager.create_volume [req-d63bc21b-5f91-4349-8a09-a7044bbdb2c0 req-16fe3acb-bea2-4149-a94f-f60ffe0d0ca4 tempest-VolumesGetTestJSON-870154461 None] Volume reschedule parameters: True retry: {'num_attempts': 1, 'backends': ['devstack@QuobyteHD#QuobyteHD'], 'hosts': ['devstack@QuobyteHD#QuobyteHD']} {{(pid=82572) get_flow /opt/stack/cinder/cinder/volume/flows/manager/create_volume.py:1388}}
Feb 20 16:27:20 devstack cinder-volume[82572]: DEBUG cinder.volume.manager [req-d63bc21b-5f91-4349-8a09-a7044bbdb2c0 req-16fe3acb-bea2-4149-a94f-f60ffe0d0ca4 tempest-VolumesGetTestJSON-870154461 None] Flow 'volume_create_manager' (08aea15b-a084-4a9e-9aae-c285f7775222) transitioned into state 'RUNNING' from state 'PENDING' {{(pid=82572) _flow_receiver /opt/stack/data/venv/lib/python3.10/site-packages/taskflow/listeners/logging.py:145}}
Feb 20 16:27:20 devstack cinder-volume[82572]: DEBUG cinder.volume.manager [req-d63bc21b-5f91-4349-8a09-a7044bbdb2c0 req-16fe3acb-bea2-4149-a94f-f60ffe0d0ca4 tempest-VolumesGetTestJSON-870154461 None] Task 'cinder.volume.flows.manager.create_volume.ExtractVolumeRefTask;volume:create' (479a5676-5316-45e8-8ff5-61d91976556d) transitioned into state 'RUNNING' from state 'PENDING' {{(pid=82572) _task_receiver /opt/stack/data/venv/lib/python3.10/site-packages/taskflow/listeners/logging.py:194}}
Feb 20 16:27:20 devstack sudo[85106]: pam_unix(sudo:session): session closed for user root
Feb 20 16:27:20 devstack cinder-volume[82572]: DEBUG cinder.volume.manager [req-d63bc21b-5f91-4349-8a09-a7044bbdb2c0 req-16fe3acb-bea2-4149-a94f-f60ffe0d0ca4 tempest-VolumesGetTestJSON-870154461 None] Task 'cinder.volume.flows.manager.create_volume.ExtractVolumeRefTask;volume:create' (479a5676-5316-45e8-8ff5-61d91976556d) transitioned into state 'SUCCESS' from state 'RUNNING' with result 'Volume(_name_id=None,admin_metadata=,attach_status='detached',availability_zone='nova',bootable=False,cluster=,cluster_name=None,consistencygroup=,consistencygroup_id=None,created_at=2026-02-20T15:27:21Z,deleted=False,deleted_at=None,display_description=None,display_name='tempest-VolumesGetTestJSON-Volume-1827943822',ec2_id=None,encryption_key_id=None,glance_metadata=,group=,group_id=None,host='devstack@QuobyteHD#QuobyteHD',id=39ac844f-5817-46a1-9ada-4db23b30320c,launched_at=None,metadata={Type='work'},migration_status=None,multiattach=False,previous_status=None,project_id='ff636ad9d1894cb8a56f6a590e5a4ec1',provider_auth=None,provider_geometry=None,provider_id=None,provider_location=None,replication_driver_data=None,replication_extended_status=None,replication_status=None,scheduled_at=2026-02-20T15:27:21Z,service_uuid=None,shared_targets=True,size=1,snapshot_id=None,snapshots=,source_volid=None,status='creating',terminated_at=None,updated_at=2026-02-20T15:27:21Z,use_quota=True,user_id='ea8769bed2dd4562a22964e68216e3de',volume_attachment=VolumeAttachmentList,volume_type=VolumeType(c67b67e6-8d8b-4dd6-8e80-e476bcdac20a),volume_type_id=c67b67e6-8d8b-4dd6-8e80-e476bcdac20a)' {{(pid=82572) _task_receiver /opt/stack/data/venv/lib/python3.10/site-packages/taskflow/listeners/logging.py:182}}
Feb 20 16:27:20 devstack cinder-volume[82572]: DEBUG cinder.volume.manager [req-d63bc21b-5f91-4349-8a09-a7044bbdb2c0 req-16fe3acb-bea2-4149-a94f-f60ffe0d0ca4 tempest-VolumesGetTestJSON-870154461 None] Task 'cinder.volume.flows.manager.create_volume.OnFailureRescheduleTask;volume:create' (64898a06-c440-4c43-b591-81ce6c05feaa) transitioned into state 'RUNNING' from state 'PENDING' {{(pid=82572) _task_receiver /opt/stack/data/venv/lib/python3.10/site-packages/taskflow/listeners/logging.py:194}}
Feb 20 16:27:20 devstack cinder-volume[82572]: DEBUG cinder.volume.manager [req-d63bc21b-5f91-4349-8a09-a7044bbdb2c0 req-16fe3acb-bea2-4149-a94f-f60ffe0d0ca4 tempest-VolumesGetTestJSON-870154461 None] Task 'cinder.volume.flows.manager.create_volume.OnFailureRescheduleTask;volume:create' (64898a06-c440-4c43-b591-81ce6c05feaa) transitioned into state 'SUCCESS' from state 'RUNNING' with result 'None' {{(pid=82572) _task_receiver /opt/stack/data/venv/lib/python3.10/site-packages/taskflow/listeners/logging.py:182}}
Feb 20 16:27:20 devstack cinder-volume[82572]: DEBUG cinder.volume.manager [req-d63bc21b-5f91-4349-8a09-a7044bbdb2c0 req-16fe3acb-bea2-4149-a94f-f60ffe0d0ca4 tempest-VolumesGetTestJSON-870154461 None] Task 'cinder.volume.flows.manager.create_volume.ExtractVolumeSpecTask;volume:create' (d62d320f-3a7e-4f8c-b43c-1857f4c542fd) transitioned into state 'RUNNING' from state 'PENDING' {{(pid=82572) _task_receiver /opt/stack/data/venv/lib/python3.10/site-packages/taskflow/listeners/logging.py:194}}
Feb 20 16:27:20 devstack cinder-volume[82572]: DEBUG cinder.volume.manager [req-d63bc21b-5f91-4349-8a09-a7044bbdb2c0 req-16fe3acb-bea2-4149-a94f-f60ffe0d0ca4 tempest-VolumesGetTestJSON-870154461 None] Task 'cinder.volume.flows.manager.create_volume.ExtractVolumeSpecTask;volume:create' (d62d320f-3a7e-4f8c-b43c-1857f4c542fd) transitioned into state 'SUCCESS' from state 'RUNNING' with result '{'status': 'creating', 'type': 'raw', 'volume_id': '39ac844f-5817-46a1-9ada-4db23b30320c', 'volume_name': 'volume-39ac844f-5817-46a1-9ada-4db23b30320c', 'volume_size': 1}' {{(pid=82572) _task_receiver /opt/stack/data/venv/lib/python3.10/site-packages/taskflow/listeners/logging.py:182}}
Feb 20 16:27:20 devstack cinder-volume[82572]: DEBUG cinder.volume.manager [req-d63bc21b-5f91-4349-8a09-a7044bbdb2c0 req-16fe3acb-bea2-4149-a94f-f60ffe0d0ca4 tempest-VolumesGetTestJSON-870154461 None] Task 'cinder.volume.flows.manager.create_volume.NotifyVolumeActionTask;volume:create, create.start' (96bffec4-4b4a-4580-b710-742e509c5c10) transitioned into state 'RUNNING' from state 'PENDING' {{(pid=82572) _task_receiver /opt/stack/data/venv/lib/python3.10/site-packages/taskflow/listeners/logging.py:194}}
Feb 20 16:27:20 devstack cinder-volume[82572]: DEBUG cinder.volume.manager [req-d63bc21b-5f91-4349-8a09-a7044bbdb2c0 req-16fe3acb-bea2-4149-a94f-f60ffe0d0ca4 tempest-VolumesGetTestJSON-870154461 None] Task 'cinder.volume.flows.manager.create_volume.NotifyVolumeActionTask;volume:create, create.start' (96bffec4-4b4a-4580-b710-742e509c5c10) transitioned into state 'SUCCESS' from state 'RUNNING' with result 'None' {{(pid=82572) _task_receiver /opt/stack/data/venv/lib/python3.10/site-packages/taskflow/listeners/logging.py:182}}
Feb 20 16:27:20 devstack cinder-volume[82572]: DEBUG cinder.volume.manager [req-d63bc21b-5f91-4349-8a09-a7044bbdb2c0 req-16fe3acb-bea2-4149-a94f-f60ffe0d0ca4 tempest-VolumesGetTestJSON-870154461 None] Task 'cinder.volume.flows.manager.create_volume.CreateVolumeFromSpecTask;volume:create' (336f7828-caa4-42a6-a397-dc6804f00164) transitioned into state 'RUNNING' from state 'PENDING' {{(pid=82572) _task_receiver /opt/stack/data/venv/lib/python3.10/site-packages/taskflow/listeners/logging.py:194}}
Feb 20 16:27:20 devstack cinder-volume[82572]: INFO cinder.volume.flows.manager.create_volume [req-d63bc21b-5f91-4349-8a09-a7044bbdb2c0 req-16fe3acb-bea2-4149-a94f-f60ffe0d0ca4 tempest-VolumesGetTestJSON-870154461 None] Volume 39ac844f-5817-46a1-9ada-4db23b30320c: being created as raw with specification: {'status': 'creating', 'volume_name': 'volume-39ac844f-5817-46a1-9ada-4db23b30320c', 'volume_size': 1}
Feb 20 16:27:20 devstack cinder-volume[82572]: DEBUG oslo_concurrency.lockutils [req-d63bc21b-5f91-4349-8a09-a7044bbdb2c0 req-16fe3acb-bea2-4149-a94f-f60ffe0d0ca4 tempest-VolumesGetTestJSON-870154461 None] Acquiring lock "quobyte" by "cinder.volume.drivers.quobyte.QuobyteDriver.create_volume" {{(pid=82572) inner /opt/stack/data/venv/lib/python3.10/site-packages/oslo_concurrency/lockutils.py:506}}
Feb 20 16:27:20 devstack cinder-volume[82572]: DEBUG oslo_concurrency.processutils [None req-f8ea713e-88cd-48ae-b93b-adeff4ad4c3e tempest-GroupSnapshotsTest-546214346 None] CMD "sudo cinder-rootwrap /etc/cinder/rootwrap.conf chmod ugo+rw /opt/stack/data/cinder/mnt/0f36de11288db572422ea93966241100/volume-a312759d-81b7-4cd5-bf6e-a57115bff8f9.428f61f8-5797-4ada-8efd-64c7c6774b3b" returned: 0 in 0.572s {{(pid=82572) execute /opt/stack/data/venv/lib/python3.10/site-packages/oslo_concurrency/processutils.py:396}}
Feb 20 16:27:20 devstack cinder-volume[82572]: DEBUG oslo_concurrency.processutils [None req-f8ea713e-88cd-48ae-b93b-adeff4ad4c3e tempest-GroupSnapshotsTest-546214346 None] Running cmd (subprocess): sudo cinder-rootwrap /etc/cinder/rootwrap.conf truncate -s0 /opt/stack/data/cinder/mnt/0f36de11288db572422ea93966241100/volume-a312759d-81b7-4cd5-bf6e-a57115bff8f9.info {{(pid=82572) execute /opt/stack/data/venv/lib/python3.10/site-packages/oslo_concurrency/processutils.py:368}}
Feb 20 16:27:20 devstack sudo[85109]: quobyte : PWD=/ ; USER=root ; COMMAND=/opt/stack/data/venv/bin/cinder-rootwrap /etc/cinder/rootwrap.conf truncate -s0 /opt/stack/data/cinder/mnt/0f36de11288db572422ea93966241100/volume-a312759d-81b7-4cd5-bf6e-a57115bff8f9.info
Feb 20 16:27:20 devstack sudo[85109]: pam_unix(sudo:session): session opened for user root(uid=0) by (uid=1000)
Feb 20 16:27:21 devstack sudo[85109]: pam_unix(sudo:session): session closed for user root
Feb 20 16:27:21 devstack cinder-volume[82572]: DEBUG oslo_concurrency.processutils [None req-f8ea713e-88cd-48ae-b93b-adeff4ad4c3e tempest-GroupSnapshotsTest-546214346 None] CMD "sudo cinder-rootwrap /etc/cinder/rootwrap.conf truncate -s0 /opt/stack/data/cinder/mnt/0f36de11288db572422ea93966241100/volume-a312759d-81b7-4cd5-bf6e-a57115bff8f9.info" returned: 0 in 0.494s {{(pid=82572) execute /opt/stack/data/venv/lib/python3.10/site-packages/oslo_concurrency/processutils.py:396}}
Feb 20 16:27:21 devstack cinder-volume[82572]: WARNING cinder.volume.drivers.remotefs [None req-f8ea713e-88cd-48ae-b93b-adeff4ad4c3e tempest-GroupSnapshotsTest-546214346 None] /opt/stack/data/cinder/mnt/0f36de11288db572422ea93966241100/volume-a312759d-81b7-4cd5-bf6e-a57115bff8f9.info is being set with open permissions: ugo+rw: NotImplementedError
Feb 20 16:27:21 devstack cinder-volume[82572]: DEBUG oslo_concurrency.processutils [None req-f8ea713e-88cd-48ae-b93b-adeff4ad4c3e tempest-GroupSnapshotsTest-546214346 None] Running cmd (subprocess): sudo cinder-rootwrap /etc/cinder/rootwrap.conf chmod ugo+rw /opt/stack/data/cinder/mnt/0f36de11288db572422ea93966241100/volume-a312759d-81b7-4cd5-bf6e-a57115bff8f9.info {{(pid=82572) execute /opt/stack/data/venv/lib/python3.10/site-packages/oslo_concurrency/processutils.py:368}}
Feb 20 16:27:21 devstack sudo[85112]: quobyte : PWD=/ ; USER=root ; COMMAND=/opt/stack/data/venv/bin/cinder-rootwrap /etc/cinder/rootwrap.conf chmod ugo+rw /opt/stack/data/cinder/mnt/0f36de11288db572422ea93966241100/volume-a312759d-81b7-4cd5-bf6e-a57115bff8f9.info
Feb 20 16:27:21 devstack sudo[85112]: pam_unix(sudo:session): session opened for user root(uid=0) by (uid=1000)
Feb 20 16:27:21 devstack cinder-volume[82572]: DEBUG oslo_service.periodic_task [None req-f51d6631-6ef2-4c74-b48f-7ef074590f4c None None] Running periodic task VolumeManager.publish_service_capabilities {{(pid=82572) run_periodic_tasks /opt/stack/data/venv/lib/python3.10/site-packages/oslo_service/periodic_task.py:210}}
Feb 20 16:27:21 devstack cinder-volume[82572]: DEBUG oslo_concurrency.lockutils [None req-f51d6631-6ef2-4c74-b48f-7ef074590f4c None None] Acquiring lock "quobyte_ensure" by "cinder.volume.drivers.quobyte.QuobyteDriver._ensure_shares_mounted" {{(pid=82572) inner /opt/stack/data/venv/lib/python3.10/site-packages/oslo_concurrency/lockutils.py:506}}
Feb 20 16:27:21 devstack cinder-volume[82572]: DEBUG oslo_concurrency.lockutils [None req-f51d6631-6ef2-4c74-b48f-7ef074590f4c None None] Lock "quobyte_ensure" acquired by "cinder.volume.drivers.quobyte.QuobyteDriver._ensure_shares_mounted" :: waited 0.000s {{(pid=82572) inner /opt/stack/data/venv/lib/python3.10/site-packages/oslo_concurrency/lockutils.py:519}}
Feb 20 16:27:21 devstack cinder-volume[82572]: DEBUG cinder.volume.drivers.quobyte [None req-f51d6631-6ef2-4c74-b48f-7ef074590f4c None None] Quobyte Volume URL set to: {'osci02.corp.quobyte.com/cinder-vol-f047e66e-5469-491e-b05f-a9944a2b97a9': None} {{(pid=82572) _load_shares_config /opt/stack/cinder/cinder/volume/drivers/quobyte.py:617}}
Feb 20 16:27:21 devstack cinder-volume[82572]: DEBUG cinder.volume.drivers.quobyte [None req-f51d6631-6ef2-4c74-b48f-7ef074590f4c None None] Available shares ['osci02.corp.quobyte.com/cinder-vol-f047e66e-5469-491e-b05f-a9944a2b97a9'] {{(pid=82572) _ensure_shares_mounted /opt/stack/cinder/cinder/volume/drivers/quobyte.py:647}}
Feb 20 16:27:21 devstack cinder-volume[82572]: DEBUG oslo_concurrency.lockutils [None req-f51d6631-6ef2-4c74-b48f-7ef074590f4c None None] Lock "quobyte_ensure" "released" by "cinder.volume.drivers.quobyte.QuobyteDriver._ensure_shares_mounted" :: held 0.004s {{(pid=82572) inner /opt/stack/data/venv/lib/python3.10/site-packages/oslo_concurrency/lockutils.py:538}}
Feb 20 16:27:21 devstack cinder-volume[82572]: DEBUG oslo_concurrency.processutils [None req-f51d6631-6ef2-4c74-b48f-7ef074590f4c None None] Running cmd (subprocess): sudo cinder-rootwrap /etc/cinder/rootwrap.conf df --portability --block-size 1 /opt/stack/data/cinder/mnt/0f36de11288db572422ea93966241100 {{(pid=82572) execute /opt/stack/data/venv/lib/python3.10/site-packages/oslo_concurrency/processutils.py:368}}
Feb 20 16:27:21 devstack sudo[85114]: quobyte : PWD=/ ; USER=root ; COMMAND=/opt/stack/data/venv/bin/cinder-rootwrap /etc/cinder/rootwrap.conf df --portability --block-size 1 /opt/stack/data/cinder/mnt/0f36de11288db572422ea93966241100
Feb 20 16:27:21 devstack sudo[85114]: pam_unix(sudo:session): session opened for user root(uid=0) by (uid=1000)
Feb 20 16:27:21 devstack sudo[85112]: pam_unix(sudo:session): session closed for user root
Feb 20 16:27:21 devstack cinder-volume[82572]: DEBUG oslo_concurrency.processutils [None req-f8ea713e-88cd-48ae-b93b-adeff4ad4c3e tempest-GroupSnapshotsTest-546214346 None] CMD "sudo cinder-rootwrap /etc/cinder/rootwrap.conf chmod ugo+rw /opt/stack/data/cinder/mnt/0f36de11288db572422ea93966241100/volume-a312759d-81b7-4cd5-bf6e-a57115bff8f9.info" returned: 0 in 0.474s {{(pid=82572) execute /opt/stack/data/venv/lib/python3.10/site-packages/oslo_concurrency/processutils.py:396}}
Feb 20 16:27:21 devstack cinder-volume[82572]: DEBUG oslo_concurrency.lockutils [None req-f8ea713e-88cd-48ae-b93b-adeff4ad4c3e tempest-GroupSnapshotsTest-546214346 None] Lock "quobyte" "released" by "cinder.volume.drivers.quobyte.QuobyteDriver.create_snapshot" :: held 3.444s {{(pid=82572) inner /opt/stack/data/venv/lib/python3.10/site-packages/oslo_concurrency/lockutils.py:538}}
Feb 20 16:27:21 devstack cinder-volume[82572]: DEBUG oslo_concurrency.lockutils [req-d63bc21b-5f91-4349-8a09-a7044bbdb2c0 req-16fe3acb-bea2-4149-a94f-f60ffe0d0ca4 tempest-VolumesGetTestJSON-870154461 None] Lock "quobyte" acquired by "cinder.volume.drivers.quobyte.QuobyteDriver.create_volume" :: waited 1.001s {{(pid=82572) inner /opt/stack/data/venv/lib/python3.10/site-packages/oslo_concurrency/lockutils.py:519}}
Feb 20 16:27:21 devstack cinder-volume[82572]: DEBUG cinder.volume.drivers.quobyte [req-d63bc21b-5f91-4349-8a09-a7044bbdb2c0 req-16fe3acb-bea2-4149-a94f-f60ffe0d0ca4 tempest-VolumesGetTestJSON-870154461 None] ==> create_volume: call "{'self': , 'volume': Volume(_name_id=None,admin_metadata=,attach_status='detached',availability_zone='nova',bootable=False,cluster=,cluster_name=None,consistencygroup=,consistencygroup_id=None,created_at=2026-02-20T15:27:21Z,deleted=False,deleted_at=None,display_description=None,display_name='tempest-VolumesGetTestJSON-Volume-1827943822',ec2_id=None,encryption_key_id=None,glance_metadata=,group=,group_id=None,host='devstack@QuobyteHD#QuobyteHD',id=39ac844f-5817-46a1-9ada-4db23b30320c,launched_at=None,metadata={Type='work'},migration_status=None,multiattach=False,previous_status=None,project_id='ff636ad9d1894cb8a56f6a590e5a4ec1',provider_auth=None,provider_geometry=None,provider_id=None,provider_location=None,replication_driver_data=None,replication_extended_status=None,replication_status=None,scheduled_at=2026-02-20T15:27:21Z,service_uuid=None,shared_targets=True,size=1,snapshot_id=None,snapshots=,source_volid=None,status='creating',terminated_at=None,updated_at=2026-02-20T15:27:21Z,use_quota=True,user_id='ea8769bed2dd4562a22964e68216e3de',volume_attachment=VolumeAttachmentList,volume_type=VolumeType(c67b67e6-8d8b-4dd6-8e80-e476bcdac20a),volume_type_id=c67b67e6-8d8b-4dd6-8e80-e476bcdac20a)}" {{(pid=82572) trace_logging_wrapper /opt/stack/cinder/cinder/volume/volume_utils.py:1498}}
Feb 20 16:27:21 devstack cinder-volume[82572]: DEBUG cinder.volume.drivers.remotefs [req-d63bc21b-5f91-4349-8a09-a7044bbdb2c0 req-16fe3acb-bea2-4149-a94f-f60ffe0d0ca4 tempest-VolumesGetTestJSON-870154461 None] Creating volume 39ac844f-5817-46a1-9ada-4db23b30320c {{(pid=82572) create_volume /opt/stack/cinder/cinder/volume/drivers/remotefs.py:292}}
