Aug 26 18:58:36 devstack cinder-volume[93671]: DEBUG oslo_concurrency.processutils [req-ea3b00e0-a336-4942-af43-2153bb577f59 req-8465d2a9-c32f-4687-b29c-49c111672905 tempest-VolumesSnapshotsTestJSON-921246163 None] Running cmd (subprocess): sudo cinder-rootwrap /etc/cinder/rootwrap.conf chmod ugo+rw /opt/stack/data/cinder/mnt/7d61fb5678d682bbf5523e8661f67d33/volume-971f616e-a761-4d2f-82f6-2df9712e6c81 {{(pid=93671) execute /opt/stack/data/venv/lib/python3.12/site-packages/oslo_concurrency/processutils.py:440}}
Aug 26 18:58:36 devstack cinder-volume[93671]: DEBUG oslo.privsep.daemon [-] privsep: reply[3f11438c-b808-44b7-9861-12eb3cd032b8]: (4, 'qcow2') {{(pid=94687) _call_back /opt/stack/data/venv/lib/python3.12/site-packages/oslo_privsep/daemon.py:580}}
Aug 26 18:58:36 devstack cinder-volume[93671]: DEBUG oslo_concurrency.processutils [None req-8c1b3b2f-0e6c-4db1-a16e-51860f6987c1 tempest-AttachVolumeNegativeTest-2019027492 None] Running cmd (subprocess): /opt/stack/data/venv/bin/python3.12 -m oslo_concurrency.prlimit --as=1073741824 --cpu=60 -- sudo cinder-rootwrap /etc/cinder/rootwrap.conf env LC_ALL=C qemu-img info -f qcow2 --output=json --force-share /opt/stack/data/cinder/mnt/7d61fb5678d682bbf5523e8661f67d33/volume-a98607ef-610d-4c3d-986c-e088e2a3a6f6 {{(pid=93671) execute /opt/stack/data/venv/lib/python3.12/site-packages/oslo_concurrency/processutils.py:440}}
Aug 26 18:58:36 devstack sudo[102206]: quobyte : PWD=/ ; USER=root ; COMMAND=/opt/stack/data/venv/bin/cinder-rootwrap /etc/cinder/rootwrap.conf chmod ugo+rw /opt/stack/data/cinder/mnt/7d61fb5678d682bbf5523e8661f67d33/volume-971f616e-a761-4d2f-82f6-2df9712e6c81
Aug 26 18:58:36 devstack sudo[102206]: pam_unix(sudo:session): session opened for user root(uid=0) by (uid=1000)
Aug 26 18:58:37 devstack sudo[102209]: quobyte : PWD=/ ; USER=root ; COMMAND=/opt/stack/data/venv/bin/cinder-rootwrap /etc/cinder/rootwrap.conf env LC_ALL=C qemu-img info -f qcow2 --output=json --force-share /opt/stack/data/cinder/mnt/7d61fb5678d682bbf5523e8661f67d33/volume-a98607ef-610d-4c3d-986c-e088e2a3a6f6
Aug 26 18:58:37 devstack sudo[102209]: pam_unix(sudo:session): session opened for user root(uid=0) by (uid=1000)
Aug 26 18:58:37 devstack sudo[102206]: pam_unix(sudo:session): session closed for user root
Aug 26 18:58:37 devstack cinder-volume[93671]: DEBUG oslo_concurrency.processutils [req-ea3b00e0-a336-4942-af43-2153bb577f59 req-8465d2a9-c32f-4687-b29c-49c111672905 tempest-VolumesSnapshotsTestJSON-921246163 None] CMD "sudo cinder-rootwrap /etc/cinder/rootwrap.conf chmod ugo+rw /opt/stack/data/cinder/mnt/7d61fb5678d682bbf5523e8661f67d33/volume-971f616e-a761-4d2f-82f6-2df9712e6c81" returned: 0 in 0.330s {{(pid=93671) execute /opt/stack/data/venv/lib/python3.12/site-packages/oslo_concurrency/processutils.py:468}}
Aug 26 18:58:37 devstack cinder-volume[93671]: DEBUG cinder.volume.drivers.quobyte [req-ea3b00e0-a336-4942-af43-2153bb577f59 req-8465d2a9-c32f-4687-b29c-49c111672905 tempest-VolumesSnapshotsTestJSON-921246163 None] <== create_volume: return (1410ms) {'provider_location': 'osci02.corp.quobyte.com/cinder-vol-559f0275-05b6-41f4-b287-59137b357935'} {{(pid=93671) trace_logging_wrapper /opt/stack/cinder/cinder/volume/volume_utils.py:1522}}
Aug 26 18:58:37 devstack cinder-volume[93671]: DEBUG oslo_concurrency.lockutils [req-ea3b00e0-a336-4942-af43-2153bb577f59 req-8465d2a9-c32f-4687-b29c-49c111672905 tempest-VolumesSnapshotsTestJSON-921246163 None] Lock "quobyte" "released" by "cinder.volume.drivers.quobyte.QuobyteDriver.create_volume" :: held 1.416s {{(pid=93671) inner /opt/stack/data/venv/lib/python3.12/site-packages/oslo_concurrency/lockutils.py:544}}
Aug 26 18:58:37 devstack cinder-volume[93671]: DEBUG cinder.volume.manager [req-ea3b00e0-a336-4942-af43-2153bb577f59 req-8465d2a9-c32f-4687-b29c-49c111672905 tempest-VolumesSnapshotsTestJSON-921246163 None] Task 'cinder.volume.flows.manager.create_volume.CreateVolumeFromSpecTask;volume:create' (bd5f2016-3186-4621-a5d4-3b2f1c6a4cac) transitioned into state 'SUCCESS' from state 'RUNNING' with result '{'status': 'creating', 'volume_name': 'volume-971f616e-a761-4d2f-82f6-2df9712e6c81', 'volume_size': 1}' {{(pid=93671) _task_receiver /opt/stack/data/venv/lib/python3.12/site-packages/taskflow/listeners/logging.py:218}}
Aug 26 18:58:37 devstack cinder-volume[93671]: DEBUG cinder.volume.manager [req-ea3b00e0-a336-4942-af43-2153bb577f59 req-8465d2a9-c32f-4687-b29c-49c111672905 tempest-VolumesSnapshotsTestJSON-921246163 None] Task 'cinder.volume.flows.manager.create_volume.CreateVolumeOnFinishTask;volume:create, create.end' (df31bbb4-11eb-45fc-b7fe-94d9fbb1e55a) transitioned into state 'RUNNING' from state 'PENDING' {{(pid=93671) _task_receiver /opt/stack/data/venv/lib/python3.12/site-packages/taskflow/listeners/logging.py:242}}
Aug 26 18:58:37 devstack cinder-volume[93671]: INFO cinder.volume.flows.manager.create_volume [req-ea3b00e0-a336-4942-af43-2153bb577f59 req-8465d2a9-c32f-4687-b29c-49c111672905 tempest-VolumesSnapshotsTestJSON-921246163 None] Volume volume-971f616e-a761-4d2f-82f6-2df9712e6c81 (971f616e-a761-4d2f-82f6-2df9712e6c81): created successfully
Aug 26 18:58:37 devstack cinder-volume[93671]: DEBUG cinder.volume.manager [req-ea3b00e0-a336-4942-af43-2153bb577f59 req-8465d2a9-c32f-4687-b29c-49c111672905 tempest-VolumesSnapshotsTestJSON-921246163 None] Task 'cinder.volume.flows.manager.create_volume.CreateVolumeOnFinishTask;volume:create, create.end' (df31bbb4-11eb-45fc-b7fe-94d9fbb1e55a) transitioned into state 'SUCCESS' from state 'RUNNING' with result 'None' {{(pid=93671) _task_receiver /opt/stack/data/venv/lib/python3.12/site-packages/taskflow/listeners/logging.py:218}}
Aug 26 18:58:37 devstack cinder-volume[93671]: DEBUG cinder.volume.manager [req-ea3b00e0-a336-4942-af43-2153bb577f59 req-8465d2a9-c32f-4687-b29c-49c111672905 tempest-VolumesSnapshotsTestJSON-921246163 None] Flow 'volume_create_manager' (12eacddb-4198-408c-856f-89574dac78c5) transitioned into state 'SUCCESS' from state 'RUNNING' {{(pid=93671) _flow_receiver /opt/stack/data/venv/lib/python3.12/site-packages/taskflow/listeners/logging.py:160}}
Aug 26 18:58:37 devstack cinder-volume[93671]: INFO cinder.volume.manager [req-ea3b00e0-a336-4942-af43-2153bb577f59 req-8465d2a9-c32f-4687-b29c-49c111672905 tempest-VolumesSnapshotsTestJSON-921246163 None] Created volume successfully.
Aug 26 18:58:37 devstack sudo[102209]: pam_unix(sudo:session): session closed for user root
Aug 26 18:58:37 devstack cinder-volume[93671]: DEBUG oslo_concurrency.processutils [None req-8c1b3b2f-0e6c-4db1-a16e-51860f6987c1 tempest-AttachVolumeNegativeTest-2019027492 None] CMD "/opt/stack/data/venv/bin/python3.12 -m oslo_concurrency.prlimit --as=1073741824 --cpu=60 -- sudo cinder-rootwrap /etc/cinder/rootwrap.conf env LC_ALL=C qemu-img info -f qcow2 --output=json --force-share /opt/stack/data/cinder/mnt/7d61fb5678d682bbf5523e8661f67d33/volume-a98607ef-610d-4c3d-986c-e088e2a3a6f6" returned: 0 in 0.803s {{(pid=93671) execute /opt/stack/data/venv/lib/python3.12/site-packages/oslo_concurrency/processutils.py:468}}
Aug 26 18:58:37 devstack cinder-volume[93671]: DEBUG oslo_concurrency.processutils [None req-8c1b3b2f-0e6c-4db1-a16e-51860f6987c1 tempest-AttachVolumeNegativeTest-2019027492 None] Running cmd (subprocess): sudo cinder-rootwrap /etc/cinder/rootwrap.conf rm -f /opt/stack/data/cinder/mnt/7d61fb5678d682bbf5523e8661f67d33/volume-a98607ef-610d-4c3d-986c-e088e2a3a6f6 {{(pid=93671) execute /opt/stack/data/venv/lib/python3.12/site-packages/oslo_concurrency/processutils.py:440}}
Aug 26 18:58:37 devstack sudo[102227]: quobyte : PWD=/ ; USER=root ; COMMAND=/opt/stack/data/venv/bin/cinder-rootwrap /etc/cinder/rootwrap.conf rm -f /opt/stack/data/cinder/mnt/7d61fb5678d682bbf5523e8661f67d33/volume-a98607ef-610d-4c3d-986c-e088e2a3a6f6
Aug 26 18:58:37 devstack sudo[102227]: pam_unix(sudo:session): session opened for user root(uid=0) by (uid=1000)
Aug 26 18:58:37 devstack sudo[102227]: pam_unix(sudo:session): session closed for user root
Aug 26 18:58:37 devstack cinder-volume[93671]: DEBUG oslo_concurrency.processutils [None req-8c1b3b2f-0e6c-4db1-a16e-51860f6987c1 tempest-AttachVolumeNegativeTest-2019027492 None] CMD "sudo cinder-rootwrap /etc/cinder/rootwrap.conf rm -f /opt/stack/data/cinder/mnt/7d61fb5678d682bbf5523e8661f67d33/volume-a98607ef-610d-4c3d-986c-e088e2a3a6f6" returned: 0 in 0.311s {{(pid=93671) execute /opt/stack/data/venv/lib/python3.12/site-packages/oslo_concurrency/processutils.py:468}}
Aug 26 18:58:37 devstack cinder-volume[93671]: DEBUG cinder.coordination [None req-8c1b3b2f-0e6c-4db1-a16e-51860f6987c1 tempest-AttachVolumeNegativeTest-2019027492 None] Lock "cinder-quobyte-a98607ef-610d-4c3d-986c-e088e2a3a6f6" released by "delete_volume" :: held 1.183s {{(pid=93671) __release /opt/stack/cinder/cinder/coordination.py:152}}
Aug 26 18:58:38 devstack cinder-volume[93671]: DEBUG cinder.quota [None req-8c1b3b2f-0e6c-4db1-a16e-51860f6987c1 tempest-AttachVolumeNegativeTest-2019027492 None] Created reservations ['00dd2ac6-29ca-4ca9-b409-67ece8b08346', '42b1777f-982c-4dc9-ac9b-f9e29bfbf5ac', 'e1cf3780-0d8c-45b2-b8fe-a99681b82f9c', '0d787387-cbb4-40ca-80bc-97a2d5936ef1'] {{(pid=93671) reserve /opt/stack/cinder/cinder/quota.py:752}}
Aug 26 18:58:38 devstack cinder-volume[93671]: DEBUG oslo_concurrency.lockutils [None req-8c1b3b2f-0e6c-4db1-a16e-51860f6987c1 tempest-AttachVolumeNegativeTest-2019027492 None] Acquiring lock "quobyte_ensure" by "cinder.volume.drivers.quobyte.QuobyteDriver._ensure_shares_mounted" {{(pid=93671) inner /opt/stack/data/venv/lib/python3.12/site-packages/oslo_concurrency/lockutils.py:512}}
Aug 26 18:58:38 devstack cinder-volume[93671]: DEBUG oslo_concurrency.lockutils [None req-8c1b3b2f-0e6c-4db1-a16e-51860f6987c1 tempest-AttachVolumeNegativeTest-2019027492 None] Lock "quobyte_ensure" acquired by "cinder.volume.drivers.quobyte.QuobyteDriver._ensure_shares_mounted" :: waited 0.001s {{(pid=93671) inner /opt/stack/data/venv/lib/python3.12/site-packages/oslo_concurrency/lockutils.py:525}}
Aug 26 18:58:38 devstack cinder-volume[93671]: DEBUG cinder.volume.drivers.quobyte [None req-8c1b3b2f-0e6c-4db1-a16e-51860f6987c1 tempest-AttachVolumeNegativeTest-2019027492 None] Quobyte Volume URL set to: {'osci02.corp.quobyte.com/cinder-vol-559f0275-05b6-41f4-b287-59137b357935': None} {{(pid=93671) _load_shares_config /opt/stack/cinder/cinder/volume/drivers/quobyte.py:662}}
Aug 26 18:58:38 devstack cinder-volume[93671]: DEBUG cinder.volume.drivers.quobyte [None req-8c1b3b2f-0e6c-4db1-a16e-51860f6987c1 tempest-AttachVolumeNegativeTest-2019027492 None] Available shares ['osci02.corp.quobyte.com/cinder-vol-559f0275-05b6-41f4-b287-59137b357935'] {{(pid=93671) _ensure_shares_mounted /opt/stack/cinder/cinder/volume/drivers/quobyte.py:692}}
Aug 26 18:58:38 devstack cinder-volume[93671]: DEBUG oslo_concurrency.lockutils [None req-8c1b3b2f-0e6c-4db1-a16e-51860f6987c1 tempest-AttachVolumeNegativeTest-2019027492 None] Lock "quobyte_ensure" "released" by "cinder.volume.drivers.quobyte.QuobyteDriver._ensure_shares_mounted" :: held 0.011s {{(pid=93671) inner /opt/stack/data/venv/lib/python3.12/site-packages/oslo_concurrency/lockutils.py:544}}
Aug 26 18:58:38 devstack cinder-volume[93671]: DEBUG oslo_concurrency.processutils [None req-8c1b3b2f-0e6c-4db1-a16e-51860f6987c1 tempest-AttachVolumeNegativeTest-2019027492 None] Running cmd (subprocess): sudo cinder-rootwrap /etc/cinder/rootwrap.conf df --portability --block-size 1 /opt/stack/data/cinder/mnt/7d61fb5678d682bbf5523e8661f67d33 {{(pid=93671) execute /opt/stack/data/venv/lib/python3.12/site-packages/oslo_concurrency/processutils.py:440}}
Aug 26 18:58:38 devstack sudo[102270]: quobyte : PWD=/ ; USER=root ; COMMAND=/opt/stack/data/venv/bin/cinder-rootwrap /etc/cinder/rootwrap.conf df --portability --block-size 1 /opt/stack/data/cinder/mnt/7d61fb5678d682bbf5523e8661f67d33
Aug 26 18:58:38 devstack sudo[102270]: pam_unix(sudo:session): session opened for user root(uid=0) by (uid=1000)
Aug 26 18:58:38 devstack cinder-volume[93671]: DEBUG oslo_concurrency.lockutils [req-f9d92534-06c9-42a6-8313-20ee1f199439 req-e8f15067-956d-44b9-9bf7-a0cde400c02a tempest-VolumesSnapshotsTestJSON-921246163 None] Acquiring lock "quobyte" by "cinder.volume.drivers.quobyte.QuobyteDriver.create_snapshot" {{(pid=93671) inner /opt/stack/data/venv/lib/python3.12/site-packages/oslo_concurrency/lockutils.py:512}}
Aug 26 18:58:38 devstack cinder-volume[93671]: DEBUG oslo_concurrency.lockutils [req-f9d92534-06c9-42a6-8313-20ee1f199439 req-e8f15067-956d-44b9-9bf7-a0cde400c02a tempest-VolumesSnapshotsTestJSON-921246163 None] Lock "quobyte" acquired by "cinder.volume.drivers.quobyte.QuobyteDriver.create_snapshot" :: waited 0.002s {{(pid=93671) inner /opt/stack/data/venv/lib/python3.12/site-packages/oslo_concurrency/lockutils.py:525}}
Aug 26 18:58:38 devstack cinder-volume[93671]: DEBUG cinder.volume.drivers.remotefs [req-f9d92534-06c9-42a6-8313-20ee1f199439 req-e8f15067-956d-44b9-9bf7-a0cde400c02a tempest-VolumesSnapshotsTestJSON-921246163 None] Creating offline snapshot 40c14558-6de2-48ec-8324-f3437236e99e of volume 971f616e-a761-4d2f-82f6-2df9712e6c81 {{(pid=93671) _create_snapshot /opt/stack/cinder/cinder/volume/drivers/remotefs.py:1816}}
Aug 26 18:58:38 devstack cinder-volume[93671]: DEBUG oslo.privsep.daemon [-] privsep: reply[c21e8281-49bc-4f48-900c-753e49f1dcdb]: (4, 'qcow2') {{(pid=94687) _call_back /opt/stack/data/venv/lib/python3.12/site-packages/oslo_privsep/daemon.py:580}}
Aug 26 18:58:38 devstack cinder-volume[93671]: DEBUG oslo_concurrency.processutils [req-f9d92534-06c9-42a6-8313-20ee1f199439 req-e8f15067-956d-44b9-9bf7-a0cde400c02a tempest-VolumesSnapshotsTestJSON-921246163 None] Running cmd (subprocess): /opt/stack/data/venv/bin/python3.12 -m oslo_concurrency.prlimit --as=1073741824 --cpu=60 -- sudo cinder-rootwrap /etc/cinder/rootwrap.conf env LC_ALL=C qemu-img info -f qcow2 --output=json --force-share /opt/stack/data/cinder/mnt/7d61fb5678d682bbf5523e8661f67d33/volume-971f616e-a761-4d2f-82f6-2df9712e6c81 {{(pid=93671) execute /opt/stack/data/venv/lib/python3.12/site-packages/oslo_concurrency/processutils.py:440}}
Aug 26 18:58:38 devstack sudo[102270]: pam_unix(sudo:session): session closed for user root
Aug 26 18:58:38 devstack cinder-volume[93671]: DEBUG oslo_concurrency.processutils [None req-8c1b3b2f-0e6c-4db1-a16e-51860f6987c1 tempest-AttachVolumeNegativeTest-2019027492 None] CMD "sudo cinder-rootwrap /etc/cinder/rootwrap.conf df --portability --block-size 1 /opt/stack/data/cinder/mnt/7d61fb5678d682bbf5523e8661f67d33" returned: 0 in 0.302s {{(pid=93671) execute /opt/stack/data/venv/lib/python3.12/site-packages/oslo_concurrency/processutils.py:468}}
Aug 26 18:58:38 devstack cinder-volume[93671]: DEBUG cinder.manager [None req-8c1b3b2f-0e6c-4db1-a16e-51860f6987c1 tempest-AttachVolumeNegativeTest-2019027492 None] Notifying Schedulers of capabilities ... {{(pid=93671) _publish_service_capabilities /opt/stack/cinder/cinder/manager.py:219}}
Aug 26 18:58:38 devstack cinder-volume[93671]: INFO cinder.volume.manager [None req-8c1b3b2f-0e6c-4db1-a16e-51860f6987c1 tempest-AttachVolumeNegativeTest-2019027492 None] Deleted volume successfully.
Aug 26 18:58:38 devstack sudo[102272]: quobyte : PWD=/ ; USER=root ; COMMAND=/opt/stack/data/venv/bin/cinder-rootwrap /etc/cinder/rootwrap.conf env LC_ALL=C qemu-img info -f qcow2 --output=json --force-share /opt/stack/data/cinder/mnt/7d61fb5678d682bbf5523e8661f67d33/volume-971f616e-a761-4d2f-82f6-2df9712e6c81
Aug 26 18:58:38 devstack sudo[102272]: pam_unix(sudo:session): session opened for user root(uid=0) by (uid=1000)
Aug 26 18:58:38 devstack cinder-volume[93671]: DEBUG cinder.coordination [None req-8c1b3b2f-0e6c-4db1-a16e-51860f6987c1 tempest-AttachVolumeNegativeTest-2019027492 None] Lock "cinder-a98607ef-610d-4c3d-986c-e088e2a3a6f6-delete_volume" released by "delete_volume" :: held 1.825s {{(pid=93671) __release /opt/stack/cinder/cinder/coordination.py:152}}
Aug 26 18:58:38 devstack sudo[102272]: pam_unix(sudo:session): session closed for user root
Aug 26 18:58:38 devstack cinder-volume[93671]: DEBUG oslo_concurrency.processutils [req-f9d92534-06c9-42a6-8313-20ee1f199439 req-e8f15067-956d-44b9-9bf7-a0cde400c02a tempest-VolumesSnapshotsTestJSON-921246163 None] CMD "/opt/stack/data/venv/bin/python3.12 -m oslo_concurrency.prlimit --as=1073741824 --cpu=60 -- sudo cinder-rootwrap /etc/cinder/rootwrap.conf env LC_ALL=C qemu-img info -f qcow2 --output=json --force-share /opt/stack/data/cinder/mnt/7d61fb5678d682bbf5523e8661f67d33/volume-971f616e-a761-4d2f-82f6-2df9712e6c81" returned: 0 in 0.452s {{(pid=93671) execute /opt/stack/data/venv/lib/python3.12/site-packages/oslo_concurrency/processutils.py:468}}
Aug 26 18:58:38 devstack cinder-volume[93671]: DEBUG oslo_concurrency.processutils [req-f9d92534-06c9-42a6-8313-20ee1f199439 req-e8f15067-956d-44b9-9bf7-a0cde400c02a tempest-VolumesSnapshotsTestJSON-921246163 None] Running cmd (subprocess): sudo cinder-rootwrap /etc/cinder/rootwrap.conf qemu-img create -f qcow2 -o backing_file=/opt/stack/data/cinder/mnt/7d61fb5678d682bbf5523e8661f67d33/volume-971f616e-a761-4d2f-82f6-2df9712e6c81,backing_fmt=qcow2 /opt/stack/data/cinder/mnt/7d61fb5678d682bbf5523e8661f67d33/volume-971f616e-a761-4d2f-82f6-2df9712e6c81.40c14558-6de2-48ec-8324-f3437236e99e 1G {{(pid=93671) execute /opt/stack/data/venv/lib/python3.12/site-packages/oslo_concurrency/processutils.py:440}}
Aug 26 18:58:38 devstack sudo[102278]: quobyte : PWD=/ ; USER=root ; COMMAND=/opt/stack/data/venv/bin/cinder-rootwrap /etc/cinder/rootwrap.conf qemu-img create -f qcow2 -o backing_file=/opt/stack/data/cinder/mnt/7d61fb5678d682bbf5523e8661f67d33/volume-971f616e-a761-4d2f-82f6-2df9712e6c81,backing_fmt=qcow2 /opt/stack/data/cinder/mnt/7d61fb5678d682bbf5523e8661f67d33/volume-971f616e-a761-4d2f-82f6-2df9712e6c81.40c14558-6de2-48ec-8324-f3437236e99e 1G
Aug 26 18:58:38 devstack sudo[102278]: pam_unix(sudo:session): session opened for user root(uid=0) by (uid=1000)
Aug 26 18:58:39 devstack sudo[102278]: pam_unix(sudo:session): session closed for user root
Aug 26 18:58:39 devstack cinder-volume[93671]: DEBUG oslo_concurrency.processutils [req-f9d92534-06c9-42a6-8313-20ee1f199439 req-e8f15067-956d-44b9-9bf7-a0cde400c02a tempest-VolumesSnapshotsTestJSON-921246163 None] CMD "sudo cinder-rootwrap /etc/cinder/rootwrap.conf qemu-img create -f qcow2 -o backing_file=/opt/stack/data/cinder/mnt/7d61fb5678d682bbf5523e8661f67d33/volume-971f616e-a761-4d2f-82f6-2df9712e6c81,backing_fmt=qcow2 /opt/stack/data/cinder/mnt/7d61fb5678d682bbf5523e8661f67d33/volume-971f616e-a761-4d2f-82f6-2df9712e6c81.40c14558-6de2-48ec-8324-f3437236e99e 1G" returned: 0 in 0.629s {{(pid=93671) execute /opt/stack/data/venv/lib/python3.12/site-packages/oslo_concurrency/processutils.py:468}}
Aug 26 18:58:39 devstack cinder-volume[93671]: DEBUG oslo_concurrency.processutils [req-f9d92534-06c9-42a6-8313-20ee1f199439 req-e8f15067-956d-44b9-9bf7-a0cde400c02a tempest-VolumesSnapshotsTestJSON-921246163 None] Running cmd (subprocess): sudo cinder-rootwrap /etc/cinder/rootwrap.conf qemu-img rebase -u -b volume-971f616e-a761-4d2f-82f6-2df9712e6c81 -F qcow2 /opt/stack/data/cinder/mnt/7d61fb5678d682bbf5523e8661f67d33/volume-971f616e-a761-4d2f-82f6-2df9712e6c81.40c14558-6de2-48ec-8324-f3437236e99e {{(pid=93671) execute /opt/stack/data/venv/lib/python3.12/site-packages/oslo_concurrency/processutils.py:440}}
Aug 26 18:58:39 devstack sudo[102286]: quobyte : PWD=/ ; USER=root ; COMMAND=/opt/stack/data/venv/bin/cinder-rootwrap /etc/cinder/rootwrap.conf qemu-img rebase -u -b volume-971f616e-a761-4d2f-82f6-2df9712e6c81 -F qcow2 /opt/stack/data/cinder/mnt/7d61fb5678d682bbf5523e8661f67d33/volume-971f616e-a761-4d2f-82f6-2df9712e6c81.40c14558-6de2-48ec-8324-f3437236e99e
Aug 26 18:58:39 devstack sudo[102286]: pam_unix(sudo:session): session opened for user root(uid=0) by (uid=1000)
Aug 26 18:58:39 devstack sudo[102286]: pam_unix(sudo:session): session closed for user root
Aug 26 18:58:39 devstack cinder-volume[93671]: DEBUG oslo_concurrency.processutils [req-f9d92534-06c9-42a6-8313-20ee1f199439 req-e8f15067-956d-44b9-9bf7-a0cde400c02a tempest-VolumesSnapshotsTestJSON-921246163 None] CMD "sudo cinder-rootwrap /etc/cinder/rootwrap.conf qemu-img rebase -u -b volume-971f616e-a761-4d2f-82f6-2df9712e6c81 -F qcow2 /opt/stack/data/cinder/mnt/7d61fb5678d682bbf5523e8661f67d33/volume-971f616e-a761-4d2f-82f6-2df9712e6c81.40c14558-6de2-48ec-8324-f3437236e99e" returned: 0 in 0.431s {{(pid=93671) execute /opt/stack/data/venv/lib/python3.12/site-packages/oslo_concurrency/processutils.py:468}}
Aug 26 18:58:39 devstack cinder-volume[93671]: WARNING cinder.volume.drivers.remotefs [req-f9d92534-06c9-42a6-8313-20ee1f199439 req-e8f15067-956d-44b9-9bf7-a0cde400c02a tempest-VolumesSnapshotsTestJSON-921246163 None] /opt/stack/data/cinder/mnt/7d61fb5678d682bbf5523e8661f67d33/volume-971f616e-a761-4d2f-82f6-2df9712e6c81.40c14558-6de2-48ec-8324-f3437236e99e is being set with open permissions: ugo+rw
Aug 26 18:58:39 devstack cinder-volume[93671]: DEBUG oslo_concurrency.processutils [req-f9d92534-06c9-42a6-8313-20ee1f199439 req-e8f15067-956d-44b9-9bf7-a0cde400c02a tempest-VolumesSnapshotsTestJSON-921246163 None] Running cmd (subprocess): sudo cinder-rootwrap /etc/cinder/rootwrap.conf chmod ugo+rw /opt/stack/data/cinder/mnt/7d61fb5678d682bbf5523e8661f67d33/volume-971f616e-a761-4d2f-82f6-2df9712e6c81.40c14558-6de2-48ec-8324-f3437236e99e {{(pid=93671) execute /opt/stack/data/venv/lib/python3.12/site-packages/oslo_concurrency/processutils.py:440}}
Aug 26 18:58:39 devstack sudo[102292]: quobyte : PWD=/ ; USER=root ; COMMAND=/opt/stack/data/venv/bin/cinder-rootwrap /etc/cinder/rootwrap.conf chmod ugo+rw /opt/stack/data/cinder/mnt/7d61fb5678d682bbf5523e8661f67d33/volume-971f616e-a761-4d2f-82f6-2df9712e6c81.40c14558-6de2-48ec-8324-f3437236e99e
Aug 26 18:58:39 devstack sudo[102292]: pam_unix(sudo:session): session opened for user root(uid=0) by (uid=1000)
Aug 26 18:58:40 devstack sudo[102292]: pam_unix(sudo:session): session closed for user root
Aug 26 18:58:40 devstack cinder-volume[93671]: DEBUG oslo_concurrency.processutils [req-f9d92534-06c9-42a6-8313-20ee1f199439 req-e8f15067-956d-44b9-9bf7-a0cde400c02a tempest-VolumesSnapshotsTestJSON-921246163 None] CMD "sudo cinder-rootwrap /etc/cinder/rootwrap.conf chmod ugo+rw /opt/stack/data/cinder/mnt/7d61fb5678d682bbf5523e8661f67d33/volume-971f616e-a761-4d2f-82f6-2df9712e6c81.40c14558-6de2-48ec-8324-f3437236e99e" returned: 0 in 0.313s {{(pid=93671) execute /opt/stack/data/venv/lib/python3.12/site-packages/oslo_concurrency/processutils.py:468}}
Aug 26 18:58:40 devstack cinder-volume[93671]: DEBUG oslo_concurrency.processutils [req-f9d92534-06c9-42a6-8313-20ee1f199439 req-e8f15067-956d-44b9-9bf7-a0cde400c02a tempest-VolumesSnapshotsTestJSON-921246163 None] Running cmd (subprocess): sudo cinder-rootwrap /etc/cinder/rootwrap.conf truncate -s0 /opt/stack/data/cinder/mnt/7d61fb5678d682bbf5523e8661f67d33/volume-971f616e-a761-4d2f-82f6-2df9712e6c81.info {{(pid=93671) execute /opt/stack/data/venv/lib/python3.12/site-packages/oslo_concurrency/processutils.py:440}}
Aug 26 18:58:40 devstack sudo[102302]: quobyte : PWD=/ ; USER=root ; COMMAND=/opt/stack/data/venv/bin/cinder-rootwrap /etc/cinder/rootwrap.conf truncate -s0 /opt/stack/data/cinder/mnt/7d61fb5678d682bbf5523e8661f67d33/volume-971f616e-a761-4d2f-82f6-2df9712e6c81.info
Aug 26 18:58:40 devstack sudo[102302]: pam_unix(sudo:session): session opened for user root(uid=0) by (uid=1000)
Aug 26 18:58:40 devstack sudo[102302]: pam_unix(sudo:session): session closed for user root
Aug 26 18:58:40 devstack cinder-volume[93671]: DEBUG oslo_concurrency.processutils [req-f9d92534-06c9-42a6-8313-20ee1f199439 req-e8f15067-956d-44b9-9bf7-a0cde400c02a tempest-VolumesSnapshotsTestJSON-921246163 None] CMD "sudo cinder-rootwrap /etc/cinder/rootwrap.conf truncate -s0 /opt/stack/data/cinder/mnt/7d61fb5678d682bbf5523e8661f67d33/volume-971f616e-a761-4d2f-82f6-2df9712e6c81.info" returned: 0 in 0.489s {{(pid=93671) execute /opt/stack/data/venv/lib/python3.12/site-packages/oslo_concurrency/processutils.py:468}}
Aug 26 18:58:40 devstack cinder-volume[93671]: WARNING cinder.volume.drivers.remotefs [req-f9d92534-06c9-42a6-8313-20ee1f199439 req-e8f15067-956d-44b9-9bf7-a0cde400c02a tempest-VolumesSnapshotsTestJSON-921246163 None] /opt/stack/data/cinder/mnt/7d61fb5678d682bbf5523e8661f67d33/volume-971f616e-a761-4d2f-82f6-2df9712e6c81.info is being set with open permissions: ugo+rw
Aug 26 18:58:40 devstack cinder-volume[93671]: DEBUG oslo_concurrency.processutils [req-f9d92534-06c9-42a6-8313-20ee1f199439 req-e8f15067-956d-44b9-9bf7-a0cde400c02a tempest-VolumesSnapshotsTestJSON-921246163 None] Running cmd (subprocess): sudo cinder-rootwrap /etc/cinder/rootwrap.conf chmod ugo+rw /opt/stack/data/cinder/mnt/7d61fb5678d682bbf5523e8661f67d33/volume-971f616e-a761-4d2f-82f6-2df9712e6c81.info {{(pid=93671) execute /opt/stack/data/venv/lib/python3.12/site-packages/oslo_concurrency/processutils.py:440}}
Aug 26 18:58:40 devstack sudo[102309]: quobyte : PWD=/ ; USER=root ; COMMAND=/opt/stack/data/venv/bin/cinder-rootwrap /etc/cinder/rootwrap.conf chmod ugo+rw /opt/stack/data/cinder/mnt/7d61fb5678d682bbf5523e8661f67d33/volume-971f616e-a761-4d2f-82f6-2df9712e6c81.info
Aug 26 18:58:40 devstack sudo[102309]: pam_unix(sudo:session): session opened for user root(uid=0) by (uid=1000)
Aug 26 18:58:41 devstack sudo[102309]: pam_unix(sudo:session): session closed for user root
Aug 26 18:58:41 devstack cinder-volume[93671]: DEBUG oslo_concurrency.processutils [req-f9d92534-06c9-42a6-8313-20ee1f199439 req-e8f15067-956d-44b9-9bf7-a0cde400c02a tempest-VolumesSnapshotsTestJSON-921246163 None] CMD "sudo cinder-rootwrap /etc/cinder/rootwrap.conf chmod ugo+rw /opt/stack/data/cinder/mnt/7d61fb5678d682bbf5523e8661f67d33/volume-971f616e-a761-4d2f-82f6-2df9712e6c81.info" returned: 0 in 0.413s {{(pid=93671) execute /opt/stack/data/venv/lib/python3.12/site-packages/oslo_concurrency/processutils.py:468}}
Aug 26 18:58:41 devstack cinder-volume[93671]: DEBUG oslo_concurrency.lockutils [req-f9d92534-06c9-42a6-8313-20ee1f199439 req-e8f15067-956d-44b9-9bf7-a0cde400c02a tempest-VolumesSnapshotsTestJSON-921246163 None] Lock "quobyte" "released" by "cinder.volume.drivers.quobyte.QuobyteDriver.create_snapshot" :: held 2.941s {{(pid=93671) inner /opt/stack/data/venv/lib/python3.12/site-packages/oslo_concurrency/lockutils.py:544}}
Aug 26 18:58:41 devstack cinder-volume[93671]: INFO cinder.volume.manager [req-f9d92534-06c9-42a6-8313-20ee1f199439 req-e8f15067-956d-44b9-9bf7-a0cde400c02a tempest-VolumesSnapshotsTestJSON-921246163 None] Create snapshot completed successfully
Aug 26 18:58:42 devstack cinder-volume[93671]: DEBUG cinder.coordination [req-d8f5353b-c0cb-4f70-947b-275bef29e295 req-48c7fd29-f84e-475f-8a2e-f9565ec664e2 tempest-VolumesSnapshotsTestJSON-921246163 None] Acquiring lock "cinder-40c14558-6de2-48ec-8324-f3437236e99e-delete_snapshot" by "delete_snapshot" {{(pid=93671) __acquire /opt/stack/cinder/cinder/coordination.py:138}}
Aug 26 18:58:42 devstack cinder-volume[93671]: DEBUG cinder.coordination [req-d8f5353b-c0cb-4f70-947b-275bef29e295 req-48c7fd29-f84e-475f-8a2e-f9565ec664e2 tempest-VolumesSnapshotsTestJSON-921246163 None] Lock "cinder-40c14558-6de2-48ec-8324-f3437236e99e-delete_snapshot" acquired by "delete_snapshot" :: waited 0.030s {{(pid=93671) __acquire /opt/stack/cinder/cinder/coordination.py:141}}
Aug 26 18:58:42 devstack cinder-volume[93671]: DEBUG cinder.coordination [req-d8f5353b-c0cb-4f70-947b-275bef29e295 req-48c7fd29-f84e-475f-8a2e-f9565ec664e2 tempest-VolumesSnapshotsTestJSON-921246163 None] Acquiring lock "cinder-quobyte-971f616e-a761-4d2f-82f6-2df9712e6c81" by "delete_snapshot" {{(pid=93671) __acquire /opt/stack/cinder/cinder/coordination.py:138}}
Aug 26 18:58:42 devstack cinder-volume[93671]: DEBUG cinder.coordination [req-d8f5353b-c0cb-4f70-947b-275bef29e295 req-48c7fd29-f84e-475f-8a2e-f9565ec664e2 tempest-VolumesSnapshotsTestJSON-921246163 None] Lock "cinder-quobyte-971f616e-a761-4d2f-82f6-2df9712e6c81" acquired by "delete_snapshot" :: waited 0.035s {{(pid=93671) __acquire /opt/stack/cinder/cinder/coordination.py:141}}
Aug 26 18:58:42 devstack cinder-volume[93671]: DEBUG cinder.coordination [req-d8f5353b-c0cb-4f70-947b-275bef29e295 req-48c7fd29-f84e-475f-8a2e-f9565ec664e2 tempest-VolumesSnapshotsTestJSON-921246163 None] Acquiring lock "cinder-quobyte-40c14558-6de2-48ec-8324-f3437236e99e" by "_delete_snapshot" {{(pid=93671) __acquire /opt/stack/cinder/cinder/coordination.py:138}}
Aug 26 18:58:42 devstack cinder-volume[93671]: DEBUG cinder.coordination [req-d8f5353b-c0cb-4f70-947b-275bef29e295 req-48c7fd29-f84e-475f-8a2e-f9565ec664e2 tempest-VolumesSnapshotsTestJSON-921246163 None] Lock "cinder-quobyte-40c14558-6de2-48ec-8324-f3437236e99e" acquired by "_delete_snapshot" :: waited 0.029s {{(pid=93671) __acquire /opt/stack/cinder/cinder/coordination.py:141}}
Aug 26 18:58:42 devstack cinder-volume[93671]: DEBUG cinder.volume.drivers.remotefs [req-d8f5353b-c0cb-4f70-947b-275bef29e295 req-48c7fd29-f84e-475f-8a2e-f9565ec664e2 tempest-VolumesSnapshotsTestJSON-921246163 None] Deleting offline snapshot 40c14558-6de2-48ec-8324-f3437236e99e of volume 971f616e-a761-4d2f-82f6-2df9712e6c81 {{(pid=93671) _delete_snapshot /opt/stack/cinder/cinder/volume/drivers/remotefs.py:1288}}
Aug 26 18:58:42 devstack cinder-volume[93671]: DEBUG cinder.volume.drivers.remotefs [req-d8f5353b-c0cb-4f70-947b-275bef29e295 req-48c7fd29-f84e-475f-8a2e-f9565ec664e2 tempest-VolumesSnapshotsTestJSON-921246163 None] snapshot_file for this snap is: volume-971f616e-a761-4d2f-82f6-2df9712e6c81.40c14558-6de2-48ec-8324-f3437236e99e {{(pid=93671) _delete_snapshot /opt/stack/cinder/cinder/volume/drivers/remotefs.py:1317}}
Aug 26 18:58:42 devstack cinder-volume[93671]: DEBUG oslo.privsep.daemon [-] privsep: reply[93d39675-cd5d-4c79-aec0-e19ead762131]: (4, 'qcow2') {{(pid=94687) _call_back /opt/stack/data/venv/lib/python3.12/site-packages/oslo_privsep/daemon.py:580}}
Aug 26 18:58:42 devstack cinder-volume[93671]: DEBUG oslo_concurrency.processutils [req-d8f5353b-c0cb-4f70-947b-275bef29e295 req-48c7fd29-f84e-475f-8a2e-f9565ec664e2 tempest-VolumesSnapshotsTestJSON-921246163 None] Running cmd (subprocess): /opt/stack/data/venv/bin/python3.12 -m oslo_concurrency.prlimit --as=1073741824 --cpu=60 -- sudo cinder-rootwrap /etc/cinder/rootwrap.conf env LC_ALL=C qemu-img info -f qcow2 --output=json --force-share /opt/stack/data/cinder/mnt/7d61fb5678d682bbf5523e8661f67d33/volume-971f616e-a761-4d2f-82f6-2df9712e6c81.40c14558-6de2-48ec-8324-f3437236e99e {{(pid=93671) execute /opt/stack/data/venv/lib/python3.12/site-packages/oslo_concurrency/processutils.py:440}}
Aug 26 18:58:42 devstack sudo[102336]: quobyte : PWD=/ ; USER=root ; COMMAND=/opt/stack/data/venv/bin/cinder-rootwrap /etc/cinder/rootwrap.conf env LC_ALL=C qemu-img info -f qcow2 --output=json --force-share /opt/stack/data/cinder/mnt/7d61fb5678d682bbf5523e8661f67d33/volume-971f616e-a761-4d2f-82f6-2df9712e6c81.40c14558-6de2-48ec-8324-f3437236e99e
Aug 26 18:58:42 devstack sudo[102336]: pam_unix(sudo:session): session opened for user root(uid=0) by (uid=1000)
Aug 26 18:58:42 devstack sudo[102336]: pam_unix(sudo:session): session closed for user root
Aug 26 18:58:43 devstack cinder-volume[93671]: DEBUG oslo_concurrency.processutils [req-d8f5353b-c0cb-4f70-947b-275bef29e295 req-48c7fd29-f84e-475f-8a2e-f9565ec664e2 tempest-VolumesSnapshotsTestJSON-921246163 None] CMD "/opt/stack/data/venv/bin/python3.12 -m oslo_concurrency.prlimit --as=1073741824 --cpu=60 -- sudo cinder-rootwrap /etc/cinder/rootwrap.conf env LC_ALL=C qemu-img info -f qcow2 --output=json --force-share /opt/stack/data/cinder/mnt/7d61fb5678d682bbf5523e8661f67d33/volume-971f616e-a761-4d2f-82f6-2df9712e6c81.40c14558-6de2-48ec-8324-f3437236e99e" returned: 0 in 0.755s {{(pid=93671) execute /opt/stack/data/venv/lib/python3.12/site-packages/oslo_concurrency/processutils.py:468}}
Aug 26 18:58:43 devstack cinder-volume[93671]: DEBUG cinder.volume.drivers.remotefs [req-d8f5353b-c0cb-4f70-947b-275bef29e295 req-48c7fd29-f84e-475f-8a2e-f9565ec664e2 tempest-VolumesSnapshotsTestJSON-921246163 None] Fetching qemu-img info with special backing_file_template: (/opt/stack/data/cinder/mnt/[0-9a-f]+/)?(volume-971f616e-a761-4d2f-82f6-2df9712e6c81(.(tmp-snap-)?[0-9a-f-]+)?|volume_from_snapshot_cache/(tmp-snap-)?[0-9a-f-]+(.(child-|parent-)[0-9a-f-]+)?)$ {{(pid=93671) _qemu_img_info_base /opt/stack/cinder/cinder/volume/drivers/remotefs.py:896}}
Aug 26 18:58:43 devstack cinder-volume[93671]: DEBUG oslo.privsep.daemon [-] privsep: reply[d5f11e09-ac18-4347-9f64-2f41b7ed84b5]: (4, 'qcow2') {{(pid=94687) _call_back /opt/stack/data/venv/lib/python3.12/site-packages/oslo_privsep/daemon.py:580}}
Aug 26 18:58:43 devstack cinder-volume[93671]: DEBUG oslo_concurrency.processutils [req-d8f5353b-c0cb-4f70-947b-275bef29e295 req-48c7fd29-f84e-475f-8a2e-f9565ec664e2 tempest-VolumesSnapshotsTestJSON-921246163 None] Running cmd (subprocess): /opt/stack/data/venv/bin/python3.12 -m oslo_concurrency.prlimit --as=1073741824 --cpu=60 -- sudo cinder-rootwrap /etc/cinder/rootwrap.conf env LC_ALL=C qemu-img info -f qcow2 --output=json --force-share /opt/stack/data/cinder/mnt/7d61fb5678d682bbf5523e8661f67d33/volume-971f616e-a761-4d2f-82f6-2df9712e6c81 {{(pid=93671) execute /opt/stack/data/venv/lib/python3.12/site-packages/oslo_concurrency/processutils.py:440}}
Aug 26 18:58:43 devstack sudo[102354]: quobyte : PWD=/ ; USER=root ; COMMAND=/opt/stack/data/venv/bin/cinder-rootwrap /etc/cinder/rootwrap.conf env LC_ALL=C qemu-img info -f qcow2 --output=json --force-share /opt/stack/data/cinder/mnt/7d61fb5678d682bbf5523e8661f67d33/volume-971f616e-a761-4d2f-82f6-2df9712e6c81
Aug 26 18:58:43 devstack sudo[102354]: pam_unix(sudo:session): session opened for user root(uid=0) by (uid=1000)
Aug 26 18:58:43 devstack sudo[102354]: pam_unix(sudo:session): session closed for user root
Aug 26 18:58:43 devstack cinder-volume[93671]: DEBUG oslo_concurrency.processutils [req-d8f5353b-c0cb-4f70-947b-275bef29e295 req-48c7fd29-f84e-475f-8a2e-f9565ec664e2 tempest-VolumesSnapshotsTestJSON-921246163 None] CMD "/opt/stack/data/venv/bin/python3.12 -m oslo_concurrency.prlimit --as=1073741824 --cpu=60 -- sudo cinder-rootwrap /etc/cinder/rootwrap.conf env LC_ALL=C qemu-img info -f qcow2 --output=json --force-share /opt/stack/data/cinder/mnt/7d61fb5678d682bbf5523e8661f67d33/volume-971f616e-a761-4d2f-82f6-2df9712e6c81" returned: 0 in 0.563s {{(pid=93671) execute /opt/stack/data/venv/lib/python3.12/site-packages/oslo_concurrency/processutils.py:468}}
Aug 26 18:58:43 devstack cinder-volume[93671]: DEBUG oslo_concurrency.processutils [req-d8f5353b-c0cb-4f70-947b-275bef29e295 req-48c7fd29-f84e-475f-8a2e-f9565ec664e2 tempest-VolumesSnapshotsTestJSON-921246163 None] Running cmd (subprocess): sudo cinder-rootwrap /etc/cinder/rootwrap.conf qemu-img commit -d /opt/stack/data/cinder/mnt/7d61fb5678d682bbf5523e8661f67d33/volume-971f616e-a761-4d2f-82f6-2df9712e6c81.40c14558-6de2-48ec-8324-f3437236e99e {{(pid=93671) execute /opt/stack/data/venv/lib/python3.12/site-packages/oslo_concurrency/processutils.py:440}}
Aug 26 18:58:43 devstack sudo[102359]: quobyte : PWD=/ ; USER=root ; COMMAND=/opt/stack/data/venv/bin/cinder-rootwrap /etc/cinder/rootwrap.conf qemu-img commit -d /opt/stack/data/cinder/mnt/7d61fb5678d682bbf5523e8661f67d33/volume-971f616e-a761-4d2f-82f6-2df9712e6c81.40c14558-6de2-48ec-8324-f3437236e99e
Aug 26 18:58:43 devstack sudo[102359]: pam_unix(sudo:session): session opened for user root(uid=0) by (uid=1000)
Aug 26 18:58:44 devstack sudo[102359]: pam_unix(sudo:session): session closed for user root
Aug 26 18:58:44 devstack cinder-volume[93671]: DEBUG oslo_concurrency.processutils [req-d8f5353b-c0cb-4f70-947b-275bef29e295 req-48c7fd29-f84e-475f-8a2e-f9565ec664e2 tempest-VolumesSnapshotsTestJSON-921246163 None] CMD "sudo cinder-rootwrap /etc/cinder/rootwrap.conf qemu-img commit -d /opt/stack/data/cinder/mnt/7d61fb5678d682bbf5523e8661f67d33/volume-971f616e-a761-4d2f-82f6-2df9712e6c81.40c14558-6de2-48ec-8324-f3437236e99e" returned: 0 in 0.948s {{(pid=93671) execute /opt/stack/data/venv/lib/python3.12/site-packages/oslo_concurrency/processutils.py:468}}
Aug 26 18:58:44 devstack cinder-volume[93671]: DEBUG oslo_concurrency.processutils [req-d8f5353b-c0cb-4f70-947b-275bef29e295 req-48c7fd29-f84e-475f-8a2e-f9565ec664e2 tempest-VolumesSnapshotsTestJSON-921246163 None] Running cmd (subprocess): sudo cinder-rootwrap /etc/cinder/rootwrap.conf rm -f /opt/stack/data/cinder/mnt/7d61fb5678d682bbf5523e8661f67d33/volume-971f616e-a761-4d2f-82f6-2df9712e6c81.40c14558-6de2-48ec-8324-f3437236e99e {{(pid=93671) execute /opt/stack/data/venv/lib/python3.12/site-packages/oslo_concurrency/processutils.py:440}}
Aug 26 18:58:44 devstack sudo[102367]: quobyte : PWD=/ ; USER=root ; COMMAND=/opt/stack/data/venv/bin/cinder-rootwrap /etc/cinder/rootwrap.conf rm -f /opt/stack/data/cinder/mnt/7d61fb5678d682bbf5523e8661f67d33/volume-971f616e-a761-4d2f-82f6-2df9712e6c81.40c14558-6de2-48ec-8324-f3437236e99e
Aug 26 18:58:44 devstack sudo[102367]: pam_unix(sudo:session): session opened for user root(uid=0) by (uid=1000)
Aug 26 18:58:45 devstack sudo[102367]: pam_unix(sudo:session): session closed for user root
Aug 26 18:58:45 devstack cinder-volume[93671]: DEBUG oslo_concurrency.processutils [req-d8f5353b-c0cb-4f70-947b-275bef29e295 req-48c7fd29-f84e-475f-8a2e-f9565ec664e2 tempest-VolumesSnapshotsTestJSON-921246163 None] CMD "sudo cinder-rootwrap /etc/cinder/rootwrap.conf rm -f /opt/stack/data/cinder/mnt/7d61fb5678d682bbf5523e8661f67d33/volume-971f616e-a761-4d2f-82f6-2df9712e6c81.40c14558-6de2-48ec-8324-f3437236e99e" returned: 0 in 0.616s {{(pid=93671) execute /opt/stack/data/venv/lib/python3.12/site-packages/oslo_concurrency/processutils.py:468}}
Aug 26 18:58:45 devstack cinder-volume[93671]: DEBUG dbcounter [-] [93671] Writing DB stats cinder:SELECT=91,cinder:INSERT=23,cinder:UPDATE=72,cinder:DELETE=5 {{(pid=93671) stat_writer /opt/stack/data/venv/lib/python3.12/site-packages/dbcounter.py:115}}
Aug 26 18:58:45 devstack cinder-volume[93671]: DEBUG dbcounter [-] [93671] Writing DB stats cinder:UPDATE=82,cinder:SELECT=91,cinder:DELETE=8,cinder:INSERT=21 {{(pid=93671) stat_writer /opt/stack/data/venv/lib/python3.12/site-packages/dbcounter.py:115}}
Aug 26 18:58:45 devstack cinder-volume[93671]: DEBUG cinder.coordination [req-d8f5353b-c0cb-4f70-947b-275bef29e295 req-48c7fd29-f84e-475f-8a2e-f9565ec664e2 tempest-VolumesSnapshotsTestJSON-921246163 None] Lock "cinder-quobyte-40c14558-6de2-48ec-8324-f3437236e99e" released by "_delete_snapshot" :: held 3.196s {{(pid=93671) __release /opt/stack/cinder/cinder/coordination.py:152}}
Aug 26 18:58:45 devstack cinder-volume[93671]: DEBUG cinder.coordination [req-d8f5353b-c0cb-4f70-947b-275bef29e295 req-48c7fd29-f84e-475f-8a2e-f9565ec664e2 tempest-VolumesSnapshotsTestJSON-921246163 None] Lock "cinder-quobyte-971f616e-a761-4d2f-82f6-2df9712e6c81" released by "delete_snapshot" :: held 3.264s {{(pid=93671) __release /opt/stack/cinder/cinder/coordination.py:152}}
Aug 26 18:58:45 devstack cinder-volume[93671]: DEBUG cinder.quota [req-d8f5353b-c0cb-4f70-947b-275bef29e295 req-48c7fd29-f84e-475f-8a2e-f9565ec664e2 tempest-VolumesSnapshotsTestJSON-921246163 None] Created reservations ['87bc8cad-17d9-4846-80d9-a43d6a8530bf', '4c6d02ad-f43b-41a1-952a-aab1b3eaca7f', '946873bf-18c1-4d61-a5ed-91079dfc93b6', 'b968f0ed-b54f-4802-89e5-06c9881153cd'] {{(pid=93671) reserve /opt/stack/cinder/cinder/quota.py:752}}
Aug 26 18:58:45 devstack cinder-volume[93671]: INFO cinder.volume.manager [req-d8f5353b-c0cb-4f70-947b-275bef29e295 req-48c7fd29-f84e-475f-8a2e-f9565ec664e2 tempest-VolumesSnapshotsTestJSON-921246163 None] Delete snapshot completed successfully.
Aug 26 18:58:45 devstack cinder-volume[93671]: DEBUG cinder.coordination [req-d8f5353b-c0cb-4f70-947b-275bef29e295 req-48c7fd29-f84e-475f-8a2e-f9565ec664e2 tempest-VolumesSnapshotsTestJSON-921246163 None] Lock "cinder-40c14558-6de2-48ec-8324-f3437236e99e-delete_snapshot" released by "delete_snapshot" :: held 3.690s {{(pid=93671) __release /opt/stack/cinder/cinder/coordination.py:152}}
Aug 26 18:58:46 devstack cinder-volume[93671]: DEBUG cinder.coordination [req-f2c0fa64-725f-477a-a500-d3d17a5dfee0 req-cbf649aa-e14c-4d3c-847a-bfc327c72eba tempest-VolumesSnapshotsTestJSON-921246163 None] Acquiring lock "cinder-971f616e-a761-4d2f-82f6-2df9712e6c81-delete_volume" by "delete_volume" {{(pid=93671) __acquire /opt/stack/cinder/cinder/coordination.py:138}}
Aug 26 18:58:46 devstack cinder-volume[93671]: DEBUG cinder.coordination [req-f2c0fa64-725f-477a-a500-d3d17a5dfee0 req-cbf649aa-e14c-4d3c-847a-bfc327c72eba tempest-VolumesSnapshotsTestJSON-921246163 None] Lock "cinder-971f616e-a761-4d2f-82f6-2df9712e6c81-delete_volume" acquired by "delete_volume" :: waited 0.101s {{(pid=93671) __acquire /opt/stack/cinder/cinder/coordination.py:141}}
Aug 26 18:58:46 devstack cinder-volume[93671]: DEBUG cinder.coordination [req-f2c0fa64-725f-477a-a500-d3d17a5dfee0 req-cbf649aa-e14c-4d3c-847a-bfc327c72eba tempest-VolumesSnapshotsTestJSON-921246163 None] Acquiring lock "cinder-quobyte-971f616e-a761-4d2f-82f6-2df9712e6c81" by "delete_volume" {{(pid=93671) __acquire /opt/stack/cinder/cinder/coordination.py:138}}
Aug 26 18:58:46 devstack cinder-volume[93671]: DEBUG cinder.coordination [req-f2c0fa64-725f-477a-a500-d3d17a5dfee0 req-cbf649aa-e14c-4d3c-847a-bfc327c72eba tempest-VolumesSnapshotsTestJSON-921246163 None] Lock "cinder-quobyte-971f616e-a761-4d2f-82f6-2df9712e6c81" acquired by "delete_volume" :: waited 0.052s {{(pid=93671) __acquire /opt/stack/cinder/cinder/coordination.py:141}}
Aug 26 18:58:46 devstack cinder-volume[93671]: DEBUG oslo.privsep.daemon [-] privsep: reply[95e5e0eb-11b2-4a7d-951a-59991eede477]: (4, 'qcow2') {{(pid=94687) _call_back /opt/stack/data/venv/lib/python3.12/site-packages/oslo_privsep/daemon.py:580}}
Aug 26 18:58:46 devstack cinder-volume[93671]: DEBUG oslo_concurrency.processutils [req-f2c0fa64-725f-477a-a500-d3d17a5dfee0 req-cbf649aa-e14c-4d3c-847a-bfc327c72eba tempest-VolumesSnapshotsTestJSON-921246163 None] Running cmd (subprocess): /opt/stack/data/venv/bin/python3.12 -m oslo_concurrency.prlimit --as=1073741824 --cpu=60 -- sudo cinder-rootwrap /etc/cinder/rootwrap.conf env LC_ALL=C qemu-img info -f qcow2 --output=json --force-share /opt/stack/data/cinder/mnt/7d61fb5678d682bbf5523e8661f67d33/volume-971f616e-a761-4d2f-82f6-2df9712e6c81 {{(pid=93671) execute /opt/stack/data/venv/lib/python3.12/site-packages/oslo_concurrency/processutils.py:440}}
Aug 26 18:58:47 devstack sudo[102379]: quobyte : PWD=/ ; USER=root ; COMMAND=/opt/stack/data/venv/bin/cinder-rootwrap /etc/cinder/rootwrap.conf env LC_ALL=C qemu-img info -f qcow2 --output=json --force-share /opt/stack/data/cinder/mnt/7d61fb5678d682bbf5523e8661f67d33/volume-971f616e-a761-4d2f-82f6-2df9712e6c81
Aug 26 18:58:47 devstack sudo[102379]: pam_unix(sudo:session): session opened for user root(uid=0) by (uid=1000)
Aug 26 18:58:47 devstack sudo[102379]: pam_unix(sudo:session): session closed for user root
Aug 26 18:58:47 devstack cinder-volume[93671]: DEBUG oslo_concurrency.processutils [req-f2c0fa64-725f-477a-a500-d3d17a5dfee0 req-cbf649aa-e14c-4d3c-847a-bfc327c72eba tempest-VolumesSnapshotsTestJSON-921246163 None] CMD "/opt/stack/data/venv/bin/python3.12 -m oslo_concurrency.prlimit --as=1073741824 --cpu=60 -- sudo cinder-rootwrap /etc/cinder/rootwrap.conf env LC_ALL=C qemu-img info -f qcow2 --output=json --force-share /opt/stack/data/cinder/mnt/7d61fb5678d682bbf5523e8661f67d33/volume-971f616e-a761-4d2f-82f6-2df9712e6c81" returned: 0 in 0.702s {{(pid=93671) execute /opt/stack/data/venv/lib/python3.12/site-packages/oslo_concurrency/processutils.py:468}}
Aug 26 18:58:47 devstack cinder-volume[93671]: DEBUG oslo_concurrency.processutils [req-f2c0fa64-725f-477a-a500-d3d17a5dfee0 req-cbf649aa-e14c-4d3c-847a-bfc327c72eba tempest-VolumesSnapshotsTestJSON-921246163 None] Running cmd (subprocess): sudo cinder-rootwrap /etc/cinder/rootwrap.conf rm -f /opt/stack/data/cinder/mnt/7d61fb5678d682bbf5523e8661f67d33/volume-971f616e-a761-4d2f-82f6-2df9712e6c81 {{(pid=93671) execute /opt/stack/data/venv/lib/python3.12/site-packages/oslo_concurrency/processutils.py:440}}
Aug 26 18:58:47 devstack sudo[102386]: quobyte : PWD=/ ; USER=root ; COMMAND=/opt/stack/data/venv/bin/cinder-rootwrap /etc/cinder/rootwrap.conf rm -f /opt/stack/data/cinder/mnt/7d61fb5678d682bbf5523e8661f67d33/volume-971f616e-a761-4d2f-82f6-2df9712e6c81
Aug 26 18:58:47 devstack sudo[102386]: pam_unix(sudo:session): session opened for user root(uid=0) by (uid=1000)
Aug 26 18:58:48 devstack sudo[102386]: pam_unix(sudo:session): session closed for user root
Aug 26 18:58:48 devstack cinder-volume[93671]: DEBUG oslo_concurrency.processutils [req-f2c0fa64-725f-477a-a500-d3d17a5dfee0 req-cbf649aa-e14c-4d3c-847a-bfc327c72eba tempest-VolumesSnapshotsTestJSON-921246163 None] CMD "sudo cinder-rootwrap /etc/cinder/rootwrap.conf rm -f /opt/stack/data/cinder/mnt/7d61fb5678d682bbf5523e8661f67d33/volume-971f616e-a761-4d2f-82f6-2df9712e6c81" returned: 0 in 0.532s {{(pid=93671) execute /opt/stack/data/venv/lib/python3.12/site-packages/oslo_concurrency/processutils.py:468}}
Aug 26 18:58:48 devstack cinder-volume[93671]: DEBUG cinder.coordination [req-f2c0fa64-725f-477a-a500-d3d17a5dfee0 req-cbf649aa-e14c-4d3c-847a-bfc327c72eba tempest-VolumesSnapshotsTestJSON-921246163 None] Lock "cinder-quobyte-971f616e-a761-4d2f-82f6-2df9712e6c81" released by "delete_volume" :: held 1.364s {{(pid=93671) __release /opt/stack/cinder/cinder/coordination.py:152}}
Aug 26 18:58:48 devstack cinder-volume[93671]: DEBUG cinder.quota [req-f2c0fa64-725f-477a-a500-d3d17a5dfee0 req-cbf649aa-e14c-4d3c-847a-bfc327c72eba tempest-VolumesSnapshotsTestJSON-921246163 None] Created reservations ['26846b4f-968c-4184-adfc-9f1602eebfcf', '9287e67f-0b33-4fcc-9aa4-2538e683f997', '64f1477c-52f1-49a1-adee-00a30383a736', '76fe2356-3e11-4bf8-9cfe-2e70bb6a4d39'] {{(pid=93671) reserve /opt/stack/cinder/cinder/quota.py:752}}
Aug 26 18:58:48 devstack cinder-volume[93671]: DEBUG oslo_concurrency.lockutils [req-f2c0fa64-725f-477a-a500-d3d17a5dfee0 req-cbf649aa-e14c-4d3c-847a-bfc327c72eba tempest-VolumesSnapshotsTestJSON-921246163 None] Acquiring lock "quobyte_ensure" by "cinder.volume.drivers.quobyte.QuobyteDriver._ensure_shares_mounted" {{(pid=93671) inner /opt/stack/data/venv/lib/python3.12/site-packages/oslo_concurrency/lockutils.py:512}}
Aug 26 18:58:48 devstack cinder-volume[93671]: DEBUG oslo_concurrency.lockutils [req-f2c0fa64-725f-477a-a500-d3d17a5dfee0 req-cbf649aa-e14c-4d3c-847a-bfc327c72eba tempest-VolumesSnapshotsTestJSON-921246163 None] Lock "quobyte_ensure" acquired by "cinder.volume.drivers.quobyte.QuobyteDriver._ensure_shares_mounted" :: waited 0.001s {{(pid=93671) inner /opt/stack/data/venv/lib/python3.12/site-packages/oslo_concurrency/lockutils.py:525}}
Aug 26 18:58:48 devstack cinder-volume[93671]: DEBUG cinder.volume.drivers.quobyte [req-f2c0fa64-725f-477a-a500-d3d17a5dfee0 req-cbf649aa-e14c-4d3c-847a-bfc327c72eba tempest-VolumesSnapshotsTestJSON-921246163 None] Quobyte Volume URL set to: {'osci02.corp.quobyte.com/cinder-vol-559f0275-05b6-41f4-b287-59137b357935': None} {{(pid=93671) _load_shares_config /opt/stack/cinder/cinder/volume/drivers/quobyte.py:662}}
Aug 26 18:58:48 devstack cinder-volume[93671]: DEBUG cinder.volume.drivers.quobyte [req-f2c0fa64-725f-477a-a500-d3d17a5dfee0 req-cbf649aa-e14c-4d3c-847a-bfc327c72eba tempest-VolumesSnapshotsTestJSON-921246163 None] Available shares ['osci02.corp.quobyte.com/cinder-vol-559f0275-05b6-41f4-b287-59137b357935'] {{(pid=93671) _ensure_shares_mounted /opt/stack/cinder/cinder/volume/drivers/quobyte.py:692}}
Aug 26 18:58:48 devstack cinder-volume[93671]: DEBUG oslo_concurrency.lockutils [req-f2c0fa64-725f-477a-a500-d3d17a5dfee0 req-cbf649aa-e14c-4d3c-847a-bfc327c72eba tempest-VolumesSnapshotsTestJSON-921246163 None] Lock "quobyte_ensure" "released" by "cinder.volume.drivers.quobyte.QuobyteDriver._ensure_shares_mounted" :: held 0.018s {{(pid=93671) inner /opt/stack/data/venv/lib/python3.12/site-packages/oslo_concurrency/lockutils.py:544}}
Aug 26 18:58:48 devstack cinder-volume[93671]: DEBUG oslo_concurrency.processutils [req-f2c0fa64-725f-477a-a500-d3d17a5dfee0 req-cbf649aa-e14c-4d3c-847a-bfc327c72eba tempest-VolumesSnapshotsTestJSON-921246163 None] Running cmd (subprocess): sudo cinder-rootwrap /etc/cinder/rootwrap.conf df --portability --block-size 1 /opt/stack/data/cinder/mnt/7d61fb5678d682bbf5523e8661f67d33 {{(pid=93671) execute /opt/stack/data/venv/lib/python3.12/site-packages/oslo_concurrency/processutils.py:440}}
Aug 26 18:58:48 devstack sudo[102390]: quobyte : PWD=/ ; USER=root ; COMMAND=/opt/stack/data/venv/bin/cinder-rootwrap /etc/cinder/rootwrap.conf df --portability --block-size 1 /opt/stack/data/cinder/mnt/7d61fb5678d682bbf5523e8661f67d33
Aug 26 18:58:48 devstack sudo[102390]: pam_unix(sudo:session): session opened for user root(uid=0) by (uid=1000)
Aug 26 18:58:48 devstack sudo[102390]: pam_unix(sudo:session): session closed for user root
Aug 26 18:58:48 devstack cinder-volume[93671]: DEBUG oslo_concurrency.processutils [req-f2c0fa64-725f-477a-a500-d3d17a5dfee0 req-cbf649aa-e14c-4d3c-847a-bfc327c72eba tempest-VolumesSnapshotsTestJSON-921246163 None] CMD "sudo cinder-rootwrap /etc/cinder/rootwrap.conf df --portability --block-size 1 /opt/stack/data/cinder/mnt/7d61fb5678d682bbf5523e8661f67d33" returned: 0 in 0.415s {{(pid=93671) execute /opt/stack/data/venv/lib/python3.12/site-packages/oslo_concurrency/processutils.py:468}}
Aug 26 18:58:48 devstack cinder-volume[93671]: DEBUG cinder.manager [req-f2c0fa64-725f-477a-a500-d3d17a5dfee0 req-cbf649aa-e14c-4d3c-847a-bfc327c72eba tempest-VolumesSnapshotsTestJSON-921246163 None] Notifying Schedulers of capabilities ... {{(pid=93671) _publish_service_capabilities /opt/stack/cinder/cinder/manager.py:219}}
