Jun 08 13:42:08 devstack cinder-volume[86658]: DEBUG cinder.volume.drivers.quobyte [None req-dbacc38c-b319-42df-8b6a-7dea65e0b504 tempest-VolumesAdminNegativeTest-1239591818 None] Available shares ['osci02.corp.quobyte.com/cinder-vol-d6dcb806-a909-4cf5-8105-440fc736fb17'] {{(pid=86658) _ensure_shares_mounted /opt/stack/cinder/cinder/volume/drivers/quobyte.py:647}}
Jun 08 13:42:08 devstack cinder-volume[86658]: DEBUG oslo_concurrency.lockutils [None req-dbacc38c-b319-42df-8b6a-7dea65e0b504 tempest-VolumesAdminNegativeTest-1239591818 None] Lock "quobyte_ensure" "released" by "cinder.volume.drivers.quobyte.QuobyteDriver._ensure_shares_mounted" :: held 0.014s {{(pid=86658) inner /opt/stack/data/venv/lib/python3.12/site-packages/oslo_concurrency/lockutils.py:538}}
Jun 08 13:42:08 devstack cinder-volume[86658]: DEBUG oslo_concurrency.processutils [None req-dbacc38c-b319-42df-8b6a-7dea65e0b504 tempest-VolumesAdminNegativeTest-1239591818 None] Running cmd (subprocess): sudo cinder-rootwrap /etc/cinder/rootwrap.conf df --portability --block-size 1 /opt/stack/data/cinder/mnt/e99d7263e2f97107a7d072448f538fc0 {{(pid=86658) execute /opt/stack/data/venv/lib/python3.12/site-packages/oslo_concurrency/processutils.py:440}}
Jun 08 13:42:08 devstack sudo[88880]: quobyte : PWD=/ ; USER=root ; COMMAND=/opt/stack/data/venv/bin/cinder-rootwrap /etc/cinder/rootwrap.conf df --portability --block-size 1 /opt/stack/data/cinder/mnt/e99d7263e2f97107a7d072448f538fc0
Jun 08 13:42:08 devstack sudo[88880]: pam_unix(sudo:session): session opened for user root(uid=0) by (uid=1000)
Jun 08 13:42:09 devstack sudo[88873]: pam_unix(sudo:session): session closed for user root
Jun 08 13:42:09 devstack cinder-volume[86658]: DEBUG oslo_concurrency.processutils [None req-651b1784-1055-442e-9ffa-493f25b9a4d4 None None] CMD "sudo cinder-rootwrap /etc/cinder/rootwrap.conf df --portability --block-size 1 /opt/stack/data/cinder/mnt/e99d7263e2f97107a7d072448f538fc0" returned: 0 in 1.158s {{(pid=86658) execute /opt/stack/data/venv/lib/python3.12/site-packages/oslo_concurrency/processutils.py:468}}
Jun 08 13:42:09 devstack cinder-volume[86658]: DEBUG cinder.manager [None req-651b1784-1055-442e-9ffa-493f25b9a4d4 None None] Notifying Schedulers of capabilities ... {{(pid=86658) _publish_service_capabilities /opt/stack/cinder/cinder/manager.py:219}}
Jun 08 13:42:09 devstack cinder-volume[86658]: DEBUG oslo_service.periodic_task [None req-651b1784-1055-442e-9ffa-493f25b9a4d4 None None] Running periodic task VolumeManager._thread_info {{(pid=86658) run_periodic_tasks /opt/stack/data/venv/lib/python3.12/site-packages/oslo_service/periodic_task.py:210}}
Jun 08 13:42:09 devstack cinder-volume[86658]: DEBUG cinder.volume.manager [None req-651b1784-1055-442e-9ffa-493f25b9a4d4 None None] thread count: 8 {{(pid=86658) _thread_info /opt/stack/cinder/cinder/volume/manager.py:5473}}
Jun 08 13:42:09 devstack cinder-volume[86658]: DEBUG cinder.volume.manager [None req-651b1784-1055-442e-9ffa-493f25b9a4d4 None None] thread info: [<_MainThread(MainThread, started 128484717387904)>, , , , , , , ] {{(pid=86658) _thread_info /opt/stack/cinder/cinder/volume/manager.py:5474}}
Jun 08 13:42:09 devstack cinder-volume[86658]: INFO cinder.volume.manager [None req-10f4af3d-f608-4a2b-9950-427985695a7b tempest-GroupSnapshotsTest-10523348 None] GroupSnapshot 2b6cfbdb-7742-4c52-90af-147e35f68db5: creating.
Jun 08 13:42:09 devstack cinder-volume[86658]: DEBUG cinder.volume.manager [None req-10f4af3d-f608-4a2b-9950-427985695a7b tempest-GroupSnapshotsTest-10523348 None] Group snapshot 2b6cfbdb-7742-4c52-90af-147e35f68db5: creating. {{(pid=86658) create_group_snapshot /opt/stack/cinder/cinder/volume/manager.py:4176}}
Jun 08 13:42:09 devstack cinder-volume[86658]: DEBUG oslo_concurrency.lockutils [None req-10f4af3d-f608-4a2b-9950-427985695a7b tempest-GroupSnapshotsTest-10523348 None] Acquiring lock "quobyte" by "cinder.volume.drivers.quobyte.QuobyteDriver.create_snapshot" {{(pid=86658) inner /opt/stack/data/venv/lib/python3.12/site-packages/oslo_concurrency/lockutils.py:506}}
Jun 08 13:42:09 devstack cinder-volume[86658]: DEBUG oslo_concurrency.lockutils [None req-10f4af3d-f608-4a2b-9950-427985695a7b tempest-GroupSnapshotsTest-10523348 None] Lock "quobyte" acquired by "cinder.volume.drivers.quobyte.QuobyteDriver.create_snapshot" :: waited 0.001s {{(pid=86658) inner /opt/stack/data/venv/lib/python3.12/site-packages/oslo_concurrency/lockutils.py:519}}
Jun 08 13:42:09 devstack cinder-volume[86658]: DEBUG cinder.volume.drivers.remotefs [None req-10f4af3d-f608-4a2b-9950-427985695a7b tempest-GroupSnapshotsTest-10523348 None] Creating offline snapshot b0020c8f-3b08-4283-b732-a31281548277 of volume e162c53e-bf72-43e9-9fdd-d73e76d2bd57 {{(pid=86658) _create_snapshot /opt/stack/cinder/cinder/volume/drivers/remotefs.py:1816}}
Jun 08 13:42:10 devstack cinder-volume[86658]: DEBUG oslo.privsep.daemon [-] privsep: reply[5251ebad-334d-4b78-adf3-9050a1e8c6f1]: (4, 'qcow2') {{(pid=87328) _call_back /opt/stack/data/venv/lib/python3.12/site-packages/oslo_privsep/daemon.py:573}}
Jun 08 13:42:10 devstack cinder-volume[86658]: DEBUG oslo_concurrency.processutils [None req-10f4af3d-f608-4a2b-9950-427985695a7b tempest-GroupSnapshotsTest-10523348 None] Running cmd (subprocess): /opt/stack/data/venv/bin/python3.12 -m oslo_concurrency.prlimit --as=1073741824 --cpu=60 -- sudo cinder-rootwrap /etc/cinder/rootwrap.conf env LC_ALL=C qemu-img info -f qcow2 --output=json --force-share /opt/stack/data/cinder/mnt/e99d7263e2f97107a7d072448f538fc0/volume-e162c53e-bf72-43e9-9fdd-d73e76d2bd57 {{(pid=86658) execute /opt/stack/data/venv/lib/python3.12/site-packages/oslo_concurrency/processutils.py:440}}
Jun 08 13:42:10 devstack sudo[88880]: pam_unix(sudo:session): session closed for user root
Jun 08 13:42:10 devstack cinder-volume[86658]: DEBUG oslo_concurrency.processutils [None req-dbacc38c-b319-42df-8b6a-7dea65e0b504 tempest-VolumesAdminNegativeTest-1239591818 None] CMD "sudo cinder-rootwrap /etc/cinder/rootwrap.conf df --portability --block-size 1 /opt/stack/data/cinder/mnt/e99d7263e2f97107a7d072448f538fc0" returned: 0 in 1.747s {{(pid=86658) execute /opt/stack/data/venv/lib/python3.12/site-packages/oslo_concurrency/processutils.py:468}}
Jun 08 13:42:10 devstack cinder-volume[86658]: DEBUG cinder.manager [None req-dbacc38c-b319-42df-8b6a-7dea65e0b504 tempest-VolumesAdminNegativeTest-1239591818 None] Notifying Schedulers of capabilities ... {{(pid=86658) _publish_service_capabilities /opt/stack/cinder/cinder/manager.py:219}}
Jun 08 13:42:10 devstack cinder-volume[86658]: INFO cinder.volume.manager [None req-dbacc38c-b319-42df-8b6a-7dea65e0b504 tempest-VolumesAdminNegativeTest-1239591818 None] Deleted volume successfully.
Jun 08 13:42:10 devstack cinder-volume[86658]: DEBUG cinder.coordination [None req-dbacc38c-b319-42df-8b6a-7dea65e0b504 tempest-VolumesAdminNegativeTest-1239591818 None] Lock "cinder-b6e937de-cc35-4867-87a3-23134ff76f82-delete_volume" released by "delete_volume" :: held 4.376s {{(pid=86658) __release /opt/stack/cinder/cinder/coordination.py:152}}
Jun 08 13:42:10 devstack sudo[88889]: quobyte : PWD=/ ; USER=root ; COMMAND=/opt/stack/data/venv/bin/cinder-rootwrap /etc/cinder/rootwrap.conf env LC_ALL=C qemu-img info -f qcow2 --output=json --force-share /opt/stack/data/cinder/mnt/e99d7263e2f97107a7d072448f538fc0/volume-e162c53e-bf72-43e9-9fdd-d73e76d2bd57
Jun 08 13:42:10 devstack sudo[88889]: pam_unix(sudo:session): session opened for user root(uid=0) by (uid=1000)
Jun 08 13:42:11 devstack sudo[88889]: pam_unix(sudo:session): session closed for user root
Jun 08 13:42:11 devstack cinder-volume[86658]: DEBUG oslo_concurrency.processutils [None req-10f4af3d-f608-4a2b-9950-427985695a7b tempest-GroupSnapshotsTest-10523348 None] CMD "/opt/stack/data/venv/bin/python3.12 -m oslo_concurrency.prlimit --as=1073741824 --cpu=60 -- sudo cinder-rootwrap /etc/cinder/rootwrap.conf env LC_ALL=C qemu-img info -f qcow2 --output=json --force-share /opt/stack/data/cinder/mnt/e99d7263e2f97107a7d072448f538fc0/volume-e162c53e-bf72-43e9-9fdd-d73e76d2bd57" returned: 0 in 1.665s {{(pid=86658) execute /opt/stack/data/venv/lib/python3.12/site-packages/oslo_concurrency/processutils.py:468}}
Jun 08 13:42:11 devstack cinder-volume[86658]: DEBUG oslo_concurrency.processutils [None req-10f4af3d-f608-4a2b-9950-427985695a7b tempest-GroupSnapshotsTest-10523348 None] Running cmd (subprocess): sudo cinder-rootwrap /etc/cinder/rootwrap.conf qemu-img create -f qcow2 -o backing_file=/opt/stack/data/cinder/mnt/e99d7263e2f97107a7d072448f538fc0/volume-e162c53e-bf72-43e9-9fdd-d73e76d2bd57,backing_fmt=qcow2 /opt/stack/data/cinder/mnt/e99d7263e2f97107a7d072448f538fc0/volume-e162c53e-bf72-43e9-9fdd-d73e76d2bd57.b0020c8f-3b08-4283-b732-a31281548277 1G {{(pid=86658) execute /opt/stack/data/venv/lib/python3.12/site-packages/oslo_concurrency/processutils.py:440}}
Jun 08 13:42:11 devstack sudo[88935]: quobyte : PWD=/ ; USER=root ; COMMAND=/opt/stack/data/venv/bin/cinder-rootwrap /etc/cinder/rootwrap.conf qemu-img create -f qcow2 -o backing_file=/opt/stack/data/cinder/mnt/e99d7263e2f97107a7d072448f538fc0/volume-e162c53e-bf72-43e9-9fdd-d73e76d2bd57,backing_fmt=qcow2 /opt/stack/data/cinder/mnt/e99d7263e2f97107a7d072448f538fc0/volume-e162c53e-bf72-43e9-9fdd-d73e76d2bd57.b0020c8f-3b08-4283-b732-a31281548277 1G
Jun 08 13:42:11 devstack sudo[88935]: pam_unix(sudo:session): session opened for user root(uid=0) by (uid=1000)
Jun 08 13:42:13 devstack sudo[88935]: pam_unix(sudo:session): session closed for user root
Jun 08 13:42:13 devstack cinder-volume[86658]: DEBUG oslo_concurrency.processutils [None req-10f4af3d-f608-4a2b-9950-427985695a7b tempest-GroupSnapshotsTest-10523348 None] CMD "sudo cinder-rootwrap /etc/cinder/rootwrap.conf qemu-img create -f qcow2 -o backing_file=/opt/stack/data/cinder/mnt/e99d7263e2f97107a7d072448f538fc0/volume-e162c53e-bf72-43e9-9fdd-d73e76d2bd57,backing_fmt=qcow2 /opt/stack/data/cinder/mnt/e99d7263e2f97107a7d072448f538fc0/volume-e162c53e-bf72-43e9-9fdd-d73e76d2bd57.b0020c8f-3b08-4283-b732-a31281548277 1G" returned: 0 in 1.352s {{(pid=86658) execute /opt/stack/data/venv/lib/python3.12/site-packages/oslo_concurrency/processutils.py:468}}
Jun 08 13:42:13 devstack cinder-volume[86658]: DEBUG oslo_concurrency.processutils [None req-10f4af3d-f608-4a2b-9950-427985695a7b tempest-GroupSnapshotsTest-10523348 None] Running cmd (subprocess): sudo cinder-rootwrap /etc/cinder/rootwrap.conf qemu-img rebase -u -b volume-e162c53e-bf72-43e9-9fdd-d73e76d2bd57 -F qcow2 /opt/stack/data/cinder/mnt/e99d7263e2f97107a7d072448f538fc0/volume-e162c53e-bf72-43e9-9fdd-d73e76d2bd57.b0020c8f-3b08-4283-b732-a31281548277 {{(pid=86658) execute /opt/stack/data/venv/lib/python3.12/site-packages/oslo_concurrency/processutils.py:440}}
Jun 08 13:42:13 devstack sudo[88943]: quobyte : PWD=/ ; USER=root ; COMMAND=/opt/stack/data/venv/bin/cinder-rootwrap /etc/cinder/rootwrap.conf qemu-img rebase -u -b volume-e162c53e-bf72-43e9-9fdd-d73e76d2bd57 -F qcow2 /opt/stack/data/cinder/mnt/e99d7263e2f97107a7d072448f538fc0/volume-e162c53e-bf72-43e9-9fdd-d73e76d2bd57.b0020c8f-3b08-4283-b732-a31281548277
Jun 08 13:42:13 devstack sudo[88943]: pam_unix(sudo:session): session opened for user root(uid=0) by (uid=1000)
Jun 08 13:42:13 devstack cinder-volume[86658]: INFO cinder.volume.manager [req-a639629a-cb98-43d2-b99a-6c7a059bfff5 req-2d06a63e-1e84-4852-80ef-bd7b702766f8 tempest-TaggedAttachmentsTest-1988966903 None] Terminate volume connection completed successfully.
Jun 08 13:42:13 devstack cinder-volume[86658]: DEBUG cinder.volume.manager [req-a639629a-cb98-43d2-b99a-6c7a059bfff5 req-2d06a63e-1e84-4852-80ef-bd7b702766f8 tempest-TaggedAttachmentsTest-1988966903 None] Deleting attachment faadc93a-18c7-4f7f-a87f-042a7998dff4. {{(pid=86658) attachment_delete /opt/stack/cinder/cinder/volume/manager.py:5056}}
Jun 08 13:42:14 devstack sudo[88943]: pam_unix(sudo:session): session closed for user root
Jun 08 13:42:14 devstack cinder-volume[86658]: DEBUG oslo_concurrency.processutils [None req-10f4af3d-f608-4a2b-9950-427985695a7b tempest-GroupSnapshotsTest-10523348 None] CMD "sudo cinder-rootwrap /etc/cinder/rootwrap.conf qemu-img rebase -u -b volume-e162c53e-bf72-43e9-9fdd-d73e76d2bd57 -F qcow2 /opt/stack/data/cinder/mnt/e99d7263e2f97107a7d072448f538fc0/volume-e162c53e-bf72-43e9-9fdd-d73e76d2bd57.b0020c8f-3b08-4283-b732-a31281548277" returned: 0 in 0.924s {{(pid=86658) execute /opt/stack/data/venv/lib/python3.12/site-packages/oslo_concurrency/processutils.py:468}}
Jun 08 13:42:14 devstack cinder-volume[86658]: WARNING cinder.volume.drivers.remotefs [None req-10f4af3d-f608-4a2b-9950-427985695a7b tempest-GroupSnapshotsTest-10523348 None] /opt/stack/data/cinder/mnt/e99d7263e2f97107a7d072448f538fc0/volume-e162c53e-bf72-43e9-9fdd-d73e76d2bd57.b0020c8f-3b08-4283-b732-a31281548277 is being set with open permissions: ugo+rw: NotImplementedError
Jun 08 13:42:14 devstack cinder-volume[86658]: DEBUG oslo_concurrency.processutils [None req-10f4af3d-f608-4a2b-9950-427985695a7b tempest-GroupSnapshotsTest-10523348 None] Running cmd (subprocess): sudo cinder-rootwrap /etc/cinder/rootwrap.conf chmod ugo+rw /opt/stack/data/cinder/mnt/e99d7263e2f97107a7d072448f538fc0/volume-e162c53e-bf72-43e9-9fdd-d73e76d2bd57.b0020c8f-3b08-4283-b732-a31281548277 {{(pid=86658) execute /opt/stack/data/venv/lib/python3.12/site-packages/oslo_concurrency/processutils.py:440}}
Jun 08 13:42:14 devstack sudo[88978]: quobyte : PWD=/ ; USER=root ; COMMAND=/opt/stack/data/venv/bin/cinder-rootwrap /etc/cinder/rootwrap.conf chmod ugo+rw /opt/stack/data/cinder/mnt/e99d7263e2f97107a7d072448f538fc0/volume-e162c53e-bf72-43e9-9fdd-d73e76d2bd57.b0020c8f-3b08-4283-b732-a31281548277
Jun 08 13:42:14 devstack sudo[88978]: pam_unix(sudo:session): session opened for user root(uid=0) by (uid=1000)
Jun 08 13:42:14 devstack sudo[88978]: pam_unix(sudo:session): session closed for user root
Jun 08 13:42:14 devstack cinder-volume[86658]: DEBUG oslo_concurrency.processutils [None req-10f4af3d-f608-4a2b-9950-427985695a7b tempest-GroupSnapshotsTest-10523348 None] CMD "sudo cinder-rootwrap /etc/cinder/rootwrap.conf chmod ugo+rw /opt/stack/data/cinder/mnt/e99d7263e2f97107a7d072448f538fc0/volume-e162c53e-bf72-43e9-9fdd-d73e76d2bd57.b0020c8f-3b08-4283-b732-a31281548277" returned: 0 in 0.638s {{(pid=86658) execute /opt/stack/data/venv/lib/python3.12/site-packages/oslo_concurrency/processutils.py:468}}
Jun 08 13:42:14 devstack cinder-volume[86658]: DEBUG oslo_concurrency.processutils [None req-10f4af3d-f608-4a2b-9950-427985695a7b tempest-GroupSnapshotsTest-10523348 None] Running cmd (subprocess): sudo cinder-rootwrap /etc/cinder/rootwrap.conf truncate -s0 /opt/stack/data/cinder/mnt/e99d7263e2f97107a7d072448f538fc0/volume-e162c53e-bf72-43e9-9fdd-d73e76d2bd57.info {{(pid=86658) execute /opt/stack/data/venv/lib/python3.12/site-packages/oslo_concurrency/processutils.py:440}}
Jun 08 13:42:14 devstack sudo[88983]: quobyte : PWD=/ ; USER=root ; COMMAND=/opt/stack/data/venv/bin/cinder-rootwrap /etc/cinder/rootwrap.conf truncate -s0 /opt/stack/data/cinder/mnt/e99d7263e2f97107a7d072448f538fc0/volume-e162c53e-bf72-43e9-9fdd-d73e76d2bd57.info
Jun 08 13:42:14 devstack sudo[88983]: pam_unix(sudo:session): session opened for user root(uid=0) by (uid=1000)
Jun 08 13:42:15 devstack sudo[88983]: pam_unix(sudo:session): session closed for user root
Jun 08 13:42:15 devstack cinder-volume[86658]: DEBUG oslo_concurrency.processutils [None req-10f4af3d-f608-4a2b-9950-427985695a7b tempest-GroupSnapshotsTest-10523348 None] CMD "sudo cinder-rootwrap /etc/cinder/rootwrap.conf truncate -s0 /opt/stack/data/cinder/mnt/e99d7263e2f97107a7d072448f538fc0/volume-e162c53e-bf72-43e9-9fdd-d73e76d2bd57.info" returned: 0 in 0.792s {{(pid=86658) execute /opt/stack/data/venv/lib/python3.12/site-packages/oslo_concurrency/processutils.py:468}}
Jun 08 13:42:15 devstack cinder-volume[86658]: WARNING cinder.volume.drivers.remotefs [None req-10f4af3d-f608-4a2b-9950-427985695a7b tempest-GroupSnapshotsTest-10523348 None] /opt/stack/data/cinder/mnt/e99d7263e2f97107a7d072448f538fc0/volume-e162c53e-bf72-43e9-9fdd-d73e76d2bd57.info is being set with open permissions: ugo+rw: NotImplementedError
Jun 08 13:42:15 devstack cinder-volume[86658]: DEBUG oslo_concurrency.processutils [None req-10f4af3d-f608-4a2b-9950-427985695a7b tempest-GroupSnapshotsTest-10523348 None] Running cmd (subprocess): sudo cinder-rootwrap /etc/cinder/rootwrap.conf chmod ugo+rw /opt/stack/data/cinder/mnt/e99d7263e2f97107a7d072448f538fc0/volume-e162c53e-bf72-43e9-9fdd-d73e76d2bd57.info {{(pid=86658) execute /opt/stack/data/venv/lib/python3.12/site-packages/oslo_concurrency/processutils.py:440}}
Jun 08 13:42:15 devstack sudo[88987]: quobyte : PWD=/ ; USER=root ; COMMAND=/opt/stack/data/venv/bin/cinder-rootwrap /etc/cinder/rootwrap.conf chmod ugo+rw /opt/stack/data/cinder/mnt/e99d7263e2f97107a7d072448f538fc0/volume-e162c53e-bf72-43e9-9fdd-d73e76d2bd57.info
Jun 08 13:42:15 devstack sudo[88987]: pam_unix(sudo:session): session opened for user root(uid=0) by (uid=1000)
Jun 08 13:42:16 devstack sudo[88987]: pam_unix(sudo:session): session closed for user root
Jun 08 13:42:16 devstack cinder-volume[86658]: DEBUG oslo_concurrency.processutils [None req-10f4af3d-f608-4a2b-9950-427985695a7b tempest-GroupSnapshotsTest-10523348 None] CMD "sudo cinder-rootwrap /etc/cinder/rootwrap.conf chmod ugo+rw /opt/stack/data/cinder/mnt/e99d7263e2f97107a7d072448f538fc0/volume-e162c53e-bf72-43e9-9fdd-d73e76d2bd57.info" returned: 0 in 0.626s {{(pid=86658) execute /opt/stack/data/venv/lib/python3.12/site-packages/oslo_concurrency/processutils.py:468}}
Jun 08 13:42:16 devstack cinder-volume[86658]: DEBUG oslo_concurrency.lockutils [None req-10f4af3d-f608-4a2b-9950-427985695a7b tempest-GroupSnapshotsTest-10523348 None] Lock "quobyte" "released" by "cinder.volume.drivers.quobyte.QuobyteDriver.create_snapshot" :: held 6.169s {{(pid=86658) inner /opt/stack/data/venv/lib/python3.12/site-packages/oslo_concurrency/lockutils.py:538}}
Jun 08 13:42:16 devstack cinder-volume[86658]: DEBUG oslo_concurrency.lockutils [None req-10f4af3d-f608-4a2b-9950-427985695a7b tempest-GroupSnapshotsTest-10523348 None] Acquiring lock "quobyte" by "cinder.volume.drivers.quobyte.QuobyteDriver.create_snapshot" {{(pid=86658) inner /opt/stack/data/venv/lib/python3.12/site-packages/oslo_concurrency/lockutils.py:506}}
Jun 08 13:42:16 devstack cinder-volume[86658]: DEBUG oslo_concurrency.lockutils [None req-10f4af3d-f608-4a2b-9950-427985695a7b tempest-GroupSnapshotsTest-10523348 None] Lock "quobyte" acquired by "cinder.volume.drivers.quobyte.QuobyteDriver.create_snapshot" :: waited 0.000s {{(pid=86658) inner /opt/stack/data/venv/lib/python3.12/site-packages/oslo_concurrency/lockutils.py:519}}
Jun 08 13:42:16 devstack cinder-volume[86658]: DEBUG cinder.volume.drivers.remotefs [None req-10f4af3d-f608-4a2b-9950-427985695a7b tempest-GroupSnapshotsTest-10523348 None] Creating offline snapshot ca4ea53f-3b7f-45b3-9469-7387255ff80e of volume 76ea3e3f-db1c-4c72-85a2-76ad23f7c952 {{(pid=86658) _create_snapshot /opt/stack/cinder/cinder/volume/drivers/remotefs.py:1816}}
Jun 08 13:42:16 devstack cinder-volume[86658]: DEBUG oslo.privsep.daemon [-] privsep: reply[b504d4df-cf40-4667-84dd-2f1d704b1c30]: (4, 'qcow2') {{(pid=87328) _call_back /opt/stack/data/venv/lib/python3.12/site-packages/oslo_privsep/daemon.py:573}}
Jun 08 13:42:16 devstack cinder-volume[86658]: DEBUG oslo_concurrency.processutils [None req-10f4af3d-f608-4a2b-9950-427985695a7b tempest-GroupSnapshotsTest-10523348 None] Running cmd (subprocess): /opt/stack/data/venv/bin/python3.12 -m oslo_concurrency.prlimit --as=1073741824 --cpu=60 -- sudo cinder-rootwrap /etc/cinder/rootwrap.conf env LC_ALL=C qemu-img info -f qcow2 --output=json --force-share /opt/stack/data/cinder/mnt/e99d7263e2f97107a7d072448f538fc0/volume-76ea3e3f-db1c-4c72-85a2-76ad23f7c952 {{(pid=86658) execute /opt/stack/data/venv/lib/python3.12/site-packages/oslo_concurrency/processutils.py:440}}
Jun 08 13:42:16 devstack sudo[88990]: quobyte : PWD=/ ; USER=root ; COMMAND=/opt/stack/data/venv/bin/cinder-rootwrap /etc/cinder/rootwrap.conf env LC_ALL=C qemu-img info -f qcow2 --output=json --force-share /opt/stack/data/cinder/mnt/e99d7263e2f97107a7d072448f538fc0/volume-76ea3e3f-db1c-4c72-85a2-76ad23f7c952
Jun 08 13:42:16 devstack sudo[88990]: pam_unix(sudo:session): session opened for user root(uid=0) by (uid=1000)
Jun 08 13:42:17 devstack sudo[88990]: pam_unix(sudo:session): session closed for user root
Jun 08 13:42:17 devstack cinder-volume[86658]: DEBUG oslo_concurrency.processutils [None req-10f4af3d-f608-4a2b-9950-427985695a7b tempest-GroupSnapshotsTest-10523348 None] CMD "/opt/stack/data/venv/bin/python3.12 -m oslo_concurrency.prlimit --as=1073741824 --cpu=60 -- sudo cinder-rootwrap /etc/cinder/rootwrap.conf env LC_ALL=C qemu-img info -f qcow2 --output=json --force-share /opt/stack/data/cinder/mnt/e99d7263e2f97107a7d072448f538fc0/volume-76ea3e3f-db1c-4c72-85a2-76ad23f7c952" returned: 0 in 0.971s {{(pid=86658) execute /opt/stack/data/venv/lib/python3.12/site-packages/oslo_concurrency/processutils.py:468}}
Jun 08 13:42:17 devstack cinder-volume[86658]: DEBUG oslo_concurrency.processutils [None req-10f4af3d-f608-4a2b-9950-427985695a7b tempest-GroupSnapshotsTest-10523348 None] Running cmd (subprocess): sudo cinder-rootwrap /etc/cinder/rootwrap.conf qemu-img create -f qcow2 -o backing_file=/opt/stack/data/cinder/mnt/e99d7263e2f97107a7d072448f538fc0/volume-76ea3e3f-db1c-4c72-85a2-76ad23f7c952,backing_fmt=qcow2 /opt/stack/data/cinder/mnt/e99d7263e2f97107a7d072448f538fc0/volume-76ea3e3f-db1c-4c72-85a2-76ad23f7c952.ca4ea53f-3b7f-45b3-9469-7387255ff80e 1G {{(pid=86658) execute /opt/stack/data/venv/lib/python3.12/site-packages/oslo_concurrency/processutils.py:440}}
Jun 08 13:42:17 devstack sudo[89012]: quobyte : PWD=/ ; USER=root ; COMMAND=/opt/stack/data/venv/bin/cinder-rootwrap /etc/cinder/rootwrap.conf qemu-img create -f qcow2 -o backing_file=/opt/stack/data/cinder/mnt/e99d7263e2f97107a7d072448f538fc0/volume-76ea3e3f-db1c-4c72-85a2-76ad23f7c952,backing_fmt=qcow2 /opt/stack/data/cinder/mnt/e99d7263e2f97107a7d072448f538fc0/volume-76ea3e3f-db1c-4c72-85a2-76ad23f7c952.ca4ea53f-3b7f-45b3-9469-7387255ff80e 1G
Jun 08 13:42:17 devstack sudo[89012]: pam_unix(sudo:session): session opened for user root(uid=0) by (uid=1000)
Jun 08 13:42:18 devstack sudo[89012]: pam_unix(sudo:session): session closed for user root
Jun 08 13:42:18 devstack cinder-volume[86658]: DEBUG oslo_concurrency.processutils [None req-10f4af3d-f608-4a2b-9950-427985695a7b tempest-GroupSnapshotsTest-10523348 None] CMD "sudo cinder-rootwrap /etc/cinder/rootwrap.conf qemu-img create -f qcow2 -o backing_file=/opt/stack/data/cinder/mnt/e99d7263e2f97107a7d072448f538fc0/volume-76ea3e3f-db1c-4c72-85a2-76ad23f7c952,backing_fmt=qcow2 /opt/stack/data/cinder/mnt/e99d7263e2f97107a7d072448f538fc0/volume-76ea3e3f-db1c-4c72-85a2-76ad23f7c952.ca4ea53f-3b7f-45b3-9469-7387255ff80e 1G" returned: 0 in 1.132s {{(pid=86658) execute /opt/stack/data/venv/lib/python3.12/site-packages/oslo_concurrency/processutils.py:468}}
Jun 08 13:42:18 devstack cinder-volume[86658]: DEBUG oslo_concurrency.processutils [None req-10f4af3d-f608-4a2b-9950-427985695a7b tempest-GroupSnapshotsTest-10523348 None] Running cmd (subprocess): sudo cinder-rootwrap /etc/cinder/rootwrap.conf qemu-img rebase -u -b volume-76ea3e3f-db1c-4c72-85a2-76ad23f7c952 -F qcow2 /opt/stack/data/cinder/mnt/e99d7263e2f97107a7d072448f538fc0/volume-76ea3e3f-db1c-4c72-85a2-76ad23f7c952.ca4ea53f-3b7f-45b3-9469-7387255ff80e {{(pid=86658) execute /opt/stack/data/venv/lib/python3.12/site-packages/oslo_concurrency/processutils.py:440}}
Jun 08 13:42:18 devstack sudo[89020]: quobyte : PWD=/ ; USER=root ; COMMAND=/opt/stack/data/venv/bin/cinder-rootwrap /etc/cinder/rootwrap.conf qemu-img rebase -u -b volume-76ea3e3f-db1c-4c72-85a2-76ad23f7c952 -F qcow2 /opt/stack/data/cinder/mnt/e99d7263e2f97107a7d072448f538fc0/volume-76ea3e3f-db1c-4c72-85a2-76ad23f7c952.ca4ea53f-3b7f-45b3-9469-7387255ff80e
Jun 08 13:42:18 devstack sudo[89020]: pam_unix(sudo:session): session opened for user root(uid=0) by (uid=1000)
Jun 08 13:42:19 devstack sudo[89020]: pam_unix(sudo:session): session closed for user root
Jun 08 13:42:19 devstack cinder-volume[86658]: DEBUG oslo_concurrency.processutils [None req-10f4af3d-f608-4a2b-9950-427985695a7b tempest-GroupSnapshotsTest-10523348 None] CMD "sudo cinder-rootwrap /etc/cinder/rootwrap.conf qemu-img rebase -u -b volume-76ea3e3f-db1c-4c72-85a2-76ad23f7c952 -F qcow2 /opt/stack/data/cinder/mnt/e99d7263e2f97107a7d072448f538fc0/volume-76ea3e3f-db1c-4c72-85a2-76ad23f7c952.ca4ea53f-3b7f-45b3-9469-7387255ff80e" returned: 0 in 0.734s {{(pid=86658) execute /opt/stack/data/venv/lib/python3.12/site-packages/oslo_concurrency/processutils.py:468}}
Jun 08 13:42:19 devstack cinder-volume[86658]: WARNING cinder.volume.drivers.remotefs [None req-10f4af3d-f608-4a2b-9950-427985695a7b tempest-GroupSnapshotsTest-10523348 None] /opt/stack/data/cinder/mnt/e99d7263e2f97107a7d072448f538fc0/volume-76ea3e3f-db1c-4c72-85a2-76ad23f7c952.ca4ea53f-3b7f-45b3-9469-7387255ff80e is being set with open permissions: ugo+rw: NotImplementedError
Jun 08 13:42:19 devstack cinder-volume[86658]: DEBUG oslo_concurrency.processutils [None req-10f4af3d-f608-4a2b-9950-427985695a7b tempest-GroupSnapshotsTest-10523348 None] Running cmd (subprocess): sudo cinder-rootwrap /etc/cinder/rootwrap.conf chmod ugo+rw /opt/stack/data/cinder/mnt/e99d7263e2f97107a7d072448f538fc0/volume-76ea3e3f-db1c-4c72-85a2-76ad23f7c952.ca4ea53f-3b7f-45b3-9469-7387255ff80e {{(pid=86658) execute /opt/stack/data/venv/lib/python3.12/site-packages/oslo_concurrency/processutils.py:440}}
Jun 08 13:42:19 devstack sudo[89025]: quobyte : PWD=/ ; USER=root ; COMMAND=/opt/stack/data/venv/bin/cinder-rootwrap /etc/cinder/rootwrap.conf chmod ugo+rw /opt/stack/data/cinder/mnt/e99d7263e2f97107a7d072448f538fc0/volume-76ea3e3f-db1c-4c72-85a2-76ad23f7c952.ca4ea53f-3b7f-45b3-9469-7387255ff80e
Jun 08 13:42:19 devstack sudo[89025]: pam_unix(sudo:session): session opened for user root(uid=0) by (uid=1000)
Jun 08 13:42:19 devstack sudo[89025]: pam_unix(sudo:session): session closed for user root
Jun 08 13:42:19 devstack cinder-volume[86658]: DEBUG oslo_concurrency.processutils [None req-10f4af3d-f608-4a2b-9950-427985695a7b tempest-GroupSnapshotsTest-10523348 None] CMD "sudo cinder-rootwrap /etc/cinder/rootwrap.conf chmod ugo+rw /opt/stack/data/cinder/mnt/e99d7263e2f97107a7d072448f538fc0/volume-76ea3e3f-db1c-4c72-85a2-76ad23f7c952.ca4ea53f-3b7f-45b3-9469-7387255ff80e" returned: 0 in 0.645s {{(pid=86658) execute /opt/stack/data/venv/lib/python3.12/site-packages/oslo_concurrency/processutils.py:468}}
Jun 08 13:42:19 devstack cinder-volume[86658]: DEBUG oslo_concurrency.processutils [None req-10f4af3d-f608-4a2b-9950-427985695a7b tempest-GroupSnapshotsTest-10523348 None] Running cmd (subprocess): sudo cinder-rootwrap /etc/cinder/rootwrap.conf truncate -s0 /opt/stack/data/cinder/mnt/e99d7263e2f97107a7d072448f538fc0/volume-76ea3e3f-db1c-4c72-85a2-76ad23f7c952.info {{(pid=86658) execute /opt/stack/data/venv/lib/python3.12/site-packages/oslo_concurrency/processutils.py:440}}
Jun 08 13:42:19 devstack sudo[89029]: quobyte : PWD=/ ; USER=root ; COMMAND=/opt/stack/data/venv/bin/cinder-rootwrap /etc/cinder/rootwrap.conf truncate -s0 /opt/stack/data/cinder/mnt/e99d7263e2f97107a7d072448f538fc0/volume-76ea3e3f-db1c-4c72-85a2-76ad23f7c952.info
Jun 08 13:42:19 devstack sudo[89029]: pam_unix(sudo:session): session opened for user root(uid=0) by (uid=1000)
Jun 08 13:42:20 devstack sudo[89029]: pam_unix(sudo:session): session closed for user root
Jun 08 13:42:20 devstack cinder-volume[86658]: DEBUG oslo_concurrency.processutils [None req-10f4af3d-f608-4a2b-9950-427985695a7b tempest-GroupSnapshotsTest-10523348 None] CMD "sudo cinder-rootwrap /etc/cinder/rootwrap.conf truncate -s0 /opt/stack/data/cinder/mnt/e99d7263e2f97107a7d072448f538fc0/volume-76ea3e3f-db1c-4c72-85a2-76ad23f7c952.info" returned: 0 in 0.812s {{(pid=86658) execute /opt/stack/data/venv/lib/python3.12/site-packages/oslo_concurrency/processutils.py:468}}
Jun 08 13:42:20 devstack cinder-volume[86658]: WARNING cinder.volume.drivers.remotefs [None req-10f4af3d-f608-4a2b-9950-427985695a7b tempest-GroupSnapshotsTest-10523348 None] /opt/stack/data/cinder/mnt/e99d7263e2f97107a7d072448f538fc0/volume-76ea3e3f-db1c-4c72-85a2-76ad23f7c952.info is being set with open permissions: ugo+rw: NotImplementedError
Jun 08 13:42:20 devstack cinder-volume[86658]: DEBUG oslo_concurrency.processutils [None req-10f4af3d-f608-4a2b-9950-427985695a7b tempest-GroupSnapshotsTest-10523348 None] Running cmd (subprocess): sudo cinder-rootwrap /etc/cinder/rootwrap.conf chmod ugo+rw /opt/stack/data/cinder/mnt/e99d7263e2f97107a7d072448f538fc0/volume-76ea3e3f-db1c-4c72-85a2-76ad23f7c952.info {{(pid=86658) execute /opt/stack/data/venv/lib/python3.12/site-packages/oslo_concurrency/processutils.py:440}}
Jun 08 13:42:20 devstack sudo[89032]: quobyte : PWD=/ ; USER=root ; COMMAND=/opt/stack/data/venv/bin/cinder-rootwrap /etc/cinder/rootwrap.conf chmod ugo+rw /opt/stack/data/cinder/mnt/e99d7263e2f97107a7d072448f538fc0/volume-76ea3e3f-db1c-4c72-85a2-76ad23f7c952.info
Jun 08 13:42:20 devstack sudo[89032]: pam_unix(sudo:session): session opened for user root(uid=0) by (uid=1000)
Jun 08 13:42:21 devstack sudo[89032]: pam_unix(sudo:session): session closed for user root
Jun 08 13:42:21 devstack cinder-volume[86658]: DEBUG oslo_concurrency.processutils [None req-10f4af3d-f608-4a2b-9950-427985695a7b tempest-GroupSnapshotsTest-10523348 None] CMD "sudo cinder-rootwrap /etc/cinder/rootwrap.conf chmod ugo+rw /opt/stack/data/cinder/mnt/e99d7263e2f97107a7d072448f538fc0/volume-76ea3e3f-db1c-4c72-85a2-76ad23f7c952.info" returned: 0 in 0.829s {{(pid=86658) execute /opt/stack/data/venv/lib/python3.12/site-packages/oslo_concurrency/processutils.py:468}}
Jun 08 13:42:21 devstack cinder-volume[86658]: DEBUG oslo_concurrency.lockutils [None req-10f4af3d-f608-4a2b-9950-427985695a7b tempest-GroupSnapshotsTest-10523348 None] Lock "quobyte" "released" by "cinder.volume.drivers.quobyte.QuobyteDriver.create_snapshot" :: held 5.218s {{(pid=86658) inner /opt/stack/data/venv/lib/python3.12/site-packages/oslo_concurrency/lockutils.py:538}}
Jun 08 13:42:21 devstack cinder-volume[86658]: INFO cinder.volume.manager [None req-10f4af3d-f608-4a2b-9950-427985695a7b tempest-GroupSnapshotsTest-10523348 None] group_snapshot 2b6cfbdb-7742-4c52-90af-147e35f68db5: created successfully
Jun 08 13:42:21 devstack cinder-volume[86658]: INFO cinder.volume.manager [None req-c010aef1-e9fd-40b5-b67a-f4ac80ecbae9 tempest-GroupSnapshotsTest-10523348 None] group_snapshot 2b6cfbdb-7742-4c52-90af-147e35f68db5: deleting
Jun 08 13:42:21 devstack cinder-volume[86658]: DEBUG cinder.volume.manager [None req-c010aef1-e9fd-40b5-b67a-f4ac80ecbae9 tempest-GroupSnapshotsTest-10523348 None] group_snapshot 2b6cfbdb-7742-4c52-90af-147e35f68db5: deleting {{(pid=86658) delete_group_snapshot /opt/stack/cinder/cinder/volume/manager.py:4351}}
Jun 08 13:42:22 devstack cinder-volume[86658]: DEBUG cinder.coordination [None req-c010aef1-e9fd-40b5-b67a-f4ac80ecbae9 tempest-GroupSnapshotsTest-10523348 None] Acquiring lock "cinder-quobyte-e162c53e-bf72-43e9-9fdd-d73e76d2bd57" by "delete_snapshot" {{(pid=86658) __acquire /opt/stack/cinder/cinder/coordination.py:138}}
Jun 08 13:42:22 devstack cinder-volume[86658]: DEBUG cinder.coordination [None req-c010aef1-e9fd-40b5-b67a-f4ac80ecbae9 tempest-GroupSnapshotsTest-10523348 None] Lock "cinder-quobyte-e162c53e-bf72-43e9-9fdd-d73e76d2bd57" acquired by "delete_snapshot" :: waited 0.027s {{(pid=86658) __acquire /opt/stack/cinder/cinder/coordination.py:141}}
Jun 08 13:42:22 devstack cinder-volume[86658]: DEBUG cinder.coordination [None req-c010aef1-e9fd-40b5-b67a-f4ac80ecbae9 tempest-GroupSnapshotsTest-10523348 None] Acquiring lock "cinder-quobyte-b0020c8f-3b08-4283-b732-a31281548277" by "_delete_snapshot" {{(pid=86658) __acquire /opt/stack/cinder/cinder/coordination.py:138}}
Jun 08 13:42:22 devstack cinder-volume[86658]: DEBUG cinder.coordination [None req-c010aef1-e9fd-40b5-b67a-f4ac80ecbae9 tempest-GroupSnapshotsTest-10523348 None] Lock "cinder-quobyte-b0020c8f-3b08-4283-b732-a31281548277" acquired by "_delete_snapshot" :: waited 0.029s {{(pid=86658) __acquire /opt/stack/cinder/cinder/coordination.py:141}}
Jun 08 13:42:22 devstack cinder-volume[86658]: DEBUG cinder.volume.drivers.remotefs [None req-c010aef1-e9fd-40b5-b67a-f4ac80ecbae9 tempest-GroupSnapshotsTest-10523348 None] Deleting offline snapshot b0020c8f-3b08-4283-b732-a31281548277 of volume e162c53e-bf72-43e9-9fdd-d73e76d2bd57 {{(pid=86658) _delete_snapshot /opt/stack/cinder/cinder/volume/drivers/remotefs.py:1288}}
Jun 08 13:42:22 devstack cinder-volume[86658]: DEBUG cinder.volume.drivers.remotefs [None req-c010aef1-e9fd-40b5-b67a-f4ac80ecbae9 tempest-GroupSnapshotsTest-10523348 None] snapshot_file for this snap is: volume-e162c53e-bf72-43e9-9fdd-d73e76d2bd57.b0020c8f-3b08-4283-b732-a31281548277 {{(pid=86658) _delete_snapshot /opt/stack/cinder/cinder/volume/drivers/remotefs.py:1317}}
Jun 08 13:42:22 devstack cinder-volume[86658]: DEBUG oslo.privsep.daemon [-] privsep: reply[84b77630-635d-418b-b8cf-0c4001549fac]: (4, 'qcow2') {{(pid=87328) _call_back /opt/stack/data/venv/lib/python3.12/site-packages/oslo_privsep/daemon.py:573}}
Jun 08 13:42:22 devstack cinder-volume[86658]: DEBUG oslo_concurrency.processutils [None req-c010aef1-e9fd-40b5-b67a-f4ac80ecbae9 tempest-GroupSnapshotsTest-10523348 None] Running cmd (subprocess): /opt/stack/data/venv/bin/python3.12 -m oslo_concurrency.prlimit --as=1073741824 --cpu=60 -- sudo cinder-rootwrap /etc/cinder/rootwrap.conf env LC_ALL=C qemu-img info -f qcow2 --output=json --force-share /opt/stack/data/cinder/mnt/e99d7263e2f97107a7d072448f538fc0/volume-e162c53e-bf72-43e9-9fdd-d73e76d2bd57.b0020c8f-3b08-4283-b732-a31281548277 {{(pid=86658) execute /opt/stack/data/venv/lib/python3.12/site-packages/oslo_concurrency/processutils.py:440}}
Jun 08 13:42:22 devstack sudo[89059]: quobyte : PWD=/ ; USER=root ; COMMAND=/opt/stack/data/venv/bin/cinder-rootwrap /etc/cinder/rootwrap.conf env LC_ALL=C qemu-img info -f qcow2 --output=json --force-share /opt/stack/data/cinder/mnt/e99d7263e2f97107a7d072448f538fc0/volume-e162c53e-bf72-43e9-9fdd-d73e76d2bd57.b0020c8f-3b08-4283-b732-a31281548277
Jun 08 13:42:22 devstack sudo[89059]: pam_unix(sudo:session): session opened for user root(uid=0) by (uid=1000)
Jun 08 13:42:22 devstack sudo[89059]: pam_unix(sudo:session): session closed for user root
Jun 08 13:42:22 devstack cinder-volume[86658]: DEBUG oslo_concurrency.processutils [None req-c010aef1-e9fd-40b5-b67a-f4ac80ecbae9 tempest-GroupSnapshotsTest-10523348 None] CMD "/opt/stack/data/venv/bin/python3.12 -m oslo_concurrency.prlimit --as=1073741824 --cpu=60 -- sudo cinder-rootwrap /etc/cinder/rootwrap.conf env LC_ALL=C qemu-img info -f qcow2 --output=json --force-share /opt/stack/data/cinder/mnt/e99d7263e2f97107a7d072448f538fc0/volume-e162c53e-bf72-43e9-9fdd-d73e76d2bd57.b0020c8f-3b08-4283-b732-a31281548277" returned: 0 in 0.780s {{(pid=86658) execute /opt/stack/data/venv/lib/python3.12/site-packages/oslo_concurrency/processutils.py:468}}
Jun 08 13:42:22 devstack cinder-volume[86658]: DEBUG cinder.volume.drivers.remotefs [None req-c010aef1-e9fd-40b5-b67a-f4ac80ecbae9 tempest-GroupSnapshotsTest-10523348 None] Fetching qemu-img info with special backing_file_template: (/opt/stack/data/cinder/mnt/[0-9a-f]+/)?(volume-e162c53e-bf72-43e9-9fdd-d73e76d2bd57(.(tmp-snap-)?[0-9a-f-]+)?|volume_from_snapshot_cache/(tmp-snap-)?[0-9a-f-]+(.(child-|parent-)[0-9a-f-]+)?)$ {{(pid=86658) _qemu_img_info_base /opt/stack/cinder/cinder/volume/drivers/remotefs.py:896}}
Jun 08 13:42:22 devstack cinder-volume[86658]: DEBUG oslo.privsep.daemon [-] privsep: reply[11580531-b037-4b14-b2d0-081c23c74f2a]: (4, 'qcow2') {{(pid=87328) _call_back /opt/stack/data/venv/lib/python3.12/site-packages/oslo_privsep/daemon.py:573}}
Jun 08 13:42:22 devstack cinder-volume[86658]: DEBUG oslo_concurrency.processutils [None req-c010aef1-e9fd-40b5-b67a-f4ac80ecbae9 tempest-GroupSnapshotsTest-10523348 None] Running cmd (subprocess): /opt/stack/data/venv/bin/python3.12 -m oslo_concurrency.prlimit --as=1073741824 --cpu=60 -- sudo cinder-rootwrap /etc/cinder/rootwrap.conf env LC_ALL=C qemu-img info -f qcow2 --output=json --force-share /opt/stack/data/cinder/mnt/e99d7263e2f97107a7d072448f538fc0/volume-e162c53e-bf72-43e9-9fdd-d73e76d2bd57 {{(pid=86658) execute /opt/stack/data/venv/lib/python3.12/site-packages/oslo_concurrency/processutils.py:440}}
Jun 08 13:42:23 devstack sudo[89064]: quobyte : PWD=/ ; USER=root ; COMMAND=/opt/stack/data/venv/bin/cinder-rootwrap /etc/cinder/rootwrap.conf env LC_ALL=C qemu-img info -f qcow2 --output=json --force-share /opt/stack/data/cinder/mnt/e99d7263e2f97107a7d072448f538fc0/volume-e162c53e-bf72-43e9-9fdd-d73e76d2bd57
Jun 08 13:42:23 devstack sudo[89064]: pam_unix(sudo:session): session opened for user root(uid=0) by (uid=1000)
Jun 08 13:42:23 devstack sudo[89064]: pam_unix(sudo:session): session closed for user root
Jun 08 13:42:23 devstack cinder-volume[86658]: DEBUG oslo_concurrency.processutils [None req-c010aef1-e9fd-40b5-b67a-f4ac80ecbae9 tempest-GroupSnapshotsTest-10523348 None] CMD "/opt/stack/data/venv/bin/python3.12 -m oslo_concurrency.prlimit --as=1073741824 --cpu=60 -- sudo cinder-rootwrap /etc/cinder/rootwrap.conf env LC_ALL=C qemu-img info -f qcow2 --output=json --force-share /opt/stack/data/cinder/mnt/e99d7263e2f97107a7d072448f538fc0/volume-e162c53e-bf72-43e9-9fdd-d73e76d2bd57" returned: 0 in 0.770s {{(pid=86658) execute /opt/stack/data/venv/lib/python3.12/site-packages/oslo_concurrency/processutils.py:468}}
Jun 08 13:42:23 devstack cinder-volume[86658]: DEBUG oslo_concurrency.processutils [None req-c010aef1-e9fd-40b5-b67a-f4ac80ecbae9 tempest-GroupSnapshotsTest-10523348 None] Running cmd (subprocess): sudo cinder-rootwrap /etc/cinder/rootwrap.conf qemu-img commit -d /opt/stack/data/cinder/mnt/e99d7263e2f97107a7d072448f538fc0/volume-e162c53e-bf72-43e9-9fdd-d73e76d2bd57.b0020c8f-3b08-4283-b732-a31281548277 {{(pid=86658) execute /opt/stack/data/venv/lib/python3.12/site-packages/oslo_concurrency/processutils.py:440}}
Jun 08 13:42:23 devstack sudo[89070]: quobyte : PWD=/ ; USER=root ; COMMAND=/opt/stack/data/venv/bin/cinder-rootwrap /etc/cinder/rootwrap.conf qemu-img commit -d /opt/stack/data/cinder/mnt/e99d7263e2f97107a7d072448f538fc0/volume-e162c53e-bf72-43e9-9fdd-d73e76d2bd57.b0020c8f-3b08-4283-b732-a31281548277
Jun 08 13:42:23 devstack sudo[89070]: pam_unix(sudo:session): session opened for user root(uid=0) by (uid=1000)
Jun 08 13:42:24 devstack sudo[89070]: pam_unix(sudo:session): session closed for user root
Jun 08 13:42:24 devstack cinder-volume[86658]: DEBUG oslo_concurrency.processutils [None req-c010aef1-e9fd-40b5-b67a-f4ac80ecbae9 tempest-GroupSnapshotsTest-10523348 None] CMD "sudo cinder-rootwrap /etc/cinder/rootwrap.conf qemu-img commit -d /opt/stack/data/cinder/mnt/e99d7263e2f97107a7d072448f538fc0/volume-e162c53e-bf72-43e9-9fdd-d73e76d2bd57.b0020c8f-3b08-4283-b732-a31281548277" returned: 0 in 0.923s {{(pid=86658) execute /opt/stack/data/venv/lib/python3.12/site-packages/oslo_concurrency/processutils.py:468}}
Jun 08 13:42:24 devstack cinder-volume[86658]: DEBUG oslo_concurrency.processutils [None req-c010aef1-e9fd-40b5-b67a-f4ac80ecbae9 tempest-GroupSnapshotsTest-10523348 None] Running cmd (subprocess): sudo cinder-rootwrap /etc/cinder/rootwrap.conf rm -f /opt/stack/data/cinder/mnt/e99d7263e2f97107a7d072448f538fc0/volume-e162c53e-bf72-43e9-9fdd-d73e76d2bd57.b0020c8f-3b08-4283-b732-a31281548277 {{(pid=86658) execute /opt/stack/data/venv/lib/python3.12/site-packages/oslo_concurrency/processutils.py:440}}
Jun 08 13:42:24 devstack sudo[89114]: quobyte : PWD=/ ; USER=root ; COMMAND=/opt/stack/data/venv/bin/cinder-rootwrap /etc/cinder/rootwrap.conf rm -f /opt/stack/data/cinder/mnt/e99d7263e2f97107a7d072448f538fc0/volume-e162c53e-bf72-43e9-9fdd-d73e76d2bd57.b0020c8f-3b08-4283-b732-a31281548277
Jun 08 13:42:24 devstack sudo[89114]: pam_unix(sudo:session): session opened for user root(uid=0) by (uid=1000)
Jun 08 13:42:25 devstack sudo[89114]: pam_unix(sudo:session): session closed for user root
Jun 08 13:42:25 devstack cinder-volume[86658]: DEBUG oslo_concurrency.processutils [None req-c010aef1-e9fd-40b5-b67a-f4ac80ecbae9 tempest-GroupSnapshotsTest-10523348 None] CMD "sudo cinder-rootwrap /etc/cinder/rootwrap.conf rm -f /opt/stack/data/cinder/mnt/e99d7263e2f97107a7d072448f538fc0/volume-e162c53e-bf72-43e9-9fdd-d73e76d2bd57.b0020c8f-3b08-4283-b732-a31281548277" returned: 0 in 0.730s {{(pid=86658) execute /opt/stack/data/venv/lib/python3.12/site-packages/oslo_concurrency/processutils.py:468}}
Jun 08 13:42:25 devstack cinder-volume[86658]: DEBUG cinder.coordination [None req-c010aef1-e9fd-40b5-b67a-f4ac80ecbae9 tempest-GroupSnapshotsTest-10523348 None] Lock "cinder-quobyte-b0020c8f-3b08-4283-b732-a31281548277" released by "_delete_snapshot" :: held 3.363s {{(pid=86658) __release /opt/stack/cinder/cinder/coordination.py:152}}
Jun 08 13:42:25 devstack cinder-volume[86658]: DEBUG cinder.coordination [None req-c010aef1-e9fd-40b5-b67a-f4ac80ecbae9 tempest-GroupSnapshotsTest-10523348 None] Lock "cinder-quobyte-e162c53e-bf72-43e9-9fdd-d73e76d2bd57" released by "delete_snapshot" :: held 3.401s {{(pid=86658) __release /opt/stack/cinder/cinder/coordination.py:152}}
Jun 08 13:42:25 devstack cinder-volume[86658]: DEBUG cinder.coordination [None req-c010aef1-e9fd-40b5-b67a-f4ac80ecbae9 tempest-GroupSnapshotsTest-10523348 None] Acquiring lock "cinder-quobyte-76ea3e3f-db1c-4c72-85a2-76ad23f7c952" by "delete_snapshot" {{(pid=86658) __acquire /opt/stack/cinder/cinder/coordination.py:138}}
Jun 08 13:42:25 devstack cinder-volume[86658]: DEBUG cinder.coordination [None req-c010aef1-e9fd-40b5-b67a-f4ac80ecbae9 tempest-GroupSnapshotsTest-10523348 None] Lock "cinder-quobyte-76ea3e3f-db1c-4c72-85a2-76ad23f7c952" acquired by "delete_snapshot" :: waited 0.015s {{(pid=86658) __acquire /opt/stack/cinder/cinder/coordination.py:141}}
Jun 08 13:42:25 devstack cinder-volume[86658]: DEBUG cinder.coordination [None req-c010aef1-e9fd-40b5-b67a-f4ac80ecbae9 tempest-GroupSnapshotsTest-10523348 None] Acquiring lock "cinder-quobyte-ca4ea53f-3b7f-45b3-9469-7387255ff80e" by "_delete_snapshot" {{(pid=86658) __acquire /opt/stack/cinder/cinder/coordination.py:138}}
Jun 08 13:42:25 devstack cinder-volume[86658]: DEBUG cinder.coordination [None req-c010aef1-e9fd-40b5-b67a-f4ac80ecbae9 tempest-GroupSnapshotsTest-10523348 None] Lock "cinder-quobyte-ca4ea53f-3b7f-45b3-9469-7387255ff80e" acquired by "_delete_snapshot" :: waited 0.018s {{(pid=86658) __acquire /opt/stack/cinder/cinder/coordination.py:141}}
Jun 08 13:42:25 devstack cinder-volume[86658]: DEBUG cinder.volume.drivers.remotefs [None req-c010aef1-e9fd-40b5-b67a-f4ac80ecbae9 tempest-GroupSnapshotsTest-10523348 None] Deleting offline snapshot ca4ea53f-3b7f-45b3-9469-7387255ff80e of volume 76ea3e3f-db1c-4c72-85a2-76ad23f7c952 {{(pid=86658) _delete_snapshot /opt/stack/cinder/cinder/volume/drivers/remotefs.py:1288}}
Jun 08 13:42:25 devstack cinder-volume[86658]: DEBUG cinder.volume.drivers.remotefs [None req-c010aef1-e9fd-40b5-b67a-f4ac80ecbae9 tempest-GroupSnapshotsTest-10523348 None] snapshot_file for this snap is: volume-76ea3e3f-db1c-4c72-85a2-76ad23f7c952.ca4ea53f-3b7f-45b3-9469-7387255ff80e {{(pid=86658) _delete_snapshot /opt/stack/cinder/cinder/volume/drivers/remotefs.py:1317}}
Jun 08 13:42:25 devstack cinder-volume[86658]: DEBUG oslo.privsep.daemon [-] privsep: reply[cf07e31a-3e2f-4b00-8217-433c3721715b]: (4, 'qcow2') {{(pid=87328) _call_back /opt/stack/data/venv/lib/python3.12/site-packages/oslo_privsep/daemon.py:573}}
Jun 08 13:42:25 devstack cinder-volume[86658]: DEBUG oslo_concurrency.processutils [None req-c010aef1-e9fd-40b5-b67a-f4ac80ecbae9 tempest-GroupSnapshotsTest-10523348 None] Running cmd (subprocess): /opt/stack/data/venv/bin/python3.12 -m oslo_concurrency.prlimit --as=1073741824 --cpu=60 -- sudo cinder-rootwrap /etc/cinder/rootwrap.conf env LC_ALL=C qemu-img info -f qcow2 --output=json --force-share /opt/stack/data/cinder/mnt/e99d7263e2f97107a7d072448f538fc0/volume-76ea3e3f-db1c-4c72-85a2-76ad23f7c952.ca4ea53f-3b7f-45b3-9469-7387255ff80e {{(pid=86658) execute /opt/stack/data/venv/lib/python3.12/site-packages/oslo_concurrency/processutils.py:440}}
Jun 08 13:42:25 devstack sudo[89117]: quobyte : PWD=/ ; USER=root ; COMMAND=/opt/stack/data/venv/bin/cinder-rootwrap /etc/cinder/rootwrap.conf env LC_ALL=C qemu-img info -f qcow2 --output=json --force-share /opt/stack/data/cinder/mnt/e99d7263e2f97107a7d072448f538fc0/volume-76ea3e3f-db1c-4c72-85a2-76ad23f7c952.ca4ea53f-3b7f-45b3-9469-7387255ff80e
Jun 08 13:42:25 devstack sudo[89117]: pam_unix(sudo:session): session opened for user root(uid=0) by (uid=1000)
Jun 08 13:42:26 devstack sudo[89117]: pam_unix(sudo:session): session closed for user root
Jun 08 13:42:26 devstack cinder-volume[86658]: DEBUG oslo_concurrency.processutils [None req-c010aef1-e9fd-40b5-b67a-f4ac80ecbae9 tempest-GroupSnapshotsTest-10523348 None] CMD "/opt/stack/data/venv/bin/python3.12 -m oslo_concurrency.prlimit --as=1073741824 --cpu=60 -- sudo cinder-rootwrap /etc/cinder/rootwrap.conf env LC_ALL=C qemu-img info -f qcow2 --output=json --force-share /opt/stack/data/cinder/mnt/e99d7263e2f97107a7d072448f538fc0/volume-76ea3e3f-db1c-4c72-85a2-76ad23f7c952.ca4ea53f-3b7f-45b3-9469-7387255ff80e" returned: 0 in 0.790s {{(pid=86658) execute /opt/stack/data/venv/lib/python3.12/site-packages/oslo_concurrency/processutils.py:468}}
Jun 08 13:42:26 devstack cinder-volume[86658]: DEBUG cinder.volume.drivers.remotefs [None req-c010aef1-e9fd-40b5-b67a-f4ac80ecbae9 tempest-GroupSnapshotsTest-10523348 None] Fetching qemu-img info with special backing_file_template: (/opt/stack/data/cinder/mnt/[0-9a-f]+/)?(volume-76ea3e3f-db1c-4c72-85a2-76ad23f7c952(.(tmp-snap-)?[0-9a-f-]+)?|volume_from_snapshot_cache/(tmp-snap-)?[0-9a-f-]+(.(child-|parent-)[0-9a-f-]+)?)$ {{(pid=86658) _qemu_img_info_base /opt/stack/cinder/cinder/volume/drivers/remotefs.py:896}}
Jun 08 13:42:26 devstack cinder-volume[86658]: DEBUG oslo.privsep.daemon [-] privsep: reply[29bd41d0-54e1-455e-bbac-ef4112c2d875]: (4, 'qcow2') {{(pid=87328) _call_back /opt/stack/data/venv/lib/python3.12/site-packages/oslo_privsep/daemon.py:573}}
Jun 08 13:42:26 devstack cinder-volume[86658]: DEBUG oslo_concurrency.processutils [None req-c010aef1-e9fd-40b5-b67a-f4ac80ecbae9 tempest-GroupSnapshotsTest-10523348 None] Running cmd (subprocess): /opt/stack/data/venv/bin/python3.12 -m oslo_concurrency.prlimit --as=1073741824 --cpu=60 -- sudo cinder-rootwrap /etc/cinder/rootwrap.conf env LC_ALL=C qemu-img info -f qcow2 --output=json --force-share /opt/stack/data/cinder/mnt/e99d7263e2f97107a7d072448f538fc0/volume-76ea3e3f-db1c-4c72-85a2-76ad23f7c952 {{(pid=86658) execute /opt/stack/data/venv/lib/python3.12/site-packages/oslo_concurrency/processutils.py:440}}
Jun 08 13:42:26 devstack sudo[89123]: quobyte : PWD=/ ; USER=root ; COMMAND=/opt/stack/data/venv/bin/cinder-rootwrap /etc/cinder/rootwrap.conf env LC_ALL=C qemu-img info -f qcow2 --output=json --force-share /opt/stack/data/cinder/mnt/e99d7263e2f97107a7d072448f538fc0/volume-76ea3e3f-db1c-4c72-85a2-76ad23f7c952
Jun 08 13:42:26 devstack sudo[89123]: pam_unix(sudo:session): session opened for user root(uid=0) by (uid=1000)
Jun 08 13:42:27 devstack sudo[89123]: pam_unix(sudo:session): session closed for user root
Jun 08 13:42:27 devstack cinder-volume[86658]: DEBUG oslo_concurrency.processutils [None req-c010aef1-e9fd-40b5-b67a-f4ac80ecbae9 tempest-GroupSnapshotsTest-10523348 None] CMD "/opt/stack/data/venv/bin/python3.12 -m oslo_concurrency.prlimit --as=1073741824 --cpu=60 -- sudo cinder-rootwrap /etc/cinder/rootwrap.conf env LC_ALL=C qemu-img info -f qcow2 --output=json --force-share /opt/stack/data/cinder/mnt/e99d7263e2f97107a7d072448f538fc0/volume-76ea3e3f-db1c-4c72-85a2-76ad23f7c952" returned: 0 in 0.770s {{(pid=86658) execute /opt/stack/data/venv/lib/python3.12/site-packages/oslo_concurrency/processutils.py:468}}
Jun 08 13:42:27 devstack cinder-volume[86658]: DEBUG oslo_concurrency.processutils [None req-c010aef1-e9fd-40b5-b67a-f4ac80ecbae9 tempest-GroupSnapshotsTest-10523348 None] Running cmd (subprocess): sudo cinder-rootwrap /etc/cinder/rootwrap.conf qemu-img commit -d /opt/stack/data/cinder/mnt/e99d7263e2f97107a7d072448f538fc0/volume-76ea3e3f-db1c-4c72-85a2-76ad23f7c952.ca4ea53f-3b7f-45b3-9469-7387255ff80e {{(pid=86658) execute /opt/stack/data/venv/lib/python3.12/site-packages/oslo_concurrency/processutils.py:440}}
Jun 08 13:42:27 devstack sudo[89130]: quobyte : PWD=/ ; USER=root ; COMMAND=/opt/stack/data/venv/bin/cinder-rootwrap /etc/cinder/rootwrap.conf qemu-img commit -d /opt/stack/data/cinder/mnt/e99d7263e2f97107a7d072448f538fc0/volume-76ea3e3f-db1c-4c72-85a2-76ad23f7c952.ca4ea53f-3b7f-45b3-9469-7387255ff80e
Jun 08 13:42:27 devstack sudo[89130]: pam_unix(sudo:session): session opened for user root(uid=0) by (uid=1000)
Jun 08 13:42:27 devstack sudo[89130]: pam_unix(sudo:session): session closed for user root
Jun 08 13:42:27 devstack cinder-volume[86658]: DEBUG oslo_concurrency.processutils [None req-c010aef1-e9fd-40b5-b67a-f4ac80ecbae9 tempest-GroupSnapshotsTest-10523348 None] CMD "sudo cinder-rootwrap /etc/cinder/rootwrap.conf qemu-img commit -d /opt/stack/data/cinder/mnt/e99d7263e2f97107a7d072448f538fc0/volume-76ea3e3f-db1c-4c72-85a2-76ad23f7c952.ca4ea53f-3b7f-45b3-9469-7387255ff80e" returned: 0 in 0.692s {{(pid=86658) execute /opt/stack/data/venv/lib/python3.12/site-packages/oslo_concurrency/processutils.py:468}}
