Feb 27 02:02:25 devstack cinder-volume[82683]: DEBUG cinder.volume.drivers.quobyte [req-6f1ed1b7-a858-4a07-8cc6-961c2ea4c48c req-ac1349fb-364d-4513-839a-b2e09db6f673 tempest-VolumesSnapshotsTestJSON-913044066 None] Available shares ['osci02.corp.quobyte.com/cinder-vol-67098a06-9af5-4eb1-adcd-6cbfa164c0d3'] {{(pid=82683) _ensure_shares_mounted /opt/stack/cinder/cinder/volume/drivers/quobyte.py:647}}
Feb 27 02:02:25 devstack cinder-volume[82683]: DEBUG oslo_concurrency.lockutils [req-6f1ed1b7-a858-4a07-8cc6-961c2ea4c48c req-ac1349fb-364d-4513-839a-b2e09db6f673 tempest-VolumesSnapshotsTestJSON-913044066 None] Lock "quobyte_ensure" "released" by "cinder.volume.drivers.quobyte.QuobyteDriver._ensure_shares_mounted" :: held 0.005s {{(pid=82683) inner /opt/stack/data/venv/lib/python3.10/site-packages/oslo_concurrency/lockutils.py:538}}
Feb 27 02:02:25 devstack cinder-volume[82683]: DEBUG cinder.volume.drivers.quobyte [req-6f1ed1b7-a858-4a07-8cc6-961c2ea4c48c req-ac1349fb-364d-4513-839a-b2e09db6f673 tempest-VolumesSnapshotsTestJSON-913044066 None] Selected osci02.corp.quobyte.com/cinder-vol-67098a06-9af5-4eb1-adcd-6cbfa164c0d3 as target Quobyte volume. {{(pid=82683) _find_share /opt/stack/cinder/cinder/volume/drivers/quobyte.py:668}}
Feb 27 02:02:25 devstack cinder-volume[82683]: INFO cinder.volume.drivers.remotefs [req-6f1ed1b7-a858-4a07-8cc6-961c2ea4c48c req-ac1349fb-364d-4513-839a-b2e09db6f673 tempest-VolumesSnapshotsTestJSON-913044066 None] casted to osci02.corp.quobyte.com/cinder-vol-67098a06-9af5-4eb1-adcd-6cbfa164c0d3
Feb 27 02:02:25 devstack cinder-volume[82683]: DEBUG oslo_concurrency.processutils [req-6f1ed1b7-a858-4a07-8cc6-961c2ea4c48c req-ac1349fb-364d-4513-839a-b2e09db6f673 tempest-VolumesSnapshotsTestJSON-913044066 None] Running cmd (subprocess): sudo cinder-rootwrap /etc/cinder/rootwrap.conf qemu-img create -f qcow2 -o preallocation=metadata /opt/stack/data/cinder/mnt/08c67af37dfc5bc309e4f9829f373bcb/volume-6969635e-e7c1-435d-9056-8834d35b3df7 1073741824 {{(pid=82683) execute /opt/stack/data/venv/lib/python3.10/site-packages/oslo_concurrency/processutils.py:440}}
Feb 27 02:02:25 devstack cinder-volume[82683]: DEBUG cinder.volume.manager [None req-0201a106-99ac-4939-96a2-49dba7260666 tempest-VolumesDeleteCascade-1939462024 None] Task 'cinder.volume.flows.manager.create_volume.CreateVolumeFromSpecTask;volume:create' (8da60ea7-44dc-4034-9543-9a85ca6c36e9) transitioned into state 'SUCCESS' from state 'RUNNING' with result '{'status': 'creating', 'volume_name': 'volume-eaa9de33-7af1-4d4b-b97d-b13b84ec0aba', 'volume_size': 1}' {{(pid=82683) _task_receiver /opt/stack/data/venv/lib/python3.10/site-packages/taskflow/listeners/logging.py:182}}
Feb 27 02:02:25 devstack cinder-volume[82683]: DEBUG cinder.volume.manager [None req-0201a106-99ac-4939-96a2-49dba7260666 tempest-VolumesDeleteCascade-1939462024 None] Task 'cinder.volume.flows.manager.create_volume.CreateVolumeOnFinishTask;volume:create, create.end' (a78ca317-05fc-4db2-b65c-3cacb84721f5) transitioned into state 'RUNNING' from state 'PENDING' {{(pid=82683) _task_receiver /opt/stack/data/venv/lib/python3.10/site-packages/taskflow/listeners/logging.py:194}}
Feb 27 02:02:25 devstack sudo[84509]: quobyte : PWD=/ ; USER=root ; COMMAND=/opt/stack/data/venv/bin/cinder-rootwrap /etc/cinder/rootwrap.conf qemu-img create -f qcow2 -o preallocation=metadata /opt/stack/data/cinder/mnt/08c67af37dfc5bc309e4f9829f373bcb/volume-6969635e-e7c1-435d-9056-8834d35b3df7 1073741824
Feb 27 02:02:25 devstack sudo[84509]: pam_unix(sudo:session): session opened for user root(uid=0) by (uid=1000)
Feb 27 02:02:25 devstack cinder-volume[82683]: INFO cinder.volume.flows.manager.create_volume [None req-0201a106-99ac-4939-96a2-49dba7260666 tempest-VolumesDeleteCascade-1939462024 None] Volume volume-eaa9de33-7af1-4d4b-b97d-b13b84ec0aba (eaa9de33-7af1-4d4b-b97d-b13b84ec0aba): created successfully
Feb 27 02:02:25 devstack cinder-volume[82683]: DEBUG cinder.volume.manager [None req-0201a106-99ac-4939-96a2-49dba7260666 tempest-VolumesDeleteCascade-1939462024 None] Task 'cinder.volume.flows.manager.create_volume.CreateVolumeOnFinishTask;volume:create, create.end' (a78ca317-05fc-4db2-b65c-3cacb84721f5) transitioned into state 'SUCCESS' from state 'RUNNING' with result 'None' {{(pid=82683) _task_receiver /opt/stack/data/venv/lib/python3.10/site-packages/taskflow/listeners/logging.py:182}}
Feb 27 02:02:25 devstack cinder-volume[82683]: DEBUG cinder.volume.manager [None req-0201a106-99ac-4939-96a2-49dba7260666 tempest-VolumesDeleteCascade-1939462024 None] Flow 'volume_create_manager' (0d000e09-3791-4503-81ed-e5a295396993) transitioned into state 'SUCCESS' from state 'RUNNING' {{(pid=82683) _flow_receiver /opt/stack/data/venv/lib/python3.10/site-packages/taskflow/listeners/logging.py:145}}
Feb 27 02:02:25 devstack cinder-volume[82683]: INFO cinder.volume.manager [None req-0201a106-99ac-4939-96a2-49dba7260666 tempest-VolumesDeleteCascade-1939462024 None] Created volume successfully.
Feb 27 02:02:26 devstack sudo[84509]: pam_unix(sudo:session): session closed for user root
Feb 27 02:02:26 devstack cinder-volume[82683]: DEBUG oslo_concurrency.processutils [req-6f1ed1b7-a858-4a07-8cc6-961c2ea4c48c req-ac1349fb-364d-4513-839a-b2e09db6f673 tempest-VolumesSnapshotsTestJSON-913044066 None] CMD "sudo cinder-rootwrap /etc/cinder/rootwrap.conf qemu-img create -f qcow2 -o preallocation=metadata /opt/stack/data/cinder/mnt/08c67af37dfc5bc309e4f9829f373bcb/volume-6969635e-e7c1-435d-9056-8834d35b3df7 1073741824" returned: 0 in 0.593s {{(pid=82683) execute /opt/stack/data/venv/lib/python3.10/site-packages/oslo_concurrency/processutils.py:468}}
Feb 27 02:02:26 devstack cinder-volume[82683]: DEBUG oslo_concurrency.processutils [req-6f1ed1b7-a858-4a07-8cc6-961c2ea4c48c req-ac1349fb-364d-4513-839a-b2e09db6f673 tempest-VolumesSnapshotsTestJSON-913044066 None] Running cmd (subprocess): sudo cinder-rootwrap /etc/cinder/rootwrap.conf chmod ugo+rw /opt/stack/data/cinder/mnt/08c67af37dfc5bc309e4f9829f373bcb/volume-6969635e-e7c1-435d-9056-8834d35b3df7 {{(pid=82683) execute /opt/stack/data/venv/lib/python3.10/site-packages/oslo_concurrency/processutils.py:440}}
Feb 27 02:02:26 devstack sudo[84514]: quobyte : PWD=/ ; USER=root ; COMMAND=/opt/stack/data/venv/bin/cinder-rootwrap /etc/cinder/rootwrap.conf chmod ugo+rw /opt/stack/data/cinder/mnt/08c67af37dfc5bc309e4f9829f373bcb/volume-6969635e-e7c1-435d-9056-8834d35b3df7
Feb 27 02:02:26 devstack sudo[84514]: pam_unix(sudo:session): session opened for user root(uid=0) by (uid=1000)
Feb 27 02:02:26 devstack cinder-volume[82683]: DEBUG oslo_concurrency.lockutils [None req-fd346d73-4e81-4640-84c4-796be3200364 tempest-VolumesDeleteCascade-1939462024 None] Acquiring lock "quobyte" by "cinder.volume.drivers.quobyte.QuobyteDriver.create_snapshot" {{(pid=82683) inner /opt/stack/data/venv/lib/python3.10/site-packages/oslo_concurrency/lockutils.py:506}}
Feb 27 02:02:26 devstack sudo[84514]: pam_unix(sudo:session): session closed for user root
Feb 27 02:02:26 devstack cinder-volume[82683]: DEBUG oslo_concurrency.processutils [req-6f1ed1b7-a858-4a07-8cc6-961c2ea4c48c req-ac1349fb-364d-4513-839a-b2e09db6f673 tempest-VolumesSnapshotsTestJSON-913044066 None] CMD "sudo cinder-rootwrap /etc/cinder/rootwrap.conf chmod ugo+rw /opt/stack/data/cinder/mnt/08c67af37dfc5bc309e4f9829f373bcb/volume-6969635e-e7c1-435d-9056-8834d35b3df7" returned: 0 in 0.512s {{(pid=82683) execute /opt/stack/data/venv/lib/python3.10/site-packages/oslo_concurrency/processutils.py:468}}
Feb 27 02:02:26 devstack cinder-volume[82683]: DEBUG cinder.volume.drivers.quobyte [req-6f1ed1b7-a858-4a07-8cc6-961c2ea4c48c req-ac1349fb-364d-4513-839a-b2e09db6f673 tempest-VolumesSnapshotsTestJSON-913044066 None] <== create_volume: return (1140ms) {'provider_location': 'osci02.corp.quobyte.com/cinder-vol-67098a06-9af5-4eb1-adcd-6cbfa164c0d3'} {{(pid=82683) trace_logging_wrapper /opt/stack/cinder/cinder/volume/volume_utils.py:1523}}
Feb 27 02:02:26 devstack cinder-volume[82683]: DEBUG oslo_concurrency.lockutils [req-6f1ed1b7-a858-4a07-8cc6-961c2ea4c48c req-ac1349fb-364d-4513-839a-b2e09db6f673 tempest-VolumesSnapshotsTestJSON-913044066 None] Lock "quobyte" "released" by "cinder.volume.drivers.quobyte.QuobyteDriver.create_volume" :: held 1.143s {{(pid=82683) inner /opt/stack/data/venv/lib/python3.10/site-packages/oslo_concurrency/lockutils.py:538}}
Feb 27 02:02:26 devstack cinder-volume[82683]: DEBUG oslo_concurrency.lockutils [None req-fd346d73-4e81-4640-84c4-796be3200364 tempest-VolumesDeleteCascade-1939462024 None] Lock "quobyte" acquired by "cinder.volume.drivers.quobyte.QuobyteDriver.create_snapshot" :: waited 0.235s {{(pid=82683) inner /opt/stack/data/venv/lib/python3.10/site-packages/oslo_concurrency/lockutils.py:519}}
Feb 27 02:02:26 devstack cinder-volume[82683]: DEBUG cinder.volume.drivers.remotefs [None req-fd346d73-4e81-4640-84c4-796be3200364 tempest-VolumesDeleteCascade-1939462024 None] Creating offline snapshot 1588c750-e08f-4970-bca5-39d5cdee7fd2 of volume eaa9de33-7af1-4d4b-b97d-b13b84ec0aba {{(pid=82683) _create_snapshot /opt/stack/cinder/cinder/volume/drivers/remotefs.py:1815}}
Feb 27 02:02:26 devstack cinder-volume[82683]: DEBUG cinder.volume.manager [req-6f1ed1b7-a858-4a07-8cc6-961c2ea4c48c req-ac1349fb-364d-4513-839a-b2e09db6f673 tempest-VolumesSnapshotsTestJSON-913044066 None] Task 'cinder.volume.flows.manager.create_volume.CreateVolumeFromSpecTask;volume:create' (dc42162b-5030-4374-a581-3db5d4799fca) transitioned into state 'SUCCESS' from state 'RUNNING' with result '{'status': 'creating', 'volume_name': 'volume-6969635e-e7c1-435d-9056-8834d35b3df7', 'volume_size': 1}' {{(pid=82683) _task_receiver /opt/stack/data/venv/lib/python3.10/site-packages/taskflow/listeners/logging.py:182}}
Feb 27 02:02:26 devstack cinder-volume[82683]: DEBUG cinder.volume.manager [req-6f1ed1b7-a858-4a07-8cc6-961c2ea4c48c req-ac1349fb-364d-4513-839a-b2e09db6f673 tempest-VolumesSnapshotsTestJSON-913044066 None] Task 'cinder.volume.flows.manager.create_volume.CreateVolumeOnFinishTask;volume:create, create.end' (1c320bfc-b6e9-438f-b79f-d5e00826835d) transitioned into state 'RUNNING' from state 'PENDING' {{(pid=82683) _task_receiver /opt/stack/data/venv/lib/python3.10/site-packages/taskflow/listeners/logging.py:194}}
Feb 27 02:02:26 devstack cinder-volume[82683]: DEBUG oslo.privsep.daemon [-] privsep: reply[72628c7a-9f50-4550-b603-3dfe183b7b41]: (4, 'qcow2') {{(pid=83512) _call_back /opt/stack/data/venv/lib/python3.10/site-packages/oslo_privsep/daemon.py:573}}
Feb 27 02:02:26 devstack cinder-volume[82683]: DEBUG oslo_concurrency.processutils [None req-fd346d73-4e81-4640-84c4-796be3200364 tempest-VolumesDeleteCascade-1939462024 None] Running cmd (subprocess): /opt/stack/data/venv/bin/python3.10 -m oslo_concurrency.prlimit --as=1073741824 --cpu=60 -- sudo cinder-rootwrap /etc/cinder/rootwrap.conf env LC_ALL=C qemu-img info -f qcow2 --output=json --force-share /opt/stack/data/cinder/mnt/08c67af37dfc5bc309e4f9829f373bcb/volume-eaa9de33-7af1-4d4b-b97d-b13b84ec0aba {{(pid=82683) execute /opt/stack/data/venv/lib/python3.10/site-packages/oslo_concurrency/processutils.py:440}}
Feb 27 02:02:26 devstack cinder-volume[82683]: INFO cinder.volume.flows.manager.create_volume [req-6f1ed1b7-a858-4a07-8cc6-961c2ea4c48c req-ac1349fb-364d-4513-839a-b2e09db6f673 tempest-VolumesSnapshotsTestJSON-913044066 None] Volume volume-6969635e-e7c1-435d-9056-8834d35b3df7 (6969635e-e7c1-435d-9056-8834d35b3df7): created successfully
Feb 27 02:02:26 devstack cinder-volume[82683]: DEBUG cinder.volume.manager [req-6f1ed1b7-a858-4a07-8cc6-961c2ea4c48c req-ac1349fb-364d-4513-839a-b2e09db6f673 tempest-VolumesSnapshotsTestJSON-913044066 None] Task 'cinder.volume.flows.manager.create_volume.CreateVolumeOnFinishTask;volume:create, create.end' (1c320bfc-b6e9-438f-b79f-d5e00826835d) transitioned into state 'SUCCESS' from state 'RUNNING' with result 'None' {{(pid=82683) _task_receiver /opt/stack/data/venv/lib/python3.10/site-packages/taskflow/listeners/logging.py:182}}
Feb 27 02:02:26 devstack cinder-volume[82683]: DEBUG cinder.volume.manager [req-6f1ed1b7-a858-4a07-8cc6-961c2ea4c48c req-ac1349fb-364d-4513-839a-b2e09db6f673 tempest-VolumesSnapshotsTestJSON-913044066 None] Flow 'volume_create_manager' (48a22974-18f1-4299-bcee-e062e8a35f15) transitioned into state 'SUCCESS' from state 'RUNNING' {{(pid=82683) _flow_receiver /opt/stack/data/venv/lib/python3.10/site-packages/taskflow/listeners/logging.py:145}}
Feb 27 02:02:26 devstack cinder-volume[82683]: INFO cinder.volume.manager [req-6f1ed1b7-a858-4a07-8cc6-961c2ea4c48c req-ac1349fb-364d-4513-839a-b2e09db6f673 tempest-VolumesSnapshotsTestJSON-913044066 None] Created volume successfully.
Feb 27 02:02:26 devstack sudo[84517]: quobyte : PWD=/ ; USER=root ; COMMAND=/opt/stack/data/venv/bin/cinder-rootwrap /etc/cinder/rootwrap.conf env LC_ALL=C qemu-img info -f qcow2 --output=json --force-share /opt/stack/data/cinder/mnt/08c67af37dfc5bc309e4f9829f373bcb/volume-eaa9de33-7af1-4d4b-b97d-b13b84ec0aba
Feb 27 02:02:26 devstack sudo[84517]: pam_unix(sudo:session): session opened for user root(uid=0) by (uid=1000)
Feb 27 02:02:27 devstack cinder-volume[82683]: DEBUG oslo_concurrency.lockutils [req-3eee0097-2d83-40fe-b9fa-2cbdc2e86155 req-3123121a-4181-411f-b75d-edd385434bbb tempest-VolumesSnapshotsTestJSON-913044066 None] Acquiring lock "quobyte" by "cinder.volume.drivers.quobyte.QuobyteDriver.create_snapshot" {{(pid=82683) inner /opt/stack/data/venv/lib/python3.10/site-packages/oslo_concurrency/lockutils.py:506}}
Feb 27 02:02:27 devstack sudo[84517]: pam_unix(sudo:session): session closed for user root
Feb 27 02:02:27 devstack cinder-volume[82683]: DEBUG oslo_concurrency.processutils [None req-fd346d73-4e81-4640-84c4-796be3200364 tempest-VolumesDeleteCascade-1939462024 None] CMD "/opt/stack/data/venv/bin/python3.10 -m oslo_concurrency.prlimit --as=1073741824 --cpu=60 -- sudo cinder-rootwrap /etc/cinder/rootwrap.conf env LC_ALL=C qemu-img info -f qcow2 --output=json --force-share /opt/stack/data/cinder/mnt/08c67af37dfc5bc309e4f9829f373bcb/volume-eaa9de33-7af1-4d4b-b97d-b13b84ec0aba" returned: 0 in 0.723s {{(pid=82683) execute /opt/stack/data/venv/lib/python3.10/site-packages/oslo_concurrency/processutils.py:468}}
Feb 27 02:02:27 devstack cinder-volume[82683]: DEBUG oslo_concurrency.processutils [None req-fd346d73-4e81-4640-84c4-796be3200364 tempest-VolumesDeleteCascade-1939462024 None] Running cmd (subprocess): sudo cinder-rootwrap /etc/cinder/rootwrap.conf qemu-img create -f qcow2 -o backing_file=/opt/stack/data/cinder/mnt/08c67af37dfc5bc309e4f9829f373bcb/volume-eaa9de33-7af1-4d4b-b97d-b13b84ec0aba,backing_fmt=qcow2 /opt/stack/data/cinder/mnt/08c67af37dfc5bc309e4f9829f373bcb/volume-eaa9de33-7af1-4d4b-b97d-b13b84ec0aba.1588c750-e08f-4970-bca5-39d5cdee7fd2 1G {{(pid=82683) execute /opt/stack/data/venv/lib/python3.10/site-packages/oslo_concurrency/processutils.py:440}}
Feb 27 02:02:27 devstack sudo[84522]: quobyte : PWD=/ ; USER=root ; COMMAND=/opt/stack/data/venv/bin/cinder-rootwrap /etc/cinder/rootwrap.conf qemu-img create -f qcow2 -o backing_file=/opt/stack/data/cinder/mnt/08c67af37dfc5bc309e4f9829f373bcb/volume-eaa9de33-7af1-4d4b-b97d-b13b84ec0aba,backing_fmt=qcow2 /opt/stack/data/cinder/mnt/08c67af37dfc5bc309e4f9829f373bcb/volume-eaa9de33-7af1-4d4b-b97d-b13b84ec0aba.1588c750-e08f-4970-bca5-39d5cdee7fd2 1G
Feb 27 02:02:27 devstack sudo[84522]: pam_unix(sudo:session): session opened for user root(uid=0) by (uid=1000)
Feb 27 02:02:28 devstack sudo[84522]: pam_unix(sudo:session): session closed for user root
Feb 27 02:02:28 devstack cinder-volume[82683]: DEBUG oslo_concurrency.processutils [None req-fd346d73-4e81-4640-84c4-796be3200364 tempest-VolumesDeleteCascade-1939462024 None] CMD "sudo cinder-rootwrap /etc/cinder/rootwrap.conf qemu-img create -f qcow2 -o backing_file=/opt/stack/data/cinder/mnt/08c67af37dfc5bc309e4f9829f373bcb/volume-eaa9de33-7af1-4d4b-b97d-b13b84ec0aba,backing_fmt=qcow2 /opt/stack/data/cinder/mnt/08c67af37dfc5bc309e4f9829f373bcb/volume-eaa9de33-7af1-4d4b-b97d-b13b84ec0aba.1588c750-e08f-4970-bca5-39d5cdee7fd2 1G" returned: 0 in 0.628s {{(pid=82683) execute /opt/stack/data/venv/lib/python3.10/site-packages/oslo_concurrency/processutils.py:468}}
Feb 27 02:02:28 devstack cinder-volume[82683]: DEBUG oslo_concurrency.processutils [None req-fd346d73-4e81-4640-84c4-796be3200364 tempest-VolumesDeleteCascade-1939462024 None] Running cmd (subprocess): sudo cinder-rootwrap /etc/cinder/rootwrap.conf qemu-img rebase -u -b volume-eaa9de33-7af1-4d4b-b97d-b13b84ec0aba -F qcow2 /opt/stack/data/cinder/mnt/08c67af37dfc5bc309e4f9829f373bcb/volume-eaa9de33-7af1-4d4b-b97d-b13b84ec0aba.1588c750-e08f-4970-bca5-39d5cdee7fd2 {{(pid=82683) execute /opt/stack/data/venv/lib/python3.10/site-packages/oslo_concurrency/processutils.py:440}}
Feb 27 02:02:28 devstack sudo[84528]: quobyte : PWD=/ ; USER=root ; COMMAND=/opt/stack/data/venv/bin/cinder-rootwrap /etc/cinder/rootwrap.conf qemu-img rebase -u -b volume-eaa9de33-7af1-4d4b-b97d-b13b84ec0aba -F qcow2 /opt/stack/data/cinder/mnt/08c67af37dfc5bc309e4f9829f373bcb/volume-eaa9de33-7af1-4d4b-b97d-b13b84ec0aba.1588c750-e08f-4970-bca5-39d5cdee7fd2
Feb 27 02:02:28 devstack sudo[84528]: pam_unix(sudo:session): session opened for user root(uid=0) by (uid=1000)
Feb 27 02:02:28 devstack sudo[84528]: pam_unix(sudo:session): session closed for user root
Feb 27 02:02:28 devstack cinder-volume[82683]: DEBUG oslo_concurrency.processutils [None req-fd346d73-4e81-4640-84c4-796be3200364 tempest-VolumesDeleteCascade-1939462024 None] CMD "sudo cinder-rootwrap /etc/cinder/rootwrap.conf qemu-img rebase -u -b volume-eaa9de33-7af1-4d4b-b97d-b13b84ec0aba -F qcow2 /opt/stack/data/cinder/mnt/08c67af37dfc5bc309e4f9829f373bcb/volume-eaa9de33-7af1-4d4b-b97d-b13b84ec0aba.1588c750-e08f-4970-bca5-39d5cdee7fd2" returned: 0 in 0.558s {{(pid=82683) execute /opt/stack/data/venv/lib/python3.10/site-packages/oslo_concurrency/processutils.py:468}}
Feb 27 02:02:28 devstack cinder-volume[82683]: WARNING cinder.volume.drivers.remotefs [None req-fd346d73-4e81-4640-84c4-796be3200364 tempest-VolumesDeleteCascade-1939462024 None] /opt/stack/data/cinder/mnt/08c67af37dfc5bc309e4f9829f373bcb/volume-eaa9de33-7af1-4d4b-b97d-b13b84ec0aba.1588c750-e08f-4970-bca5-39d5cdee7fd2 is being set with open permissions: ugo+rw
Feb 27 02:02:28 devstack cinder-volume[82683]: DEBUG oslo_concurrency.processutils [None req-fd346d73-4e81-4640-84c4-796be3200364 tempest-VolumesDeleteCascade-1939462024 None] Running cmd (subprocess): sudo cinder-rootwrap /etc/cinder/rootwrap.conf chmod ugo+rw /opt/stack/data/cinder/mnt/08c67af37dfc5bc309e4f9829f373bcb/volume-eaa9de33-7af1-4d4b-b97d-b13b84ec0aba.1588c750-e08f-4970-bca5-39d5cdee7fd2 {{(pid=82683) execute /opt/stack/data/venv/lib/python3.10/site-packages/oslo_concurrency/processutils.py:440}}
Feb 27 02:02:28 devstack sudo[84533]: quobyte : PWD=/ ; USER=root ; COMMAND=/opt/stack/data/venv/bin/cinder-rootwrap /etc/cinder/rootwrap.conf chmod ugo+rw /opt/stack/data/cinder/mnt/08c67af37dfc5bc309e4f9829f373bcb/volume-eaa9de33-7af1-4d4b-b97d-b13b84ec0aba.1588c750-e08f-4970-bca5-39d5cdee7fd2
Feb 27 02:02:28 devstack sudo[84533]: pam_unix(sudo:session): session opened for user root(uid=0) by (uid=1000)
Feb 27 02:02:29 devstack sudo[84533]: pam_unix(sudo:session): session closed for user root
Feb 27 02:02:29 devstack cinder-volume[82683]: DEBUG oslo_concurrency.processutils [None req-fd346d73-4e81-4640-84c4-796be3200364 tempest-VolumesDeleteCascade-1939462024 None] CMD "sudo cinder-rootwrap /etc/cinder/rootwrap.conf chmod ugo+rw /opt/stack/data/cinder/mnt/08c67af37dfc5bc309e4f9829f373bcb/volume-eaa9de33-7af1-4d4b-b97d-b13b84ec0aba.1588c750-e08f-4970-bca5-39d5cdee7fd2" returned: 0 in 0.497s {{(pid=82683) execute /opt/stack/data/venv/lib/python3.10/site-packages/oslo_concurrency/processutils.py:468}}
Feb 27 02:02:29 devstack cinder-volume[82683]: DEBUG oslo_concurrency.processutils [None req-fd346d73-4e81-4640-84c4-796be3200364 tempest-VolumesDeleteCascade-1939462024 None] Running cmd (subprocess): sudo cinder-rootwrap /etc/cinder/rootwrap.conf truncate -s0 /opt/stack/data/cinder/mnt/08c67af37dfc5bc309e4f9829f373bcb/volume-eaa9de33-7af1-4d4b-b97d-b13b84ec0aba.info {{(pid=82683) execute /opt/stack/data/venv/lib/python3.10/site-packages/oslo_concurrency/processutils.py:440}}
Feb 27 02:02:29 devstack sudo[84539]: quobyte : PWD=/ ; USER=root ; COMMAND=/opt/stack/data/venv/bin/cinder-rootwrap /etc/cinder/rootwrap.conf truncate -s0 /opt/stack/data/cinder/mnt/08c67af37dfc5bc309e4f9829f373bcb/volume-eaa9de33-7af1-4d4b-b97d-b13b84ec0aba.info
Feb 27 02:02:29 devstack sudo[84539]: pam_unix(sudo:session): session opened for user root(uid=0) by (uid=1000)
Feb 27 02:02:29 devstack sudo[84539]: pam_unix(sudo:session): session closed for user root
Feb 27 02:02:29 devstack cinder-volume[82683]: DEBUG oslo_concurrency.processutils [None req-fd346d73-4e81-4640-84c4-796be3200364 tempest-VolumesDeleteCascade-1939462024 None] CMD "sudo cinder-rootwrap /etc/cinder/rootwrap.conf truncate -s0 /opt/stack/data/cinder/mnt/08c67af37dfc5bc309e4f9829f373bcb/volume-eaa9de33-7af1-4d4b-b97d-b13b84ec0aba.info" returned: 0 in 0.492s {{(pid=82683) execute /opt/stack/data/venv/lib/python3.10/site-packages/oslo_concurrency/processutils.py:468}}
Feb 27 02:02:29 devstack cinder-volume[82683]: WARNING cinder.volume.drivers.remotefs [None req-fd346d73-4e81-4640-84c4-796be3200364 tempest-VolumesDeleteCascade-1939462024 None] /opt/stack/data/cinder/mnt/08c67af37dfc5bc309e4f9829f373bcb/volume-eaa9de33-7af1-4d4b-b97d-b13b84ec0aba.info is being set with open permissions: ugo+rw
Feb 27 02:02:29 devstack cinder-volume[82683]: DEBUG oslo_concurrency.processutils [None req-fd346d73-4e81-4640-84c4-796be3200364 tempest-VolumesDeleteCascade-1939462024 None] Running cmd (subprocess): sudo cinder-rootwrap /etc/cinder/rootwrap.conf chmod ugo+rw /opt/stack/data/cinder/mnt/08c67af37dfc5bc309e4f9829f373bcb/volume-eaa9de33-7af1-4d4b-b97d-b13b84ec0aba.info {{(pid=82683) execute /opt/stack/data/venv/lib/python3.10/site-packages/oslo_concurrency/processutils.py:440}}
Feb 27 02:02:29 devstack sudo[84542]: quobyte : PWD=/ ; USER=root ; COMMAND=/opt/stack/data/venv/bin/cinder-rootwrap /etc/cinder/rootwrap.conf chmod ugo+rw /opt/stack/data/cinder/mnt/08c67af37dfc5bc309e4f9829f373bcb/volume-eaa9de33-7af1-4d4b-b97d-b13b84ec0aba.info
Feb 27 02:02:29 devstack sudo[84542]: pam_unix(sudo:session): session opened for user root(uid=0) by (uid=1000)
Feb 27 02:02:30 devstack sudo[84542]: pam_unix(sudo:session): session closed for user root
Feb 27 02:02:30 devstack cinder-volume[82683]: DEBUG oslo_concurrency.processutils [None req-fd346d73-4e81-4640-84c4-796be3200364 tempest-VolumesDeleteCascade-1939462024 None] CMD "sudo cinder-rootwrap /etc/cinder/rootwrap.conf chmod ugo+rw /opt/stack/data/cinder/mnt/08c67af37dfc5bc309e4f9829f373bcb/volume-eaa9de33-7af1-4d4b-b97d-b13b84ec0aba.info" returned: 0 in 0.464s {{(pid=82683) execute /opt/stack/data/venv/lib/python3.10/site-packages/oslo_concurrency/processutils.py:468}}
Feb 27 02:02:30 devstack cinder-volume[82683]: DEBUG oslo_concurrency.lockutils [None req-fd346d73-4e81-4640-84c4-796be3200364 tempest-VolumesDeleteCascade-1939462024 None] Lock "quobyte" "released" by "cinder.volume.drivers.quobyte.QuobyteDriver.create_snapshot" :: held 3.446s {{(pid=82683) inner /opt/stack/data/venv/lib/python3.10/site-packages/oslo_concurrency/lockutils.py:538}}
Feb 27 02:02:30 devstack cinder-volume[82683]: DEBUG oslo_concurrency.lockutils [req-3eee0097-2d83-40fe-b9fa-2cbdc2e86155 req-3123121a-4181-411f-b75d-edd385434bbb tempest-VolumesSnapshotsTestJSON-913044066 None] Lock "quobyte" acquired by "cinder.volume.drivers.quobyte.QuobyteDriver.create_snapshot" :: waited 2.875s {{(pid=82683) inner /opt/stack/data/venv/lib/python3.10/site-packages/oslo_concurrency/lockutils.py:519}}
Feb 27 02:02:30 devstack cinder-volume[82683]: DEBUG cinder.volume.drivers.remotefs [req-3eee0097-2d83-40fe-b9fa-2cbdc2e86155 req-3123121a-4181-411f-b75d-edd385434bbb tempest-VolumesSnapshotsTestJSON-913044066 None] Creating offline snapshot abc98a7e-4e7e-464d-896c-2e7ea363d202 of volume 6969635e-e7c1-435d-9056-8834d35b3df7 {{(pid=82683) _create_snapshot /opt/stack/cinder/cinder/volume/drivers/remotefs.py:1815}}
Feb 27 02:02:30 devstack cinder-volume[82683]: INFO cinder.volume.manager [None req-fd346d73-4e81-4640-84c4-796be3200364 tempest-VolumesDeleteCascade-1939462024 None] Create snapshot completed successfully
Feb 27 02:02:30 devstack cinder-volume[82683]: DEBUG oslo.privsep.daemon [-] privsep: reply[9a336069-4961-430d-93bc-a7fa729b9a89]: (4, 'qcow2') {{(pid=83512) _call_back /opt/stack/data/venv/lib/python3.10/site-packages/oslo_privsep/daemon.py:573}}
Feb 27 02:02:30 devstack cinder-volume[82683]: DEBUG oslo_concurrency.processutils [req-3eee0097-2d83-40fe-b9fa-2cbdc2e86155 req-3123121a-4181-411f-b75d-edd385434bbb tempest-VolumesSnapshotsTestJSON-913044066 None] Running cmd (subprocess): /opt/stack/data/venv/bin/python3.10 -m oslo_concurrency.prlimit --as=1073741824 --cpu=60 -- sudo cinder-rootwrap /etc/cinder/rootwrap.conf env LC_ALL=C qemu-img info -f qcow2 --output=json --force-share /opt/stack/data/cinder/mnt/08c67af37dfc5bc309e4f9829f373bcb/volume-6969635e-e7c1-435d-9056-8834d35b3df7 {{(pid=82683) execute /opt/stack/data/venv/lib/python3.10/site-packages/oslo_concurrency/processutils.py:440}}
Feb 27 02:02:30 devstack sudo[84545]: quobyte : PWD=/ ; USER=root ; COMMAND=/opt/stack/data/venv/bin/cinder-rootwrap /etc/cinder/rootwrap.conf env LC_ALL=C qemu-img info -f qcow2 --output=json --force-share /opt/stack/data/cinder/mnt/08c67af37dfc5bc309e4f9829f373bcb/volume-6969635e-e7c1-435d-9056-8834d35b3df7
Feb 27 02:02:30 devstack sudo[84545]: pam_unix(sudo:session): session opened for user root(uid=0) by (uid=1000)
Feb 27 02:02:30 devstack cinder-volume[82683]: DEBUG oslo_concurrency.lockutils [None req-82db38f9-b9b9-4be1-8997-7940bff72732 tempest-VolumesDeleteCascade-1939462024 None] Acquiring lock "quobyte" by "cinder.volume.drivers.quobyte.QuobyteDriver.create_snapshot" {{(pid=82683) inner /opt/stack/data/venv/lib/python3.10/site-packages/oslo_concurrency/lockutils.py:506}}
Feb 27 02:02:30 devstack sudo[84545]: pam_unix(sudo:session): session closed for user root
Feb 27 02:02:30 devstack cinder-volume[82683]: DEBUG oslo_concurrency.processutils [req-3eee0097-2d83-40fe-b9fa-2cbdc2e86155 req-3123121a-4181-411f-b75d-edd385434bbb tempest-VolumesSnapshotsTestJSON-913044066 None] CMD "/opt/stack/data/venv/bin/python3.10 -m oslo_concurrency.prlimit --as=1073741824 --cpu=60 -- sudo cinder-rootwrap /etc/cinder/rootwrap.conf env LC_ALL=C qemu-img info -f qcow2 --output=json --force-share /opt/stack/data/cinder/mnt/08c67af37dfc5bc309e4f9829f373bcb/volume-6969635e-e7c1-435d-9056-8834d35b3df7" returned: 0 in 0.752s {{(pid=82683) execute /opt/stack/data/venv/lib/python3.10/site-packages/oslo_concurrency/processutils.py:468}}
Feb 27 02:02:30 devstack cinder-volume[82683]: DEBUG oslo_concurrency.processutils [req-3eee0097-2d83-40fe-b9fa-2cbdc2e86155 req-3123121a-4181-411f-b75d-edd385434bbb tempest-VolumesSnapshotsTestJSON-913044066 None] Running cmd (subprocess): sudo cinder-rootwrap /etc/cinder/rootwrap.conf qemu-img create -f qcow2 -o backing_file=/opt/stack/data/cinder/mnt/08c67af37dfc5bc309e4f9829f373bcb/volume-6969635e-e7c1-435d-9056-8834d35b3df7,backing_fmt=qcow2 /opt/stack/data/cinder/mnt/08c67af37dfc5bc309e4f9829f373bcb/volume-6969635e-e7c1-435d-9056-8834d35b3df7.abc98a7e-4e7e-464d-896c-2e7ea363d202 1G {{(pid=82683) execute /opt/stack/data/venv/lib/python3.10/site-packages/oslo_concurrency/processutils.py:440}}
Feb 27 02:02:30 devstack sudo[84575]: quobyte : PWD=/ ; USER=root ; COMMAND=/opt/stack/data/venv/bin/cinder-rootwrap /etc/cinder/rootwrap.conf qemu-img create -f qcow2 -o backing_file=/opt/stack/data/cinder/mnt/08c67af37dfc5bc309e4f9829f373bcb/volume-6969635e-e7c1-435d-9056-8834d35b3df7,backing_fmt=qcow2 /opt/stack/data/cinder/mnt/08c67af37dfc5bc309e4f9829f373bcb/volume-6969635e-e7c1-435d-9056-8834d35b3df7.abc98a7e-4e7e-464d-896c-2e7ea363d202 1G
Feb 27 02:02:30 devstack sudo[84575]: pam_unix(sudo:session): session opened for user root(uid=0) by (uid=1000)
Feb 27 02:02:31 devstack sudo[84575]: pam_unix(sudo:session): session closed for user root
Feb 27 02:02:31 devstack cinder-volume[82683]: DEBUG oslo_concurrency.processutils [req-3eee0097-2d83-40fe-b9fa-2cbdc2e86155 req-3123121a-4181-411f-b75d-edd385434bbb tempest-VolumesSnapshotsTestJSON-913044066 None] CMD "sudo cinder-rootwrap /etc/cinder/rootwrap.conf qemu-img create -f qcow2 -o backing_file=/opt/stack/data/cinder/mnt/08c67af37dfc5bc309e4f9829f373bcb/volume-6969635e-e7c1-435d-9056-8834d35b3df7,backing_fmt=qcow2 /opt/stack/data/cinder/mnt/08c67af37dfc5bc309e4f9829f373bcb/volume-6969635e-e7c1-435d-9056-8834d35b3df7.abc98a7e-4e7e-464d-896c-2e7ea363d202 1G" returned: 0 in 0.592s {{(pid=82683) execute /opt/stack/data/venv/lib/python3.10/site-packages/oslo_concurrency/processutils.py:468}}
Feb 27 02:02:31 devstack cinder-volume[82683]: DEBUG oslo_concurrency.processutils [req-3eee0097-2d83-40fe-b9fa-2cbdc2e86155 req-3123121a-4181-411f-b75d-edd385434bbb tempest-VolumesSnapshotsTestJSON-913044066 None] Running cmd (subprocess): sudo cinder-rootwrap /etc/cinder/rootwrap.conf qemu-img rebase -u -b volume-6969635e-e7c1-435d-9056-8834d35b3df7 -F qcow2 /opt/stack/data/cinder/mnt/08c67af37dfc5bc309e4f9829f373bcb/volume-6969635e-e7c1-435d-9056-8834d35b3df7.abc98a7e-4e7e-464d-896c-2e7ea363d202 {{(pid=82683) execute /opt/stack/data/venv/lib/python3.10/site-packages/oslo_concurrency/processutils.py:440}}
Feb 27 02:02:31 devstack sudo[84580]: quobyte : PWD=/ ; USER=root ; COMMAND=/opt/stack/data/venv/bin/cinder-rootwrap /etc/cinder/rootwrap.conf qemu-img rebase -u -b volume-6969635e-e7c1-435d-9056-8834d35b3df7 -F qcow2 /opt/stack/data/cinder/mnt/08c67af37dfc5bc309e4f9829f373bcb/volume-6969635e-e7c1-435d-9056-8834d35b3df7.abc98a7e-4e7e-464d-896c-2e7ea363d202
Feb 27 02:02:31 devstack sudo[84580]: pam_unix(sudo:session): session opened for user root(uid=0) by (uid=1000)
Feb 27 02:02:32 devstack sudo[84580]: pam_unix(sudo:session): session closed for user root
Feb 27 02:02:32 devstack cinder-volume[82683]: DEBUG oslo_concurrency.processutils [req-3eee0097-2d83-40fe-b9fa-2cbdc2e86155 req-3123121a-4181-411f-b75d-edd385434bbb tempest-VolumesSnapshotsTestJSON-913044066 None] CMD "sudo cinder-rootwrap /etc/cinder/rootwrap.conf qemu-img rebase -u -b volume-6969635e-e7c1-435d-9056-8834d35b3df7 -F qcow2 /opt/stack/data/cinder/mnt/08c67af37dfc5bc309e4f9829f373bcb/volume-6969635e-e7c1-435d-9056-8834d35b3df7.abc98a7e-4e7e-464d-896c-2e7ea363d202" returned: 0 in 0.503s {{(pid=82683) execute /opt/stack/data/venv/lib/python3.10/site-packages/oslo_concurrency/processutils.py:468}}
Feb 27 02:02:32 devstack cinder-volume[82683]: WARNING cinder.volume.drivers.remotefs [req-3eee0097-2d83-40fe-b9fa-2cbdc2e86155 req-3123121a-4181-411f-b75d-edd385434bbb tempest-VolumesSnapshotsTestJSON-913044066 None] /opt/stack/data/cinder/mnt/08c67af37dfc5bc309e4f9829f373bcb/volume-6969635e-e7c1-435d-9056-8834d35b3df7.abc98a7e-4e7e-464d-896c-2e7ea363d202 is being set with open permissions: ugo+rw
Feb 27 02:02:32 devstack cinder-volume[82683]: DEBUG oslo_concurrency.processutils [req-3eee0097-2d83-40fe-b9fa-2cbdc2e86155 req-3123121a-4181-411f-b75d-edd385434bbb tempest-VolumesSnapshotsTestJSON-913044066 None] Running cmd (subprocess): sudo cinder-rootwrap /etc/cinder/rootwrap.conf chmod ugo+rw /opt/stack/data/cinder/mnt/08c67af37dfc5bc309e4f9829f373bcb/volume-6969635e-e7c1-435d-9056-8834d35b3df7.abc98a7e-4e7e-464d-896c-2e7ea363d202 {{(pid=82683) execute /opt/stack/data/venv/lib/python3.10/site-packages/oslo_concurrency/processutils.py:440}}
Feb 27 02:02:32 devstack sudo[84588]: quobyte : PWD=/ ; USER=root ; COMMAND=/opt/stack/data/venv/bin/cinder-rootwrap /etc/cinder/rootwrap.conf chmod ugo+rw /opt/stack/data/cinder/mnt/08c67af37dfc5bc309e4f9829f373bcb/volume-6969635e-e7c1-435d-9056-8834d35b3df7.abc98a7e-4e7e-464d-896c-2e7ea363d202
Feb 27 02:02:32 devstack sudo[84588]: pam_unix(sudo:session): session opened for user root(uid=0) by (uid=1000)
Feb 27 02:02:32 devstack sudo[84588]: pam_unix(sudo:session): session closed for user root
Feb 27 02:02:32 devstack cinder-volume[82683]: DEBUG oslo_concurrency.processutils [req-3eee0097-2d83-40fe-b9fa-2cbdc2e86155 req-3123121a-4181-411f-b75d-edd385434bbb tempest-VolumesSnapshotsTestJSON-913044066 None] CMD "sudo cinder-rootwrap /etc/cinder/rootwrap.conf chmod ugo+rw /opt/stack/data/cinder/mnt/08c67af37dfc5bc309e4f9829f373bcb/volume-6969635e-e7c1-435d-9056-8834d35b3df7.abc98a7e-4e7e-464d-896c-2e7ea363d202" returned: 0 in 0.482s {{(pid=82683) execute /opt/stack/data/venv/lib/python3.10/site-packages/oslo_concurrency/processutils.py:468}}
Feb 27 02:02:32 devstack cinder-volume[82683]: DEBUG oslo_concurrency.processutils [req-3eee0097-2d83-40fe-b9fa-2cbdc2e86155 req-3123121a-4181-411f-b75d-edd385434bbb tempest-VolumesSnapshotsTestJSON-913044066 None] Running cmd (subprocess): sudo cinder-rootwrap /etc/cinder/rootwrap.conf truncate -s0 /opt/stack/data/cinder/mnt/08c67af37dfc5bc309e4f9829f373bcb/volume-6969635e-e7c1-435d-9056-8834d35b3df7.info {{(pid=82683) execute /opt/stack/data/venv/lib/python3.10/site-packages/oslo_concurrency/processutils.py:440}}
Feb 27 02:02:32 devstack sudo[84591]: quobyte : PWD=/ ; USER=root ; COMMAND=/opt/stack/data/venv/bin/cinder-rootwrap /etc/cinder/rootwrap.conf truncate -s0 /opt/stack/data/cinder/mnt/08c67af37dfc5bc309e4f9829f373bcb/volume-6969635e-e7c1-435d-9056-8834d35b3df7.info
Feb 27 02:02:32 devstack sudo[84591]: pam_unix(sudo:session): session opened for user root(uid=0) by (uid=1000)
Feb 27 02:02:32 devstack sudo[84591]: pam_unix(sudo:session): session closed for user root
Feb 27 02:02:32 devstack cinder-volume[82683]: DEBUG oslo_concurrency.processutils [req-3eee0097-2d83-40fe-b9fa-2cbdc2e86155 req-3123121a-4181-411f-b75d-edd385434bbb tempest-VolumesSnapshotsTestJSON-913044066 None] CMD "sudo cinder-rootwrap /etc/cinder/rootwrap.conf truncate -s0 /opt/stack/data/cinder/mnt/08c67af37dfc5bc309e4f9829f373bcb/volume-6969635e-e7c1-435d-9056-8834d35b3df7.info" returned: 0 in 0.438s {{(pid=82683) execute /opt/stack/data/venv/lib/python3.10/site-packages/oslo_concurrency/processutils.py:468}}
Feb 27 02:02:32 devstack cinder-volume[82683]: WARNING cinder.volume.drivers.remotefs [req-3eee0097-2d83-40fe-b9fa-2cbdc2e86155 req-3123121a-4181-411f-b75d-edd385434bbb tempest-VolumesSnapshotsTestJSON-913044066 None] /opt/stack/data/cinder/mnt/08c67af37dfc5bc309e4f9829f373bcb/volume-6969635e-e7c1-435d-9056-8834d35b3df7.info is being set with open permissions: ugo+rw
Feb 27 02:02:32 devstack cinder-volume[82683]: DEBUG oslo_concurrency.processutils [req-3eee0097-2d83-40fe-b9fa-2cbdc2e86155 req-3123121a-4181-411f-b75d-edd385434bbb tempest-VolumesSnapshotsTestJSON-913044066 None] Running cmd (subprocess): sudo cinder-rootwrap /etc/cinder/rootwrap.conf chmod ugo+rw /opt/stack/data/cinder/mnt/08c67af37dfc5bc309e4f9829f373bcb/volume-6969635e-e7c1-435d-9056-8834d35b3df7.info {{(pid=82683) execute /opt/stack/data/venv/lib/python3.10/site-packages/oslo_concurrency/processutils.py:440}}
Feb 27 02:02:33 devstack sudo[84594]: quobyte : PWD=/ ; USER=root ; COMMAND=/opt/stack/data/venv/bin/cinder-rootwrap /etc/cinder/rootwrap.conf chmod ugo+rw /opt/stack/data/cinder/mnt/08c67af37dfc5bc309e4f9829f373bcb/volume-6969635e-e7c1-435d-9056-8834d35b3df7.info
Feb 27 02:02:33 devstack sudo[84594]: pam_unix(sudo:session): session opened for user root(uid=0) by (uid=1000)
Feb 27 02:02:33 devstack sudo[84594]: pam_unix(sudo:session): session closed for user root
Feb 27 02:02:33 devstack cinder-volume[82683]: DEBUG oslo_concurrency.processutils [req-3eee0097-2d83-40fe-b9fa-2cbdc2e86155 req-3123121a-4181-411f-b75d-edd385434bbb tempest-VolumesSnapshotsTestJSON-913044066 None] CMD "sudo cinder-rootwrap /etc/cinder/rootwrap.conf chmod ugo+rw /opt/stack/data/cinder/mnt/08c67af37dfc5bc309e4f9829f373bcb/volume-6969635e-e7c1-435d-9056-8834d35b3df7.info" returned: 0 in 0.433s {{(pid=82683) execute /opt/stack/data/venv/lib/python3.10/site-packages/oslo_concurrency/processutils.py:468}}
Feb 27 02:02:33 devstack cinder-volume[82683]: DEBUG oslo_concurrency.lockutils [req-3eee0097-2d83-40fe-b9fa-2cbdc2e86155 req-3123121a-4181-411f-b75d-edd385434bbb tempest-VolumesSnapshotsTestJSON-913044066 None] Lock "quobyte" "released" by "cinder.volume.drivers.quobyte.QuobyteDriver.create_snapshot" :: held 3.303s {{(pid=82683) inner /opt/stack/data/venv/lib/python3.10/site-packages/oslo_concurrency/lockutils.py:538}}
Feb 27 02:02:33 devstack cinder-volume[82683]: DEBUG oslo_concurrency.lockutils [None req-82db38f9-b9b9-4be1-8997-7940bff72732 tempest-VolumesDeleteCascade-1939462024 None] Lock "quobyte" acquired by "cinder.volume.drivers.quobyte.QuobyteDriver.create_snapshot" :: waited 2.600s {{(pid=82683) inner /opt/stack/data/venv/lib/python3.10/site-packages/oslo_concurrency/lockutils.py:519}}
Feb 27 02:02:33 devstack cinder-volume[82683]: DEBUG cinder.volume.drivers.remotefs [None req-82db38f9-b9b9-4be1-8997-7940bff72732 tempest-VolumesDeleteCascade-1939462024 None] Creating offline snapshot 2031bfc5-9b76-4d0c-8a65-6f936f1b2c9a of volume eaa9de33-7af1-4d4b-b97d-b13b84ec0aba {{(pid=82683) _create_snapshot /opt/stack/cinder/cinder/volume/drivers/remotefs.py:1815}}
Feb 27 02:02:33 devstack cinder-volume[82683]: INFO cinder.volume.manager [req-3eee0097-2d83-40fe-b9fa-2cbdc2e86155 req-3123121a-4181-411f-b75d-edd385434bbb tempest-VolumesSnapshotsTestJSON-913044066 None] Create snapshot completed successfully
Feb 27 02:02:33 devstack cinder-volume[82683]: DEBUG oslo.privsep.daemon [-] privsep: reply[f35d3a65-6ec8-40e3-b5ca-488d6d22d7c1]: (4, 'qcow2') {{(pid=83512) _call_back /opt/stack/data/venv/lib/python3.10/site-packages/oslo_privsep/daemon.py:573}}
Feb 27 02:02:33 devstack cinder-volume[82683]: DEBUG oslo_concurrency.processutils [None req-82db38f9-b9b9-4be1-8997-7940bff72732 tempest-VolumesDeleteCascade-1939462024 None] Running cmd (subprocess): /opt/stack/data/venv/bin/python3.10 -m oslo_concurrency.prlimit --as=1073741824 --cpu=60 -- sudo cinder-rootwrap /etc/cinder/rootwrap.conf env LC_ALL=C qemu-img info -f qcow2 --output=json --force-share /opt/stack/data/cinder/mnt/08c67af37dfc5bc309e4f9829f373bcb/volume-eaa9de33-7af1-4d4b-b97d-b13b84ec0aba.1588c750-e08f-4970-bca5-39d5cdee7fd2 {{(pid=82683) execute /opt/stack/data/venv/lib/python3.10/site-packages/oslo_concurrency/processutils.py:440}}
Feb 27 02:02:33 devstack sudo[84597]: quobyte : PWD=/ ; USER=root ; COMMAND=/opt/stack/data/venv/bin/cinder-rootwrap /etc/cinder/rootwrap.conf env LC_ALL=C qemu-img info -f qcow2 --output=json --force-share /opt/stack/data/cinder/mnt/08c67af37dfc5bc309e4f9829f373bcb/volume-eaa9de33-7af1-4d4b-b97d-b13b84ec0aba.1588c750-e08f-4970-bca5-39d5cdee7fd2
Feb 27 02:02:33 devstack sudo[84597]: pam_unix(sudo:session): session opened for user root(uid=0) by (uid=1000)
Feb 27 02:02:33 devstack cinder-volume[82683]: DEBUG cinder.coordination [req-3f9cbc7f-b2a9-4449-bed2-623fac7d5c17 req-c2c55cde-0f56-473a-81bb-b36835d764b9 tempest-VolumesSnapshotsTestJSON-913044066 None] Acquiring lock "cinder-abc98a7e-4e7e-464d-896c-2e7ea363d202-delete_snapshot" by "delete_snapshot" {{(pid=82683) __acquire /opt/stack/cinder/cinder/coordination.py:138}}
Feb 27 02:02:33 devstack cinder-volume[82683]: DEBUG cinder.coordination [req-3f9cbc7f-b2a9-4449-bed2-623fac7d5c17 req-c2c55cde-0f56-473a-81bb-b36835d764b9 tempest-VolumesSnapshotsTestJSON-913044066 None] Lock "cinder-abc98a7e-4e7e-464d-896c-2e7ea363d202-delete_snapshot" acquired by "delete_snapshot" :: waited 0.013s {{(pid=82683) __acquire /opt/stack/cinder/cinder/coordination.py:141}}
Feb 27 02:02:33 devstack cinder-volume[82683]: DEBUG cinder.coordination [req-3f9cbc7f-b2a9-4449-bed2-623fac7d5c17 req-c2c55cde-0f56-473a-81bb-b36835d764b9 tempest-VolumesSnapshotsTestJSON-913044066 None] Acquiring lock "cinder-quobyte-6969635e-e7c1-435d-9056-8834d35b3df7" by "delete_snapshot" {{(pid=82683) __acquire /opt/stack/cinder/cinder/coordination.py:138}}
Feb 27 02:02:33 devstack cinder-volume[82683]: DEBUG cinder.coordination [req-3f9cbc7f-b2a9-4449-bed2-623fac7d5c17 req-c2c55cde-0f56-473a-81bb-b36835d764b9 tempest-VolumesSnapshotsTestJSON-913044066 None] Lock "cinder-quobyte-6969635e-e7c1-435d-9056-8834d35b3df7" acquired by "delete_snapshot" :: waited 0.010s {{(pid=82683) __acquire /opt/stack/cinder/cinder/coordination.py:141}}
Feb 27 02:02:33 devstack cinder-volume[82683]: DEBUG cinder.coordination [req-3f9cbc7f-b2a9-4449-bed2-623fac7d5c17 req-c2c55cde-0f56-473a-81bb-b36835d764b9 tempest-VolumesSnapshotsTestJSON-913044066 None] Acquiring lock "cinder-quobyte-abc98a7e-4e7e-464d-896c-2e7ea363d202" by "_delete_snapshot" {{(pid=82683) __acquire /opt/stack/cinder/cinder/coordination.py:138}}
Feb 27 02:02:33 devstack cinder-volume[82683]: DEBUG cinder.coordination [req-3f9cbc7f-b2a9-4449-bed2-623fac7d5c17 req-c2c55cde-0f56-473a-81bb-b36835d764b9 tempest-VolumesSnapshotsTestJSON-913044066 None] Lock "cinder-quobyte-abc98a7e-4e7e-464d-896c-2e7ea363d202" acquired by "_delete_snapshot" :: waited 0.011s {{(pid=82683) __acquire /opt/stack/cinder/cinder/coordination.py:141}}
Feb 27 02:02:33 devstack cinder-volume[82683]: DEBUG cinder.volume.drivers.remotefs [req-3f9cbc7f-b2a9-4449-bed2-623fac7d5c17 req-c2c55cde-0f56-473a-81bb-b36835d764b9 tempest-VolumesSnapshotsTestJSON-913044066 None] Deleting offline snapshot abc98a7e-4e7e-464d-896c-2e7ea363d202 of volume 6969635e-e7c1-435d-9056-8834d35b3df7 {{(pid=82683) _delete_snapshot /opt/stack/cinder/cinder/volume/drivers/remotefs.py:1288}}
Feb 27 02:02:33 devstack cinder-volume[82683]: DEBUG cinder.volume.drivers.remotefs [req-3f9cbc7f-b2a9-4449-bed2-623fac7d5c17 req-c2c55cde-0f56-473a-81bb-b36835d764b9 tempest-VolumesSnapshotsTestJSON-913044066 None] snapshot_file for this snap is: volume-6969635e-e7c1-435d-9056-8834d35b3df7.abc98a7e-4e7e-464d-896c-2e7ea363d202 {{(pid=82683) _delete_snapshot /opt/stack/cinder/cinder/volume/drivers/remotefs.py:1317}}
Feb 27 02:02:33 devstack cinder-volume[82683]: DEBUG oslo.privsep.daemon [-] privsep: reply[710655c4-9537-44c9-99ea-27f12aae0c2b]: (4, 'qcow2') {{(pid=83512) _call_back /opt/stack/data/venv/lib/python3.10/site-packages/oslo_privsep/daemon.py:573}}
Feb 27 02:02:33 devstack cinder-volume[82683]: DEBUG oslo_concurrency.processutils [req-3f9cbc7f-b2a9-4449-bed2-623fac7d5c17 req-c2c55cde-0f56-473a-81bb-b36835d764b9 tempest-VolumesSnapshotsTestJSON-913044066 None] Running cmd (subprocess): /opt/stack/data/venv/bin/python3.10 -m oslo_concurrency.prlimit --as=1073741824 --cpu=60 -- sudo cinder-rootwrap /etc/cinder/rootwrap.conf env LC_ALL=C qemu-img info -f qcow2 --output=json --force-share /opt/stack/data/cinder/mnt/08c67af37dfc5bc309e4f9829f373bcb/volume-6969635e-e7c1-435d-9056-8834d35b3df7.abc98a7e-4e7e-464d-896c-2e7ea363d202 {{(pid=82683) execute /opt/stack/data/venv/lib/python3.10/site-packages/oslo_concurrency/processutils.py:440}}
Feb 27 02:02:33 devstack sudo[84599]: quobyte : PWD=/ ; USER=root ; COMMAND=/opt/stack/data/venv/bin/cinder-rootwrap /etc/cinder/rootwrap.conf env LC_ALL=C qemu-img info -f qcow2 --output=json --force-share /opt/stack/data/cinder/mnt/08c67af37dfc5bc309e4f9829f373bcb/volume-6969635e-e7c1-435d-9056-8834d35b3df7.abc98a7e-4e7e-464d-896c-2e7ea363d202
Feb 27 02:02:33 devstack sudo[84599]: pam_unix(sudo:session): session opened for user root(uid=0) by (uid=1000)
Feb 27 02:02:34 devstack sudo[84597]: pam_unix(sudo:session): session closed for user root
Feb 27 02:02:34 devstack cinder-volume[82683]: DEBUG oslo_concurrency.processutils [None req-82db38f9-b9b9-4be1-8997-7940bff72732 tempest-VolumesDeleteCascade-1939462024 None] CMD "/opt/stack/data/venv/bin/python3.10 -m oslo_concurrency.prlimit --as=1073741824 --cpu=60 -- sudo cinder-rootwrap /etc/cinder/rootwrap.conf env LC_ALL=C qemu-img info -f qcow2 --output=json --force-share /opt/stack/data/cinder/mnt/08c67af37dfc5bc309e4f9829f373bcb/volume-eaa9de33-7af1-4d4b-b97d-b13b84ec0aba.1588c750-e08f-4970-bca5-39d5cdee7fd2" returned: 0 in 0.620s {{(pid=82683) execute /opt/stack/data/venv/lib/python3.10/site-packages/oslo_concurrency/processutils.py:468}}
Feb 27 02:02:34 devstack cinder-volume[82683]: DEBUG cinder.volume.drivers.remotefs [None req-82db38f9-b9b9-4be1-8997-7940bff72732 tempest-VolumesDeleteCascade-1939462024 None] Fetching qemu-img info with special backing_file_template: (/opt/stack/data/cinder/mnt/[0-9a-f]+/)?(volume-eaa9de33-7af1-4d4b-b97d-b13b84ec0aba(.(tmp-snap-)?[0-9a-f-]+)?|volume_from_snapshot_cache/(tmp-snap-)?[0-9a-f-]+(.(child-|parent-)[0-9a-f-]+)?)$ {{(pid=82683) _qemu_img_info_base /opt/stack/cinder/cinder/volume/drivers/remotefs.py:896}}
Feb 27 02:02:34 devstack cinder-volume[82683]: DEBUG oslo_concurrency.processutils [None req-82db38f9-b9b9-4be1-8997-7940bff72732 tempest-VolumesDeleteCascade-1939462024 None] Running cmd (subprocess): sudo cinder-rootwrap /etc/cinder/rootwrap.conf qemu-img create -f qcow2 -o backing_file=/opt/stack/data/cinder/mnt/08c67af37dfc5bc309e4f9829f373bcb/volume-eaa9de33-7af1-4d4b-b97d-b13b84ec0aba.1588c750-e08f-4970-bca5-39d5cdee7fd2,backing_fmt=qcow2 /opt/stack/data/cinder/mnt/08c67af37dfc5bc309e4f9829f373bcb/volume-eaa9de33-7af1-4d4b-b97d-b13b84ec0aba.2031bfc5-9b76-4d0c-8a65-6f936f1b2c9a 1G {{(pid=82683) execute /opt/stack/data/venv/lib/python3.10/site-packages/oslo_concurrency/processutils.py:440}}
Feb 27 02:02:34 devstack sudo[84604]: quobyte : PWD=/ ; USER=root ; COMMAND=/opt/stack/data/venv/bin/cinder-rootwrap /etc/cinder/rootwrap.conf qemu-img create -f qcow2 -o backing_file=/opt/stack/data/cinder/mnt/08c67af37dfc5bc309e4f9829f373bcb/volume-eaa9de33-7af1-4d4b-b97d-b13b84ec0aba.1588c750-e08f-4970-bca5-39d5cdee7fd2,backing_fmt=qcow2 /opt/stack/data/cinder/mnt/08c67af37dfc5bc309e4f9829f373bcb/volume-eaa9de33-7af1-4d4b-b97d-b13b84ec0aba.2031bfc5-9b76-4d0c-8a65-6f936f1b2c9a 1G
Feb 27 02:02:34 devstack sudo[84604]: pam_unix(sudo:session): session opened for user root(uid=0) by (uid=1000)
Feb 27 02:02:34 devstack sudo[84599]: pam_unix(sudo:session): session closed for user root
Feb 27 02:02:34 devstack cinder-volume[82683]: DEBUG oslo_concurrency.processutils [req-3f9cbc7f-b2a9-4449-bed2-623fac7d5c17 req-c2c55cde-0f56-473a-81bb-b36835d764b9 tempest-VolumesSnapshotsTestJSON-913044066 None] CMD "/opt/stack/data/venv/bin/python3.10 -m oslo_concurrency.prlimit --as=1073741824 --cpu=60 -- sudo cinder-rootwrap /etc/cinder/rootwrap.conf env LC_ALL=C qemu-img info -f qcow2 --output=json --force-share /opt/stack/data/cinder/mnt/08c67af37dfc5bc309e4f9829f373bcb/volume-6969635e-e7c1-435d-9056-8834d35b3df7.abc98a7e-4e7e-464d-896c-2e7ea363d202" returned: 0 in 0.554s {{(pid=82683) execute /opt/stack/data/venv/lib/python3.10/site-packages/oslo_concurrency/processutils.py:468}}
Feb 27 02:02:34 devstack cinder-volume[82683]: DEBUG cinder.volume.drivers.remotefs [req-3f9cbc7f-b2a9-4449-bed2-623fac7d5c17 req-c2c55cde-0f56-473a-81bb-b36835d764b9 tempest-VolumesSnapshotsTestJSON-913044066 None] Fetching qemu-img info with special backing_file_template: (/opt/stack/data/cinder/mnt/[0-9a-f]+/)?(volume-6969635e-e7c1-435d-9056-8834d35b3df7(.(tmp-snap-)?[0-9a-f-]+)?|volume_from_snapshot_cache/(tmp-snap-)?[0-9a-f-]+(.(child-|parent-)[0-9a-f-]+)?)$ {{(pid=82683) _qemu_img_info_base /opt/stack/cinder/cinder/volume/drivers/remotefs.py:896}}
Feb 27 02:02:34 devstack cinder-volume[82683]: DEBUG oslo.privsep.daemon [-] privsep: reply[d6cfbfe7-e9c5-4e84-b57c-b6aaaf510de6]: (4, 'qcow2') {{(pid=83512) _call_back /opt/stack/data/venv/lib/python3.10/site-packages/oslo_privsep/daemon.py:573}}
Feb 27 02:02:34 devstack cinder-volume[82683]: DEBUG oslo_concurrency.processutils [req-3f9cbc7f-b2a9-4449-bed2-623fac7d5c17 req-c2c55cde-0f56-473a-81bb-b36835d764b9 tempest-VolumesSnapshotsTestJSON-913044066 None] Running cmd (subprocess): /opt/stack/data/venv/bin/python3.10 -m oslo_concurrency.prlimit --as=1073741824 --cpu=60 -- sudo cinder-rootwrap /etc/cinder/rootwrap.conf env LC_ALL=C qemu-img info -f qcow2 --output=json --force-share /opt/stack/data/cinder/mnt/08c67af37dfc5bc309e4f9829f373bcb/volume-6969635e-e7c1-435d-9056-8834d35b3df7 {{(pid=82683) execute /opt/stack/data/venv/lib/python3.10/site-packages/oslo_concurrency/processutils.py:440}}
Feb 27 02:02:34 devstack sudo[84609]: quobyte : PWD=/ ; USER=root ; COMMAND=/opt/stack/data/venv/bin/cinder-rootwrap /etc/cinder/rootwrap.conf env LC_ALL=C qemu-img info -f qcow2 --output=json --force-share /opt/stack/data/cinder/mnt/08c67af37dfc5bc309e4f9829f373bcb/volume-6969635e-e7c1-435d-9056-8834d35b3df7
Feb 27 02:02:34 devstack sudo[84609]: pam_unix(sudo:session): session opened for user root(uid=0) by (uid=1000)
Feb 27 02:02:34 devstack sudo[84604]: pam_unix(sudo:session): session closed for user root
Feb 27 02:02:34 devstack cinder-volume[82683]: DEBUG oslo_concurrency.processutils [None req-82db38f9-b9b9-4be1-8997-7940bff72732 tempest-VolumesDeleteCascade-1939462024 None] CMD "sudo cinder-rootwrap /etc/cinder/rootwrap.conf qemu-img create -f qcow2 -o backing_file=/opt/stack/data/cinder/mnt/08c67af37dfc5bc309e4f9829f373bcb/volume-eaa9de33-7af1-4d4b-b97d-b13b84ec0aba.1588c750-e08f-4970-bca5-39d5cdee7fd2,backing_fmt=qcow2 /opt/stack/data/cinder/mnt/08c67af37dfc5bc309e4f9829f373bcb/volume-eaa9de33-7af1-4d4b-b97d-b13b84ec0aba.2031bfc5-9b76-4d0c-8a65-6f936f1b2c9a 1G" returned: 0 in 0.564s {{(pid=82683) execute /opt/stack/data/venv/lib/python3.10/site-packages/oslo_concurrency/processutils.py:468}}
