Jul 01 10:33:26 devstack cinder-volume[86258]: DEBUG cinder.coordination [None req-e7cc1038-b463-435d-8ca4-b895308940fb tempest-VolumesActionsTest-1848147882 None] Acquiring lock "cinder-172051b1-f8cc-4e66-ae60-31c6b6e0b57b-detach_volume" by "detach_volume" {{(pid=86258) __acquire /opt/stack/cinder/cinder/coordination.py:138}}
Jul 01 10:33:26 devstack cinder-volume[86258]: DEBUG cinder.coordination [None req-e7cc1038-b463-435d-8ca4-b895308940fb tempest-VolumesActionsTest-1848147882 None] Lock "cinder-172051b1-f8cc-4e66-ae60-31c6b6e0b57b-detach_volume" acquired by "detach_volume" :: waited 0.038s {{(pid=86258) __acquire /opt/stack/cinder/cinder/coordination.py:141}}
Jul 01 10:33:26 devstack cinder-volume[86258]: INFO cinder.volume.manager [None req-e7cc1038-b463-435d-8ca4-b895308940fb tempest-VolumesActionsTest-1848147882 None] Volume detach called, but volume not attached.
Jul 01 10:33:26 devstack cinder-volume[86258]: DEBUG cinder.coordination [None req-e7cc1038-b463-435d-8ca4-b895308940fb tempest-VolumesActionsTest-1848147882 None] Lock "cinder-172051b1-f8cc-4e66-ae60-31c6b6e0b57b-detach_volume" released by "detach_volume" :: held 0.029s {{(pid=86258) __release /opt/stack/cinder/cinder/coordination.py:152}}
Jul 01 10:33:26 devstack cinder-volume[86258]: INFO cinder.volume.manager [None req-6098cb34-7ce1-42a0-baf7-12e5b35af9b5 tempest-GroupSnapshotsTest-971476069 None] Update group completed successfully.
Jul 01 10:33:27 devstack cinder-volume[86258]: DEBUG cinder.coordination [None req-853d15b7-5d0c-439b-a0b0-25afd757c287 tempest-VolumesActionsTest-1848147882 None] Acquiring lock "cinder-172051b1-f8cc-4e66-ae60-31c6b6e0b57b-delete_volume" by "delete_volume" {{(pid=86258) __acquire /opt/stack/cinder/cinder/coordination.py:138}}
Jul 01 10:33:27 devstack cinder-volume[86258]: DEBUG cinder.coordination [None req-853d15b7-5d0c-439b-a0b0-25afd757c287 tempest-VolumesActionsTest-1848147882 None] Lock "cinder-172051b1-f8cc-4e66-ae60-31c6b6e0b57b-delete_volume" acquired by "delete_volume" :: waited 0.043s {{(pid=86258) __acquire /opt/stack/cinder/cinder/coordination.py:141}}
Jul 01 10:33:27 devstack cinder-volume[86258]: DEBUG cinder.coordination [None req-853d15b7-5d0c-439b-a0b0-25afd757c287 tempest-VolumesActionsTest-1848147882 None] Acquiring lock "cinder-quobyte-172051b1-f8cc-4e66-ae60-31c6b6e0b57b" by "delete_volume" {{(pid=86258) __acquire /opt/stack/cinder/cinder/coordination.py:138}}
Jul 01 10:33:27 devstack cinder-volume[86258]: DEBUG cinder.coordination [None req-853d15b7-5d0c-439b-a0b0-25afd757c287 tempest-VolumesActionsTest-1848147882 None] Lock "cinder-quobyte-172051b1-f8cc-4e66-ae60-31c6b6e0b57b" acquired by "delete_volume" :: waited 0.024s {{(pid=86258) __acquire /opt/stack/cinder/cinder/coordination.py:141}}
Jul 01 10:33:27 devstack cinder-volume[86258]: DEBUG oslo.privsep.daemon [-] privsep: reply[b2c1755f-a3ea-41b7-b505-98c8a84a9388]: (4, 'qcow2') {{(pid=87238) _call_back /opt/stack/data/venv/lib/python3.12/site-packages/oslo_privsep/daemon.py:580}}
Jul 01 10:33:27 devstack cinder-volume[86258]: DEBUG oslo_concurrency.processutils [None req-853d15b7-5d0c-439b-a0b0-25afd757c287 tempest-VolumesActionsTest-1848147882 None] Running cmd (subprocess): /opt/stack/data/venv/bin/python3.12 -m oslo_concurrency.prlimit --as=1073741824 --cpu=60 -- sudo cinder-rootwrap /etc/cinder/rootwrap.conf env LC_ALL=C qemu-img info -f qcow2 --output=json --force-share /opt/stack/data/cinder/mnt/4723333160d46c6d2e6db55aded68f14/volume-172051b1-f8cc-4e66-ae60-31c6b6e0b57b {{(pid=86258) execute /opt/stack/data/venv/lib/python3.12/site-packages/oslo_concurrency/processutils.py:440}}
Jul 01 10:33:27 devstack sudo[92578]: quobyte : PWD=/ ; USER=root ; COMMAND=/opt/stack/data/venv/bin/cinder-rootwrap /etc/cinder/rootwrap.conf env LC_ALL=C qemu-img info -f qcow2 --output=json --force-share /opt/stack/data/cinder/mnt/4723333160d46c6d2e6db55aded68f14/volume-172051b1-f8cc-4e66-ae60-31c6b6e0b57b
Jul 01 10:33:27 devstack sudo[92578]: pam_unix(sudo:session): session opened for user root(uid=0) by (uid=1000)
Jul 01 10:33:27 devstack cinder-volume[86258]: DEBUG oslo_service.periodic_task [None req-0336e2bd-0d66-40f4-849f-4ea4f0ad5a8b None None] Running periodic task VolumeManager.publish_service_capabilities {{(pid=86258) run_periodic_tasks /opt/stack/data/venv/lib/python3.12/site-packages/oslo_service/periodic_task.py:225}}
Jul 01 10:33:27 devstack cinder-volume[86258]: DEBUG oslo_concurrency.lockutils [None req-0336e2bd-0d66-40f4-849f-4ea4f0ad5a8b None None] Acquiring lock "quobyte_ensure" by "cinder.volume.drivers.quobyte.QuobyteDriver._ensure_shares_mounted" {{(pid=86258) inner /opt/stack/data/venv/lib/python3.12/site-packages/oslo_concurrency/lockutils.py:511}}
Jul 01 10:33:27 devstack cinder-volume[86258]: DEBUG oslo_concurrency.lockutils [None req-0336e2bd-0d66-40f4-849f-4ea4f0ad5a8b None None] Lock "quobyte_ensure" acquired by "cinder.volume.drivers.quobyte.QuobyteDriver._ensure_shares_mounted" :: waited 0.000s {{(pid=86258) inner /opt/stack/data/venv/lib/python3.12/site-packages/oslo_concurrency/lockutils.py:524}}
Jul 01 10:33:27 devstack cinder-volume[86258]: DEBUG cinder.volume.drivers.quobyte [None req-0336e2bd-0d66-40f4-849f-4ea4f0ad5a8b None None] Quobyte Volume URL set to: {'osci02.corp.quobyte.com/cinder-vol-abd9f895-d97e-4243-b109-37cd2e0800ba': None} {{(pid=86258) _load_shares_config /opt/stack/cinder/cinder/volume/drivers/quobyte.py:617}}
Jul 01 10:33:27 devstack cinder-volume[86258]: DEBUG cinder.volume.drivers.quobyte [None req-0336e2bd-0d66-40f4-849f-4ea4f0ad5a8b None None] Available shares ['osci02.corp.quobyte.com/cinder-vol-abd9f895-d97e-4243-b109-37cd2e0800ba'] {{(pid=86258) _ensure_shares_mounted /opt/stack/cinder/cinder/volume/drivers/quobyte.py:647}}
Jul 01 10:33:27 devstack cinder-volume[86258]: DEBUG oslo_concurrency.lockutils [None req-0336e2bd-0d66-40f4-849f-4ea4f0ad5a8b None None] Lock "quobyte_ensure" "released" by "cinder.volume.drivers.quobyte.QuobyteDriver._ensure_shares_mounted" :: held 0.007s {{(pid=86258) inner /opt/stack/data/venv/lib/python3.12/site-packages/oslo_concurrency/lockutils.py:543}}
Jul 01 10:33:27 devstack cinder-volume[86258]: DEBUG oslo_concurrency.processutils [None req-0336e2bd-0d66-40f4-849f-4ea4f0ad5a8b None None] Running cmd (subprocess): sudo cinder-rootwrap /etc/cinder/rootwrap.conf df --portability --block-size 1 /opt/stack/data/cinder/mnt/4723333160d46c6d2e6db55aded68f14 {{(pid=86258) execute /opt/stack/data/venv/lib/python3.12/site-packages/oslo_concurrency/processutils.py:440}}
Jul 01 10:33:27 devstack sudo[92582]: quobyte : PWD=/ ; USER=root ; COMMAND=/opt/stack/data/venv/bin/cinder-rootwrap /etc/cinder/rootwrap.conf df --portability --block-size 1 /opt/stack/data/cinder/mnt/4723333160d46c6d2e6db55aded68f14
Jul 01 10:33:28 devstack sudo[92582]: pam_unix(sudo:session): session opened for user root(uid=0) by (uid=1000)
Jul 01 10:33:28 devstack cinder-volume[86258]: INFO cinder.volume.manager [None req-99ae5cd1-0662-41fd-812d-89f8f9da03cc tempest-GroupSnapshotsTest-971476069 None] Update group completed successfully.
Jul 01 10:33:28 devstack sudo[92578]: pam_unix(sudo:session): session closed for user root
Jul 01 10:33:28 devstack cinder-volume[86258]: DEBUG oslo_concurrency.processutils [None req-853d15b7-5d0c-439b-a0b0-25afd757c287 tempest-VolumesActionsTest-1848147882 None] CMD "/opt/stack/data/venv/bin/python3.12 -m oslo_concurrency.prlimit --as=1073741824 --cpu=60 -- sudo cinder-rootwrap /etc/cinder/rootwrap.conf env LC_ALL=C qemu-img info -f qcow2 --output=json --force-share /opt/stack/data/cinder/mnt/4723333160d46c6d2e6db55aded68f14/volume-172051b1-f8cc-4e66-ae60-31c6b6e0b57b" returned: 0 in 1.036s {{(pid=86258) execute /opt/stack/data/venv/lib/python3.12/site-packages/oslo_concurrency/processutils.py:468}}
Jul 01 10:33:28 devstack cinder-volume[86258]: DEBUG oslo_concurrency.processutils [None req-853d15b7-5d0c-439b-a0b0-25afd757c287 tempest-VolumesActionsTest-1848147882 None] Running cmd (subprocess): sudo cinder-rootwrap /etc/cinder/rootwrap.conf rm -f /opt/stack/data/cinder/mnt/4723333160d46c6d2e6db55aded68f14/volume-172051b1-f8cc-4e66-ae60-31c6b6e0b57b {{(pid=86258) execute /opt/stack/data/venv/lib/python3.12/site-packages/oslo_concurrency/processutils.py:440}}
Jul 01 10:33:28 devstack sudo[92587]: quobyte : PWD=/ ; USER=root ; COMMAND=/opt/stack/data/venv/bin/cinder-rootwrap /etc/cinder/rootwrap.conf rm -f /opt/stack/data/cinder/mnt/4723333160d46c6d2e6db55aded68f14/volume-172051b1-f8cc-4e66-ae60-31c6b6e0b57b
Jul 01 10:33:28 devstack sudo[92587]: pam_unix(sudo:session): session opened for user root(uid=0) by (uid=1000)
Jul 01 10:33:28 devstack sudo[92582]: pam_unix(sudo:session): session closed for user root
Jul 01 10:33:28 devstack cinder-volume[86258]: DEBUG oslo_concurrency.processutils [None req-0336e2bd-0d66-40f4-849f-4ea4f0ad5a8b None None] CMD "sudo cinder-rootwrap /etc/cinder/rootwrap.conf df --portability --block-size 1 /opt/stack/data/cinder/mnt/4723333160d46c6d2e6db55aded68f14" returned: 0 in 0.961s {{(pid=86258) execute /opt/stack/data/venv/lib/python3.12/site-packages/oslo_concurrency/processutils.py:468}}
Jul 01 10:33:28 devstack cinder-volume[86258]: DEBUG cinder.manager [None req-0336e2bd-0d66-40f4-849f-4ea4f0ad5a8b None None] Notifying Schedulers of capabilities ... {{(pid=86258) _publish_service_capabilities /opt/stack/cinder/cinder/manager.py:219}}
Jul 01 10:33:28 devstack cinder-volume[86258]: DEBUG oslo_service.periodic_task [None req-0336e2bd-0d66-40f4-849f-4ea4f0ad5a8b None None] Running periodic task VolumeManager._thread_info {{(pid=86258) run_periodic_tasks /opt/stack/data/venv/lib/python3.12/site-packages/oslo_service/periodic_task.py:225}}
Jul 01 10:33:28 devstack cinder-volume[86258]: DEBUG cinder.volume.manager [None req-0336e2bd-0d66-40f4-849f-4ea4f0ad5a8b None None] thread count: 8 {{(pid=86258) _thread_info /opt/stack/cinder/cinder/volume/manager.py:5472}}
Jul 01 10:33:28 devstack cinder-volume[86258]: DEBUG cinder.volume.manager [None req-0336e2bd-0d66-40f4-849f-4ea4f0ad5a8b None None] thread info: [<_MainThread(MainThread, started 127785535180928)>, , , , , , , ] {{(pid=86258) _thread_info /opt/stack/cinder/cinder/volume/manager.py:5473}}
Jul 01 10:33:29 devstack cinder-volume[86258]: INFO cinder.volume.manager [None req-c2861838-60d9-42ec-bd74-8cc6f0d035c6 tempest-GroupSnapshotsTest-971476069 None] Update group completed successfully.
Jul 01 10:33:29 devstack sudo[92587]: pam_unix(sudo:session): session closed for user root
Jul 01 10:33:29 devstack cinder-volume[86258]: DEBUG oslo_concurrency.processutils [None req-853d15b7-5d0c-439b-a0b0-25afd757c287 tempest-VolumesActionsTest-1848147882 None] CMD "sudo cinder-rootwrap /etc/cinder/rootwrap.conf rm -f /opt/stack/data/cinder/mnt/4723333160d46c6d2e6db55aded68f14/volume-172051b1-f8cc-4e66-ae60-31c6b6e0b57b" returned: 0 in 1.192s {{(pid=86258) execute /opt/stack/data/venv/lib/python3.12/site-packages/oslo_concurrency/processutils.py:468}}
Jul 01 10:33:29 devstack cinder-volume[86258]: DEBUG cinder.coordination [None req-853d15b7-5d0c-439b-a0b0-25afd757c287 tempest-VolumesActionsTest-1848147882 None] Lock "cinder-quobyte-172051b1-f8cc-4e66-ae60-31c6b6e0b57b" released by "delete_volume" :: held 2.286s {{(pid=86258) __release /opt/stack/cinder/cinder/coordination.py:152}}
Jul 01 10:33:29 devstack cinder-volume[86258]: DEBUG cinder.quota [None req-853d15b7-5d0c-439b-a0b0-25afd757c287 tempest-VolumesActionsTest-1848147882 None] Created reservations ['52fb518b-ee50-4232-bf66-96c21d3eb845', '32ef286a-bf38-493b-808e-fa2f5345fbbe', 'dc2670ba-d004-4fa4-8963-6e46175bae1b', 'fd941b0d-c835-4301-b7bf-5db5fc041db0'] {{(pid=86258) reserve /opt/stack/cinder/cinder/quota.py:752}}
Jul 01 10:33:29 devstack cinder-volume[86258]: DEBUG oslo_concurrency.lockutils [None req-853d15b7-5d0c-439b-a0b0-25afd757c287 tempest-VolumesActionsTest-1848147882 None] Acquiring lock "quobyte_ensure" by "cinder.volume.drivers.quobyte.QuobyteDriver._ensure_shares_mounted" {{(pid=86258) inner /opt/stack/data/venv/lib/python3.12/site-packages/oslo_concurrency/lockutils.py:511}}
Jul 01 10:33:29 devstack cinder-volume[86258]: DEBUG oslo_concurrency.lockutils [None req-853d15b7-5d0c-439b-a0b0-25afd757c287 tempest-VolumesActionsTest-1848147882 None] Lock "quobyte_ensure" acquired by "cinder.volume.drivers.quobyte.QuobyteDriver._ensure_shares_mounted" :: waited 0.001s {{(pid=86258) inner /opt/stack/data/venv/lib/python3.12/site-packages/oslo_concurrency/lockutils.py:524}}
Jul 01 10:33:29 devstack cinder-volume[86258]: DEBUG cinder.volume.drivers.quobyte [None req-853d15b7-5d0c-439b-a0b0-25afd757c287 tempest-VolumesActionsTest-1848147882 None] Quobyte Volume URL set to: {'osci02.corp.quobyte.com/cinder-vol-abd9f895-d97e-4243-b109-37cd2e0800ba': None} {{(pid=86258) _load_shares_config /opt/stack/cinder/cinder/volume/drivers/quobyte.py:617}}
Jul 01 10:33:29 devstack cinder-volume[86258]: DEBUG cinder.volume.drivers.quobyte [None req-853d15b7-5d0c-439b-a0b0-25afd757c287 tempest-VolumesActionsTest-1848147882 None] Available shares ['osci02.corp.quobyte.com/cinder-vol-abd9f895-d97e-4243-b109-37cd2e0800ba'] {{(pid=86258) _ensure_shares_mounted /opt/stack/cinder/cinder/volume/drivers/quobyte.py:647}}
Jul 01 10:33:29 devstack cinder-volume[86258]: DEBUG oslo_concurrency.lockutils [None req-853d15b7-5d0c-439b-a0b0-25afd757c287 tempest-VolumesActionsTest-1848147882 None] Lock "quobyte_ensure" "released" by "cinder.volume.drivers.quobyte.QuobyteDriver._ensure_shares_mounted" :: held 0.010s {{(pid=86258) inner /opt/stack/data/venv/lib/python3.12/site-packages/oslo_concurrency/lockutils.py:543}}
Jul 01 10:33:29 devstack cinder-volume[86258]: DEBUG oslo_concurrency.processutils [None req-853d15b7-5d0c-439b-a0b0-25afd757c287 tempest-VolumesActionsTest-1848147882 None] Running cmd (subprocess): sudo cinder-rootwrap /etc/cinder/rootwrap.conf df --portability --block-size 1 /opt/stack/data/cinder/mnt/4723333160d46c6d2e6db55aded68f14 {{(pid=86258) execute /opt/stack/data/venv/lib/python3.12/site-packages/oslo_concurrency/processutils.py:440}}
Jul 01 10:33:29 devstack sudo[92599]: quobyte : PWD=/ ; USER=root ; COMMAND=/opt/stack/data/venv/bin/cinder-rootwrap /etc/cinder/rootwrap.conf df --portability --block-size 1 /opt/stack/data/cinder/mnt/4723333160d46c6d2e6db55aded68f14
Jul 01 10:33:29 devstack sudo[92599]: pam_unix(sudo:session): session opened for user root(uid=0) by (uid=1000)
Jul 01 10:33:30 devstack sudo[92599]: pam_unix(sudo:session): session closed for user root
Jul 01 10:33:30 devstack cinder-volume[86258]: DEBUG oslo_concurrency.processutils [None req-853d15b7-5d0c-439b-a0b0-25afd757c287 tempest-VolumesActionsTest-1848147882 None] CMD "sudo cinder-rootwrap /etc/cinder/rootwrap.conf df --portability --block-size 1 /opt/stack/data/cinder/mnt/4723333160d46c6d2e6db55aded68f14" returned: 0 in 0.840s {{(pid=86258) execute /opt/stack/data/venv/lib/python3.12/site-packages/oslo_concurrency/processutils.py:468}}
Jul 01 10:33:30 devstack cinder-volume[86258]: DEBUG cinder.manager [None req-853d15b7-5d0c-439b-a0b0-25afd757c287 tempest-VolumesActionsTest-1848147882 None] Notifying Schedulers of capabilities ... {{(pid=86258) _publish_service_capabilities /opt/stack/cinder/cinder/manager.py:219}}
Jul 01 10:33:30 devstack cinder-volume[86258]: INFO cinder.volume.manager [None req-853d15b7-5d0c-439b-a0b0-25afd757c287 tempest-VolumesActionsTest-1848147882 None] Deleted volume successfully.
Jul 01 10:33:30 devstack cinder-volume[86258]: INFO cinder.volume.manager [None req-47c20380-aef1-4004-90b3-bdf2164d952c tempest-GroupSnapshotsTest-971476069 None] Update group completed successfully.
Jul 01 10:33:30 devstack cinder-volume[86258]: DEBUG cinder.coordination [None req-853d15b7-5d0c-439b-a0b0-25afd757c287 tempest-VolumesActionsTest-1848147882 None] Lock "cinder-172051b1-f8cc-4e66-ae60-31c6b6e0b57b-delete_volume" released by "delete_volume" :: held 3.417s {{(pid=86258) __release /opt/stack/cinder/cinder/coordination.py:152}}
Jul 01 10:33:32 devstack cinder-volume[86258]: INFO cinder.volume.manager [None req-03c1b099-9597-480a-a0fc-3ba265ac7f27 tempest-GroupSnapshotsTest-971476069 None] GroupSnapshot 16628d66-ac20-4515-b5ec-29805d8b33f9: creating.
Jul 01 10:33:32 devstack cinder-volume[86258]: DEBUG cinder.volume.manager [None req-03c1b099-9597-480a-a0fc-3ba265ac7f27 tempest-GroupSnapshotsTest-971476069 None] Group snapshot 16628d66-ac20-4515-b5ec-29805d8b33f9: creating. {{(pid=86258) create_group_snapshot /opt/stack/cinder/cinder/volume/manager.py:4175}}
Jul 01 10:33:32 devstack cinder-volume[86258]: DEBUG oslo_concurrency.lockutils [None req-03c1b099-9597-480a-a0fc-3ba265ac7f27 tempest-GroupSnapshotsTest-971476069 None] Acquiring lock "quobyte" by "cinder.volume.drivers.quobyte.QuobyteDriver.create_snapshot" {{(pid=86258) inner /opt/stack/data/venv/lib/python3.12/site-packages/oslo_concurrency/lockutils.py:511}}
Jul 01 10:33:32 devstack cinder-volume[86258]: DEBUG oslo_concurrency.lockutils [None req-03c1b099-9597-480a-a0fc-3ba265ac7f27 tempest-GroupSnapshotsTest-971476069 None] Lock "quobyte" acquired by "cinder.volume.drivers.quobyte.QuobyteDriver.create_snapshot" :: waited 0.001s {{(pid=86258) inner /opt/stack/data/venv/lib/python3.12/site-packages/oslo_concurrency/lockutils.py:524}}
Jul 01 10:33:32 devstack cinder-volume[86258]: DEBUG cinder.volume.drivers.remotefs [None req-03c1b099-9597-480a-a0fc-3ba265ac7f27 tempest-GroupSnapshotsTest-971476069 None] Creating offline snapshot e0c486e7-2e4b-45d6-8d13-dfd266ed53cc of volume 6bc09235-356b-40ba-bc83-9acf4e4bfe55 {{(pid=86258) _create_snapshot /opt/stack/cinder/cinder/volume/drivers/remotefs.py:1816}}
Jul 01 10:33:32 devstack cinder-volume[86258]: DEBUG oslo.privsep.daemon [-] privsep: reply[59d11c61-e3ba-440f-8dc3-c241085951f1]: (4, 'qcow2') {{(pid=87238) _call_back /opt/stack/data/venv/lib/python3.12/site-packages/oslo_privsep/daemon.py:580}}
Jul 01 10:33:32 devstack cinder-volume[86258]: DEBUG oslo_concurrency.processutils [None req-03c1b099-9597-480a-a0fc-3ba265ac7f27 tempest-GroupSnapshotsTest-971476069 None] Running cmd (subprocess): /opt/stack/data/venv/bin/python3.12 -m oslo_concurrency.prlimit --as=1073741824 --cpu=60 -- sudo cinder-rootwrap /etc/cinder/rootwrap.conf env LC_ALL=C qemu-img info -f qcow2 --output=json --force-share /opt/stack/data/cinder/mnt/4723333160d46c6d2e6db55aded68f14/volume-6bc09235-356b-40ba-bc83-9acf4e4bfe55 {{(pid=86258) execute /opt/stack/data/venv/lib/python3.12/site-packages/oslo_concurrency/processutils.py:440}}
Jul 01 10:33:32 devstack sudo[92691]: quobyte : PWD=/ ; USER=root ; COMMAND=/opt/stack/data/venv/bin/cinder-rootwrap /etc/cinder/rootwrap.conf env LC_ALL=C qemu-img info -f qcow2 --output=json --force-share /opt/stack/data/cinder/mnt/4723333160d46c6d2e6db55aded68f14/volume-6bc09235-356b-40ba-bc83-9acf4e4bfe55
Jul 01 10:33:32 devstack sudo[92691]: pam_unix(sudo:session): session opened for user root(uid=0) by (uid=1000)
Jul 01 10:33:33 devstack sudo[92691]: pam_unix(sudo:session): session closed for user root
Jul 01 10:33:33 devstack cinder-volume[86258]: DEBUG oslo_concurrency.processutils [None req-03c1b099-9597-480a-a0fc-3ba265ac7f27 tempest-GroupSnapshotsTest-971476069 None] CMD "/opt/stack/data/venv/bin/python3.12 -m oslo_concurrency.prlimit --as=1073741824 --cpu=60 -- sudo cinder-rootwrap /etc/cinder/rootwrap.conf env LC_ALL=C qemu-img info -f qcow2 --output=json --force-share /opt/stack/data/cinder/mnt/4723333160d46c6d2e6db55aded68f14/volume-6bc09235-356b-40ba-bc83-9acf4e4bfe55" returned: 0 in 1.266s {{(pid=86258) execute /opt/stack/data/venv/lib/python3.12/site-packages/oslo_concurrency/processutils.py:468}}
Jul 01 10:33:33 devstack cinder-volume[86258]: DEBUG oslo_concurrency.processutils [None req-03c1b099-9597-480a-a0fc-3ba265ac7f27 tempest-GroupSnapshotsTest-971476069 None] Running cmd (subprocess): sudo cinder-rootwrap /etc/cinder/rootwrap.conf qemu-img create -f qcow2 -o backing_file=/opt/stack/data/cinder/mnt/4723333160d46c6d2e6db55aded68f14/volume-6bc09235-356b-40ba-bc83-9acf4e4bfe55,backing_fmt=qcow2 /opt/stack/data/cinder/mnt/4723333160d46c6d2e6db55aded68f14/volume-6bc09235-356b-40ba-bc83-9acf4e4bfe55.e0c486e7-2e4b-45d6-8d13-dfd266ed53cc 1G {{(pid=86258) execute /opt/stack/data/venv/lib/python3.12/site-packages/oslo_concurrency/processutils.py:440}}
Jul 01 10:33:33 devstack sudo[92760]: quobyte : PWD=/ ; USER=root ; COMMAND=/opt/stack/data/venv/bin/cinder-rootwrap /etc/cinder/rootwrap.conf qemu-img create -f qcow2 -o backing_file=/opt/stack/data/cinder/mnt/4723333160d46c6d2e6db55aded68f14/volume-6bc09235-356b-40ba-bc83-9acf4e4bfe55,backing_fmt=qcow2 /opt/stack/data/cinder/mnt/4723333160d46c6d2e6db55aded68f14/volume-6bc09235-356b-40ba-bc83-9acf4e4bfe55.e0c486e7-2e4b-45d6-8d13-dfd266ed53cc 1G
Jul 01 10:33:33 devstack sudo[92760]: pam_unix(sudo:session): session opened for user root(uid=0) by (uid=1000)
Jul 01 10:33:35 devstack sudo[92760]: pam_unix(sudo:session): session closed for user root
Jul 01 10:33:35 devstack cinder-volume[86258]: DEBUG oslo_concurrency.processutils [None req-03c1b099-9597-480a-a0fc-3ba265ac7f27 tempest-GroupSnapshotsTest-971476069 None] CMD "sudo cinder-rootwrap /etc/cinder/rootwrap.conf qemu-img create -f qcow2 -o backing_file=/opt/stack/data/cinder/mnt/4723333160d46c6d2e6db55aded68f14/volume-6bc09235-356b-40ba-bc83-9acf4e4bfe55,backing_fmt=qcow2 /opt/stack/data/cinder/mnt/4723333160d46c6d2e6db55aded68f14/volume-6bc09235-356b-40ba-bc83-9acf4e4bfe55.e0c486e7-2e4b-45d6-8d13-dfd266ed53cc 1G" returned: 0 in 1.616s {{(pid=86258) execute /opt/stack/data/venv/lib/python3.12/site-packages/oslo_concurrency/processutils.py:468}}
Jul 01 10:33:35 devstack cinder-volume[86258]: DEBUG oslo_concurrency.processutils [None req-03c1b099-9597-480a-a0fc-3ba265ac7f27 tempest-GroupSnapshotsTest-971476069 None] Running cmd (subprocess): sudo cinder-rootwrap /etc/cinder/rootwrap.conf qemu-img rebase -u -b volume-6bc09235-356b-40ba-bc83-9acf4e4bfe55 -F qcow2 /opt/stack/data/cinder/mnt/4723333160d46c6d2e6db55aded68f14/volume-6bc09235-356b-40ba-bc83-9acf4e4bfe55.e0c486e7-2e4b-45d6-8d13-dfd266ed53cc {{(pid=86258) execute /opt/stack/data/venv/lib/python3.12/site-packages/oslo_concurrency/processutils.py:440}}
Jul 01 10:33:35 devstack sudo[92804]: quobyte : PWD=/ ; USER=root ; COMMAND=/opt/stack/data/venv/bin/cinder-rootwrap /etc/cinder/rootwrap.conf qemu-img rebase -u -b volume-6bc09235-356b-40ba-bc83-9acf4e4bfe55 -F qcow2 /opt/stack/data/cinder/mnt/4723333160d46c6d2e6db55aded68f14/volume-6bc09235-356b-40ba-bc83-9acf4e4bfe55.e0c486e7-2e4b-45d6-8d13-dfd266ed53cc
Jul 01 10:33:35 devstack sudo[92804]: pam_unix(sudo:session): session opened for user root(uid=0) by (uid=1000)
Jul 01 10:33:36 devstack sudo[92804]: pam_unix(sudo:session): session closed for user root
Jul 01 10:33:36 devstack cinder-volume[86258]: DEBUG oslo_concurrency.processutils [None req-03c1b099-9597-480a-a0fc-3ba265ac7f27 tempest-GroupSnapshotsTest-971476069 None] CMD "sudo cinder-rootwrap /etc/cinder/rootwrap.conf qemu-img rebase -u -b volume-6bc09235-356b-40ba-bc83-9acf4e4bfe55 -F qcow2 /opt/stack/data/cinder/mnt/4723333160d46c6d2e6db55aded68f14/volume-6bc09235-356b-40ba-bc83-9acf4e4bfe55.e0c486e7-2e4b-45d6-8d13-dfd266ed53cc" returned: 0 in 1.211s {{(pid=86258) execute /opt/stack/data/venv/lib/python3.12/site-packages/oslo_concurrency/processutils.py:468}}
Jul 01 10:33:36 devstack cinder-volume[86258]: WARNING cinder.volume.drivers.remotefs [None req-03c1b099-9597-480a-a0fc-3ba265ac7f27 tempest-GroupSnapshotsTest-971476069 None] /opt/stack/data/cinder/mnt/4723333160d46c6d2e6db55aded68f14/volume-6bc09235-356b-40ba-bc83-9acf4e4bfe55.e0c486e7-2e4b-45d6-8d13-dfd266ed53cc is being set with open permissions: ugo+rw: NotImplementedError
Jul 01 10:33:36 devstack cinder-volume[86258]: DEBUG oslo_concurrency.processutils [None req-03c1b099-9597-480a-a0fc-3ba265ac7f27 tempest-GroupSnapshotsTest-971476069 None] Running cmd (subprocess): sudo cinder-rootwrap /etc/cinder/rootwrap.conf chmod ugo+rw /opt/stack/data/cinder/mnt/4723333160d46c6d2e6db55aded68f14/volume-6bc09235-356b-40ba-bc83-9acf4e4bfe55.e0c486e7-2e4b-45d6-8d13-dfd266ed53cc {{(pid=86258) execute /opt/stack/data/venv/lib/python3.12/site-packages/oslo_concurrency/processutils.py:440}}
Jul 01 10:33:36 devstack sudo[92812]: quobyte : PWD=/ ; USER=root ; COMMAND=/opt/stack/data/venv/bin/cinder-rootwrap /etc/cinder/rootwrap.conf chmod ugo+rw /opt/stack/data/cinder/mnt/4723333160d46c6d2e6db55aded68f14/volume-6bc09235-356b-40ba-bc83-9acf4e4bfe55.e0c486e7-2e4b-45d6-8d13-dfd266ed53cc
Jul 01 10:33:36 devstack sudo[92812]: pam_unix(sudo:session): session opened for user root(uid=0) by (uid=1000)
Jul 01 10:33:37 devstack sudo[92812]: pam_unix(sudo:session): session closed for user root
Jul 01 10:33:37 devstack cinder-volume[86258]: DEBUG oslo_concurrency.processutils [None req-03c1b099-9597-480a-a0fc-3ba265ac7f27 tempest-GroupSnapshotsTest-971476069 None] CMD "sudo cinder-rootwrap /etc/cinder/rootwrap.conf chmod ugo+rw /opt/stack/data/cinder/mnt/4723333160d46c6d2e6db55aded68f14/volume-6bc09235-356b-40ba-bc83-9acf4e4bfe55.e0c486e7-2e4b-45d6-8d13-dfd266ed53cc" returned: 0 in 1.095s {{(pid=86258) execute /opt/stack/data/venv/lib/python3.12/site-packages/oslo_concurrency/processutils.py:468}}
Jul 01 10:33:37 devstack cinder-volume[86258]: DEBUG oslo_concurrency.processutils [None req-03c1b099-9597-480a-a0fc-3ba265ac7f27 tempest-GroupSnapshotsTest-971476069 None] Running cmd (subprocess): sudo cinder-rootwrap /etc/cinder/rootwrap.conf truncate -s0 /opt/stack/data/cinder/mnt/4723333160d46c6d2e6db55aded68f14/volume-6bc09235-356b-40ba-bc83-9acf4e4bfe55.info {{(pid=86258) execute /opt/stack/data/venv/lib/python3.12/site-packages/oslo_concurrency/processutils.py:440}}
Jul 01 10:33:37 devstack sudo[92817]: quobyte : PWD=/ ; USER=root ; COMMAND=/opt/stack/data/venv/bin/cinder-rootwrap /etc/cinder/rootwrap.conf truncate -s0 /opt/stack/data/cinder/mnt/4723333160d46c6d2e6db55aded68f14/volume-6bc09235-356b-40ba-bc83-9acf4e4bfe55.info
Jul 01 10:33:37 devstack sudo[92817]: pam_unix(sudo:session): session opened for user root(uid=0) by (uid=1000)
Jul 01 10:33:38 devstack sudo[92817]: pam_unix(sudo:session): session closed for user root
Jul 01 10:33:38 devstack cinder-volume[86258]: DEBUG oslo_concurrency.processutils [None req-03c1b099-9597-480a-a0fc-3ba265ac7f27 tempest-GroupSnapshotsTest-971476069 None] CMD "sudo cinder-rootwrap /etc/cinder/rootwrap.conf truncate -s0 /opt/stack/data/cinder/mnt/4723333160d46c6d2e6db55aded68f14/volume-6bc09235-356b-40ba-bc83-9acf4e4bfe55.info" returned: 0 in 1.180s {{(pid=86258) execute /opt/stack/data/venv/lib/python3.12/site-packages/oslo_concurrency/processutils.py:468}}
Jul 01 10:33:38 devstack cinder-volume[86258]: WARNING cinder.volume.drivers.remotefs [None req-03c1b099-9597-480a-a0fc-3ba265ac7f27 tempest-GroupSnapshotsTest-971476069 None] /opt/stack/data/cinder/mnt/4723333160d46c6d2e6db55aded68f14/volume-6bc09235-356b-40ba-bc83-9acf4e4bfe55.info is being set with open permissions: ugo+rw: NotImplementedError
Jul 01 10:33:38 devstack cinder-volume[86258]: DEBUG oslo_concurrency.processutils [None req-03c1b099-9597-480a-a0fc-3ba265ac7f27 tempest-GroupSnapshotsTest-971476069 None] Running cmd (subprocess): sudo cinder-rootwrap /etc/cinder/rootwrap.conf chmod ugo+rw /opt/stack/data/cinder/mnt/4723333160d46c6d2e6db55aded68f14/volume-6bc09235-356b-40ba-bc83-9acf4e4bfe55.info {{(pid=86258) execute /opt/stack/data/venv/lib/python3.12/site-packages/oslo_concurrency/processutils.py:440}}
Jul 01 10:33:39 devstack sudo[92820]: quobyte : PWD=/ ; USER=root ; COMMAND=/opt/stack/data/venv/bin/cinder-rootwrap /etc/cinder/rootwrap.conf chmod ugo+rw /opt/stack/data/cinder/mnt/4723333160d46c6d2e6db55aded68f14/volume-6bc09235-356b-40ba-bc83-9acf4e4bfe55.info
Jul 01 10:33:39 devstack sudo[92820]: pam_unix(sudo:session): session opened for user root(uid=0) by (uid=1000)
Jul 01 10:33:39 devstack cinder-volume[86258]: DEBUG cinder.volume.flows.manager.create_volume [None req-4ac98611-568d-48d7-9ec9-12e61122fa83 tempest-VolumesActionsTest-1848147882 None] Volume reschedule parameters: True retry: {'num_attempts': 1, 'backends': ['devstack@QuobyteHD#QuobyteHD'], 'hosts': ['devstack@QuobyteHD#QuobyteHD']} {{(pid=86258) get_flow /opt/stack/cinder/cinder/volume/flows/manager/create_volume.py:1397}}
Jul 01 10:33:39 devstack cinder-volume[86258]: DEBUG cinder.volume.manager [None req-4ac98611-568d-48d7-9ec9-12e61122fa83 tempest-VolumesActionsTest-1848147882 None] Flow 'volume_create_manager' (620fc255-3d23-4c5d-ad9f-51a385f1b911) transitioned into state 'RUNNING' from state 'PENDING' {{(pid=86258) _flow_receiver /opt/stack/data/venv/lib/python3.12/site-packages/taskflow/listeners/logging.py:160}}
Jul 01 10:33:39 devstack cinder-volume[86258]: DEBUG cinder.volume.manager [None req-4ac98611-568d-48d7-9ec9-12e61122fa83 tempest-VolumesActionsTest-1848147882 None] Task 'cinder.volume.flows.manager.create_volume.ExtractVolumeRefTask;volume:create' (4a2fd1f0-e8c4-4de1-a7b4-e3cf82a4f6d9) transitioned into state 'RUNNING' from state 'PENDING' {{(pid=86258) _task_receiver /opt/stack/data/venv/lib/python3.12/site-packages/taskflow/listeners/logging.py:242}}
Jul 01 10:33:39 devstack cinder-volume[86258]: DEBUG cinder.volume.manager [None req-4ac98611-568d-48d7-9ec9-12e61122fa83 tempest-VolumesActionsTest-1848147882 None] Task 'cinder.volume.flows.manager.create_volume.ExtractVolumeRefTask;volume:create' (4a2fd1f0-e8c4-4de1-a7b4-e3cf82a4f6d9) transitioned into state 'SUCCESS' from state 'RUNNING' with result 'Volume(_name_id=None,admin_metadata=,attach_status='detached',availability_zone='nova',bootable=False,cluster=,cluster_name=None,consistencygroup=,consistencygroup_id=None,created_at=2026-07-01T08:33:39Z,deleted=False,deleted_at=None,display_description=None,display_name='tempest-VolumesActionsTest-Volume-464509421',ec2_id=None,encryption_key_id=None,glance_metadata=,group=,group_id=None,host='devstack@QuobyteHD#QuobyteHD',id=d1d21dd5-484d-48be-8bfc-2a24e96cae52,launched_at=None,metadata={},migration_status=None,multiattach=False,previous_status=None,project_id='22c46d09430549b28995c4a6dc7007be',provider_auth=None,provider_geometry=None,provider_id=None,provider_location=None,replication_driver_data=None,replication_extended_status=None,replication_status=None,scheduled_at=2026-07-01T08:33:39Z,service_uuid=None,shared_targets=True,size=1,snapshot_id=None,snapshots=,source_volid=None,status='creating',terminated_at=None,updated_at=2026-07-01T08:33:39Z,use_quota=True,user_id='e57261fe36a64f7e83ce7197ee3e3bb2',volume_attachment=VolumeAttachmentList,volume_type=VolumeType(2d1eaa9c-1f7b-4bc3-993a-7c103411134e),volume_type_id=2d1eaa9c-1f7b-4bc3-993a-7c103411134e)' {{(pid=86258) _task_receiver /opt/stack/data/venv/lib/python3.12/site-packages/taskflow/listeners/logging.py:218}}
Jul 01 10:33:39 devstack cinder-volume[86258]: DEBUG cinder.volume.manager [None req-4ac98611-568d-48d7-9ec9-12e61122fa83 tempest-VolumesActionsTest-1848147882 None] Task 'cinder.volume.flows.manager.create_volume.OnFailureRescheduleTask;volume:create' (1b1df4c7-d5d6-450c-8088-7f57e5e6aec6) transitioned into state 'RUNNING' from state 'PENDING' {{(pid=86258) _task_receiver /opt/stack/data/venv/lib/python3.12/site-packages/taskflow/listeners/logging.py:242}}
Jul 01 10:33:39 devstack cinder-volume[86258]: DEBUG cinder.volume.manager [None req-4ac98611-568d-48d7-9ec9-12e61122fa83 tempest-VolumesActionsTest-1848147882 None] Task 'cinder.volume.flows.manager.create_volume.OnFailureRescheduleTask;volume:create' (1b1df4c7-d5d6-450c-8088-7f57e5e6aec6) transitioned into state 'SUCCESS' from state 'RUNNING' with result 'None' {{(pid=86258) _task_receiver /opt/stack/data/venv/lib/python3.12/site-packages/taskflow/listeners/logging.py:218}}
Jul 01 10:33:39 devstack cinder-volume[86258]: DEBUG cinder.volume.manager [None req-4ac98611-568d-48d7-9ec9-12e61122fa83 tempest-VolumesActionsTest-1848147882 None] Task 'cinder.volume.flows.manager.create_volume.ExtractVolumeSpecTask;volume:create' (1f5bbedf-562a-440f-84ed-51a871a1f01e) transitioned into state 'RUNNING' from state 'PENDING' {{(pid=86258) _task_receiver /opt/stack/data/venv/lib/python3.12/site-packages/taskflow/listeners/logging.py:242}}
Jul 01 10:33:39 devstack cinder-volume[86258]: DEBUG cinder.volume.manager [None req-4ac98611-568d-48d7-9ec9-12e61122fa83 tempest-VolumesActionsTest-1848147882 None] Task 'cinder.volume.flows.manager.create_volume.ExtractVolumeSpecTask;volume:create' (1f5bbedf-562a-440f-84ed-51a871a1f01e) transitioned into state 'SUCCESS' from state 'RUNNING' with result '{'status': 'creating', 'type': 'raw', 'volume_id': 'd1d21dd5-484d-48be-8bfc-2a24e96cae52', 'volume_name': 'volume-d1d21dd5-484d-48be-8bfc-2a24e96cae52', 'volume_size': 1}' {{(pid=86258) _task_receiver /opt/stack/data/venv/lib/python3.12/site-packages/taskflow/listeners/logging.py:218}}
Jul 01 10:33:39 devstack cinder-volume[86258]: DEBUG cinder.volume.manager [None req-4ac98611-568d-48d7-9ec9-12e61122fa83 tempest-VolumesActionsTest-1848147882 None] Task 'cinder.volume.flows.manager.create_volume.NotifyVolumeActionTask;volume:create, create.start' (1b6003d5-4b40-49cf-a039-5f7aa2058c00) transitioned into state 'RUNNING' from state 'PENDING' {{(pid=86258) _task_receiver /opt/stack/data/venv/lib/python3.12/site-packages/taskflow/listeners/logging.py:242}}
Jul 01 10:33:39 devstack cinder-volume[86258]: DEBUG cinder.volume.manager [None req-4ac98611-568d-48d7-9ec9-12e61122fa83 tempest-VolumesActionsTest-1848147882 None] Task 'cinder.volume.flows.manager.create_volume.NotifyVolumeActionTask;volume:create, create.start' (1b6003d5-4b40-49cf-a039-5f7aa2058c00) transitioned into state 'SUCCESS' from state 'RUNNING' with result 'None' {{(pid=86258) _task_receiver /opt/stack/data/venv/lib/python3.12/site-packages/taskflow/listeners/logging.py:218}}
Jul 01 10:33:39 devstack cinder-volume[86258]: DEBUG cinder.volume.manager [None req-4ac98611-568d-48d7-9ec9-12e61122fa83 tempest-VolumesActionsTest-1848147882 None] Task 'cinder.volume.flows.manager.create_volume.CreateVolumeFromSpecTask;volume:create' (b71adb2e-ecae-4e6b-8b5b-f4b7e6984102) transitioned into state 'RUNNING' from state 'PENDING' {{(pid=86258) _task_receiver /opt/stack/data/venv/lib/python3.12/site-packages/taskflow/listeners/logging.py:242}}
Jul 01 10:33:39 devstack cinder-volume[86258]: INFO cinder.volume.flows.manager.create_volume [None req-4ac98611-568d-48d7-9ec9-12e61122fa83 tempest-VolumesActionsTest-1848147882 None] Volume d1d21dd5-484d-48be-8bfc-2a24e96cae52: being created as raw with specification: {'status': 'creating', 'volume_name': 'volume-d1d21dd5-484d-48be-8bfc-2a24e96cae52', 'volume_size': 1}
Jul 01 10:33:39 devstack cinder-volume[86258]: DEBUG oslo_concurrency.lockutils [None req-4ac98611-568d-48d7-9ec9-12e61122fa83 tempest-VolumesActionsTest-1848147882 None] Acquiring lock "quobyte" by "cinder.volume.drivers.quobyte.QuobyteDriver.create_volume" {{(pid=86258) inner /opt/stack/data/venv/lib/python3.12/site-packages/oslo_concurrency/lockutils.py:511}}
Jul 01 10:33:40 devstack sudo[92820]: pam_unix(sudo:session): session closed for user root
Jul 01 10:33:40 devstack cinder-volume[86258]: DEBUG oslo_concurrency.processutils [None req-03c1b099-9597-480a-a0fc-3ba265ac7f27 tempest-GroupSnapshotsTest-971476069 None] CMD "sudo cinder-rootwrap /etc/cinder/rootwrap.conf chmod ugo+rw /opt/stack/data/cinder/mnt/4723333160d46c6d2e6db55aded68f14/volume-6bc09235-356b-40ba-bc83-9acf4e4bfe55.info" returned: 0 in 1.162s {{(pid=86258) execute /opt/stack/data/venv/lib/python3.12/site-packages/oslo_concurrency/processutils.py:468}}
Jul 01 10:33:40 devstack cinder-volume[86258]: DEBUG oslo_concurrency.lockutils [None req-03c1b099-9597-480a-a0fc-3ba265ac7f27 tempest-GroupSnapshotsTest-971476069 None] Lock "quobyte" "released" by "cinder.volume.drivers.quobyte.QuobyteDriver.create_snapshot" :: held 7.778s {{(pid=86258) inner /opt/stack/data/venv/lib/python3.12/site-packages/oslo_concurrency/lockutils.py:543}}
Jul 01 10:33:40 devstack cinder-volume[86258]: DEBUG oslo_concurrency.lockutils [None req-03c1b099-9597-480a-a0fc-3ba265ac7f27 tempest-GroupSnapshotsTest-971476069 None] Acquiring lock "quobyte" by "cinder.volume.drivers.quobyte.QuobyteDriver.create_snapshot" {{(pid=86258) inner /opt/stack/data/venv/lib/python3.12/site-packages/oslo_concurrency/lockutils.py:511}}
Jul 01 10:33:40 devstack cinder-volume[86258]: DEBUG oslo_concurrency.lockutils [None req-03c1b099-9597-480a-a0fc-3ba265ac7f27 tempest-GroupSnapshotsTest-971476069 None] Lock "quobyte" acquired by "cinder.volume.drivers.quobyte.QuobyteDriver.create_snapshot" :: waited 0.002s {{(pid=86258) inner /opt/stack/data/venv/lib/python3.12/site-packages/oslo_concurrency/lockutils.py:524}}
Jul 01 10:33:40 devstack cinder-volume[86258]: DEBUG cinder.volume.drivers.remotefs [None req-03c1b099-9597-480a-a0fc-3ba265ac7f27 tempest-GroupSnapshotsTest-971476069 None] Creating offline snapshot e1512679-c4b2-4de6-b81f-0a8232087607 of volume fc8659fd-9b7f-49be-b500-63a8215ca665 {{(pid=86258) _create_snapshot /opt/stack/cinder/cinder/volume/drivers/remotefs.py:1816}}
Jul 01 10:33:40 devstack cinder-volume[86258]: DEBUG oslo.privsep.daemon [-] privsep: reply[e9efd037-ac6b-4db1-8cf3-9998db5226bd]: (4, 'qcow2') {{(pid=87238) _call_back /opt/stack/data/venv/lib/python3.12/site-packages/oslo_privsep/daemon.py:580}}
Jul 01 10:33:40 devstack cinder-volume[86258]: DEBUG oslo_concurrency.processutils [None req-03c1b099-9597-480a-a0fc-3ba265ac7f27 tempest-GroupSnapshotsTest-971476069 None] Running cmd (subprocess): /opt/stack/data/venv/bin/python3.12 -m oslo_concurrency.prlimit --as=1073741824 --cpu=60 -- sudo cinder-rootwrap /etc/cinder/rootwrap.conf env LC_ALL=C qemu-img info -f qcow2 --output=json --force-share /opt/stack/data/cinder/mnt/4723333160d46c6d2e6db55aded68f14/volume-fc8659fd-9b7f-49be-b500-63a8215ca665 {{(pid=86258) execute /opt/stack/data/venv/lib/python3.12/site-packages/oslo_concurrency/processutils.py:440}}
Jul 01 10:33:40 devstack sudo[92823]: quobyte : PWD=/ ; USER=root ; COMMAND=/opt/stack/data/venv/bin/cinder-rootwrap /etc/cinder/rootwrap.conf env LC_ALL=C qemu-img info -f qcow2 --output=json --force-share /opt/stack/data/cinder/mnt/4723333160d46c6d2e6db55aded68f14/volume-fc8659fd-9b7f-49be-b500-63a8215ca665
Jul 01 10:33:40 devstack sudo[92823]: pam_unix(sudo:session): session opened for user root(uid=0) by (uid=1000)
Jul 01 10:33:41 devstack sudo[92823]: pam_unix(sudo:session): session closed for user root
Jul 01 10:33:41 devstack cinder-volume[86258]: DEBUG oslo_concurrency.processutils [None req-03c1b099-9597-480a-a0fc-3ba265ac7f27 tempest-GroupSnapshotsTest-971476069 None] CMD "/opt/stack/data/venv/bin/python3.12 -m oslo_concurrency.prlimit --as=1073741824 --cpu=60 -- sudo cinder-rootwrap /etc/cinder/rootwrap.conf env LC_ALL=C qemu-img info -f qcow2 --output=json --force-share /opt/stack/data/cinder/mnt/4723333160d46c6d2e6db55aded68f14/volume-fc8659fd-9b7f-49be-b500-63a8215ca665" returned: 0 in 1.493s {{(pid=86258) execute /opt/stack/data/venv/lib/python3.12/site-packages/oslo_concurrency/processutils.py:468}}
Jul 01 10:33:41 devstack cinder-volume[86258]: DEBUG oslo_concurrency.processutils [None req-03c1b099-9597-480a-a0fc-3ba265ac7f27 tempest-GroupSnapshotsTest-971476069 None] Running cmd (subprocess): sudo cinder-rootwrap /etc/cinder/rootwrap.conf qemu-img create -f qcow2 -o backing_file=/opt/stack/data/cinder/mnt/4723333160d46c6d2e6db55aded68f14/volume-fc8659fd-9b7f-49be-b500-63a8215ca665,backing_fmt=qcow2 /opt/stack/data/cinder/mnt/4723333160d46c6d2e6db55aded68f14/volume-fc8659fd-9b7f-49be-b500-63a8215ca665.e1512679-c4b2-4de6-b81f-0a8232087607 1G {{(pid=86258) execute /opt/stack/data/venv/lib/python3.12/site-packages/oslo_concurrency/processutils.py:440}}
Jul 01 10:33:41 devstack sudo[92829]: quobyte : PWD=/ ; USER=root ; COMMAND=/opt/stack/data/venv/bin/cinder-rootwrap /etc/cinder/rootwrap.conf qemu-img create -f qcow2 -o backing_file=/opt/stack/data/cinder/mnt/4723333160d46c6d2e6db55aded68f14/volume-fc8659fd-9b7f-49be-b500-63a8215ca665,backing_fmt=qcow2 /opt/stack/data/cinder/mnt/4723333160d46c6d2e6db55aded68f14/volume-fc8659fd-9b7f-49be-b500-63a8215ca665.e1512679-c4b2-4de6-b81f-0a8232087607 1G
Jul 01 10:33:41 devstack sudo[92829]: pam_unix(sudo:session): session opened for user root(uid=0) by (uid=1000)
Jul 01 10:33:42 devstack sudo[92829]: pam_unix(sudo:session): session closed for user root
Jul 01 10:33:42 devstack cinder-volume[86258]: DEBUG oslo_concurrency.processutils [None req-03c1b099-9597-480a-a0fc-3ba265ac7f27 tempest-GroupSnapshotsTest-971476069 None] CMD "sudo cinder-rootwrap /etc/cinder/rootwrap.conf qemu-img create -f qcow2 -o backing_file=/opt/stack/data/cinder/mnt/4723333160d46c6d2e6db55aded68f14/volume-fc8659fd-9b7f-49be-b500-63a8215ca665,backing_fmt=qcow2 /opt/stack/data/cinder/mnt/4723333160d46c6d2e6db55aded68f14/volume-fc8659fd-9b7f-49be-b500-63a8215ca665.e1512679-c4b2-4de6-b81f-0a8232087607 1G" returned: 0 in 1.197s {{(pid=86258) execute /opt/stack/data/venv/lib/python3.12/site-packages/oslo_concurrency/processutils.py:468}}
Jul 01 10:33:42 devstack cinder-volume[86258]: DEBUG oslo_concurrency.processutils [None req-03c1b099-9597-480a-a0fc-3ba265ac7f27 tempest-GroupSnapshotsTest-971476069 None] Running cmd (subprocess): sudo cinder-rootwrap /etc/cinder/rootwrap.conf qemu-img rebase -u -b volume-fc8659fd-9b7f-49be-b500-63a8215ca665 -F qcow2 /opt/stack/data/cinder/mnt/4723333160d46c6d2e6db55aded68f14/volume-fc8659fd-9b7f-49be-b500-63a8215ca665.e1512679-c4b2-4de6-b81f-0a8232087607 {{(pid=86258) execute /opt/stack/data/venv/lib/python3.12/site-packages/oslo_concurrency/processutils.py:440}}
Jul 01 10:33:42 devstack sudo[92834]: quobyte : PWD=/ ; USER=root ; COMMAND=/opt/stack/data/venv/bin/cinder-rootwrap /etc/cinder/rootwrap.conf qemu-img rebase -u -b volume-fc8659fd-9b7f-49be-b500-63a8215ca665 -F qcow2 /opt/stack/data/cinder/mnt/4723333160d46c6d2e6db55aded68f14/volume-fc8659fd-9b7f-49be-b500-63a8215ca665.e1512679-c4b2-4de6-b81f-0a8232087607
Jul 01 10:33:42 devstack sudo[92834]: pam_unix(sudo:session): session opened for user root(uid=0) by (uid=1000)
Jul 01 10:33:44 devstack sudo[92834]: pam_unix(sudo:session): session closed for user root
Jul 01 10:33:44 devstack cinder-volume[86258]: DEBUG oslo_concurrency.processutils [None req-03c1b099-9597-480a-a0fc-3ba265ac7f27 tempest-GroupSnapshotsTest-971476069 None] CMD "sudo cinder-rootwrap /etc/cinder/rootwrap.conf qemu-img rebase -u -b volume-fc8659fd-9b7f-49be-b500-63a8215ca665 -F qcow2 /opt/stack/data/cinder/mnt/4723333160d46c6d2e6db55aded68f14/volume-fc8659fd-9b7f-49be-b500-63a8215ca665.e1512679-c4b2-4de6-b81f-0a8232087607" returned: 0 in 1.583s {{(pid=86258) execute /opt/stack/data/venv/lib/python3.12/site-packages/oslo_concurrency/processutils.py:468}}
Jul 01 10:33:44 devstack cinder-volume[86258]: WARNING cinder.volume.drivers.remotefs [None req-03c1b099-9597-480a-a0fc-3ba265ac7f27 tempest-GroupSnapshotsTest-971476069 None] /opt/stack/data/cinder/mnt/4723333160d46c6d2e6db55aded68f14/volume-fc8659fd-9b7f-49be-b500-63a8215ca665.e1512679-c4b2-4de6-b81f-0a8232087607 is being set with open permissions: ugo+rw: NotImplementedError
Jul 01 10:33:44 devstack cinder-volume[86258]: DEBUG oslo_concurrency.processutils [None req-03c1b099-9597-480a-a0fc-3ba265ac7f27 tempest-GroupSnapshotsTest-971476069 None] Running cmd (subprocess): sudo cinder-rootwrap /etc/cinder/rootwrap.conf chmod ugo+rw /opt/stack/data/cinder/mnt/4723333160d46c6d2e6db55aded68f14/volume-fc8659fd-9b7f-49be-b500-63a8215ca665.e1512679-c4b2-4de6-b81f-0a8232087607 {{(pid=86258) execute /opt/stack/data/venv/lib/python3.12/site-packages/oslo_concurrency/processutils.py:440}}
Jul 01 10:33:44 devstack sudo[92846]: quobyte : PWD=/ ; USER=root ; COMMAND=/opt/stack/data/venv/bin/cinder-rootwrap /etc/cinder/rootwrap.conf chmod ugo+rw /opt/stack/data/cinder/mnt/4723333160d46c6d2e6db55aded68f14/volume-fc8659fd-9b7f-49be-b500-63a8215ca665.e1512679-c4b2-4de6-b81f-0a8232087607
Jul 01 10:33:44 devstack sudo[92846]: pam_unix(sudo:session): session opened for user root(uid=0) by (uid=1000)
Jul 01 10:33:45 devstack sudo[92846]: pam_unix(sudo:session): session closed for user root
Jul 01 10:33:45 devstack cinder-volume[86258]: DEBUG oslo_concurrency.processutils [None req-03c1b099-9597-480a-a0fc-3ba265ac7f27 tempest-GroupSnapshotsTest-971476069 None] CMD "sudo cinder-rootwrap /etc/cinder/rootwrap.conf chmod ugo+rw /opt/stack/data/cinder/mnt/4723333160d46c6d2e6db55aded68f14/volume-fc8659fd-9b7f-49be-b500-63a8215ca665.e1512679-c4b2-4de6-b81f-0a8232087607" returned: 0 in 1.194s {{(pid=86258) execute /opt/stack/data/venv/lib/python3.12/site-packages/oslo_concurrency/processutils.py:468}}
Jul 01 10:33:45 devstack cinder-volume[86258]: DEBUG oslo_concurrency.processutils [None req-03c1b099-9597-480a-a0fc-3ba265ac7f27 tempest-GroupSnapshotsTest-971476069 None] Running cmd (subprocess): sudo cinder-rootwrap /etc/cinder/rootwrap.conf truncate -s0 /opt/stack/data/cinder/mnt/4723333160d46c6d2e6db55aded68f14/volume-fc8659fd-9b7f-49be-b500-63a8215ca665.info {{(pid=86258) execute /opt/stack/data/venv/lib/python3.12/site-packages/oslo_concurrency/processutils.py:440}}
Jul 01 10:33:45 devstack sudo[92879]: quobyte : PWD=/ ; USER=root ; COMMAND=/opt/stack/data/venv/bin/cinder-rootwrap /etc/cinder/rootwrap.conf truncate -s0 /opt/stack/data/cinder/mnt/4723333160d46c6d2e6db55aded68f14/volume-fc8659fd-9b7f-49be-b500-63a8215ca665.info
Jul 01 10:33:45 devstack sudo[92879]: pam_unix(sudo:session): session opened for user root(uid=0) by (uid=1000)
Jul 01 10:33:46 devstack cinder-volume[86258]: DEBUG cinder.volume.flows.manager.create_volume [None req-9b450ea5-7d42-44c6-9c66-bd97dfa4e8ca tempest-VolumesTransfersTest-1215049447 None] Volume reschedule parameters: True retry: {'num_attempts': 1, 'backends': ['devstack@QuobyteHD#QuobyteHD'], 'hosts': ['devstack@QuobyteHD#QuobyteHD']} {{(pid=86258) get_flow /opt/stack/cinder/cinder/volume/flows/manager/create_volume.py:1397}}
Jul 01 10:33:46 devstack cinder-volume[86258]: DEBUG cinder.volume.manager [None req-9b450ea5-7d42-44c6-9c66-bd97dfa4e8ca tempest-VolumesTransfersTest-1215049447 None] Flow 'volume_create_manager' (2690668c-3aab-4c05-b583-256346d205a1) transitioned into state 'RUNNING' from state 'PENDING' {{(pid=86258) _flow_receiver /opt/stack/data/venv/lib/python3.12/site-packages/taskflow/listeners/logging.py:160}}
Jul 01 10:33:46 devstack cinder-volume[86258]: DEBUG cinder.volume.manager [None req-9b450ea5-7d42-44c6-9c66-bd97dfa4e8ca tempest-VolumesTransfersTest-1215049447 None] Task 'cinder.volume.flows.manager.create_volume.ExtractVolumeRefTask;volume:create' (3281c122-7404-4a94-b6f2-af3147d41db7) transitioned into state 'RUNNING' from state 'PENDING' {{(pid=86258) _task_receiver /opt/stack/data/venv/lib/python3.12/site-packages/taskflow/listeners/logging.py:242}}
Jul 01 10:33:46 devstack cinder-volume[86258]: DEBUG cinder.volume.manager [None req-9b450ea5-7d42-44c6-9c66-bd97dfa4e8ca tempest-VolumesTransfersTest-1215049447 None] Task 'cinder.volume.flows.manager.create_volume.ExtractVolumeRefTask;volume:create' (3281c122-7404-4a94-b6f2-af3147d41db7) transitioned into state 'SUCCESS' from state 'RUNNING' with result 'Volume(_name_id=None,admin_metadata=,attach_status='detached',availability_zone='nova',bootable=False,cluster=,cluster_name=None,consistencygroup=,consistencygroup_id=None,created_at=2026-07-01T08:33:46Z,deleted=False,deleted_at=None,display_description=None,display_name='tempest-VolumesTransfersTest-Volume-1847732663',ec2_id=None,encryption_key_id=None,glance_metadata=,group=,group_id=None,host='devstack@QuobyteHD#QuobyteHD',id=fbedebfb-24b9-480e-8d53-56ea5cd7425e,launched_at=None,metadata={},migration_status=None,multiattach=False,previous_status=None,project_id='4fca5e9ed0014b30a5367f5faaf196a5',provider_auth=None,provider_geometry=None,provider_id=None,provider_location=None,replication_driver_data=None,replication_extended_status=None,replication_status=None,scheduled_at=2026-07-01T08:33:46Z,service_uuid=None,shared_targets=True,size=1,snapshot_id=None,snapshots=,source_volid=None,status='creating',terminated_at=None,updated_at=2026-07-01T08:33:46Z,use_quota=True,user_id='d96ba92d0fec4d59a8def33099956dd4',volume_attachment=VolumeAttachmentList,volume_type=VolumeType(2d1eaa9c-1f7b-4bc3-993a-7c103411134e),volume_type_id=2d1eaa9c-1f7b-4bc3-993a-7c103411134e)' {{(pid=86258) _task_receiver /opt/stack/data/venv/lib/python3.12/site-packages/taskflow/listeners/logging.py:218}}
Jul 01 10:33:46 devstack cinder-volume[86258]: DEBUG cinder.volume.manager [None req-9b450ea5-7d42-44c6-9c66-bd97dfa4e8ca tempest-VolumesTransfersTest-1215049447 None] Task 'cinder.volume.flows.manager.create_volume.OnFailureRescheduleTask;volume:create' (9619e05f-fcd4-40ee-8a33-143dc705042c) transitioned into state 'RUNNING' from state 'PENDING' {{(pid=86258) _task_receiver /opt/stack/data/venv/lib/python3.12/site-packages/taskflow/listeners/logging.py:242}}
Jul 01 10:33:46 devstack cinder-volume[86258]: DEBUG cinder.volume.manager [None req-9b450ea5-7d42-44c6-9c66-bd97dfa4e8ca tempest-VolumesTransfersTest-1215049447 None] Task 'cinder.volume.flows.manager.create_volume.OnFailureRescheduleTask;volume:create' (9619e05f-fcd4-40ee-8a33-143dc705042c) transitioned into state 'SUCCESS' from state 'RUNNING' with result 'None' {{(pid=86258) _task_receiver /opt/stack/data/venv/lib/python3.12/site-packages/taskflow/listeners/logging.py:218}}
Jul 01 10:33:46 devstack cinder-volume[86258]: DEBUG cinder.volume.manager [None req-9b450ea5-7d42-44c6-9c66-bd97dfa4e8ca tempest-VolumesTransfersTest-1215049447 None] Task 'cinder.volume.flows.manager.create_volume.ExtractVolumeSpecTask;volume:create' (660cc97a-dc87-484b-aafb-8a3ec6203dd8) transitioned into state 'RUNNING' from state 'PENDING' {{(pid=86258) _task_receiver /opt/stack/data/venv/lib/python3.12/site-packages/taskflow/listeners/logging.py:242}}
