Aug 25 17:48:28 devstack cinder-volume[94202]: DEBUG cinder.volume.manager [None req-48f2f64e-f937-4831-b7ac-f315b7ec30c9 tempest-VolumesDeleteCascade-400187454 None] Task 'cinder.volume.flows.manager.create_volume.OnFailureRescheduleTask;volume:create' (12b2026e-3907-45d8-a8c2-36f4c26ae7b1) transitioned into state 'SUCCESS' from state 'RUNNING' with result 'None' {{(pid=94202) _task_receiver /opt/stack/data/venv/lib/python3.12/site-packages/taskflow/listeners/logging.py:218}}
Aug 25 17:48:28 devstack cinder-volume[94202]: DEBUG cinder.volume.manager [None req-48f2f64e-f937-4831-b7ac-f315b7ec30c9 tempest-VolumesDeleteCascade-400187454 None] Task 'cinder.volume.flows.manager.create_volume.ExtractVolumeSpecTask;volume:create' (baab45ee-da6b-47a2-bf35-01cafe39b60a) transitioned into state 'RUNNING' from state 'PENDING' {{(pid=94202) _task_receiver /opt/stack/data/venv/lib/python3.12/site-packages/taskflow/listeners/logging.py:242}}
Aug 25 17:48:28 devstack cinder-volume[94202]: DEBUG cinder.volume.manager [None req-48f2f64e-f937-4831-b7ac-f315b7ec30c9 tempest-VolumesDeleteCascade-400187454 None] Task 'cinder.volume.flows.manager.create_volume.ExtractVolumeSpecTask;volume:create' (baab45ee-da6b-47a2-bf35-01cafe39b60a) transitioned into state 'SUCCESS' from state 'RUNNING' with result '{'status': 'creating', 'type': 'raw', 'volume_id': 'd635b9af-0e20-439d-b3e6-e1930dc2cf38', 'volume_name': 'volume-d635b9af-0e20-439d-b3e6-e1930dc2cf38', 'volume_size': 1}' {{(pid=94202) _task_receiver /opt/stack/data/venv/lib/python3.12/site-packages/taskflow/listeners/logging.py:218}}
Aug 25 17:48:28 devstack cinder-volume[94202]: DEBUG cinder.volume.manager [None req-48f2f64e-f937-4831-b7ac-f315b7ec30c9 tempest-VolumesDeleteCascade-400187454 None] Task 'cinder.volume.flows.manager.create_volume.NotifyVolumeActionTask;volume:create, create.start' (3f0b90bb-3002-4e8a-a05a-f41e63e871cf) transitioned into state 'RUNNING' from state 'PENDING' {{(pid=94202) _task_receiver /opt/stack/data/venv/lib/python3.12/site-packages/taskflow/listeners/logging.py:242}}
Aug 25 17:48:28 devstack cinder-volume[94202]: DEBUG cinder.volume.manager [None req-48f2f64e-f937-4831-b7ac-f315b7ec30c9 tempest-VolumesDeleteCascade-400187454 None] Task 'cinder.volume.flows.manager.create_volume.NotifyVolumeActionTask;volume:create, create.start' (3f0b90bb-3002-4e8a-a05a-f41e63e871cf) transitioned into state 'SUCCESS' from state 'RUNNING' with result 'None' {{(pid=94202) _task_receiver /opt/stack/data/venv/lib/python3.12/site-packages/taskflow/listeners/logging.py:218}}
Aug 25 17:48:28 devstack cinder-volume[94202]: DEBUG cinder.volume.manager [None req-48f2f64e-f937-4831-b7ac-f315b7ec30c9 tempest-VolumesDeleteCascade-400187454 None] Task 'cinder.volume.flows.manager.create_volume.CreateVolumeFromSpecTask;volume:create' (7daa5c11-c83a-45c4-8fcb-e60f1ff93692) transitioned into state 'RUNNING' from state 'PENDING' {{(pid=94202) _task_receiver /opt/stack/data/venv/lib/python3.12/site-packages/taskflow/listeners/logging.py:242}}
Aug 25 17:48:28 devstack cinder-volume[94202]: INFO cinder.volume.flows.manager.create_volume [None req-48f2f64e-f937-4831-b7ac-f315b7ec30c9 tempest-VolumesDeleteCascade-400187454 None] Volume d635b9af-0e20-439d-b3e6-e1930dc2cf38: being created as raw with specification: {'status': 'creating', 'volume_name': 'volume-d635b9af-0e20-439d-b3e6-e1930dc2cf38', 'volume_size': 1}
Aug 25 17:48:28 devstack cinder-volume[94202]: DEBUG oslo_concurrency.lockutils [None req-48f2f64e-f937-4831-b7ac-f315b7ec30c9 tempest-VolumesDeleteCascade-400187454 None] Acquiring lock "quobyte" by "cinder.volume.drivers.quobyte.QuobyteDriver.create_volume" {{(pid=94202) inner /opt/stack/data/venv/lib/python3.12/site-packages/oslo_concurrency/lockutils.py:512}}
Aug 25 17:48:28 devstack cinder-volume[94202]: DEBUG oslo_concurrency.lockutils [None req-48f2f64e-f937-4831-b7ac-f315b7ec30c9 tempest-VolumesDeleteCascade-400187454 None] Lock "quobyte" acquired by "cinder.volume.drivers.quobyte.QuobyteDriver.create_volume" :: waited 0.001s {{(pid=94202) inner /opt/stack/data/venv/lib/python3.12/site-packages/oslo_concurrency/lockutils.py:525}}
Aug 25 17:48:28 devstack cinder-volume[94202]: DEBUG cinder.volume.drivers.quobyte [None req-48f2f64e-f937-4831-b7ac-f315b7ec30c9 tempest-VolumesDeleteCascade-400187454 None] ==> create_volume: call "{'self': , 'volume': Volume(_name_id=None,admin_metadata=,attach_status='detached',availability_zone='nova',bootable=False,cluster=,cluster_name=None,consistencygroup=,consistencygroup_id=None,created_at=2026-08-25T15:48:28Z,deleted=False,deleted_at=None,display_description=None,display_name='tempest-VolumesDeleteCascade-Volume-1517349875',ec2_id=None,encryption_key_id=None,glance_metadata=,group=,group_id=None,host='devstack@QuobyteHD#QuobyteHD',id=d635b9af-0e20-439d-b3e6-e1930dc2cf38,launched_at=None,metadata={},migration_status=None,multiattach=False,previous_status=None,project_id='eed11a4828804989b683e0578141b95a',provider_auth=None,provider_geometry=None,provider_id=None,provider_location=None,replication_driver_data=None,replication_extended_status=None,replication_status=None,scheduled_at=2026-08-25T15:48:28Z,service_uuid=None,shared_targets=True,size=1,snapshot_id=None,snapshots=,source_volid=None,status='creating',terminated_at=None,updated_at=2026-08-25T15:48:28Z,use_quota=True,user_id='dc9fb867d6b94e1e95802fca3ba23bb3',volume_attachment=VolumeAttachmentList,volume_type=VolumeType(663a4a7a-5505-40c7-96be-ad21c79fd2b2),volume_type_id=663a4a7a-5505-40c7-96be-ad21c79fd2b2)}" {{(pid=94202) trace_logging_wrapper /opt/stack/cinder/cinder/volume/volume_utils.py:1497}}
Aug 25 17:48:28 devstack cinder-volume[94202]: DEBUG cinder.volume.drivers.remotefs [None req-48f2f64e-f937-4831-b7ac-f315b7ec30c9 tempest-VolumesDeleteCascade-400187454 None] Creating volume d635b9af-0e20-439d-b3e6-e1930dc2cf38 {{(pid=94202) create_volume /opt/stack/cinder/cinder/volume/drivers/remotefs.py:292}}
Aug 25 17:48:28 devstack cinder-volume[94202]: DEBUG oslo_concurrency.lockutils [None req-48f2f64e-f937-4831-b7ac-f315b7ec30c9 tempest-VolumesDeleteCascade-400187454 None] Acquiring lock "quobyte_ensure" by "cinder.volume.drivers.quobyte.QuobyteDriver._ensure_shares_mounted" {{(pid=94202) inner /opt/stack/data/venv/lib/python3.12/site-packages/oslo_concurrency/lockutils.py:512}}
Aug 25 17:48:28 devstack cinder-volume[94202]: DEBUG oslo_concurrency.lockutils [None req-48f2f64e-f937-4831-b7ac-f315b7ec30c9 tempest-VolumesDeleteCascade-400187454 None] Lock "quobyte_ensure" acquired by "cinder.volume.drivers.quobyte.QuobyteDriver._ensure_shares_mounted" :: waited 0.000s {{(pid=94202) inner /opt/stack/data/venv/lib/python3.12/site-packages/oslo_concurrency/lockutils.py:525}}
Aug 25 17:48:28 devstack cinder-volume[94202]: DEBUG cinder.volume.drivers.quobyte [None req-48f2f64e-f937-4831-b7ac-f315b7ec30c9 tempest-VolumesDeleteCascade-400187454 None] Quobyte Volume URL set to: {'osci02.corp.quobyte.com/cinder-vol-76611055-a9e6-431a-b38a-ba7d32069f6a': None} {{(pid=94202) _load_shares_config /opt/stack/cinder/cinder/volume/drivers/quobyte.py:662}}
Aug 25 17:48:28 devstack cinder-volume[94202]: DEBUG cinder.volume.drivers.quobyte [None req-48f2f64e-f937-4831-b7ac-f315b7ec30c9 tempest-VolumesDeleteCascade-400187454 None] Available shares ['osci02.corp.quobyte.com/cinder-vol-76611055-a9e6-431a-b38a-ba7d32069f6a'] {{(pid=94202) _ensure_shares_mounted /opt/stack/cinder/cinder/volume/drivers/quobyte.py:692}}
Aug 25 17:48:28 devstack cinder-volume[94202]: DEBUG oslo_concurrency.lockutils [None req-48f2f64e-f937-4831-b7ac-f315b7ec30c9 tempest-VolumesDeleteCascade-400187454 None] Lock "quobyte_ensure" "released" by "cinder.volume.drivers.quobyte.QuobyteDriver._ensure_shares_mounted" :: held 0.015s {{(pid=94202) inner /opt/stack/data/venv/lib/python3.12/site-packages/oslo_concurrency/lockutils.py:544}}
Aug 25 17:48:28 devstack cinder-volume[94202]: DEBUG cinder.volume.drivers.quobyte [None req-48f2f64e-f937-4831-b7ac-f315b7ec30c9 tempest-VolumesDeleteCascade-400187454 None] Selected osci02.corp.quobyte.com/cinder-vol-76611055-a9e6-431a-b38a-ba7d32069f6a as target Quobyte volume. {{(pid=94202) _find_share /opt/stack/cinder/cinder/volume/drivers/quobyte.py:713}}
Aug 25 17:48:28 devstack cinder-volume[94202]: INFO cinder.volume.drivers.remotefs [None req-48f2f64e-f937-4831-b7ac-f315b7ec30c9 tempest-VolumesDeleteCascade-400187454 None] casted to osci02.corp.quobyte.com/cinder-vol-76611055-a9e6-431a-b38a-ba7d32069f6a
Aug 25 17:48:28 devstack cinder-volume[94202]: DEBUG oslo_concurrency.processutils [None req-48f2f64e-f937-4831-b7ac-f315b7ec30c9 tempest-VolumesDeleteCascade-400187454 None] Running cmd (subprocess): sudo cinder-rootwrap /etc/cinder/rootwrap.conf qemu-img create -f qcow2 -o preallocation=metadata /opt/stack/data/cinder/mnt/1761ec712160b8c14066a2d099544c82/volume-d635b9af-0e20-439d-b3e6-e1930dc2cf38 1073741824 {{(pid=94202) execute /opt/stack/data/venv/lib/python3.12/site-packages/oslo_concurrency/processutils.py:440}}
Aug 25 17:48:28 devstack sudo[102806]: quobyte : PWD=/ ; USER=root ; COMMAND=/opt/stack/data/venv/bin/cinder-rootwrap /etc/cinder/rootwrap.conf qemu-img create -f qcow2 -o preallocation=metadata /opt/stack/data/cinder/mnt/1761ec712160b8c14066a2d099544c82/volume-d635b9af-0e20-439d-b3e6-e1930dc2cf38 1073741824
Aug 25 17:48:28 devstack sudo[102806]: pam_unix(sudo:session): session opened for user root(uid=0) by (uid=1000)
Aug 25 17:48:29 devstack sudo[102801]: pam_unix(sudo:session): session closed for user root
Aug 25 17:48:29 devstack cinder-volume[94202]: DEBUG oslo_concurrency.processutils [None req-960aea22-c470-4bb7-8990-dee1f3c7aafd tempest-VolumeRetypeWithoutMigrationTest-1941530203 None] CMD "/opt/stack/data/venv/bin/python3.12 -m oslo_concurrency.prlimit --as=1073741824 --cpu=60 -- sudo cinder-rootwrap /etc/cinder/rootwrap.conf env LC_ALL=C qemu-img info -f qcow2 --output=json --force-share /opt/stack/data/cinder/mnt/1761ec712160b8c14066a2d099544c82/volume-09c3ba56-0607-41c7-8ebd-367ff778bf86" returned: 0 in 0.957s {{(pid=94202) execute /opt/stack/data/venv/lib/python3.12/site-packages/oslo_concurrency/processutils.py:468}}
Aug 25 17:48:29 devstack cinder-volume[94202]: DEBUG oslo_concurrency.processutils [None req-960aea22-c470-4bb7-8990-dee1f3c7aafd tempest-VolumeRetypeWithoutMigrationTest-1941530203 None] Running cmd (subprocess): sudo cinder-rootwrap /etc/cinder/rootwrap.conf rm -f /opt/stack/data/cinder/mnt/1761ec712160b8c14066a2d099544c82/volume-09c3ba56-0607-41c7-8ebd-367ff778bf86 {{(pid=94202) execute /opt/stack/data/venv/lib/python3.12/site-packages/oslo_concurrency/processutils.py:440}}
Aug 25 17:48:29 devstack sudo[102814]: quobyte : PWD=/ ; USER=root ; COMMAND=/opt/stack/data/venv/bin/cinder-rootwrap /etc/cinder/rootwrap.conf rm -f /opt/stack/data/cinder/mnt/1761ec712160b8c14066a2d099544c82/volume-09c3ba56-0607-41c7-8ebd-367ff778bf86
Aug 25 17:48:29 devstack sudo[102814]: pam_unix(sudo:session): session opened for user root(uid=0) by (uid=1000)
Aug 25 17:48:29 devstack sudo[102806]: pam_unix(sudo:session): session closed for user root
Aug 25 17:48:29 devstack cinder-volume[94202]: DEBUG oslo_concurrency.processutils [None req-48f2f64e-f937-4831-b7ac-f315b7ec30c9 tempest-VolumesDeleteCascade-400187454 None] CMD "sudo cinder-rootwrap /etc/cinder/rootwrap.conf qemu-img create -f qcow2 -o preallocation=metadata /opt/stack/data/cinder/mnt/1761ec712160b8c14066a2d099544c82/volume-d635b9af-0e20-439d-b3e6-e1930dc2cf38 1073741824" returned: 0 in 0.900s {{(pid=94202) execute /opt/stack/data/venv/lib/python3.12/site-packages/oslo_concurrency/processutils.py:468}}
Aug 25 17:48:29 devstack cinder-volume[94202]: DEBUG oslo_concurrency.processutils [None req-48f2f64e-f937-4831-b7ac-f315b7ec30c9 tempest-VolumesDeleteCascade-400187454 None] Running cmd (subprocess): sudo cinder-rootwrap /etc/cinder/rootwrap.conf chmod ugo+rw /opt/stack/data/cinder/mnt/1761ec712160b8c14066a2d099544c82/volume-d635b9af-0e20-439d-b3e6-e1930dc2cf38 {{(pid=94202) execute /opt/stack/data/venv/lib/python3.12/site-packages/oslo_concurrency/processutils.py:440}}
Aug 25 17:48:29 devstack sudo[102814]: pam_unix(sudo:session): session closed for user root
Aug 25 17:48:29 devstack cinder-volume[94202]: DEBUG oslo_concurrency.processutils [None req-960aea22-c470-4bb7-8990-dee1f3c7aafd tempest-VolumeRetypeWithoutMigrationTest-1941530203 None] CMD "sudo cinder-rootwrap /etc/cinder/rootwrap.conf rm -f /opt/stack/data/cinder/mnt/1761ec712160b8c14066a2d099544c82/volume-09c3ba56-0607-41c7-8ebd-367ff778bf86" returned: 0 in 0.468s {{(pid=94202) execute /opt/stack/data/venv/lib/python3.12/site-packages/oslo_concurrency/processutils.py:468}}
Aug 25 17:48:29 devstack sudo[102817]: quobyte : PWD=/ ; USER=root ; COMMAND=/opt/stack/data/venv/bin/cinder-rootwrap /etc/cinder/rootwrap.conf chmod ugo+rw /opt/stack/data/cinder/mnt/1761ec712160b8c14066a2d099544c82/volume-d635b9af-0e20-439d-b3e6-e1930dc2cf38
Aug 25 17:48:29 devstack sudo[102817]: pam_unix(sudo:session): session opened for user root(uid=0) by (uid=1000)
Aug 25 17:48:29 devstack cinder-volume[94202]: DEBUG cinder.coordination [None req-960aea22-c470-4bb7-8990-dee1f3c7aafd tempest-VolumeRetypeWithoutMigrationTest-1941530203 None] Lock "cinder-quobyte-09c3ba56-0607-41c7-8ebd-367ff778bf86" released by "delete_volume" :: held 1.535s {{(pid=94202) __release /opt/stack/cinder/cinder/coordination.py:152}}
Aug 25 17:48:29 devstack cinder-volume[94202]: WARNING cinder.quota [None req-960aea22-c470-4bb7-8990-dee1f3c7aafd tempest-VolumeRetypeWithoutMigrationTest-1941530203 None] Deprecated: Default quota for resource: volumes_volume-type-2 is set by the default quota flag: quota_volumes_volume-type-2, it is now deprecated. Please use the default quota class for default quota.
Aug 25 17:48:29 devstack cinder-volume[94202]: WARNING cinder.quota [None req-960aea22-c470-4bb7-8990-dee1f3c7aafd tempest-VolumeRetypeWithoutMigrationTest-1941530203 None] Deprecated: Default quota for resource: gigabytes_volume-type-2 is set by the default quota flag: quota_gigabytes_volume-type-2, it is now deprecated. Please use the default quota class for default quota.
Aug 25 17:48:29 devstack cinder-volume[94202]: DEBUG cinder.quota [None req-960aea22-c470-4bb7-8990-dee1f3c7aafd tempest-VolumeRetypeWithoutMigrationTest-1941530203 None] Created reservations ['9f196b0b-bdd7-42a4-8458-7e6d3d8934f3', 'a38d91bb-31cd-4b97-8c14-950ef89431e8', '299d9967-042f-4f29-be7e-e436e312693f', '70496601-2ad3-4516-a08d-f0ab4c5bf303'] {{(pid=94202) reserve /opt/stack/cinder/cinder/quota.py:752}}
Aug 25 17:48:29 devstack cinder-volume[94202]: DEBUG oslo_concurrency.lockutils [None req-960aea22-c470-4bb7-8990-dee1f3c7aafd tempest-VolumeRetypeWithoutMigrationTest-1941530203 None] Acquiring lock "quobyte_ensure" by "cinder.volume.drivers.quobyte.QuobyteDriver._ensure_shares_mounted" {{(pid=94202) inner /opt/stack/data/venv/lib/python3.12/site-packages/oslo_concurrency/lockutils.py:512}}
Aug 25 17:48:29 devstack cinder-volume[94202]: DEBUG oslo_concurrency.lockutils [None req-960aea22-c470-4bb7-8990-dee1f3c7aafd tempest-VolumeRetypeWithoutMigrationTest-1941530203 None] Lock "quobyte_ensure" acquired by "cinder.volume.drivers.quobyte.QuobyteDriver._ensure_shares_mounted" :: waited 0.003s {{(pid=94202) inner /opt/stack/data/venv/lib/python3.12/site-packages/oslo_concurrency/lockutils.py:525}}
Aug 25 17:48:29 devstack cinder-volume[94202]: DEBUG cinder.volume.drivers.quobyte [None req-960aea22-c470-4bb7-8990-dee1f3c7aafd tempest-VolumeRetypeWithoutMigrationTest-1941530203 None] Quobyte Volume URL set to: {'osci02.corp.quobyte.com/cinder-vol-76611055-a9e6-431a-b38a-ba7d32069f6a': None} {{(pid=94202) _load_shares_config /opt/stack/cinder/cinder/volume/drivers/quobyte.py:662}}
Aug 25 17:48:29 devstack cinder-volume[94202]: DEBUG cinder.volume.drivers.quobyte [None req-960aea22-c470-4bb7-8990-dee1f3c7aafd tempest-VolumeRetypeWithoutMigrationTest-1941530203 None] Available shares ['osci02.corp.quobyte.com/cinder-vol-76611055-a9e6-431a-b38a-ba7d32069f6a'] {{(pid=94202) _ensure_shares_mounted /opt/stack/cinder/cinder/volume/drivers/quobyte.py:692}}
Aug 25 17:48:29 devstack cinder-volume[94202]: DEBUG oslo_concurrency.lockutils [None req-960aea22-c470-4bb7-8990-dee1f3c7aafd tempest-VolumeRetypeWithoutMigrationTest-1941530203 None] Lock "quobyte_ensure" "released" by "cinder.volume.drivers.quobyte.QuobyteDriver._ensure_shares_mounted" :: held 0.019s {{(pid=94202) inner /opt/stack/data/venv/lib/python3.12/site-packages/oslo_concurrency/lockutils.py:544}}
Aug 25 17:48:29 devstack cinder-volume[94202]: DEBUG oslo_concurrency.processutils [None req-960aea22-c470-4bb7-8990-dee1f3c7aafd tempest-VolumeRetypeWithoutMigrationTest-1941530203 None] Running cmd (subprocess): sudo cinder-rootwrap /etc/cinder/rootwrap.conf df --portability --block-size 1 /opt/stack/data/cinder/mnt/1761ec712160b8c14066a2d099544c82 {{(pid=94202) execute /opt/stack/data/venv/lib/python3.12/site-packages/oslo_concurrency/processutils.py:440}}
Aug 25 17:48:29 devstack sudo[102820]: quobyte : PWD=/ ; USER=root ; COMMAND=/opt/stack/data/venv/bin/cinder-rootwrap /etc/cinder/rootwrap.conf df --portability --block-size 1 /opt/stack/data/cinder/mnt/1761ec712160b8c14066a2d099544c82
Aug 25 17:48:29 devstack sudo[102820]: pam_unix(sudo:session): session opened for user root(uid=0) by (uid=1000)
Aug 25 17:48:30 devstack sudo[102817]: pam_unix(sudo:session): session closed for user root
Aug 25 17:48:30 devstack cinder-volume[94202]: DEBUG oslo_concurrency.processutils [None req-48f2f64e-f937-4831-b7ac-f315b7ec30c9 tempest-VolumesDeleteCascade-400187454 None] CMD "sudo cinder-rootwrap /etc/cinder/rootwrap.conf chmod ugo+rw /opt/stack/data/cinder/mnt/1761ec712160b8c14066a2d099544c82/volume-d635b9af-0e20-439d-b3e6-e1930dc2cf38" returned: 0 in 0.534s {{(pid=94202) execute /opt/stack/data/venv/lib/python3.12/site-packages/oslo_concurrency/processutils.py:468}}
Aug 25 17:48:30 devstack cinder-volume[94202]: DEBUG cinder.volume.drivers.quobyte [None req-48f2f64e-f937-4831-b7ac-f315b7ec30c9 tempest-VolumesDeleteCascade-400187454 None] <== create_volume: return (1510ms) {'provider_location': 'osci02.corp.quobyte.com/cinder-vol-76611055-a9e6-431a-b38a-ba7d32069f6a'} {{(pid=94202) trace_logging_wrapper /opt/stack/cinder/cinder/volume/volume_utils.py:1522}}
Aug 25 17:48:30 devstack cinder-volume[94202]: DEBUG oslo_concurrency.lockutils [None req-48f2f64e-f937-4831-b7ac-f315b7ec30c9 tempest-VolumesDeleteCascade-400187454 None] Lock "quobyte" "released" by "cinder.volume.drivers.quobyte.QuobyteDriver.create_volume" :: held 1.513s {{(pid=94202) inner /opt/stack/data/venv/lib/python3.12/site-packages/oslo_concurrency/lockutils.py:544}}
Aug 25 17:48:30 devstack cinder-volume[94202]: DEBUG cinder.volume.manager [None req-48f2f64e-f937-4831-b7ac-f315b7ec30c9 tempest-VolumesDeleteCascade-400187454 None] Task 'cinder.volume.flows.manager.create_volume.CreateVolumeFromSpecTask;volume:create' (7daa5c11-c83a-45c4-8fcb-e60f1ff93692) transitioned into state 'SUCCESS' from state 'RUNNING' with result '{'status': 'creating', 'volume_name': 'volume-d635b9af-0e20-439d-b3e6-e1930dc2cf38', 'volume_size': 1}' {{(pid=94202) _task_receiver /opt/stack/data/venv/lib/python3.12/site-packages/taskflow/listeners/logging.py:218}}
Aug 25 17:48:30 devstack cinder-volume[94202]: DEBUG cinder.volume.manager [None req-48f2f64e-f937-4831-b7ac-f315b7ec30c9 tempest-VolumesDeleteCascade-400187454 None] Task 'cinder.volume.flows.manager.create_volume.CreateVolumeOnFinishTask;volume:create, create.end' (d63f6c17-1606-4390-b415-fa996ff1f43c) transitioned into state 'RUNNING' from state 'PENDING' {{(pid=94202) _task_receiver /opt/stack/data/venv/lib/python3.12/site-packages/taskflow/listeners/logging.py:242}}
Aug 25 17:48:30 devstack cinder-volume[94202]: INFO cinder.volume.flows.manager.create_volume [None req-48f2f64e-f937-4831-b7ac-f315b7ec30c9 tempest-VolumesDeleteCascade-400187454 None] Volume volume-d635b9af-0e20-439d-b3e6-e1930dc2cf38 (d635b9af-0e20-439d-b3e6-e1930dc2cf38): created successfully
Aug 25 17:48:30 devstack cinder-volume[94202]: DEBUG cinder.volume.manager [None req-48f2f64e-f937-4831-b7ac-f315b7ec30c9 tempest-VolumesDeleteCascade-400187454 None] Task 'cinder.volume.flows.manager.create_volume.CreateVolumeOnFinishTask;volume:create, create.end' (d63f6c17-1606-4390-b415-fa996ff1f43c) transitioned into state 'SUCCESS' from state 'RUNNING' with result 'None' {{(pid=94202) _task_receiver /opt/stack/data/venv/lib/python3.12/site-packages/taskflow/listeners/logging.py:218}}
Aug 25 17:48:30 devstack cinder-volume[94202]: DEBUG cinder.volume.manager [None req-48f2f64e-f937-4831-b7ac-f315b7ec30c9 tempest-VolumesDeleteCascade-400187454 None] Flow 'volume_create_manager' (382604eb-5d17-4a80-aa47-4d2cb6ca9e61) transitioned into state 'SUCCESS' from state 'RUNNING' {{(pid=94202) _flow_receiver /opt/stack/data/venv/lib/python3.12/site-packages/taskflow/listeners/logging.py:160}}
Aug 25 17:48:30 devstack cinder-volume[94202]: INFO cinder.volume.manager [None req-48f2f64e-f937-4831-b7ac-f315b7ec30c9 tempest-VolumesDeleteCascade-400187454 None] Created volume successfully.
Aug 25 17:48:30 devstack sudo[102820]: pam_unix(sudo:session): session closed for user root
Aug 25 17:48:30 devstack cinder-volume[94202]: DEBUG oslo_concurrency.processutils [None req-960aea22-c470-4bb7-8990-dee1f3c7aafd tempest-VolumeRetypeWithoutMigrationTest-1941530203 None] CMD "sudo cinder-rootwrap /etc/cinder/rootwrap.conf df --portability --block-size 1 /opt/stack/data/cinder/mnt/1761ec712160b8c14066a2d099544c82" returned: 0 in 0.514s {{(pid=94202) execute /opt/stack/data/venv/lib/python3.12/site-packages/oslo_concurrency/processutils.py:468}}
Aug 25 17:48:30 devstack cinder-volume[94202]: DEBUG cinder.manager [None req-960aea22-c470-4bb7-8990-dee1f3c7aafd tempest-VolumeRetypeWithoutMigrationTest-1941530203 None] Notifying Schedulers of capabilities ... {{(pid=94202) _publish_service_capabilities /opt/stack/cinder/cinder/manager.py:219}}
Aug 25 17:48:30 devstack cinder-volume[94202]: INFO cinder.volume.manager [None req-960aea22-c470-4bb7-8990-dee1f3c7aafd tempest-VolumeRetypeWithoutMigrationTest-1941530203 None] Deleted volume successfully.
Aug 25 17:48:30 devstack cinder-volume[94202]: DEBUG cinder.coordination [None req-960aea22-c470-4bb7-8990-dee1f3c7aafd tempest-VolumeRetypeWithoutMigrationTest-1941530203 None] Lock "cinder-09c3ba56-0607-41c7-8ebd-367ff778bf86-delete_volume" released by "delete_volume" :: held 2.449s {{(pid=94202) __release /opt/stack/cinder/cinder/coordination.py:152}}
Aug 25 17:48:31 devstack cinder-volume[94202]: DEBUG oslo_concurrency.lockutils [None req-5d425857-020f-4e77-babd-5161b76013a6 tempest-VolumesDeleteCascade-400187454 None] Acquiring lock "quobyte" by "cinder.volume.drivers.quobyte.QuobyteDriver.create_snapshot" {{(pid=94202) inner /opt/stack/data/venv/lib/python3.12/site-packages/oslo_concurrency/lockutils.py:512}}
Aug 25 17:48:31 devstack cinder-volume[94202]: DEBUG oslo_concurrency.lockutils [None req-5d425857-020f-4e77-babd-5161b76013a6 tempest-VolumesDeleteCascade-400187454 None] Lock "quobyte" acquired by "cinder.volume.drivers.quobyte.QuobyteDriver.create_snapshot" :: waited 0.001s {{(pid=94202) inner /opt/stack/data/venv/lib/python3.12/site-packages/oslo_concurrency/lockutils.py:525}}
Aug 25 17:48:31 devstack cinder-volume[94202]: DEBUG cinder.volume.drivers.remotefs [None req-5d425857-020f-4e77-babd-5161b76013a6 tempest-VolumesDeleteCascade-400187454 None] Creating offline snapshot 945cd6b2-bbcb-40b3-b9e5-23be8cb276e6 of volume d635b9af-0e20-439d-b3e6-e1930dc2cf38 {{(pid=94202) _create_snapshot /opt/stack/cinder/cinder/volume/drivers/remotefs.py:1816}}
Aug 25 17:48:31 devstack cinder-volume[94202]: DEBUG oslo.privsep.daemon [-] privsep: reply[50020ae5-8c50-4b42-8a1d-7a81a9349d5a]: (4, 'qcow2') {{(pid=95440) _call_back /opt/stack/data/venv/lib/python3.12/site-packages/oslo_privsep/daemon.py:580}}
Aug 25 17:48:31 devstack cinder-volume[94202]: DEBUG oslo_concurrency.processutils [None req-5d425857-020f-4e77-babd-5161b76013a6 tempest-VolumesDeleteCascade-400187454 None] Running cmd (subprocess): /opt/stack/data/venv/bin/python3.12 -m oslo_concurrency.prlimit --as=1073741824 --cpu=60 -- sudo cinder-rootwrap /etc/cinder/rootwrap.conf env LC_ALL=C qemu-img info -f qcow2 --output=json --force-share /opt/stack/data/cinder/mnt/1761ec712160b8c14066a2d099544c82/volume-d635b9af-0e20-439d-b3e6-e1930dc2cf38 {{(pid=94202) execute /opt/stack/data/venv/lib/python3.12/site-packages/oslo_concurrency/processutils.py:440}}
Aug 25 17:48:31 devstack sudo[102831]: quobyte : PWD=/ ; USER=root ; COMMAND=/opt/stack/data/venv/bin/cinder-rootwrap /etc/cinder/rootwrap.conf env LC_ALL=C qemu-img info -f qcow2 --output=json --force-share /opt/stack/data/cinder/mnt/1761ec712160b8c14066a2d099544c82/volume-d635b9af-0e20-439d-b3e6-e1930dc2cf38
Aug 25 17:48:31 devstack sudo[102831]: pam_unix(sudo:session): session opened for user root(uid=0) by (uid=1000)
Aug 25 17:48:31 devstack cinder-volume[94202]: DEBUG oslo_concurrency.lockutils [req-0b201977-1c50-4500-8713-5f11a0412446 req-84e3383c-935a-4ade-acc0-8e160b3241d5 tempest-TestInstancesWithCinderVolumes-1361493302 None] Acquiring lock "quobyte" by "cinder.volume.drivers.quobyte.QuobyteDriver.initialize_connection" {{(pid=94202) inner /opt/stack/data/venv/lib/python3.12/site-packages/oslo_concurrency/lockutils.py:512}}
Aug 25 17:48:31 devstack sudo[102831]: pam_unix(sudo:session): session closed for user root
Aug 25 17:48:31 devstack cinder-volume[94202]: DEBUG oslo_concurrency.processutils [None req-5d425857-020f-4e77-babd-5161b76013a6 tempest-VolumesDeleteCascade-400187454 None] CMD "/opt/stack/data/venv/bin/python3.12 -m oslo_concurrency.prlimit --as=1073741824 --cpu=60 -- sudo cinder-rootwrap /etc/cinder/rootwrap.conf env LC_ALL=C qemu-img info -f qcow2 --output=json --force-share /opt/stack/data/cinder/mnt/1761ec712160b8c14066a2d099544c82/volume-d635b9af-0e20-439d-b3e6-e1930dc2cf38" returned: 0 in 0.608s {{(pid=94202) execute /opt/stack/data/venv/lib/python3.12/site-packages/oslo_concurrency/processutils.py:468}}
Aug 25 17:48:31 devstack cinder-volume[94202]: DEBUG oslo_concurrency.processutils [None req-5d425857-020f-4e77-babd-5161b76013a6 tempest-VolumesDeleteCascade-400187454 None] Running cmd (subprocess): sudo cinder-rootwrap /etc/cinder/rootwrap.conf qemu-img create -f qcow2 -o backing_file=/opt/stack/data/cinder/mnt/1761ec712160b8c14066a2d099544c82/volume-d635b9af-0e20-439d-b3e6-e1930dc2cf38,backing_fmt=qcow2 /opt/stack/data/cinder/mnt/1761ec712160b8c14066a2d099544c82/volume-d635b9af-0e20-439d-b3e6-e1930dc2cf38.945cd6b2-bbcb-40b3-b9e5-23be8cb276e6 1G {{(pid=94202) execute /opt/stack/data/venv/lib/python3.12/site-packages/oslo_concurrency/processutils.py:440}}
Aug 25 17:48:31 devstack sudo[102839]: quobyte : PWD=/ ; USER=root ; COMMAND=/opt/stack/data/venv/bin/cinder-rootwrap /etc/cinder/rootwrap.conf qemu-img create -f qcow2 -o backing_file=/opt/stack/data/cinder/mnt/1761ec712160b8c14066a2d099544c82/volume-d635b9af-0e20-439d-b3e6-e1930dc2cf38,backing_fmt=qcow2 /opt/stack/data/cinder/mnt/1761ec712160b8c14066a2d099544c82/volume-d635b9af-0e20-439d-b3e6-e1930dc2cf38.945cd6b2-bbcb-40b3-b9e5-23be8cb276e6 1G
Aug 25 17:48:31 devstack sudo[102839]: pam_unix(sudo:session): session opened for user root(uid=0) by (uid=1000)
Aug 25 17:48:32 devstack sudo[102839]: pam_unix(sudo:session): session closed for user root
Aug 25 17:48:32 devstack cinder-volume[94202]: DEBUG oslo_concurrency.processutils [None req-5d425857-020f-4e77-babd-5161b76013a6 tempest-VolumesDeleteCascade-400187454 None] CMD "sudo cinder-rootwrap /etc/cinder/rootwrap.conf qemu-img create -f qcow2 -o backing_file=/opt/stack/data/cinder/mnt/1761ec712160b8c14066a2d099544c82/volume-d635b9af-0e20-439d-b3e6-e1930dc2cf38,backing_fmt=qcow2 /opt/stack/data/cinder/mnt/1761ec712160b8c14066a2d099544c82/volume-d635b9af-0e20-439d-b3e6-e1930dc2cf38.945cd6b2-bbcb-40b3-b9e5-23be8cb276e6 1G" returned: 0 in 0.642s {{(pid=94202) execute /opt/stack/data/venv/lib/python3.12/site-packages/oslo_concurrency/processutils.py:468}}
Aug 25 17:48:32 devstack cinder-volume[94202]: DEBUG oslo_concurrency.processutils [None req-5d425857-020f-4e77-babd-5161b76013a6 tempest-VolumesDeleteCascade-400187454 None] Running cmd (subprocess): sudo cinder-rootwrap /etc/cinder/rootwrap.conf qemu-img rebase -u -b volume-d635b9af-0e20-439d-b3e6-e1930dc2cf38 -F qcow2 /opt/stack/data/cinder/mnt/1761ec712160b8c14066a2d099544c82/volume-d635b9af-0e20-439d-b3e6-e1930dc2cf38.945cd6b2-bbcb-40b3-b9e5-23be8cb276e6 {{(pid=94202) execute /opt/stack/data/venv/lib/python3.12/site-packages/oslo_concurrency/processutils.py:440}}
Aug 25 17:48:32 devstack sudo[102845]: quobyte : PWD=/ ; USER=root ; COMMAND=/opt/stack/data/venv/bin/cinder-rootwrap /etc/cinder/rootwrap.conf qemu-img rebase -u -b volume-d635b9af-0e20-439d-b3e6-e1930dc2cf38 -F qcow2 /opt/stack/data/cinder/mnt/1761ec712160b8c14066a2d099544c82/volume-d635b9af-0e20-439d-b3e6-e1930dc2cf38.945cd6b2-bbcb-40b3-b9e5-23be8cb276e6
Aug 25 17:48:32 devstack sudo[102845]: pam_unix(sudo:session): session opened for user root(uid=0) by (uid=1000)
Aug 25 17:48:32 devstack sudo[102845]: pam_unix(sudo:session): session closed for user root
Aug 25 17:48:32 devstack cinder-volume[94202]: DEBUG oslo_concurrency.processutils [None req-5d425857-020f-4e77-babd-5161b76013a6 tempest-VolumesDeleteCascade-400187454 None] CMD "sudo cinder-rootwrap /etc/cinder/rootwrap.conf qemu-img rebase -u -b volume-d635b9af-0e20-439d-b3e6-e1930dc2cf38 -F qcow2 /opt/stack/data/cinder/mnt/1761ec712160b8c14066a2d099544c82/volume-d635b9af-0e20-439d-b3e6-e1930dc2cf38.945cd6b2-bbcb-40b3-b9e5-23be8cb276e6" returned: 0 in 0.542s {{(pid=94202) execute /opt/stack/data/venv/lib/python3.12/site-packages/oslo_concurrency/processutils.py:468}}
Aug 25 17:48:32 devstack cinder-volume[94202]: WARNING cinder.volume.drivers.remotefs [None req-5d425857-020f-4e77-babd-5161b76013a6 tempest-VolumesDeleteCascade-400187454 None] /opt/stack/data/cinder/mnt/1761ec712160b8c14066a2d099544c82/volume-d635b9af-0e20-439d-b3e6-e1930dc2cf38.945cd6b2-bbcb-40b3-b9e5-23be8cb276e6 is being set with open permissions: ugo+rw
Aug 25 17:48:32 devstack cinder-volume[94202]: DEBUG oslo_concurrency.processutils [None req-5d425857-020f-4e77-babd-5161b76013a6 tempest-VolumesDeleteCascade-400187454 None] Running cmd (subprocess): sudo cinder-rootwrap /etc/cinder/rootwrap.conf chmod ugo+rw /opt/stack/data/cinder/mnt/1761ec712160b8c14066a2d099544c82/volume-d635b9af-0e20-439d-b3e6-e1930dc2cf38.945cd6b2-bbcb-40b3-b9e5-23be8cb276e6 {{(pid=94202) execute /opt/stack/data/venv/lib/python3.12/site-packages/oslo_concurrency/processutils.py:440}}
Aug 25 17:48:32 devstack sudo[102884]: quobyte : PWD=/ ; USER=root ; COMMAND=/opt/stack/data/venv/bin/cinder-rootwrap /etc/cinder/rootwrap.conf chmod ugo+rw /opt/stack/data/cinder/mnt/1761ec712160b8c14066a2d099544c82/volume-d635b9af-0e20-439d-b3e6-e1930dc2cf38.945cd6b2-bbcb-40b3-b9e5-23be8cb276e6
Aug 25 17:48:32 devstack sudo[102884]: pam_unix(sudo:session): session opened for user root(uid=0) by (uid=1000)
Aug 25 17:48:33 devstack sudo[102884]: pam_unix(sudo:session): session closed for user root
Aug 25 17:48:33 devstack cinder-volume[94202]: DEBUG oslo_concurrency.processutils [None req-5d425857-020f-4e77-babd-5161b76013a6 tempest-VolumesDeleteCascade-400187454 None] CMD "sudo cinder-rootwrap /etc/cinder/rootwrap.conf chmod ugo+rw /opt/stack/data/cinder/mnt/1761ec712160b8c14066a2d099544c82/volume-d635b9af-0e20-439d-b3e6-e1930dc2cf38.945cd6b2-bbcb-40b3-b9e5-23be8cb276e6" returned: 0 in 0.379s {{(pid=94202) execute /opt/stack/data/venv/lib/python3.12/site-packages/oslo_concurrency/processutils.py:468}}
Aug 25 17:48:33 devstack cinder-volume[94202]: DEBUG oslo_concurrency.processutils [None req-5d425857-020f-4e77-babd-5161b76013a6 tempest-VolumesDeleteCascade-400187454 None] Running cmd (subprocess): sudo cinder-rootwrap /etc/cinder/rootwrap.conf truncate -s0 /opt/stack/data/cinder/mnt/1761ec712160b8c14066a2d099544c82/volume-d635b9af-0e20-439d-b3e6-e1930dc2cf38.info {{(pid=94202) execute /opt/stack/data/venv/lib/python3.12/site-packages/oslo_concurrency/processutils.py:440}}
Aug 25 17:48:33 devstack sudo[102889]: quobyte : PWD=/ ; USER=root ; COMMAND=/opt/stack/data/venv/bin/cinder-rootwrap /etc/cinder/rootwrap.conf truncate -s0 /opt/stack/data/cinder/mnt/1761ec712160b8c14066a2d099544c82/volume-d635b9af-0e20-439d-b3e6-e1930dc2cf38.info
Aug 25 17:48:33 devstack sudo[102889]: pam_unix(sudo:session): session opened for user root(uid=0) by (uid=1000)
Aug 25 17:48:33 devstack sudo[102889]: pam_unix(sudo:session): session closed for user root
Aug 25 17:48:33 devstack cinder-volume[94202]: DEBUG oslo_concurrency.processutils [None req-5d425857-020f-4e77-babd-5161b76013a6 tempest-VolumesDeleteCascade-400187454 None] CMD "sudo cinder-rootwrap /etc/cinder/rootwrap.conf truncate -s0 /opt/stack/data/cinder/mnt/1761ec712160b8c14066a2d099544c82/volume-d635b9af-0e20-439d-b3e6-e1930dc2cf38.info" returned: 0 in 0.455s {{(pid=94202) execute /opt/stack/data/venv/lib/python3.12/site-packages/oslo_concurrency/processutils.py:468}}
Aug 25 17:48:33 devstack cinder-volume[94202]: WARNING cinder.volume.drivers.remotefs [None req-5d425857-020f-4e77-babd-5161b76013a6 tempest-VolumesDeleteCascade-400187454 None] /opt/stack/data/cinder/mnt/1761ec712160b8c14066a2d099544c82/volume-d635b9af-0e20-439d-b3e6-e1930dc2cf38.info is being set with open permissions: ugo+rw
Aug 25 17:48:33 devstack cinder-volume[94202]: DEBUG oslo_concurrency.processutils [None req-5d425857-020f-4e77-babd-5161b76013a6 tempest-VolumesDeleteCascade-400187454 None] Running cmd (subprocess): sudo cinder-rootwrap /etc/cinder/rootwrap.conf chmod ugo+rw /opt/stack/data/cinder/mnt/1761ec712160b8c14066a2d099544c82/volume-d635b9af-0e20-439d-b3e6-e1930dc2cf38.info {{(pid=94202) execute /opt/stack/data/venv/lib/python3.12/site-packages/oslo_concurrency/processutils.py:440}}
Aug 25 17:48:33 devstack sudo[102895]: quobyte : PWD=/ ; USER=root ; COMMAND=/opt/stack/data/venv/bin/cinder-rootwrap /etc/cinder/rootwrap.conf chmod ugo+rw /opt/stack/data/cinder/mnt/1761ec712160b8c14066a2d099544c82/volume-d635b9af-0e20-439d-b3e6-e1930dc2cf38.info
Aug 25 17:48:33 devstack sudo[102895]: pam_unix(sudo:session): session opened for user root(uid=0) by (uid=1000)
Aug 25 17:48:34 devstack sudo[102895]: pam_unix(sudo:session): session closed for user root
Aug 25 17:48:34 devstack cinder-volume[94202]: DEBUG oslo_concurrency.processutils [None req-5d425857-020f-4e77-babd-5161b76013a6 tempest-VolumesDeleteCascade-400187454 None] CMD "sudo cinder-rootwrap /etc/cinder/rootwrap.conf chmod ugo+rw /opt/stack/data/cinder/mnt/1761ec712160b8c14066a2d099544c82/volume-d635b9af-0e20-439d-b3e6-e1930dc2cf38.info" returned: 0 in 0.333s {{(pid=94202) execute /opt/stack/data/venv/lib/python3.12/site-packages/oslo_concurrency/processutils.py:468}}
Aug 25 17:48:34 devstack cinder-volume[94202]: DEBUG oslo_concurrency.lockutils [None req-5d425857-020f-4e77-babd-5161b76013a6 tempest-VolumesDeleteCascade-400187454 None] Lock "quobyte" "released" by "cinder.volume.drivers.quobyte.QuobyteDriver.create_snapshot" :: held 3.133s {{(pid=94202) inner /opt/stack/data/venv/lib/python3.12/site-packages/oslo_concurrency/lockutils.py:544}}
Aug 25 17:48:34 devstack cinder-volume[94202]: DEBUG oslo_concurrency.lockutils [req-0b201977-1c50-4500-8713-5f11a0412446 req-84e3383c-935a-4ade-acc0-8e160b3241d5 tempest-TestInstancesWithCinderVolumes-1361493302 None] Lock "quobyte" acquired by "cinder.volume.drivers.quobyte.QuobyteDriver.initialize_connection" :: waited 2.647s {{(pid=94202) inner /opt/stack/data/venv/lib/python3.12/site-packages/oslo_concurrency/lockutils.py:525}}
Aug 25 17:48:34 devstack cinder-volume[94202]: DEBUG oslo_concurrency.lockutils [req-0b201977-1c50-4500-8713-5f11a0412446 req-84e3383c-935a-4ade-acc0-8e160b3241d5 tempest-TestInstancesWithCinderVolumes-1361493302 None] Lock "quobyte" "released" by "cinder.volume.drivers.quobyte.QuobyteDriver.initialize_connection" :: held 0.033s {{(pid=94202) inner /opt/stack/data/venv/lib/python3.12/site-packages/oslo_concurrency/lockutils.py:544}}
Aug 25 17:48:34 devstack cinder-volume[94202]: INFO cinder.volume.manager [None req-5d425857-020f-4e77-babd-5161b76013a6 tempest-VolumesDeleteCascade-400187454 None] Create snapshot completed successfully
Aug 25 17:48:34 devstack cinder-volume[94202]: DEBUG cinder.volume.manager [req-0b201977-1c50-4500-8713-5f11a0412446 req-84e3383c-935a-4ade-acc0-8e160b3241d5 tempest-TestInstancesWithCinderVolumes-1361493302 None] Connection info returned from driver {'export': 'osci02.corp.quobyte.com/cinder-vol-76611055-a9e6-431a-b38a-ba7d32069f6a', 'name': 'volume-b2327aa5-57b1-43cf-b4d4-6f165474240c', 'options': None, 'format': 'qcow2', 'qos_specs': None, 'access_mode': 'rw', 'encrypted': False, 'cacheable': False, 'driver_volume_type': 'quobyte', 'mount_point_base': '/opt/stack/data/cinder/mnt', 'attachment_id': 'b6bf4fdf-38c4-40ac-bb17-9d0407d1fd27', 'enforce_multipath': True} {{(pid=94202) _connection_create /opt/stack/cinder/cinder/volume/manager.py:4924}}
Aug 25 17:48:34 devstack cinder-volume[94202]: INFO cinder.volume.manager [req-0b201977-1c50-4500-8713-5f11a0412446 req-84e3383c-935a-4ade-acc0-8e160b3241d5 tempest-TestInstancesWithCinderVolumes-1361493302 None] attachment_update completed successfully.
Aug 25 17:48:35 devstack cinder-volume[94202]: DEBUG oslo_concurrency.lockutils [None req-af95f456-45cc-4394-8815-deec71071e41 tempest-VolumesDeleteCascade-400187454 None] Acquiring lock "quobyte" by "cinder.volume.drivers.quobyte.QuobyteDriver.create_snapshot" {{(pid=94202) inner /opt/stack/data/venv/lib/python3.12/site-packages/oslo_concurrency/lockutils.py:512}}
Aug 25 17:48:35 devstack cinder-volume[94202]: DEBUG oslo_concurrency.lockutils [None req-af95f456-45cc-4394-8815-deec71071e41 tempest-VolumesDeleteCascade-400187454 None] Lock "quobyte" acquired by "cinder.volume.drivers.quobyte.QuobyteDriver.create_snapshot" :: waited 0.001s {{(pid=94202) inner /opt/stack/data/venv/lib/python3.12/site-packages/oslo_concurrency/lockutils.py:525}}
Aug 25 17:48:35 devstack cinder-volume[94202]: DEBUG cinder.volume.drivers.remotefs [None req-af95f456-45cc-4394-8815-deec71071e41 tempest-VolumesDeleteCascade-400187454 None] Creating offline snapshot ec09fec8-0f40-4738-af39-680acd9d42c8 of volume d635b9af-0e20-439d-b3e6-e1930dc2cf38 {{(pid=94202) _create_snapshot /opt/stack/cinder/cinder/volume/drivers/remotefs.py:1816}}
Aug 25 17:48:35 devstack cinder-volume[94202]: DEBUG oslo.privsep.daemon [-] privsep: reply[ea632ab9-eeb1-43ad-af5f-85db8dd29a8b]: (4, 'qcow2') {{(pid=95440) _call_back /opt/stack/data/venv/lib/python3.12/site-packages/oslo_privsep/daemon.py:580}}
Aug 25 17:48:35 devstack cinder-volume[94202]: DEBUG oslo_concurrency.processutils [None req-af95f456-45cc-4394-8815-deec71071e41 tempest-VolumesDeleteCascade-400187454 None] Running cmd (subprocess): /opt/stack/data/venv/bin/python3.12 -m oslo_concurrency.prlimit --as=1073741824 --cpu=60 -- sudo cinder-rootwrap /etc/cinder/rootwrap.conf env LC_ALL=C qemu-img info -f qcow2 --output=json --force-share /opt/stack/data/cinder/mnt/1761ec712160b8c14066a2d099544c82/volume-d635b9af-0e20-439d-b3e6-e1930dc2cf38.945cd6b2-bbcb-40b3-b9e5-23be8cb276e6 {{(pid=94202) execute /opt/stack/data/venv/lib/python3.12/site-packages/oslo_concurrency/processutils.py:440}}
Aug 25 17:48:36 devstack sudo[102976]: quobyte : PWD=/ ; USER=root ; COMMAND=/opt/stack/data/venv/bin/cinder-rootwrap /etc/cinder/rootwrap.conf env LC_ALL=C qemu-img info -f qcow2 --output=json --force-share /opt/stack/data/cinder/mnt/1761ec712160b8c14066a2d099544c82/volume-d635b9af-0e20-439d-b3e6-e1930dc2cf38.945cd6b2-bbcb-40b3-b9e5-23be8cb276e6
Aug 25 17:48:36 devstack sudo[102976]: pam_unix(sudo:session): session opened for user root(uid=0) by (uid=1000)
Aug 25 17:48:36 devstack sudo[102976]: pam_unix(sudo:session): session closed for user root
Aug 25 17:48:36 devstack cinder-volume[94202]: DEBUG oslo_concurrency.processutils [None req-af95f456-45cc-4394-8815-deec71071e41 tempest-VolumesDeleteCascade-400187454 None] CMD "/opt/stack/data/venv/bin/python3.12 -m oslo_concurrency.prlimit --as=1073741824 --cpu=60 -- sudo cinder-rootwrap /etc/cinder/rootwrap.conf env LC_ALL=C qemu-img info -f qcow2 --output=json --force-share /opt/stack/data/cinder/mnt/1761ec712160b8c14066a2d099544c82/volume-d635b9af-0e20-439d-b3e6-e1930dc2cf38.945cd6b2-bbcb-40b3-b9e5-23be8cb276e6" returned: 0 in 0.633s {{(pid=94202) execute /opt/stack/data/venv/lib/python3.12/site-packages/oslo_concurrency/processutils.py:468}}
Aug 25 17:48:36 devstack cinder-volume[94202]: DEBUG cinder.volume.drivers.remotefs [None req-af95f456-45cc-4394-8815-deec71071e41 tempest-VolumesDeleteCascade-400187454 None] Fetching qemu-img info with special backing_file_template: (/opt/stack/data/cinder/mnt/[0-9a-f]+/)?(volume-d635b9af-0e20-439d-b3e6-e1930dc2cf38(.(tmp-snap-)?[0-9a-f-]+)?|volume_from_snapshot_cache/(tmp-snap-)?[0-9a-f-]+(.(child-|parent-)[0-9a-f-]+)?)$ {{(pid=94202) _qemu_img_info_base /opt/stack/cinder/cinder/volume/drivers/remotefs.py:896}}
Aug 25 17:48:36 devstack cinder-volume[94202]: DEBUG oslo_concurrency.processutils [None req-af95f456-45cc-4394-8815-deec71071e41 tempest-VolumesDeleteCascade-400187454 None] Running cmd (subprocess): sudo cinder-rootwrap /etc/cinder/rootwrap.conf qemu-img create -f qcow2 -o backing_file=/opt/stack/data/cinder/mnt/1761ec712160b8c14066a2d099544c82/volume-d635b9af-0e20-439d-b3e6-e1930dc2cf38.945cd6b2-bbcb-40b3-b9e5-23be8cb276e6,backing_fmt=qcow2 /opt/stack/data/cinder/mnt/1761ec712160b8c14066a2d099544c82/volume-d635b9af-0e20-439d-b3e6-e1930dc2cf38.ec09fec8-0f40-4738-af39-680acd9d42c8 1G {{(pid=94202) execute /opt/stack/data/venv/lib/python3.12/site-packages/oslo_concurrency/processutils.py:440}}
Aug 25 17:48:36 devstack sudo[103319]: quobyte : PWD=/ ; USER=root ; COMMAND=/opt/stack/data/venv/bin/cinder-rootwrap /etc/cinder/rootwrap.conf qemu-img create -f qcow2 -o backing_file=/opt/stack/data/cinder/mnt/1761ec712160b8c14066a2d099544c82/volume-d635b9af-0e20-439d-b3e6-e1930dc2cf38.945cd6b2-bbcb-40b3-b9e5-23be8cb276e6,backing_fmt=qcow2 /opt/stack/data/cinder/mnt/1761ec712160b8c14066a2d099544c82/volume-d635b9af-0e20-439d-b3e6-e1930dc2cf38.ec09fec8-0f40-4738-af39-680acd9d42c8 1G
Aug 25 17:48:36 devstack sudo[103319]: pam_unix(sudo:session): session opened for user root(uid=0) by (uid=1000)
Aug 25 17:48:37 devstack sudo[103319]: pam_unix(sudo:session): session closed for user root
Aug 25 17:48:37 devstack cinder-volume[94202]: DEBUG oslo_concurrency.processutils [None req-af95f456-45cc-4394-8815-deec71071e41 tempest-VolumesDeleteCascade-400187454 None] CMD "sudo cinder-rootwrap /etc/cinder/rootwrap.conf qemu-img create -f qcow2 -o backing_file=/opt/stack/data/cinder/mnt/1761ec712160b8c14066a2d099544c82/volume-d635b9af-0e20-439d-b3e6-e1930dc2cf38.945cd6b2-bbcb-40b3-b9e5-23be8cb276e6,backing_fmt=qcow2 /opt/stack/data/cinder/mnt/1761ec712160b8c14066a2d099544c82/volume-d635b9af-0e20-439d-b3e6-e1930dc2cf38.ec09fec8-0f40-4738-af39-680acd9d42c8 1G" returned: 0 in 0.964s {{(pid=94202) execute /opt/stack/data/venv/lib/python3.12/site-packages/oslo_concurrency/processutils.py:468}}
Aug 25 17:48:37 devstack cinder-volume[94202]: DEBUG oslo_concurrency.processutils [None req-af95f456-45cc-4394-8815-deec71071e41 tempest-VolumesDeleteCascade-400187454 None] Running cmd (subprocess): sudo cinder-rootwrap /etc/cinder/rootwrap.conf qemu-img rebase -u -b volume-d635b9af-0e20-439d-b3e6-e1930dc2cf38.945cd6b2-bbcb-40b3-b9e5-23be8cb276e6 -F qcow2 /opt/stack/data/cinder/mnt/1761ec712160b8c14066a2d099544c82/volume-d635b9af-0e20-439d-b3e6-e1930dc2cf38.ec09fec8-0f40-4738-af39-680acd9d42c8 {{(pid=94202) execute /opt/stack/data/venv/lib/python3.12/site-packages/oslo_concurrency/processutils.py:440}}
Aug 25 17:48:37 devstack sudo[103353]: quobyte : PWD=/ ; USER=root ; COMMAND=/opt/stack/data/venv/bin/cinder-rootwrap /etc/cinder/rootwrap.conf qemu-img rebase -u -b volume-d635b9af-0e20-439d-b3e6-e1930dc2cf38.945cd6b2-bbcb-40b3-b9e5-23be8cb276e6 -F qcow2 /opt/stack/data/cinder/mnt/1761ec712160b8c14066a2d099544c82/volume-d635b9af-0e20-439d-b3e6-e1930dc2cf38.ec09fec8-0f40-4738-af39-680acd9d42c8
Aug 25 17:48:37 devstack sudo[103353]: pam_unix(sudo:session): session opened for user root(uid=0) by (uid=1000)
Aug 25 17:48:37 devstack sudo[103353]: pam_unix(sudo:session): session closed for user root
Aug 25 17:48:37 devstack cinder-volume[94202]: DEBUG oslo_concurrency.processutils [None req-af95f456-45cc-4394-8815-deec71071e41 tempest-VolumesDeleteCascade-400187454 None] CMD "sudo cinder-rootwrap /etc/cinder/rootwrap.conf qemu-img rebase -u -b volume-d635b9af-0e20-439d-b3e6-e1930dc2cf38.945cd6b2-bbcb-40b3-b9e5-23be8cb276e6 -F qcow2 /opt/stack/data/cinder/mnt/1761ec712160b8c14066a2d099544c82/volume-d635b9af-0e20-439d-b3e6-e1930dc2cf38.ec09fec8-0f40-4738-af39-680acd9d42c8" returned: 0 in 0.420s {{(pid=94202) execute /opt/stack/data/venv/lib/python3.12/site-packages/oslo_concurrency/processutils.py:468}}
Aug 25 17:48:37 devstack cinder-volume[94202]: WARNING cinder.volume.drivers.remotefs [None req-af95f456-45cc-4394-8815-deec71071e41 tempest-VolumesDeleteCascade-400187454 None] /opt/stack/data/cinder/mnt/1761ec712160b8c14066a2d099544c82/volume-d635b9af-0e20-439d-b3e6-e1930dc2cf38.ec09fec8-0f40-4738-af39-680acd9d42c8 is being set with open permissions: ugo+rw
Aug 25 17:48:37 devstack cinder-volume[94202]: DEBUG oslo_concurrency.processutils [None req-af95f456-45cc-4394-8815-deec71071e41 tempest-VolumesDeleteCascade-400187454 None] Running cmd (subprocess): sudo cinder-rootwrap /etc/cinder/rootwrap.conf chmod ugo+rw /opt/stack/data/cinder/mnt/1761ec712160b8c14066a2d099544c82/volume-d635b9af-0e20-439d-b3e6-e1930dc2cf38.ec09fec8-0f40-4738-af39-680acd9d42c8 {{(pid=94202) execute /opt/stack/data/venv/lib/python3.12/site-packages/oslo_concurrency/processutils.py:440}}
Aug 25 17:48:37 devstack sudo[103369]: quobyte : PWD=/ ; USER=root ; COMMAND=/opt/stack/data/venv/bin/cinder-rootwrap /etc/cinder/rootwrap.conf chmod ugo+rw /opt/stack/data/cinder/mnt/1761ec712160b8c14066a2d099544c82/volume-d635b9af-0e20-439d-b3e6-e1930dc2cf38.ec09fec8-0f40-4738-af39-680acd9d42c8
Aug 25 17:48:37 devstack sudo[103369]: pam_unix(sudo:session): session opened for user root(uid=0) by (uid=1000)
Aug 25 17:48:38 devstack sudo[103369]: pam_unix(sudo:session): session closed for user root
Aug 25 17:48:38 devstack cinder-volume[94202]: DEBUG oslo_concurrency.processutils [None req-af95f456-45cc-4394-8815-deec71071e41 tempest-VolumesDeleteCascade-400187454 None] CMD "sudo cinder-rootwrap /etc/cinder/rootwrap.conf chmod ugo+rw /opt/stack/data/cinder/mnt/1761ec712160b8c14066a2d099544c82/volume-d635b9af-0e20-439d-b3e6-e1930dc2cf38.ec09fec8-0f40-4738-af39-680acd9d42c8" returned: 0 in 0.322s {{(pid=94202) execute /opt/stack/data/venv/lib/python3.12/site-packages/oslo_concurrency/processutils.py:468}}
Aug 25 17:48:38 devstack cinder-volume[94202]: DEBUG oslo_concurrency.lockutils [None req-af95f456-45cc-4394-8815-deec71071e41 tempest-VolumesDeleteCascade-400187454 None] Lock "quobyte" "released" by "cinder.volume.drivers.quobyte.QuobyteDriver.create_snapshot" :: held 2.619s {{(pid=94202) inner /opt/stack/data/venv/lib/python3.12/site-packages/oslo_concurrency/lockutils.py:544}}
Aug 25 17:48:38 devstack cinder-volume[94202]: INFO cinder.volume.manager [None req-af95f456-45cc-4394-8815-deec71071e41 tempest-VolumesDeleteCascade-400187454 None] Create snapshot completed successfully
Aug 25 17:48:38 devstack cinder-volume[94202]: DEBUG cinder.coordination [None req-7f5b8758-6c8a-4b8a-a2e5-2cc5e544eac8 tempest-VolumesDeleteCascade-400187454 None] Acquiring lock "cinder-d635b9af-0e20-439d-b3e6-e1930dc2cf38-delete_volume" by "delete_volume" {{(pid=94202) __acquire /opt/stack/cinder/cinder/coordination.py:138}}
Aug 25 17:48:38 devstack cinder-volume[94202]: DEBUG cinder.coordination [None req-7f5b8758-6c8a-4b8a-a2e5-2cc5e544eac8 tempest-VolumesDeleteCascade-400187454 None] Lock "cinder-d635b9af-0e20-439d-b3e6-e1930dc2cf38-delete_volume" acquired by "delete_volume" :: waited 0.034s {{(pid=94202) __acquire /opt/stack/cinder/cinder/coordination.py:141}}
Aug 25 17:48:39 devstack cinder-volume[94202]: DEBUG cinder.volume.manager [None req-7f5b8758-6c8a-4b8a-a2e5-2cc5e544eac8 tempest-VolumesDeleteCascade-400187454 None] Performing cascade delete. {{(pid=94202) delete_volume /opt/stack/cinder/cinder/volume/manager.py:995}}
Aug 25 17:48:39 devstack cinder-volume[94202]: DEBUG cinder.coordination [None req-7f5b8758-6c8a-4b8a-a2e5-2cc5e544eac8 tempest-VolumesDeleteCascade-400187454 None] Acquiring lock "cinder-945cd6b2-bbcb-40b3-b9e5-23be8cb276e6-delete_snapshot" by "delete_snapshot" {{(pid=94202) __acquire /opt/stack/cinder/cinder/coordination.py:138}}
Aug 25 17:48:39 devstack cinder-volume[94202]: DEBUG cinder.coordination [None req-7f5b8758-6c8a-4b8a-a2e5-2cc5e544eac8 tempest-VolumesDeleteCascade-400187454 None] Lock "cinder-945cd6b2-bbcb-40b3-b9e5-23be8cb276e6-delete_snapshot" acquired by "delete_snapshot" :: waited 0.020s {{(pid=94202) __acquire /opt/stack/cinder/cinder/coordination.py:141}}
Aug 25 17:48:39 devstack cinder-volume[94202]: DEBUG cinder.coordination [None req-7f5b8758-6c8a-4b8a-a2e5-2cc5e544eac8 tempest-VolumesDeleteCascade-400187454 None] Acquiring lock "cinder-quobyte-d635b9af-0e20-439d-b3e6-e1930dc2cf38" by "delete_snapshot" {{(pid=94202) __acquire /opt/stack/cinder/cinder/coordination.py:138}}
Aug 25 17:48:39 devstack cinder-volume[94202]: DEBUG cinder.coordination [None req-7f5b8758-6c8a-4b8a-a2e5-2cc5e544eac8 tempest-VolumesDeleteCascade-400187454 None] Lock "cinder-quobyte-d635b9af-0e20-439d-b3e6-e1930dc2cf38" acquired by "delete_snapshot" :: waited 0.018s {{(pid=94202) __acquire /opt/stack/cinder/cinder/coordination.py:141}}
