Jul 07 21:56:01 devstack sudo[92763]: quobyte : PWD=/ ; USER=root ; COMMAND=/opt/stack/data/venv/bin/cinder-rootwrap /etc/cinder/rootwrap.conf env LC_ALL=C qemu-img info -f qcow2 --output=json --force-share /opt/stack/data/cinder/mnt/1295fab96224facb45d54f1b3f1bc43f/volume-c8db3dd7-df17-4a83-a61e-45159db6b68f
Jul 07 21:56:01 devstack sudo[92763]: pam_unix(sudo:session): session opened for user root(uid=0) by (uid=1000)
Jul 07 21:56:01 devstack cinder-volume[87586]: DEBUG oslo_concurrency.lockutils [None req-4befcba4-cb29-4b7f-89c0-a588fb7b2664 tempest-GroupSnapshotsTest-383499367 None] Lock "quobyte" "released" by "cinder.volume.drivers.quobyte.QuobyteDriver.create_snapshot" :: held 4.990s {{(pid=87586) inner /opt/stack/data/venv/lib/python3.12/site-packages/oslo_concurrency/lockutils.py:543}}
Jul 07 21:56:01 devstack cinder-volume[87586]: INFO cinder.volume.manager [None req-4befcba4-cb29-4b7f-89c0-a588fb7b2664 tempest-GroupSnapshotsTest-383499367 None] group_snapshot 93764f0b-f828-4dde-8843-8010bef73658: created successfully
Jul 07 21:56:02 devstack sudo[92763]: pam_unix(sudo:session): session closed for user root
Jul 07 21:56:02 devstack cinder-volume[87586]: DEBUG oslo_concurrency.processutils [None req-934325a8-fa88-4feb-8cc6-7ce2e1ebbff2 tempest-ServerRescueNegativeTestJSON-1729724042 None] CMD "/opt/stack/data/venv/bin/python3.12 -m oslo_concurrency.prlimit --as=1073741824 --cpu=60 -- sudo cinder-rootwrap /etc/cinder/rootwrap.conf env LC_ALL=C qemu-img info -f qcow2 --output=json --force-share /opt/stack/data/cinder/mnt/1295fab96224facb45d54f1b3f1bc43f/volume-c8db3dd7-df17-4a83-a61e-45159db6b68f" returned: 0 in 1.206s {{(pid=87586) execute /opt/stack/data/venv/lib/python3.12/site-packages/oslo_concurrency/processutils.py:468}}
Jul 07 21:56:02 devstack cinder-volume[87586]: DEBUG oslo_concurrency.processutils [None req-934325a8-fa88-4feb-8cc6-7ce2e1ebbff2 tempest-ServerRescueNegativeTestJSON-1729724042 None] Running cmd (subprocess): sudo cinder-rootwrap /etc/cinder/rootwrap.conf rm -f /opt/stack/data/cinder/mnt/1295fab96224facb45d54f1b3f1bc43f/volume-c8db3dd7-df17-4a83-a61e-45159db6b68f {{(pid=87586) execute /opt/stack/data/venv/lib/python3.12/site-packages/oslo_concurrency/processutils.py:440}}
Jul 07 21:56:02 devstack sudo[92773]: quobyte : PWD=/ ; USER=root ; COMMAND=/opt/stack/data/venv/bin/cinder-rootwrap /etc/cinder/rootwrap.conf rm -f /opt/stack/data/cinder/mnt/1295fab96224facb45d54f1b3f1bc43f/volume-c8db3dd7-df17-4a83-a61e-45159db6b68f
Jul 07 21:56:02 devstack sudo[92773]: pam_unix(sudo:session): session opened for user root(uid=0) by (uid=1000)
Jul 07 21:56:02 devstack cinder-volume[87586]: INFO cinder.volume.manager [None req-445595ed-2576-4a0f-845e-b01d5e6fbe0e tempest-GroupSnapshotsTest-383499367 None] group_snapshot 93764f0b-f828-4dde-8843-8010bef73658: deleting
Jul 07 21:56:02 devstack cinder-volume[87586]: DEBUG cinder.volume.manager [None req-445595ed-2576-4a0f-845e-b01d5e6fbe0e tempest-GroupSnapshotsTest-383499367 None] group_snapshot 93764f0b-f828-4dde-8843-8010bef73658: deleting {{(pid=87586) delete_group_snapshot /opt/stack/cinder/cinder/volume/manager.py:4356}}
Jul 07 21:56:02 devstack cinder-volume[87586]: DEBUG cinder.coordination [None req-445595ed-2576-4a0f-845e-b01d5e6fbe0e tempest-GroupSnapshotsTest-383499367 None] Acquiring lock "cinder-quobyte-ecd7b6a2-4965-468c-9e14-f03999fb7ab0" by "delete_snapshot" {{(pid=87586) __acquire /opt/stack/cinder/cinder/coordination.py:138}}
Jul 07 21:56:02 devstack cinder-volume[87586]: DEBUG cinder.coordination [None req-445595ed-2576-4a0f-845e-b01d5e6fbe0e tempest-GroupSnapshotsTest-383499367 None] Lock "cinder-quobyte-ecd7b6a2-4965-468c-9e14-f03999fb7ab0" acquired by "delete_snapshot" :: waited 0.042s {{(pid=87586) __acquire /opt/stack/cinder/cinder/coordination.py:141}}
Jul 07 21:56:02 devstack cinder-volume[87586]: DEBUG cinder.coordination [None req-445595ed-2576-4a0f-845e-b01d5e6fbe0e tempest-GroupSnapshotsTest-383499367 None] Acquiring lock "cinder-quobyte-3fcb7d4a-d122-4b9e-b0e1-7ed698c089b1" by "_delete_snapshot" {{(pid=87586) __acquire /opt/stack/cinder/cinder/coordination.py:138}}
Jul 07 21:56:03 devstack cinder-volume[87586]: DEBUG cinder.coordination [None req-445595ed-2576-4a0f-845e-b01d5e6fbe0e tempest-GroupSnapshotsTest-383499367 None] Lock "cinder-quobyte-3fcb7d4a-d122-4b9e-b0e1-7ed698c089b1" acquired by "_delete_snapshot" :: waited 0.038s {{(pid=87586) __acquire /opt/stack/cinder/cinder/coordination.py:141}}
Jul 07 21:56:03 devstack cinder-volume[87586]: DEBUG cinder.volume.drivers.remotefs [None req-445595ed-2576-4a0f-845e-b01d5e6fbe0e tempest-GroupSnapshotsTest-383499367 None] Deleting offline snapshot 3fcb7d4a-d122-4b9e-b0e1-7ed698c089b1 of volume ecd7b6a2-4965-468c-9e14-f03999fb7ab0 {{(pid=87586) _delete_snapshot /opt/stack/cinder/cinder/volume/drivers/remotefs.py:1288}}
Jul 07 21:56:03 devstack cinder-volume[87586]: DEBUG cinder.volume.drivers.remotefs [None req-445595ed-2576-4a0f-845e-b01d5e6fbe0e tempest-GroupSnapshotsTest-383499367 None] snapshot_file for this snap is: volume-ecd7b6a2-4965-468c-9e14-f03999fb7ab0.3fcb7d4a-d122-4b9e-b0e1-7ed698c089b1 {{(pid=87586) _delete_snapshot /opt/stack/cinder/cinder/volume/drivers/remotefs.py:1317}}
Jul 07 21:56:03 devstack cinder-volume[87586]: DEBUG oslo.privsep.daemon [-] privsep: reply[40c7b9c4-86be-41e2-b2d1-929d7eb875e8]: (4, 'qcow2') {{(pid=88661) _call_back /opt/stack/data/venv/lib/python3.12/site-packages/oslo_privsep/daemon.py:580}}
Jul 07 21:56:03 devstack cinder-volume[87586]: DEBUG oslo_concurrency.processutils [None req-445595ed-2576-4a0f-845e-b01d5e6fbe0e tempest-GroupSnapshotsTest-383499367 None] Running cmd (subprocess): /opt/stack/data/venv/bin/python3.12 -m oslo_concurrency.prlimit --as=1073741824 --cpu=60 -- sudo cinder-rootwrap /etc/cinder/rootwrap.conf env LC_ALL=C qemu-img info -f qcow2 --output=json --force-share /opt/stack/data/cinder/mnt/1295fab96224facb45d54f1b3f1bc43f/volume-ecd7b6a2-4965-468c-9e14-f03999fb7ab0.3fcb7d4a-d122-4b9e-b0e1-7ed698c089b1 {{(pid=87586) execute /opt/stack/data/venv/lib/python3.12/site-packages/oslo_concurrency/processutils.py:440}}
Jul 07 21:56:03 devstack sudo[92775]: quobyte : PWD=/ ; USER=root ; COMMAND=/opt/stack/data/venv/bin/cinder-rootwrap /etc/cinder/rootwrap.conf env LC_ALL=C qemu-img info -f qcow2 --output=json --force-share /opt/stack/data/cinder/mnt/1295fab96224facb45d54f1b3f1bc43f/volume-ecd7b6a2-4965-468c-9e14-f03999fb7ab0.3fcb7d4a-d122-4b9e-b0e1-7ed698c089b1
Jul 07 21:56:03 devstack sudo[92775]: pam_unix(sudo:session): session opened for user root(uid=0) by (uid=1000)
Jul 07 21:56:03 devstack sudo[92773]: pam_unix(sudo:session): session closed for user root
Jul 07 21:56:03 devstack cinder-volume[87586]: DEBUG oslo_concurrency.processutils [None req-934325a8-fa88-4feb-8cc6-7ce2e1ebbff2 tempest-ServerRescueNegativeTestJSON-1729724042 None] CMD "sudo cinder-rootwrap /etc/cinder/rootwrap.conf rm -f /opt/stack/data/cinder/mnt/1295fab96224facb45d54f1b3f1bc43f/volume-c8db3dd7-df17-4a83-a61e-45159db6b68f" returned: 0 in 1.267s {{(pid=87586) execute /opt/stack/data/venv/lib/python3.12/site-packages/oslo_concurrency/processutils.py:468}}
Jul 07 21:56:03 devstack cinder-volume[87586]: DEBUG cinder.coordination [None req-934325a8-fa88-4feb-8cc6-7ce2e1ebbff2 tempest-ServerRescueNegativeTestJSON-1729724042 None] Lock "cinder-quobyte-c8db3dd7-df17-4a83-a61e-45159db6b68f" released by "delete_volume" :: held 2.541s {{(pid=87586) __release /opt/stack/cinder/cinder/coordination.py:152}}
Jul 07 21:56:03 devstack cinder-volume[87586]: DEBUG cinder.quota [None req-934325a8-fa88-4feb-8cc6-7ce2e1ebbff2 tempest-ServerRescueNegativeTestJSON-1729724042 None] Created reservations ['105ed837-0369-4ae3-968a-342bbb90709e', '62559aa8-246e-42b4-ab0a-8dec0becd8bf', 'db712c61-a221-4370-a7be-55c59a1106cf', '0bd56ee7-6100-471d-a6fb-aa90f49b185b'] {{(pid=87586) reserve /opt/stack/cinder/cinder/quota.py:752}}
Jul 07 21:56:03 devstack cinder-volume[87586]: DEBUG oslo_concurrency.lockutils [None req-934325a8-fa88-4feb-8cc6-7ce2e1ebbff2 tempest-ServerRescueNegativeTestJSON-1729724042 None] Acquiring lock "quobyte_ensure" by "cinder.volume.drivers.quobyte.QuobyteDriver._ensure_shares_mounted" {{(pid=87586) inner /opt/stack/data/venv/lib/python3.12/site-packages/oslo_concurrency/lockutils.py:511}}
Jul 07 21:56:03 devstack cinder-volume[87586]: DEBUG oslo_concurrency.lockutils [None req-934325a8-fa88-4feb-8cc6-7ce2e1ebbff2 tempest-ServerRescueNegativeTestJSON-1729724042 None] Lock "quobyte_ensure" acquired by "cinder.volume.drivers.quobyte.QuobyteDriver._ensure_shares_mounted" :: waited 0.001s {{(pid=87586) inner /opt/stack/data/venv/lib/python3.12/site-packages/oslo_concurrency/lockutils.py:524}}
Jul 07 21:56:03 devstack cinder-volume[87586]: DEBUG cinder.volume.drivers.quobyte [None req-934325a8-fa88-4feb-8cc6-7ce2e1ebbff2 tempest-ServerRescueNegativeTestJSON-1729724042 None] Quobyte Volume URL set to: {'osci02.corp.quobyte.com/cinder-vol-e2c64ea2-3f3c-4a80-aaa9-0e9a84c30491': None} {{(pid=87586) _load_shares_config /opt/stack/cinder/cinder/volume/drivers/quobyte.py:617}}
Jul 07 21:56:04 devstack cinder-volume[87586]: DEBUG cinder.volume.drivers.quobyte [None req-934325a8-fa88-4feb-8cc6-7ce2e1ebbff2 tempest-ServerRescueNegativeTestJSON-1729724042 None] Available shares ['osci02.corp.quobyte.com/cinder-vol-e2c64ea2-3f3c-4a80-aaa9-0e9a84c30491'] {{(pid=87586) _ensure_shares_mounted /opt/stack/cinder/cinder/volume/drivers/quobyte.py:647}}
Jul 07 21:56:04 devstack cinder-volume[87586]: DEBUG oslo_concurrency.lockutils [None req-934325a8-fa88-4feb-8cc6-7ce2e1ebbff2 tempest-ServerRescueNegativeTestJSON-1729724042 None] Lock "quobyte_ensure" "released" by "cinder.volume.drivers.quobyte.QuobyteDriver._ensure_shares_mounted" :: held 0.011s {{(pid=87586) inner /opt/stack/data/venv/lib/python3.12/site-packages/oslo_concurrency/lockutils.py:543}}
Jul 07 21:56:04 devstack cinder-volume[87586]: DEBUG oslo_concurrency.processutils [None req-934325a8-fa88-4feb-8cc6-7ce2e1ebbff2 tempest-ServerRescueNegativeTestJSON-1729724042 None] Running cmd (subprocess): sudo cinder-rootwrap /etc/cinder/rootwrap.conf df --portability --block-size 1 /opt/stack/data/cinder/mnt/1295fab96224facb45d54f1b3f1bc43f {{(pid=87586) execute /opt/stack/data/venv/lib/python3.12/site-packages/oslo_concurrency/processutils.py:440}}
Jul 07 21:56:04 devstack sudo[92780]: quobyte : PWD=/ ; USER=root ; COMMAND=/opt/stack/data/venv/bin/cinder-rootwrap /etc/cinder/rootwrap.conf df --portability --block-size 1 /opt/stack/data/cinder/mnt/1295fab96224facb45d54f1b3f1bc43f
Jul 07 21:56:04 devstack sudo[92780]: pam_unix(sudo:session): session opened for user root(uid=0) by (uid=1000)
Jul 07 21:56:04 devstack sudo[92775]: pam_unix(sudo:session): session closed for user root
Jul 07 21:56:04 devstack cinder-volume[87586]: DEBUG oslo_concurrency.processutils [None req-445595ed-2576-4a0f-845e-b01d5e6fbe0e tempest-GroupSnapshotsTest-383499367 None] CMD "/opt/stack/data/venv/bin/python3.12 -m oslo_concurrency.prlimit --as=1073741824 --cpu=60 -- sudo cinder-rootwrap /etc/cinder/rootwrap.conf env LC_ALL=C qemu-img info -f qcow2 --output=json --force-share /opt/stack/data/cinder/mnt/1295fab96224facb45d54f1b3f1bc43f/volume-ecd7b6a2-4965-468c-9e14-f03999fb7ab0.3fcb7d4a-d122-4b9e-b0e1-7ed698c089b1" returned: 0 in 1.146s {{(pid=87586) execute /opt/stack/data/venv/lib/python3.12/site-packages/oslo_concurrency/processutils.py:468}}
Jul 07 21:56:04 devstack cinder-volume[87586]: DEBUG cinder.volume.drivers.remotefs [None req-445595ed-2576-4a0f-845e-b01d5e6fbe0e tempest-GroupSnapshotsTest-383499367 None] Fetching qemu-img info with special backing_file_template: (/opt/stack/data/cinder/mnt/[0-9a-f]+/)?(volume-ecd7b6a2-4965-468c-9e14-f03999fb7ab0(.(tmp-snap-)?[0-9a-f-]+)?|volume_from_snapshot_cache/(tmp-snap-)?[0-9a-f-]+(.(child-|parent-)[0-9a-f-]+)?)$ {{(pid=87586) _qemu_img_info_base /opt/stack/cinder/cinder/volume/drivers/remotefs.py:896}}
Jul 07 21:56:04 devstack cinder-volume[87586]: DEBUG oslo.privsep.daemon [-] privsep: reply[4c5f90ae-e555-449e-bb5b-b4661eb53732]: (4, 'qcow2') {{(pid=88661) _call_back /opt/stack/data/venv/lib/python3.12/site-packages/oslo_privsep/daemon.py:580}}
Jul 07 21:56:04 devstack cinder-volume[87586]: DEBUG oslo_concurrency.processutils [None req-445595ed-2576-4a0f-845e-b01d5e6fbe0e tempest-GroupSnapshotsTest-383499367 None] Running cmd (subprocess): /opt/stack/data/venv/bin/python3.12 -m oslo_concurrency.prlimit --as=1073741824 --cpu=60 -- sudo cinder-rootwrap /etc/cinder/rootwrap.conf env LC_ALL=C qemu-img info -f qcow2 --output=json --force-share /opt/stack/data/cinder/mnt/1295fab96224facb45d54f1b3f1bc43f/volume-ecd7b6a2-4965-468c-9e14-f03999fb7ab0 {{(pid=87586) execute /opt/stack/data/venv/lib/python3.12/site-packages/oslo_concurrency/processutils.py:440}}
Jul 07 21:56:04 devstack sudo[92785]: quobyte : PWD=/ ; USER=root ; COMMAND=/opt/stack/data/venv/bin/cinder-rootwrap /etc/cinder/rootwrap.conf env LC_ALL=C qemu-img info -f qcow2 --output=json --force-share /opt/stack/data/cinder/mnt/1295fab96224facb45d54f1b3f1bc43f/volume-ecd7b6a2-4965-468c-9e14-f03999fb7ab0
Jul 07 21:56:04 devstack sudo[92785]: pam_unix(sudo:session): session opened for user root(uid=0) by (uid=1000)
Jul 07 21:56:04 devstack sudo[92780]: pam_unix(sudo:session): session closed for user root
Jul 07 21:56:04 devstack cinder-volume[87586]: DEBUG oslo_concurrency.processutils [None req-934325a8-fa88-4feb-8cc6-7ce2e1ebbff2 tempest-ServerRescueNegativeTestJSON-1729724042 None] CMD "sudo cinder-rootwrap /etc/cinder/rootwrap.conf df --portability --block-size 1 /opt/stack/data/cinder/mnt/1295fab96224facb45d54f1b3f1bc43f" returned: 0 in 0.860s {{(pid=87586) execute /opt/stack/data/venv/lib/python3.12/site-packages/oslo_concurrency/processutils.py:468}}
Jul 07 21:56:04 devstack cinder-volume[87586]: DEBUG cinder.manager [None req-934325a8-fa88-4feb-8cc6-7ce2e1ebbff2 tempest-ServerRescueNegativeTestJSON-1729724042 None] Notifying Schedulers of capabilities ... {{(pid=87586) _publish_service_capabilities /opt/stack/cinder/cinder/manager.py:219}}
Jul 07 21:56:04 devstack cinder-volume[87586]: INFO cinder.volume.manager [None req-934325a8-fa88-4feb-8cc6-7ce2e1ebbff2 tempest-ServerRescueNegativeTestJSON-1729724042 None] Deleted volume successfully.
Jul 07 21:56:04 devstack cinder-volume[87586]: DEBUG cinder.coordination [None req-934325a8-fa88-4feb-8cc6-7ce2e1ebbff2 tempest-ServerRescueNegativeTestJSON-1729724042 None] Lock "cinder-c8db3dd7-df17-4a83-a61e-45159db6b68f-delete_volume" released by "delete_volume" :: held 3.768s {{(pid=87586) __release /opt/stack/cinder/cinder/coordination.py:152}}
Jul 07 21:56:05 devstack cinder-volume[87586]: INFO cinder.volume.manager [req-871b17f0-c18b-4e8e-a19c-1cec7d5cca1b req-0d1e2654-178b-4ed0-8a03-5ea8b87353d3 tempest-ServerActionsTestOtherA-1059080414 None] Terminate volume connection completed successfully.
Jul 07 21:56:05 devstack cinder-volume[87586]: DEBUG cinder.volume.manager [req-871b17f0-c18b-4e8e-a19c-1cec7d5cca1b req-0d1e2654-178b-4ed0-8a03-5ea8b87353d3 tempest-ServerActionsTestOtherA-1059080414 None] Deleting attachment 5ad72ade-ea27-4494-ac8c-490a52ff4c9d. {{(pid=87586) attachment_delete /opt/stack/cinder/cinder/volume/manager.py:5061}}
Jul 07 21:56:05 devstack cinder-volume[87586]: INFO cinder.volume.manager [req-9ae2fdf9-3163-40d1-8007-d8c7c1ade89f req-5bd3d288-c269-4dc5-ab2c-760ff1a4dc42 tempest-AttachVolumeTestJSON-1149741386 None] Terminate volume connection completed successfully.
Jul 07 21:56:05 devstack cinder-volume[87586]: DEBUG cinder.volume.manager [req-9ae2fdf9-3163-40d1-8007-d8c7c1ade89f req-5bd3d288-c269-4dc5-ab2c-760ff1a4dc42 tempest-AttachVolumeTestJSON-1149741386 None] Deleting attachment 503bd698-4a95-4bce-943c-4fa4643f868f. {{(pid=87586) attachment_delete /opt/stack/cinder/cinder/volume/manager.py:5061}}
Jul 07 21:56:05 devstack sudo[92785]: pam_unix(sudo:session): session closed for user root
Jul 07 21:56:05 devstack cinder-volume[87586]: DEBUG oslo_concurrency.processutils [None req-445595ed-2576-4a0f-845e-b01d5e6fbe0e tempest-GroupSnapshotsTest-383499367 None] CMD "/opt/stack/data/venv/bin/python3.12 -m oslo_concurrency.prlimit --as=1073741824 --cpu=60 -- sudo cinder-rootwrap /etc/cinder/rootwrap.conf env LC_ALL=C qemu-img info -f qcow2 --output=json --force-share /opt/stack/data/cinder/mnt/1295fab96224facb45d54f1b3f1bc43f/volume-ecd7b6a2-4965-468c-9e14-f03999fb7ab0" returned: 0 in 1.104s {{(pid=87586) execute /opt/stack/data/venv/lib/python3.12/site-packages/oslo_concurrency/processutils.py:468}}
Jul 07 21:56:05 devstack cinder-volume[87586]: DEBUG oslo_concurrency.processutils [None req-445595ed-2576-4a0f-845e-b01d5e6fbe0e tempest-GroupSnapshotsTest-383499367 None] Running cmd (subprocess): sudo cinder-rootwrap /etc/cinder/rootwrap.conf qemu-img commit -d /opt/stack/data/cinder/mnt/1295fab96224facb45d54f1b3f1bc43f/volume-ecd7b6a2-4965-468c-9e14-f03999fb7ab0.3fcb7d4a-d122-4b9e-b0e1-7ed698c089b1 {{(pid=87586) execute /opt/stack/data/venv/lib/python3.12/site-packages/oslo_concurrency/processutils.py:440}}
Jul 07 21:56:05 devstack sudo[92797]: quobyte : PWD=/ ; USER=root ; COMMAND=/opt/stack/data/venv/bin/cinder-rootwrap /etc/cinder/rootwrap.conf qemu-img commit -d /opt/stack/data/cinder/mnt/1295fab96224facb45d54f1b3f1bc43f/volume-ecd7b6a2-4965-468c-9e14-f03999fb7ab0.3fcb7d4a-d122-4b9e-b0e1-7ed698c089b1
Jul 07 21:56:05 devstack sudo[92797]: pam_unix(sudo:session): session opened for user root(uid=0) by (uid=1000)
Jul 07 21:56:06 devstack sudo[92797]: pam_unix(sudo:session): session closed for user root
Jul 07 21:56:06 devstack cinder-volume[87586]: DEBUG oslo_concurrency.processutils [None req-445595ed-2576-4a0f-845e-b01d5e6fbe0e tempest-GroupSnapshotsTest-383499367 None] CMD "sudo cinder-rootwrap /etc/cinder/rootwrap.conf qemu-img commit -d /opt/stack/data/cinder/mnt/1295fab96224facb45d54f1b3f1bc43f/volume-ecd7b6a2-4965-468c-9e14-f03999fb7ab0.3fcb7d4a-d122-4b9e-b0e1-7ed698c089b1" returned: 0 in 0.934s {{(pid=87586) execute /opt/stack/data/venv/lib/python3.12/site-packages/oslo_concurrency/processutils.py:468}}
Jul 07 21:56:06 devstack cinder-volume[87586]: DEBUG oslo_concurrency.processutils [None req-445595ed-2576-4a0f-845e-b01d5e6fbe0e tempest-GroupSnapshotsTest-383499367 None] Running cmd (subprocess): sudo cinder-rootwrap /etc/cinder/rootwrap.conf rm -f /opt/stack/data/cinder/mnt/1295fab96224facb45d54f1b3f1bc43f/volume-ecd7b6a2-4965-468c-9e14-f03999fb7ab0.3fcb7d4a-d122-4b9e-b0e1-7ed698c089b1 {{(pid=87586) execute /opt/stack/data/venv/lib/python3.12/site-packages/oslo_concurrency/processutils.py:440}}
Jul 07 21:56:06 devstack sudo[92811]: quobyte : PWD=/ ; USER=root ; COMMAND=/opt/stack/data/venv/bin/cinder-rootwrap /etc/cinder/rootwrap.conf rm -f /opt/stack/data/cinder/mnt/1295fab96224facb45d54f1b3f1bc43f/volume-ecd7b6a2-4965-468c-9e14-f03999fb7ab0.3fcb7d4a-d122-4b9e-b0e1-7ed698c089b1
Jul 07 21:56:06 devstack sudo[92811]: pam_unix(sudo:session): session opened for user root(uid=0) by (uid=1000)
Jul 07 21:56:07 devstack sudo[92811]: pam_unix(sudo:session): session closed for user root
Jul 07 21:56:07 devstack cinder-volume[87586]: DEBUG oslo_concurrency.processutils [None req-445595ed-2576-4a0f-845e-b01d5e6fbe0e tempest-GroupSnapshotsTest-383499367 None] CMD "sudo cinder-rootwrap /etc/cinder/rootwrap.conf rm -f /opt/stack/data/cinder/mnt/1295fab96224facb45d54f1b3f1bc43f/volume-ecd7b6a2-4965-468c-9e14-f03999fb7ab0.3fcb7d4a-d122-4b9e-b0e1-7ed698c089b1" returned: 0 in 1.141s {{(pid=87586) execute /opt/stack/data/venv/lib/python3.12/site-packages/oslo_concurrency/processutils.py:468}}
Jul 07 21:56:07 devstack cinder-volume[87586]: DEBUG cinder.coordination [None req-445595ed-2576-4a0f-845e-b01d5e6fbe0e tempest-GroupSnapshotsTest-383499367 None] Lock "cinder-quobyte-3fcb7d4a-d122-4b9e-b0e1-7ed698c089b1" released by "_delete_snapshot" :: held 4.543s {{(pid=87586) __release /opt/stack/cinder/cinder/coordination.py:152}}
Jul 07 21:56:07 devstack cinder-volume[87586]: DEBUG cinder.coordination [None req-445595ed-2576-4a0f-845e-b01d5e6fbe0e tempest-GroupSnapshotsTest-383499367 None] Lock "cinder-quobyte-ecd7b6a2-4965-468c-9e14-f03999fb7ab0" released by "delete_snapshot" :: held 4.591s {{(pid=87586) __release /opt/stack/cinder/cinder/coordination.py:152}}
Jul 07 21:56:07 devstack cinder-volume[87586]: DEBUG cinder.coordination [None req-445595ed-2576-4a0f-845e-b01d5e6fbe0e tempest-GroupSnapshotsTest-383499367 None] Acquiring lock "cinder-quobyte-5bcf77ef-fb66-43f0-92dd-edfffc8bf6ea" by "delete_snapshot" {{(pid=87586) __acquire /opt/stack/cinder/cinder/coordination.py:138}}
Jul 07 21:56:07 devstack cinder-volume[87586]: DEBUG cinder.coordination [None req-445595ed-2576-4a0f-845e-b01d5e6fbe0e tempest-GroupSnapshotsTest-383499367 None] Lock "cinder-quobyte-5bcf77ef-fb66-43f0-92dd-edfffc8bf6ea" acquired by "delete_snapshot" :: waited 0.022s {{(pid=87586) __acquire /opt/stack/cinder/cinder/coordination.py:141}}
Jul 07 21:56:07 devstack cinder-volume[87586]: DEBUG cinder.coordination [None req-445595ed-2576-4a0f-845e-b01d5e6fbe0e tempest-GroupSnapshotsTest-383499367 None] Acquiring lock "cinder-quobyte-bbe37fd4-1226-4826-9523-0693763792ac" by "_delete_snapshot" {{(pid=87586) __acquire /opt/stack/cinder/cinder/coordination.py:138}}
Jul 07 21:56:07 devstack cinder-volume[87586]: DEBUG cinder.coordination [None req-445595ed-2576-4a0f-845e-b01d5e6fbe0e tempest-GroupSnapshotsTest-383499367 None] Lock "cinder-quobyte-bbe37fd4-1226-4826-9523-0693763792ac" acquired by "_delete_snapshot" :: waited 0.026s {{(pid=87586) __acquire /opt/stack/cinder/cinder/coordination.py:141}}
Jul 07 21:56:07 devstack cinder-volume[87586]: DEBUG cinder.volume.drivers.remotefs [None req-445595ed-2576-4a0f-845e-b01d5e6fbe0e tempest-GroupSnapshotsTest-383499367 None] Deleting offline snapshot bbe37fd4-1226-4826-9523-0693763792ac of volume 5bcf77ef-fb66-43f0-92dd-edfffc8bf6ea {{(pid=87586) _delete_snapshot /opt/stack/cinder/cinder/volume/drivers/remotefs.py:1288}}
Jul 07 21:56:07 devstack cinder-volume[87586]: DEBUG cinder.volume.drivers.remotefs [None req-445595ed-2576-4a0f-845e-b01d5e6fbe0e tempest-GroupSnapshotsTest-383499367 None] snapshot_file for this snap is: volume-5bcf77ef-fb66-43f0-92dd-edfffc8bf6ea.bbe37fd4-1226-4826-9523-0693763792ac {{(pid=87586) _delete_snapshot /opt/stack/cinder/cinder/volume/drivers/remotefs.py:1317}}
Jul 07 21:56:07 devstack cinder-volume[87586]: DEBUG oslo.privsep.daemon [-] privsep: reply[20dee258-c32f-4e95-8616-321494b46818]: (4, 'qcow2') {{(pid=88661) _call_back /opt/stack/data/venv/lib/python3.12/site-packages/oslo_privsep/daemon.py:580}}
Jul 07 21:56:07 devstack cinder-volume[87586]: DEBUG oslo_concurrency.processutils [None req-445595ed-2576-4a0f-845e-b01d5e6fbe0e tempest-GroupSnapshotsTest-383499367 None] Running cmd (subprocess): /opt/stack/data/venv/bin/python3.12 -m oslo_concurrency.prlimit --as=1073741824 --cpu=60 -- sudo cinder-rootwrap /etc/cinder/rootwrap.conf env LC_ALL=C qemu-img info -f qcow2 --output=json --force-share /opt/stack/data/cinder/mnt/1295fab96224facb45d54f1b3f1bc43f/volume-5bcf77ef-fb66-43f0-92dd-edfffc8bf6ea.bbe37fd4-1226-4826-9523-0693763792ac {{(pid=87586) execute /opt/stack/data/venv/lib/python3.12/site-packages/oslo_concurrency/processutils.py:440}}
Jul 07 21:56:07 devstack sudo[92835]: quobyte : PWD=/ ; USER=root ; COMMAND=/opt/stack/data/venv/bin/cinder-rootwrap /etc/cinder/rootwrap.conf env LC_ALL=C qemu-img info -f qcow2 --output=json --force-share /opt/stack/data/cinder/mnt/1295fab96224facb45d54f1b3f1bc43f/volume-5bcf77ef-fb66-43f0-92dd-edfffc8bf6ea.bbe37fd4-1226-4826-9523-0693763792ac
Jul 07 21:56:07 devstack sudo[92835]: pam_unix(sudo:session): session opened for user root(uid=0) by (uid=1000)
Jul 07 21:56:08 devstack sudo[92835]: pam_unix(sudo:session): session closed for user root
Jul 07 21:56:08 devstack cinder-volume[87586]: DEBUG oslo_concurrency.processutils [None req-445595ed-2576-4a0f-845e-b01d5e6fbe0e tempest-GroupSnapshotsTest-383499367 None] CMD "/opt/stack/data/venv/bin/python3.12 -m oslo_concurrency.prlimit --as=1073741824 --cpu=60 -- sudo cinder-rootwrap /etc/cinder/rootwrap.conf env LC_ALL=C qemu-img info -f qcow2 --output=json --force-share /opt/stack/data/cinder/mnt/1295fab96224facb45d54f1b3f1bc43f/volume-5bcf77ef-fb66-43f0-92dd-edfffc8bf6ea.bbe37fd4-1226-4826-9523-0693763792ac" returned: 0 in 1.170s {{(pid=87586) execute /opt/stack/data/venv/lib/python3.12/site-packages/oslo_concurrency/processutils.py:468}}
Jul 07 21:56:08 devstack cinder-volume[87586]: DEBUG cinder.volume.drivers.remotefs [None req-445595ed-2576-4a0f-845e-b01d5e6fbe0e tempest-GroupSnapshotsTest-383499367 None] Fetching qemu-img info with special backing_file_template: (/opt/stack/data/cinder/mnt/[0-9a-f]+/)?(volume-5bcf77ef-fb66-43f0-92dd-edfffc8bf6ea(.(tmp-snap-)?[0-9a-f-]+)?|volume_from_snapshot_cache/(tmp-snap-)?[0-9a-f-]+(.(child-|parent-)[0-9a-f-]+)?)$ {{(pid=87586) _qemu_img_info_base /opt/stack/cinder/cinder/volume/drivers/remotefs.py:896}}
Jul 07 21:56:08 devstack cinder-volume[87586]: DEBUG oslo.privsep.daemon [-] privsep: reply[0c71fd4e-85d2-47fa-abe6-6041d2cd102c]: (4, 'qcow2') {{(pid=88661) _call_back /opt/stack/data/venv/lib/python3.12/site-packages/oslo_privsep/daemon.py:580}}
Jul 07 21:56:08 devstack cinder-volume[87586]: DEBUG oslo_concurrency.processutils [None req-445595ed-2576-4a0f-845e-b01d5e6fbe0e tempest-GroupSnapshotsTest-383499367 None] Running cmd (subprocess): /opt/stack/data/venv/bin/python3.12 -m oslo_concurrency.prlimit --as=1073741824 --cpu=60 -- sudo cinder-rootwrap /etc/cinder/rootwrap.conf env LC_ALL=C qemu-img info -f qcow2 --output=json --force-share /opt/stack/data/cinder/mnt/1295fab96224facb45d54f1b3f1bc43f/volume-5bcf77ef-fb66-43f0-92dd-edfffc8bf6ea {{(pid=87586) execute /opt/stack/data/venv/lib/python3.12/site-packages/oslo_concurrency/processutils.py:440}}
Jul 07 21:56:09 devstack sudo[92851]: quobyte : PWD=/ ; USER=root ; COMMAND=/opt/stack/data/venv/bin/cinder-rootwrap /etc/cinder/rootwrap.conf env LC_ALL=C qemu-img info -f qcow2 --output=json --force-share /opt/stack/data/cinder/mnt/1295fab96224facb45d54f1b3f1bc43f/volume-5bcf77ef-fb66-43f0-92dd-edfffc8bf6ea
Jul 07 21:56:09 devstack sudo[92851]: pam_unix(sudo:session): session opened for user root(uid=0) by (uid=1000)
Jul 07 21:56:10 devstack sudo[92851]: pam_unix(sudo:session): session closed for user root
Jul 07 21:56:10 devstack cinder-volume[87586]: DEBUG oslo_concurrency.processutils [None req-445595ed-2576-4a0f-845e-b01d5e6fbe0e tempest-GroupSnapshotsTest-383499367 None] CMD "/opt/stack/data/venv/bin/python3.12 -m oslo_concurrency.prlimit --as=1073741824 --cpu=60 -- sudo cinder-rootwrap /etc/cinder/rootwrap.conf env LC_ALL=C qemu-img info -f qcow2 --output=json --force-share /opt/stack/data/cinder/mnt/1295fab96224facb45d54f1b3f1bc43f/volume-5bcf77ef-fb66-43f0-92dd-edfffc8bf6ea" returned: 0 in 1.293s {{(pid=87586) execute /opt/stack/data/venv/lib/python3.12/site-packages/oslo_concurrency/processutils.py:468}}
Jul 07 21:56:10 devstack cinder-volume[87586]: DEBUG oslo_concurrency.processutils [None req-445595ed-2576-4a0f-845e-b01d5e6fbe0e tempest-GroupSnapshotsTest-383499367 None] Running cmd (subprocess): sudo cinder-rootwrap /etc/cinder/rootwrap.conf qemu-img commit -d /opt/stack/data/cinder/mnt/1295fab96224facb45d54f1b3f1bc43f/volume-5bcf77ef-fb66-43f0-92dd-edfffc8bf6ea.bbe37fd4-1226-4826-9523-0693763792ac {{(pid=87586) execute /opt/stack/data/venv/lib/python3.12/site-packages/oslo_concurrency/processutils.py:440}}
Jul 07 21:56:10 devstack sudo[92876]: quobyte : PWD=/ ; USER=root ; COMMAND=/opt/stack/data/venv/bin/cinder-rootwrap /etc/cinder/rootwrap.conf qemu-img commit -d /opt/stack/data/cinder/mnt/1295fab96224facb45d54f1b3f1bc43f/volume-5bcf77ef-fb66-43f0-92dd-edfffc8bf6ea.bbe37fd4-1226-4826-9523-0693763792ac
Jul 07 21:56:10 devstack sudo[92876]: pam_unix(sudo:session): session opened for user root(uid=0) by (uid=1000)
Jul 07 21:56:11 devstack sudo[92876]: pam_unix(sudo:session): session closed for user root
Jul 07 21:56:11 devstack cinder-volume[87586]: DEBUG oslo_concurrency.processutils [None req-445595ed-2576-4a0f-845e-b01d5e6fbe0e tempest-GroupSnapshotsTest-383499367 None] CMD "sudo cinder-rootwrap /etc/cinder/rootwrap.conf qemu-img commit -d /opt/stack/data/cinder/mnt/1295fab96224facb45d54f1b3f1bc43f/volume-5bcf77ef-fb66-43f0-92dd-edfffc8bf6ea.bbe37fd4-1226-4826-9523-0693763792ac" returned: 0 in 1.000s {{(pid=87586) execute /opt/stack/data/venv/lib/python3.12/site-packages/oslo_concurrency/processutils.py:468}}
Jul 07 21:56:11 devstack cinder-volume[87586]: DEBUG oslo_concurrency.processutils [None req-445595ed-2576-4a0f-845e-b01d5e6fbe0e tempest-GroupSnapshotsTest-383499367 None] Running cmd (subprocess): sudo cinder-rootwrap /etc/cinder/rootwrap.conf rm -f /opt/stack/data/cinder/mnt/1295fab96224facb45d54f1b3f1bc43f/volume-5bcf77ef-fb66-43f0-92dd-edfffc8bf6ea.bbe37fd4-1226-4826-9523-0693763792ac {{(pid=87586) execute /opt/stack/data/venv/lib/python3.12/site-packages/oslo_concurrency/processutils.py:440}}
Jul 07 21:56:11 devstack sudo[92885]: quobyte : PWD=/ ; USER=root ; COMMAND=/opt/stack/data/venv/bin/cinder-rootwrap /etc/cinder/rootwrap.conf rm -f /opt/stack/data/cinder/mnt/1295fab96224facb45d54f1b3f1bc43f/volume-5bcf77ef-fb66-43f0-92dd-edfffc8bf6ea.bbe37fd4-1226-4826-9523-0693763792ac
Jul 07 21:56:11 devstack sudo[92885]: pam_unix(sudo:session): session opened for user root(uid=0) by (uid=1000)
Jul 07 21:56:12 devstack sudo[92885]: pam_unix(sudo:session): session closed for user root
Jul 07 21:56:12 devstack cinder-volume[87586]: DEBUG oslo_concurrency.processutils [None req-445595ed-2576-4a0f-845e-b01d5e6fbe0e tempest-GroupSnapshotsTest-383499367 None] CMD "sudo cinder-rootwrap /etc/cinder/rootwrap.conf rm -f /opt/stack/data/cinder/mnt/1295fab96224facb45d54f1b3f1bc43f/volume-5bcf77ef-fb66-43f0-92dd-edfffc8bf6ea.bbe37fd4-1226-4826-9523-0693763792ac" returned: 0 in 0.831s {{(pid=87586) execute /opt/stack/data/venv/lib/python3.12/site-packages/oslo_concurrency/processutils.py:468}}
Jul 07 21:56:12 devstack cinder-volume[87586]: DEBUG cinder.coordination [None req-445595ed-2576-4a0f-845e-b01d5e6fbe0e tempest-GroupSnapshotsTest-383499367 None] Lock "cinder-quobyte-bbe37fd4-1226-4826-9523-0693763792ac" released by "_delete_snapshot" :: held 4.433s {{(pid=87586) __release /opt/stack/cinder/cinder/coordination.py:152}}
Jul 07 21:56:12 devstack cinder-volume[87586]: DEBUG cinder.coordination [None req-445595ed-2576-4a0f-845e-b01d5e6fbe0e tempest-GroupSnapshotsTest-383499367 None] Lock "cinder-quobyte-5bcf77ef-fb66-43f0-92dd-edfffc8bf6ea" released by "delete_snapshot" :: held 4.467s {{(pid=87586) __release /opt/stack/cinder/cinder/coordination.py:152}}
Jul 07 21:56:12 devstack cinder-volume[87586]: WARNING cinder.quota [None req-445595ed-2576-4a0f-845e-b01d5e6fbe0e tempest-GroupSnapshotsTest-383499367 None] Deprecated: Default quota for resource: gigabytes_tempest-GroupSnapshotsTest-volume-type-2053715369 is set by the default quota flag: quota_gigabytes_tempest-GroupSnapshotsTest-volume-type-2053715369, it is now deprecated. Please use the default quota class for default quota.
Jul 07 21:56:12 devstack cinder-volume[87586]: WARNING cinder.quota [None req-445595ed-2576-4a0f-845e-b01d5e6fbe0e tempest-GroupSnapshotsTest-383499367 None] Deprecated: Default quota for resource: snapshots_tempest-GroupSnapshotsTest-volume-type-2053715369 is set by the default quota flag: quota_snapshots_tempest-GroupSnapshotsTest-volume-type-2053715369, it is now deprecated. Please use the default quota class for default quota.
Jul 07 21:56:12 devstack cinder-volume[87586]: DEBUG cinder.quota [None req-445595ed-2576-4a0f-845e-b01d5e6fbe0e tempest-GroupSnapshotsTest-383499367 None] Created reservations ['3fdf2737-8e22-46a7-8918-c8732ffa99b0', 'de4c0702-fb02-455a-8454-a6f272aa41f8', 'fb5dad9e-f5a3-4cb0-8cdb-81cf6f3ba8f6', '6a062fdc-c905-4b98-b79e-e9dbb47f1c18'] {{(pid=87586) reserve /opt/stack/cinder/cinder/quota.py:752}}
Jul 07 21:56:12 devstack cinder-volume[87586]: DEBUG cinder.quota [None req-445595ed-2576-4a0f-845e-b01d5e6fbe0e tempest-GroupSnapshotsTest-383499367 None] Created reservations ['a09604df-1dce-492e-a54b-9bfd311b4b32', '5fbbba5a-8495-488b-8e4a-5e441eea3e5c', '7950f41c-780c-4af3-94d0-aa2a38d072a3', '654b9dc5-54cc-4b95-9059-faf8d0722d38'] {{(pid=87586) reserve /opt/stack/cinder/cinder/quota.py:752}}
Jul 07 21:56:12 devstack cinder-volume[87586]: INFO cinder.volume.manager [None req-445595ed-2576-4a0f-845e-b01d5e6fbe0e tempest-GroupSnapshotsTest-383499367 None] group_snapshot 93764f0b-f828-4dde-8843-8010bef73658: deleted successfully
Jul 07 21:56:13 devstack cinder-volume[87586]: DEBUG cinder.coordination [None req-9d12ac24-bf33-4bd6-98cb-5800b618c998 tempest-GroupSnapshotsTest-383499367 None] Acquiring lock "cinder-quobyte-5bcf77ef-fb66-43f0-92dd-edfffc8bf6ea" by "delete_volume" {{(pid=87586) __acquire /opt/stack/cinder/cinder/coordination.py:138}}
Jul 07 21:56:13 devstack cinder-volume[87586]: DEBUG cinder.coordination [None req-9d12ac24-bf33-4bd6-98cb-5800b618c998 tempest-GroupSnapshotsTest-383499367 None] Lock "cinder-quobyte-5bcf77ef-fb66-43f0-92dd-edfffc8bf6ea" acquired by "delete_volume" :: waited 0.024s {{(pid=87586) __acquire /opt/stack/cinder/cinder/coordination.py:141}}
Jul 07 21:56:13 devstack cinder-volume[87586]: DEBUG oslo.privsep.daemon [-] privsep: reply[06585d65-9938-4d4b-b462-e0734334c1f5]: (4, 'qcow2') {{(pid=88661) _call_back /opt/stack/data/venv/lib/python3.12/site-packages/oslo_privsep/daemon.py:580}}
Jul 07 21:56:13 devstack cinder-volume[87586]: DEBUG oslo_concurrency.processutils [None req-9d12ac24-bf33-4bd6-98cb-5800b618c998 tempest-GroupSnapshotsTest-383499367 None] Running cmd (subprocess): /opt/stack/data/venv/bin/python3.12 -m oslo_concurrency.prlimit --as=1073741824 --cpu=60 -- sudo cinder-rootwrap /etc/cinder/rootwrap.conf env LC_ALL=C qemu-img info -f qcow2 --output=json --force-share /opt/stack/data/cinder/mnt/1295fab96224facb45d54f1b3f1bc43f/volume-5bcf77ef-fb66-43f0-92dd-edfffc8bf6ea {{(pid=87586) execute /opt/stack/data/venv/lib/python3.12/site-packages/oslo_concurrency/processutils.py:440}}
Jul 07 21:56:13 devstack sudo[92896]: quobyte : PWD=/ ; USER=root ; COMMAND=/opt/stack/data/venv/bin/cinder-rootwrap /etc/cinder/rootwrap.conf env LC_ALL=C qemu-img info -f qcow2 --output=json --force-share /opt/stack/data/cinder/mnt/1295fab96224facb45d54f1b3f1bc43f/volume-5bcf77ef-fb66-43f0-92dd-edfffc8bf6ea
Jul 07 21:56:13 devstack sudo[92896]: pam_unix(sudo:session): session opened for user root(uid=0) by (uid=1000)
Jul 07 21:56:14 devstack sudo[92896]: pam_unix(sudo:session): session closed for user root
Jul 07 21:56:14 devstack cinder-volume[87586]: DEBUG oslo_concurrency.processutils [None req-9d12ac24-bf33-4bd6-98cb-5800b618c998 tempest-GroupSnapshotsTest-383499367 None] CMD "/opt/stack/data/venv/bin/python3.12 -m oslo_concurrency.prlimit --as=1073741824 --cpu=60 -- sudo cinder-rootwrap /etc/cinder/rootwrap.conf env LC_ALL=C qemu-img info -f qcow2 --output=json --force-share /opt/stack/data/cinder/mnt/1295fab96224facb45d54f1b3f1bc43f/volume-5bcf77ef-fb66-43f0-92dd-edfffc8bf6ea" returned: 0 in 0.764s {{(pid=87586) execute /opt/stack/data/venv/lib/python3.12/site-packages/oslo_concurrency/processutils.py:468}}
Jul 07 21:56:14 devstack cinder-volume[87586]: DEBUG oslo_concurrency.processutils [None req-9d12ac24-bf33-4bd6-98cb-5800b618c998 tempest-GroupSnapshotsTest-383499367 None] Running cmd (subprocess): sudo cinder-rootwrap /etc/cinder/rootwrap.conf rm -f /opt/stack/data/cinder/mnt/1295fab96224facb45d54f1b3f1bc43f/volume-5bcf77ef-fb66-43f0-92dd-edfffc8bf6ea {{(pid=87586) execute /opt/stack/data/venv/lib/python3.12/site-packages/oslo_concurrency/processutils.py:440}}
Jul 07 21:56:14 devstack sudo[92907]: quobyte : PWD=/ ; USER=root ; COMMAND=/opt/stack/data/venv/bin/cinder-rootwrap /etc/cinder/rootwrap.conf rm -f /opt/stack/data/cinder/mnt/1295fab96224facb45d54f1b3f1bc43f/volume-5bcf77ef-fb66-43f0-92dd-edfffc8bf6ea
Jul 07 21:56:14 devstack sudo[92907]: pam_unix(sudo:session): session opened for user root(uid=0) by (uid=1000)
Jul 07 21:56:15 devstack sudo[92907]: pam_unix(sudo:session): session closed for user root
Jul 07 21:56:15 devstack cinder-volume[87586]: DEBUG oslo_concurrency.processutils [None req-9d12ac24-bf33-4bd6-98cb-5800b618c998 tempest-GroupSnapshotsTest-383499367 None] CMD "sudo cinder-rootwrap /etc/cinder/rootwrap.conf rm -f /opt/stack/data/cinder/mnt/1295fab96224facb45d54f1b3f1bc43f/volume-5bcf77ef-fb66-43f0-92dd-edfffc8bf6ea" returned: 0 in 0.824s {{(pid=87586) execute /opt/stack/data/venv/lib/python3.12/site-packages/oslo_concurrency/processutils.py:468}}
Jul 07 21:56:15 devstack cinder-volume[87586]: DEBUG cinder.coordination [None req-9d12ac24-bf33-4bd6-98cb-5800b618c998 tempest-GroupSnapshotsTest-383499367 None] Lock "cinder-quobyte-5bcf77ef-fb66-43f0-92dd-edfffc8bf6ea" released by "delete_volume" :: held 1.672s {{(pid=87586) __release /opt/stack/cinder/cinder/coordination.py:152}}
Jul 07 21:56:15 devstack cinder-volume[87586]: DEBUG cinder.coordination [None req-9d12ac24-bf33-4bd6-98cb-5800b618c998 tempest-GroupSnapshotsTest-383499367 None] Acquiring lock "cinder-quobyte-ecd7b6a2-4965-468c-9e14-f03999fb7ab0" by "delete_volume" {{(pid=87586) __acquire /opt/stack/cinder/cinder/coordination.py:138}}
Jul 07 21:56:15 devstack cinder-volume[87586]: DEBUG cinder.coordination [None req-9d12ac24-bf33-4bd6-98cb-5800b618c998 tempest-GroupSnapshotsTest-383499367 None] Lock "cinder-quobyte-ecd7b6a2-4965-468c-9e14-f03999fb7ab0" acquired by "delete_volume" :: waited 0.016s {{(pid=87586) __acquire /opt/stack/cinder/cinder/coordination.py:141}}
Jul 07 21:56:15 devstack cinder-volume[87586]: DEBUG oslo.privsep.daemon [-] privsep: reply[f298415e-4b86-4419-bc13-8975dd47e8e7]: (4, 'qcow2') {{(pid=88661) _call_back /opt/stack/data/venv/lib/python3.12/site-packages/oslo_privsep/daemon.py:580}}
Jul 07 21:56:15 devstack cinder-volume[87586]: DEBUG oslo_concurrency.processutils [None req-9d12ac24-bf33-4bd6-98cb-5800b618c998 tempest-GroupSnapshotsTest-383499367 None] Running cmd (subprocess): /opt/stack/data/venv/bin/python3.12 -m oslo_concurrency.prlimit --as=1073741824 --cpu=60 -- sudo cinder-rootwrap /etc/cinder/rootwrap.conf env LC_ALL=C qemu-img info -f qcow2 --output=json --force-share /opt/stack/data/cinder/mnt/1295fab96224facb45d54f1b3f1bc43f/volume-ecd7b6a2-4965-468c-9e14-f03999fb7ab0 {{(pid=87586) execute /opt/stack/data/venv/lib/python3.12/site-packages/oslo_concurrency/processutils.py:440}}
Jul 07 21:56:15 devstack sudo[92927]: quobyte : PWD=/ ; USER=root ; COMMAND=/opt/stack/data/venv/bin/cinder-rootwrap /etc/cinder/rootwrap.conf env LC_ALL=C qemu-img info -f qcow2 --output=json --force-share /opt/stack/data/cinder/mnt/1295fab96224facb45d54f1b3f1bc43f/volume-ecd7b6a2-4965-468c-9e14-f03999fb7ab0
Jul 07 21:56:15 devstack sudo[92927]: pam_unix(sudo:session): session opened for user root(uid=0) by (uid=1000)
Jul 07 21:56:16 devstack sudo[92927]: pam_unix(sudo:session): session closed for user root
Jul 07 21:56:16 devstack cinder-volume[87586]: DEBUG oslo_concurrency.processutils [None req-9d12ac24-bf33-4bd6-98cb-5800b618c998 tempest-GroupSnapshotsTest-383499367 None] CMD "/opt/stack/data/venv/bin/python3.12 -m oslo_concurrency.prlimit --as=1073741824 --cpu=60 -- sudo cinder-rootwrap /etc/cinder/rootwrap.conf env LC_ALL=C qemu-img info -f qcow2 --output=json --force-share /opt/stack/data/cinder/mnt/1295fab96224facb45d54f1b3f1bc43f/volume-ecd7b6a2-4965-468c-9e14-f03999fb7ab0" returned: 0 in 1.122s {{(pid=87586) execute /opt/stack/data/venv/lib/python3.12/site-packages/oslo_concurrency/processutils.py:468}}
Jul 07 21:56:16 devstack cinder-volume[87586]: DEBUG oslo_concurrency.processutils [None req-9d12ac24-bf33-4bd6-98cb-5800b618c998 tempest-GroupSnapshotsTest-383499367 None] Running cmd (subprocess): sudo cinder-rootwrap /etc/cinder/rootwrap.conf rm -f /opt/stack/data/cinder/mnt/1295fab96224facb45d54f1b3f1bc43f/volume-ecd7b6a2-4965-468c-9e14-f03999fb7ab0 {{(pid=87586) execute /opt/stack/data/venv/lib/python3.12/site-packages/oslo_concurrency/processutils.py:440}}
Jul 07 21:56:16 devstack sudo[92948]: quobyte : PWD=/ ; USER=root ; COMMAND=/opt/stack/data/venv/bin/cinder-rootwrap /etc/cinder/rootwrap.conf rm -f /opt/stack/data/cinder/mnt/1295fab96224facb45d54f1b3f1bc43f/volume-ecd7b6a2-4965-468c-9e14-f03999fb7ab0
Jul 07 21:56:16 devstack sudo[92948]: pam_unix(sudo:session): session opened for user root(uid=0) by (uid=1000)
Jul 07 21:56:17 devstack sudo[92948]: pam_unix(sudo:session): session closed for user root
Jul 07 21:56:17 devstack cinder-volume[87586]: DEBUG oslo_concurrency.processutils [None req-9d12ac24-bf33-4bd6-98cb-5800b618c998 tempest-GroupSnapshotsTest-383499367 None] CMD "sudo cinder-rootwrap /etc/cinder/rootwrap.conf rm -f /opt/stack/data/cinder/mnt/1295fab96224facb45d54f1b3f1bc43f/volume-ecd7b6a2-4965-468c-9e14-f03999fb7ab0" returned: 0 in 0.752s {{(pid=87586) execute /opt/stack/data/venv/lib/python3.12/site-packages/oslo_concurrency/processutils.py:468}}
Jul 07 21:56:17 devstack cinder-volume[87586]: DEBUG cinder.coordination [None req-9d12ac24-bf33-4bd6-98cb-5800b618c998 tempest-GroupSnapshotsTest-383499367 None] Lock "cinder-quobyte-ecd7b6a2-4965-468c-9e14-f03999fb7ab0" released by "delete_volume" :: held 1.937s {{(pid=87586) __release /opt/stack/cinder/cinder/coordination.py:152}}
Jul 07 21:56:17 devstack cinder-volume[87586]: DEBUG cinder.quota [None req-9d12ac24-bf33-4bd6-98cb-5800b618c998 tempest-GroupSnapshotsTest-383499367 None] Created reservations ['c5267db4-1a07-42a1-81eb-aac0933db662'] {{(pid=87586) reserve /opt/stack/cinder/cinder/quota.py:752}}
Jul 07 21:56:17 devstack cinder-volume[87586]: WARNING cinder.quota [None req-9d12ac24-bf33-4bd6-98cb-5800b618c998 tempest-GroupSnapshotsTest-383499367 None] Deprecated: Default quota for resource: volumes_tempest-GroupSnapshotsTest-volume-type-2053715369 is set by the default quota flag: quota_volumes_tempest-GroupSnapshotsTest-volume-type-2053715369, it is now deprecated. Please use the default quota class for default quota.
Jul 07 21:56:17 devstack cinder-volume[87586]: DEBUG cinder.quota [None req-9d12ac24-bf33-4bd6-98cb-5800b618c998 tempest-GroupSnapshotsTest-383499367 None] Created reservations ['d5813684-c8e3-4efe-a698-9ac0f4a0268b', '3a65f985-d8f7-4fe8-b853-62be97da5da1', 'b6dda6dc-71c0-490b-a968-5d3fd4ccd1c1', '2a237fa4-c28e-4eac-a020-78fe9b35b715'] {{(pid=87586) reserve /opt/stack/cinder/cinder/quota.py:752}}
Jul 07 21:56:17 devstack cinder-volume[87586]: DEBUG cinder.coordination [None req-4cda3e99-b3db-4376-a626-bb8b771f06d9 tempest-ServerActionsTestOtherA-1059080414 None] Acquiring lock "cinder-2553286d-cd27-4001-b6f2-0d47d24de889-delete_volume" by "delete_volume" {{(pid=87586) __acquire /opt/stack/cinder/cinder/coordination.py:138}}
Jul 07 21:56:17 devstack cinder-volume[87586]: DEBUG cinder.coordination [None req-4cda3e99-b3db-4376-a626-bb8b771f06d9 tempest-ServerActionsTestOtherA-1059080414 None] Lock "cinder-2553286d-cd27-4001-b6f2-0d47d24de889-delete_volume" acquired by "delete_volume" :: waited 0.033s {{(pid=87586) __acquire /opt/stack/cinder/cinder/coordination.py:141}}
Jul 07 21:56:17 devstack cinder-volume[87586]: DEBUG cinder.coordination [None req-4cda3e99-b3db-4376-a626-bb8b771f06d9 tempest-ServerActionsTestOtherA-1059080414 None] Acquiring lock "cinder-quobyte-2553286d-cd27-4001-b6f2-0d47d24de889" by "delete_volume" {{(pid=87586) __acquire /opt/stack/cinder/cinder/coordination.py:138}}
Jul 07 21:56:17 devstack cinder-volume[87586]: DEBUG cinder.coordination [None req-4cda3e99-b3db-4376-a626-bb8b771f06d9 tempest-ServerActionsTestOtherA-1059080414 None] Lock "cinder-quobyte-2553286d-cd27-4001-b6f2-0d47d24de889" acquired by "delete_volume" :: waited 0.016s {{(pid=87586) __acquire /opt/stack/cinder/cinder/coordination.py:141}}
Jul 07 21:56:17 devstack cinder-volume[87586]: DEBUG oslo.privsep.daemon [-] privsep: reply[b45ea480-b704-47d0-a044-792b78ebe5b1]: (4, 'qcow2') {{(pid=88661) _call_back /opt/stack/data/venv/lib/python3.12/site-packages/oslo_privsep/daemon.py:580}}
Jul 07 21:56:17 devstack cinder-volume[87586]: DEBUG oslo_concurrency.processutils [None req-4cda3e99-b3db-4376-a626-bb8b771f06d9 tempest-ServerActionsTestOtherA-1059080414 None] Running cmd (subprocess): /opt/stack/data/venv/bin/python3.12 -m oslo_concurrency.prlimit --as=1073741824 --cpu=60 -- sudo cinder-rootwrap /etc/cinder/rootwrap.conf env LC_ALL=C qemu-img info -f qcow2 --output=json --force-share /opt/stack/data/cinder/mnt/1295fab96224facb45d54f1b3f1bc43f/volume-2553286d-cd27-4001-b6f2-0d47d24de889 {{(pid=87586) execute /opt/stack/data/venv/lib/python3.12/site-packages/oslo_concurrency/processutils.py:440}}
Jul 07 21:56:17 devstack cinder-volume[87586]: DEBUG cinder.quota [None req-9d12ac24-bf33-4bd6-98cb-5800b618c998 tempest-GroupSnapshotsTest-383499367 None] Created reservations ['f634f13c-191f-451b-9bc2-a1021aab090b', 'cf6e0e6f-6c3b-48f6-a1e4-61ee28ef09fc', '38f9f060-f1a7-4030-8a51-ac338b9f35f8', '0282c630-7e06-4252-adc6-0e1759fe9cb0'] {{(pid=87586) reserve /opt/stack/cinder/cinder/quota.py:752}}
Jul 07 21:56:17 devstack sudo[92960]: quobyte : PWD=/ ; USER=root ; COMMAND=/opt/stack/data/venv/bin/cinder-rootwrap /etc/cinder/rootwrap.conf env LC_ALL=C qemu-img info -f qcow2 --output=json --force-share /opt/stack/data/cinder/mnt/1295fab96224facb45d54f1b3f1bc43f/volume-2553286d-cd27-4001-b6f2-0d47d24de889
Jul 07 21:56:17 devstack sudo[92960]: pam_unix(sudo:session): session opened for user root(uid=0) by (uid=1000)
Jul 07 21:56:17 devstack cinder-volume[87586]: DEBUG oslo_concurrency.lockutils [None req-9d12ac24-bf33-4bd6-98cb-5800b618c998 tempest-GroupSnapshotsTest-383499367 None] Acquiring lock "quobyte_ensure" by "cinder.volume.drivers.quobyte.QuobyteDriver._ensure_shares_mounted" {{(pid=87586) inner /opt/stack/data/venv/lib/python3.12/site-packages/oslo_concurrency/lockutils.py:511}}
Jul 07 21:56:17 devstack cinder-volume[87586]: DEBUG oslo_concurrency.lockutils [None req-9d12ac24-bf33-4bd6-98cb-5800b618c998 tempest-GroupSnapshotsTest-383499367 None] Lock "quobyte_ensure" acquired by "cinder.volume.drivers.quobyte.QuobyteDriver._ensure_shares_mounted" :: waited 0.001s {{(pid=87586) inner /opt/stack/data/venv/lib/python3.12/site-packages/oslo_concurrency/lockutils.py:524}}
Jul 07 21:56:17 devstack cinder-volume[87586]: DEBUG cinder.volume.drivers.quobyte [None req-9d12ac24-bf33-4bd6-98cb-5800b618c998 tempest-GroupSnapshotsTest-383499367 None] Quobyte Volume URL set to: {'osci02.corp.quobyte.com/cinder-vol-e2c64ea2-3f3c-4a80-aaa9-0e9a84c30491': None} {{(pid=87586) _load_shares_config /opt/stack/cinder/cinder/volume/drivers/quobyte.py:617}}
Jul 07 21:56:17 devstack cinder-volume[87586]: DEBUG cinder.volume.drivers.quobyte [None req-9d12ac24-bf33-4bd6-98cb-5800b618c998 tempest-GroupSnapshotsTest-383499367 None] Available shares ['osci02.corp.quobyte.com/cinder-vol-e2c64ea2-3f3c-4a80-aaa9-0e9a84c30491'] {{(pid=87586) _ensure_shares_mounted /opt/stack/cinder/cinder/volume/drivers/quobyte.py:647}}
Jul 07 21:56:17 devstack cinder-volume[87586]: DEBUG oslo_concurrency.lockutils [None req-9d12ac24-bf33-4bd6-98cb-5800b618c998 tempest-GroupSnapshotsTest-383499367 None] Lock "quobyte_ensure" "released" by "cinder.volume.drivers.quobyte.QuobyteDriver._ensure_shares_mounted" :: held 0.008s {{(pid=87586) inner /opt/stack/data/venv/lib/python3.12/site-packages/oslo_concurrency/lockutils.py:543}}
Jul 07 21:56:17 devstack cinder-volume[87586]: DEBUG oslo_concurrency.processutils [None req-9d12ac24-bf33-4bd6-98cb-5800b618c998 tempest-GroupSnapshotsTest-383499367 None] Running cmd (subprocess): sudo cinder-rootwrap /etc/cinder/rootwrap.conf df --portability --block-size 1 /opt/stack/data/cinder/mnt/1295fab96224facb45d54f1b3f1bc43f {{(pid=87586) execute /opt/stack/data/venv/lib/python3.12/site-packages/oslo_concurrency/processutils.py:440}}
Jul 07 21:56:17 devstack sudo[92965]: quobyte : PWD=/ ; USER=root ; COMMAND=/opt/stack/data/venv/bin/cinder-rootwrap /etc/cinder/rootwrap.conf df --portability --block-size 1 /opt/stack/data/cinder/mnt/1295fab96224facb45d54f1b3f1bc43f
Jul 07 21:56:17 devstack sudo[92965]: pam_unix(sudo:session): session opened for user root(uid=0) by (uid=1000)
Jul 07 21:56:18 devstack sudo[92965]: pam_unix(sudo:session): session closed for user root
Jul 07 21:56:18 devstack cinder-volume[87586]: DEBUG oslo_concurrency.processutils [None req-9d12ac24-bf33-4bd6-98cb-5800b618c998 tempest-GroupSnapshotsTest-383499367 None] CMD "sudo cinder-rootwrap /etc/cinder/rootwrap.conf df --portability --block-size 1 /opt/stack/data/cinder/mnt/1295fab96224facb45d54f1b3f1bc43f" returned: 0 in 0.775s {{(pid=87586) execute /opt/stack/data/venv/lib/python3.12/site-packages/oslo_concurrency/processutils.py:468}}
Jul 07 21:56:18 devstack cinder-volume[87586]: DEBUG cinder.manager [None req-9d12ac24-bf33-4bd6-98cb-5800b618c998 tempest-GroupSnapshotsTest-383499367 None] Notifying Schedulers of capabilities ... {{(pid=87586) _publish_service_capabilities /opt/stack/cinder/cinder/manager.py:219}}
Jul 07 21:56:18 devstack cinder-volume[87586]: INFO cinder.volume.manager [None req-9d12ac24-bf33-4bd6-98cb-5800b618c998 tempest-GroupSnapshotsTest-383499367 None] Delete group completed successfully.
Jul 07 21:56:18 devstack sudo[92960]: pam_unix(sudo:session): session closed for user root
Jul 07 21:56:18 devstack cinder-volume[87586]: DEBUG oslo_concurrency.processutils [None req-4cda3e99-b3db-4376-a626-bb8b771f06d9 tempest-ServerActionsTestOtherA-1059080414 None] CMD "/opt/stack/data/venv/bin/python3.12 -m oslo_concurrency.prlimit --as=1073741824 --cpu=60 -- sudo cinder-rootwrap /etc/cinder/rootwrap.conf env LC_ALL=C qemu-img info -f qcow2 --output=json --force-share /opt/stack/data/cinder/mnt/1295fab96224facb45d54f1b3f1bc43f/volume-2553286d-cd27-4001-b6f2-0d47d24de889" returned: 0 in 1.011s {{(pid=87586) execute /opt/stack/data/venv/lib/python3.12/site-packages/oslo_concurrency/processutils.py:468}}
