Feb 27 02:03:48 devstack cinder-volume[82738]: DEBUG oslo_concurrency.lockutils [None req-2adce78b-01a9-4c33-b299-9100d590df0c tempest-GroupSnapshotsTest-1373289962 None] Lock "quobyte" "released" by "cinder.volume.drivers.quobyte.QuobyteDriver.create_volume" :: held 2.072s {{(pid=82738) inner /opt/stack/data/venv/lib/python3.10/site-packages/oslo_concurrency/lockutils.py:538}}
Feb 27 02:03:48 devstack cinder-volume[82738]: DEBUG cinder.volume.manager [None req-2adce78b-01a9-4c33-b299-9100d590df0c tempest-GroupSnapshotsTest-1373289962 None] Task 'cinder.volume.flows.manager.create_volume.CreateVolumeFromSpecTask;volume:create' (0d6b0854-545c-4b94-8aa0-690d814298a1) transitioned into state 'SUCCESS' from state 'RUNNING' with result '{'status': 'creating', 'volume_name': 'volume-c6318ab1-2db2-4e7e-b489-761b16563a41', 'volume_size': 1}' {{(pid=82738) _task_receiver /opt/stack/data/venv/lib/python3.10/site-packages/taskflow/listeners/logging.py:182}}
Feb 27 02:03:48 devstack cinder-volume[82738]: DEBUG cinder.volume.manager [None req-2adce78b-01a9-4c33-b299-9100d590df0c tempest-GroupSnapshotsTest-1373289962 None] Task 'cinder.volume.flows.manager.create_volume.CreateVolumeOnFinishTask;volume:create, create.end' (c07e25f3-32c7-472c-a516-5f40ed85e8bf) transitioned into state 'RUNNING' from state 'PENDING' {{(pid=82738) _task_receiver /opt/stack/data/venv/lib/python3.10/site-packages/taskflow/listeners/logging.py:194}}
Feb 27 02:03:48 devstack cinder-volume[82738]: INFO cinder.volume.flows.manager.create_volume [None req-2adce78b-01a9-4c33-b299-9100d590df0c tempest-GroupSnapshotsTest-1373289962 None] Volume volume-c6318ab1-2db2-4e7e-b489-761b16563a41 (c6318ab1-2db2-4e7e-b489-761b16563a41): created successfully
Feb 27 02:03:48 devstack cinder-volume[82738]: DEBUG cinder.volume.manager [None req-2adce78b-01a9-4c33-b299-9100d590df0c tempest-GroupSnapshotsTest-1373289962 None] Task 'cinder.volume.flows.manager.create_volume.CreateVolumeOnFinishTask;volume:create, create.end' (c07e25f3-32c7-472c-a516-5f40ed85e8bf) transitioned into state 'SUCCESS' from state 'RUNNING' with result 'None' {{(pid=82738) _task_receiver /opt/stack/data/venv/lib/python3.10/site-packages/taskflow/listeners/logging.py:182}}
Feb 27 02:03:48 devstack cinder-volume[82738]: DEBUG cinder.volume.manager [None req-2adce78b-01a9-4c33-b299-9100d590df0c tempest-GroupSnapshotsTest-1373289962 None] Flow 'volume_create_manager' (4b9106ba-2b1c-4f3b-ba57-c3c15c616e48) transitioned into state 'SUCCESS' from state 'RUNNING' {{(pid=82738) _flow_receiver /opt/stack/data/venv/lib/python3.10/site-packages/taskflow/listeners/logging.py:145}}
Feb 27 02:03:48 devstack cinder-volume[82738]: INFO cinder.volume.manager [None req-2adce78b-01a9-4c33-b299-9100d590df0c tempest-GroupSnapshotsTest-1373289962 None] Created volume successfully.
Feb 27 02:03:48 devstack sudo[83875]: pam_unix(sudo:session): session closed for user root
Feb 27 02:03:48 devstack cinder-volume[82738]: DEBUG oslo_concurrency.processutils [None req-90604ae4-ff09-43c1-ae0c-b4a4e5be8d4b tempest-ServersNegativeTestJSON-191337519 None] CMD "sudo cinder-rootwrap /etc/cinder/rootwrap.conf rm -f /opt/stack/data/cinder/mnt/6c6b89971015b7964f981db9888a0bec/volume-f480c011-64dc-42e3-ab93-d3176a75573a" returned: 0 in 0.696s {{(pid=82738) execute /opt/stack/data/venv/lib/python3.10/site-packages/oslo_concurrency/processutils.py:468}}
Feb 27 02:03:48 devstack cinder-volume[82738]: DEBUG cinder.coordination [None req-90604ae4-ff09-43c1-ae0c-b4a4e5be8d4b tempest-ServersNegativeTestJSON-191337519 None] Lock "cinder-quobyte-f480c011-64dc-42e3-ab93-d3176a75573a" released by "delete_volume" :: held 1.474s {{(pid=82738) __release /opt/stack/cinder/cinder/coordination.py:152}}
Feb 27 02:03:48 devstack cinder-volume[82738]: DEBUG cinder.quota [None req-90604ae4-ff09-43c1-ae0c-b4a4e5be8d4b tempest-ServersNegativeTestJSON-191337519 None] Created reservations ['2c8a912a-696a-4127-a739-3ce794f1edd2', 'fdf2258f-cd40-4933-8dd8-5043b3cb49f8', '3d6be08f-6f97-4791-ac70-a8d7b88a446d', '40a4efa2-ccab-4bcd-b0ec-6defbc01672d'] {{(pid=82738) reserve /opt/stack/cinder/cinder/quota.py:752}}
Feb 27 02:03:48 devstack cinder-volume[82738]: DEBUG oslo_concurrency.lockutils [None req-90604ae4-ff09-43c1-ae0c-b4a4e5be8d4b tempest-ServersNegativeTestJSON-191337519 None] Acquiring lock "quobyte_ensure" by "cinder.volume.drivers.quobyte.QuobyteDriver._ensure_shares_mounted" {{(pid=82738) inner /opt/stack/data/venv/lib/python3.10/site-packages/oslo_concurrency/lockutils.py:506}}
Feb 27 02:03:48 devstack cinder-volume[82738]: DEBUG oslo_concurrency.lockutils [None req-90604ae4-ff09-43c1-ae0c-b4a4e5be8d4b tempest-ServersNegativeTestJSON-191337519 None] Lock "quobyte_ensure" acquired by "cinder.volume.drivers.quobyte.QuobyteDriver._ensure_shares_mounted" :: waited 0.001s {{(pid=82738) inner /opt/stack/data/venv/lib/python3.10/site-packages/oslo_concurrency/lockutils.py:519}}
Feb 27 02:03:48 devstack cinder-volume[82738]: DEBUG cinder.volume.drivers.quobyte [None req-90604ae4-ff09-43c1-ae0c-b4a4e5be8d4b tempest-ServersNegativeTestJSON-191337519 None] Quobyte Volume URL set to: {'osci02.corp.quobyte.com/cinder-vol-1098d7f4-7ae6-4b78-b0c6-6efe7035eeaf': None} {{(pid=82738) _load_shares_config /opt/stack/cinder/cinder/volume/drivers/quobyte.py:617}}
Feb 27 02:03:48 devstack cinder-volume[82738]: DEBUG cinder.volume.drivers.quobyte [None req-90604ae4-ff09-43c1-ae0c-b4a4e5be8d4b tempest-ServersNegativeTestJSON-191337519 None] Available shares ['osci02.corp.quobyte.com/cinder-vol-1098d7f4-7ae6-4b78-b0c6-6efe7035eeaf'] {{(pid=82738) _ensure_shares_mounted /opt/stack/cinder/cinder/volume/drivers/quobyte.py:647}}
Feb 27 02:03:48 devstack cinder-volume[82738]: DEBUG oslo_concurrency.lockutils [None req-90604ae4-ff09-43c1-ae0c-b4a4e5be8d4b tempest-ServersNegativeTestJSON-191337519 None] Lock "quobyte_ensure" "released" by "cinder.volume.drivers.quobyte.QuobyteDriver._ensure_shares_mounted" :: held 0.006s {{(pid=82738) inner /opt/stack/data/venv/lib/python3.10/site-packages/oslo_concurrency/lockutils.py:538}}
Feb 27 02:03:48 devstack cinder-volume[82738]: DEBUG oslo_concurrency.processutils [None req-90604ae4-ff09-43c1-ae0c-b4a4e5be8d4b tempest-ServersNegativeTestJSON-191337519 None] Running cmd (subprocess): sudo cinder-rootwrap /etc/cinder/rootwrap.conf df --portability --block-size 1 /opt/stack/data/cinder/mnt/6c6b89971015b7964f981db9888a0bec {{(pid=82738) execute /opt/stack/data/venv/lib/python3.10/site-packages/oslo_concurrency/processutils.py:440}}
Feb 27 02:03:48 devstack sudo[83879]: quobyte : PWD=/ ; USER=root ; COMMAND=/opt/stack/data/venv/bin/cinder-rootwrap /etc/cinder/rootwrap.conf df --portability --block-size 1 /opt/stack/data/cinder/mnt/6c6b89971015b7964f981db9888a0bec
Feb 27 02:03:48 devstack sudo[83879]: pam_unix(sudo:session): session opened for user root(uid=0) by (uid=1000)
Feb 27 02:03:49 devstack cinder-volume[82738]: INFO cinder.volume.manager [None req-557f538b-ae1f-44df-b0c4-7382d7d5ce7a tempest-GroupSnapshotsTest-1373289962 None] Update group completed successfully.
Feb 27 02:03:49 devstack cinder-volume[82738]: DEBUG cinder.coordination [None req-0aef1a84-9b76-4a9b-ac6d-cd7657b16b8d tempest-ServersNegativeTestJSON-191337519 None] Acquiring lock "cinder-6f57bc40-3e8d-4768-abdf-7329a0ffe19f-delete_volume" by "delete_volume" {{(pid=82738) __acquire /opt/stack/cinder/cinder/coordination.py:138}}
Feb 27 02:03:49 devstack cinder-volume[82738]: DEBUG cinder.coordination [None req-0aef1a84-9b76-4a9b-ac6d-cd7657b16b8d tempest-ServersNegativeTestJSON-191337519 None] Lock "cinder-6f57bc40-3e8d-4768-abdf-7329a0ffe19f-delete_volume" acquired by "delete_volume" :: waited 0.027s {{(pid=82738) __acquire /opt/stack/cinder/cinder/coordination.py:141}}
Feb 27 02:03:49 devstack sudo[83879]: pam_unix(sudo:session): session closed for user root
Feb 27 02:03:49 devstack cinder-volume[82738]: DEBUG cinder.coordination [None req-0aef1a84-9b76-4a9b-ac6d-cd7657b16b8d tempest-ServersNegativeTestJSON-191337519 None] Acquiring lock "cinder-quobyte-6f57bc40-3e8d-4768-abdf-7329a0ffe19f" by "delete_volume" {{(pid=82738) __acquire /opt/stack/cinder/cinder/coordination.py:138}}
Feb 27 02:03:49 devstack cinder-volume[82738]: DEBUG oslo_concurrency.processutils [None req-90604ae4-ff09-43c1-ae0c-b4a4e5be8d4b tempest-ServersNegativeTestJSON-191337519 None] CMD "sudo cinder-rootwrap /etc/cinder/rootwrap.conf df --portability --block-size 1 /opt/stack/data/cinder/mnt/6c6b89971015b7964f981db9888a0bec" returned: 0 in 0.629s {{(pid=82738) execute /opt/stack/data/venv/lib/python3.10/site-packages/oslo_concurrency/processutils.py:468}}
Feb 27 02:03:49 devstack cinder-volume[82738]: DEBUG cinder.manager [None req-90604ae4-ff09-43c1-ae0c-b4a4e5be8d4b tempest-ServersNegativeTestJSON-191337519 None] Notifying Schedulers of capabilities ... {{(pid=82738) _publish_service_capabilities /opt/stack/cinder/cinder/manager.py:202}}
Feb 27 02:03:49 devstack cinder-volume[82738]: INFO cinder.volume.manager [None req-90604ae4-ff09-43c1-ae0c-b4a4e5be8d4b tempest-ServersNegativeTestJSON-191337519 None] Deleted volume successfully.
Feb 27 02:03:49 devstack cinder-volume[82738]: DEBUG cinder.coordination [None req-0aef1a84-9b76-4a9b-ac6d-cd7657b16b8d tempest-ServersNegativeTestJSON-191337519 None] Lock "cinder-quobyte-6f57bc40-3e8d-4768-abdf-7329a0ffe19f" acquired by "delete_volume" :: waited 0.050s {{(pid=82738) __acquire /opt/stack/cinder/cinder/coordination.py:141}}
Feb 27 02:03:49 devstack cinder-volume[82738]: DEBUG cinder.coordination [None req-90604ae4-ff09-43c1-ae0c-b4a4e5be8d4b tempest-ServersNegativeTestJSON-191337519 None] Lock "cinder-f480c011-64dc-42e3-ab93-d3176a75573a-delete_volume" released by "delete_volume" :: held 2.441s {{(pid=82738) __release /opt/stack/cinder/cinder/coordination.py:152}}
Feb 27 02:03:49 devstack cinder-volume[82738]: DEBUG oslo.privsep.daemon [-] privsep: reply[d4b25dd8-9f0f-4b36-b2a8-c42171643256]: (4, 'qcow2') {{(pid=83466) _call_back /opt/stack/data/venv/lib/python3.10/site-packages/oslo_privsep/daemon.py:573}}
Feb 27 02:03:49 devstack cinder-volume[82738]: DEBUG oslo_concurrency.processutils [None req-0aef1a84-9b76-4a9b-ac6d-cd7657b16b8d tempest-ServersNegativeTestJSON-191337519 None] Running cmd (subprocess): /opt/stack/data/venv/bin/python3.10 -m oslo_concurrency.prlimit --as=1073741824 --cpu=60 -- sudo cinder-rootwrap /etc/cinder/rootwrap.conf env LC_ALL=C qemu-img info -f qcow2 --output=json --force-share /opt/stack/data/cinder/mnt/6c6b89971015b7964f981db9888a0bec/volume-6f57bc40-3e8d-4768-abdf-7329a0ffe19f {{(pid=82738) execute /opt/stack/data/venv/lib/python3.10/site-packages/oslo_concurrency/processutils.py:440}}
Feb 27 02:03:49 devstack sudo[83882]: quobyte : PWD=/ ; USER=root ; COMMAND=/opt/stack/data/venv/bin/cinder-rootwrap /etc/cinder/rootwrap.conf env LC_ALL=C qemu-img info -f qcow2 --output=json --force-share /opt/stack/data/cinder/mnt/6c6b89971015b7964f981db9888a0bec/volume-6f57bc40-3e8d-4768-abdf-7329a0ffe19f
Feb 27 02:03:49 devstack sudo[83882]: pam_unix(sudo:session): session opened for user root(uid=0) by (uid=1000)
Feb 27 02:03:50 devstack sudo[83882]: pam_unix(sudo:session): session closed for user root
Feb 27 02:03:50 devstack cinder-volume[82738]: DEBUG oslo_concurrency.processutils [None req-0aef1a84-9b76-4a9b-ac6d-cd7657b16b8d tempest-ServersNegativeTestJSON-191337519 None] CMD "/opt/stack/data/venv/bin/python3.10 -m oslo_concurrency.prlimit --as=1073741824 --cpu=60 -- sudo cinder-rootwrap /etc/cinder/rootwrap.conf env LC_ALL=C qemu-img info -f qcow2 --output=json --force-share /opt/stack/data/cinder/mnt/6c6b89971015b7964f981db9888a0bec/volume-6f57bc40-3e8d-4768-abdf-7329a0ffe19f" returned: 0 in 0.629s {{(pid=82738) execute /opt/stack/data/venv/lib/python3.10/site-packages/oslo_concurrency/processutils.py:468}}
Feb 27 02:03:50 devstack cinder-volume[82738]: DEBUG oslo_concurrency.processutils [None req-0aef1a84-9b76-4a9b-ac6d-cd7657b16b8d tempest-ServersNegativeTestJSON-191337519 None] Running cmd (subprocess): sudo cinder-rootwrap /etc/cinder/rootwrap.conf rm -f /opt/stack/data/cinder/mnt/6c6b89971015b7964f981db9888a0bec/volume-6f57bc40-3e8d-4768-abdf-7329a0ffe19f {{(pid=82738) execute /opt/stack/data/venv/lib/python3.10/site-packages/oslo_concurrency/processutils.py:440}}
Feb 27 02:03:50 devstack sudo[83887]: quobyte : PWD=/ ; USER=root ; COMMAND=/opt/stack/data/venv/bin/cinder-rootwrap /etc/cinder/rootwrap.conf rm -f /opt/stack/data/cinder/mnt/6c6b89971015b7964f981db9888a0bec/volume-6f57bc40-3e8d-4768-abdf-7329a0ffe19f
Feb 27 02:03:50 devstack sudo[83887]: pam_unix(sudo:session): session opened for user root(uid=0) by (uid=1000)
Feb 27 02:03:50 devstack cinder-volume[82738]: INFO cinder.volume.manager [None req-c8459c2c-3b0f-4322-b048-fd7efcd7331d tempest-GroupSnapshotsTest-1373289962 None] Update group completed successfully.
Feb 27 02:03:51 devstack sudo[83887]: pam_unix(sudo:session): session closed for user root
Feb 27 02:03:51 devstack cinder-volume[82738]: DEBUG oslo_concurrency.processutils [None req-0aef1a84-9b76-4a9b-ac6d-cd7657b16b8d tempest-ServersNegativeTestJSON-191337519 None] CMD "sudo cinder-rootwrap /etc/cinder/rootwrap.conf rm -f /opt/stack/data/cinder/mnt/6c6b89971015b7964f981db9888a0bec/volume-6f57bc40-3e8d-4768-abdf-7329a0ffe19f" returned: 0 in 0.827s {{(pid=82738) execute /opt/stack/data/venv/lib/python3.10/site-packages/oslo_concurrency/processutils.py:468}}
Feb 27 02:03:51 devstack cinder-volume[82738]: DEBUG cinder.coordination [None req-0aef1a84-9b76-4a9b-ac6d-cd7657b16b8d tempest-ServersNegativeTestJSON-191337519 None] Lock "cinder-quobyte-6f57bc40-3e8d-4768-abdf-7329a0ffe19f" released by "delete_volume" :: held 1.499s {{(pid=82738) __release /opt/stack/cinder/cinder/coordination.py:152}}
Feb 27 02:03:51 devstack cinder-volume[82738]: DEBUG cinder.quota [None req-0aef1a84-9b76-4a9b-ac6d-cd7657b16b8d tempest-ServersNegativeTestJSON-191337519 None] Created reservations ['e3b440cc-39fe-438f-b53c-da64db66e7ad', 'a2056e81-1440-4d6b-a9c4-46f5088799ec', '5767481c-91fc-4b93-b984-d030b43104ce', '81a2d874-2185-47aa-b3a8-5471253dc44b'] {{(pid=82738) reserve /opt/stack/cinder/cinder/quota.py:752}}
Feb 27 02:03:51 devstack cinder-volume[82738]: DEBUG oslo_concurrency.lockutils [None req-0aef1a84-9b76-4a9b-ac6d-cd7657b16b8d tempest-ServersNegativeTestJSON-191337519 None] Acquiring lock "quobyte_ensure" by "cinder.volume.drivers.quobyte.QuobyteDriver._ensure_shares_mounted" {{(pid=82738) inner /opt/stack/data/venv/lib/python3.10/site-packages/oslo_concurrency/lockutils.py:506}}
Feb 27 02:03:51 devstack cinder-volume[82738]: DEBUG oslo_concurrency.lockutils [None req-0aef1a84-9b76-4a9b-ac6d-cd7657b16b8d tempest-ServersNegativeTestJSON-191337519 None] Lock "quobyte_ensure" acquired by "cinder.volume.drivers.quobyte.QuobyteDriver._ensure_shares_mounted" :: waited 0.001s {{(pid=82738) inner /opt/stack/data/venv/lib/python3.10/site-packages/oslo_concurrency/lockutils.py:519}}
Feb 27 02:03:51 devstack cinder-volume[82738]: DEBUG cinder.volume.drivers.quobyte [None req-0aef1a84-9b76-4a9b-ac6d-cd7657b16b8d tempest-ServersNegativeTestJSON-191337519 None] Quobyte Volume URL set to: {'osci02.corp.quobyte.com/cinder-vol-1098d7f4-7ae6-4b78-b0c6-6efe7035eeaf': None} {{(pid=82738) _load_shares_config /opt/stack/cinder/cinder/volume/drivers/quobyte.py:617}}
Feb 27 02:03:51 devstack cinder-volume[82738]: DEBUG cinder.volume.drivers.quobyte [None req-0aef1a84-9b76-4a9b-ac6d-cd7657b16b8d tempest-ServersNegativeTestJSON-191337519 None] Available shares ['osci02.corp.quobyte.com/cinder-vol-1098d7f4-7ae6-4b78-b0c6-6efe7035eeaf'] {{(pid=82738) _ensure_shares_mounted /opt/stack/cinder/cinder/volume/drivers/quobyte.py:647}}
Feb 27 02:03:51 devstack cinder-volume[82738]: DEBUG oslo_concurrency.lockutils [None req-0aef1a84-9b76-4a9b-ac6d-cd7657b16b8d tempest-ServersNegativeTestJSON-191337519 None] Lock "quobyte_ensure" "released" by "cinder.volume.drivers.quobyte.QuobyteDriver._ensure_shares_mounted" :: held 0.013s {{(pid=82738) inner /opt/stack/data/venv/lib/python3.10/site-packages/oslo_concurrency/lockutils.py:538}}
Feb 27 02:03:51 devstack cinder-volume[82738]: DEBUG oslo_concurrency.processutils [None req-0aef1a84-9b76-4a9b-ac6d-cd7657b16b8d tempest-ServersNegativeTestJSON-191337519 None] Running cmd (subprocess): sudo cinder-rootwrap /etc/cinder/rootwrap.conf df --portability --block-size 1 /opt/stack/data/cinder/mnt/6c6b89971015b7964f981db9888a0bec {{(pid=82738) execute /opt/stack/data/venv/lib/python3.10/site-packages/oslo_concurrency/processutils.py:440}}
Feb 27 02:03:51 devstack sudo[83891]: quobyte : PWD=/ ; USER=root ; COMMAND=/opt/stack/data/venv/bin/cinder-rootwrap /etc/cinder/rootwrap.conf df --portability --block-size 1 /opt/stack/data/cinder/mnt/6c6b89971015b7964f981db9888a0bec
Feb 27 02:03:51 devstack sudo[83891]: pam_unix(sudo:session): session opened for user root(uid=0) by (uid=1000)
Feb 27 02:03:51 devstack cinder-volume[82738]: DEBUG dbcounter [-] [82738] Writing DB stats cinder:SELECT=132,cinder:UPDATE=133,cinder:INSERT=30,cinder:DELETE=6 {{(pid=82738) stat_writer /opt/stack/data/venv/lib/python3.10/site-packages/dbcounter.py:115}}
Feb 27 02:03:51 devstack cinder-volume[82738]: INFO cinder.volume.manager [None req-34b16e1b-9a48-4836-ae7c-ac4450a91396 tempest-GroupSnapshotsTest-1373289962 None] Update group completed successfully.
Feb 27 02:03:51 devstack sudo[83891]: pam_unix(sudo:session): session closed for user root
Feb 27 02:03:51 devstack cinder-volume[82738]: DEBUG oslo_concurrency.processutils [None req-0aef1a84-9b76-4a9b-ac6d-cd7657b16b8d tempest-ServersNegativeTestJSON-191337519 None] CMD "sudo cinder-rootwrap /etc/cinder/rootwrap.conf df --portability --block-size 1 /opt/stack/data/cinder/mnt/6c6b89971015b7964f981db9888a0bec" returned: 0 in 0.803s {{(pid=82738) execute /opt/stack/data/venv/lib/python3.10/site-packages/oslo_concurrency/processutils.py:468}}
Feb 27 02:03:51 devstack cinder-volume[82738]: DEBUG cinder.manager [None req-0aef1a84-9b76-4a9b-ac6d-cd7657b16b8d tempest-ServersNegativeTestJSON-191337519 None] Notifying Schedulers of capabilities ... {{(pid=82738) _publish_service_capabilities /opt/stack/cinder/cinder/manager.py:202}}
Feb 27 02:03:52 devstack cinder-volume[82738]: INFO cinder.volume.manager [None req-0aef1a84-9b76-4a9b-ac6d-cd7657b16b8d tempest-ServersNegativeTestJSON-191337519 None] Deleted volume successfully.
Feb 27 02:03:52 devstack cinder-volume[82738]: DEBUG cinder.coordination [None req-0aef1a84-9b76-4a9b-ac6d-cd7657b16b8d tempest-ServersNegativeTestJSON-191337519 None] Lock "cinder-6f57bc40-3e8d-4768-abdf-7329a0ffe19f-delete_volume" released by "delete_volume" :: held 2.603s {{(pid=82738) __release /opt/stack/cinder/cinder/coordination.py:152}}
Feb 27 02:03:53 devstack cinder-volume[82738]: INFO cinder.volume.manager [None req-298d1b59-f3e9-46ea-b70c-77953a8e951c tempest-GroupSnapshotsTest-1373289962 None] Update group completed successfully.
Feb 27 02:03:54 devstack cinder-volume[82738]: INFO cinder.volume.manager [None req-0cac89ee-18f2-419a-9fba-19edd49658f3 tempest-GroupSnapshotsTest-1373289962 None] GroupSnapshot 319564fb-f5be-4950-a0ec-ad2bd286d246: creating.
Feb 27 02:03:54 devstack cinder-volume[82738]: DEBUG cinder.volume.manager [None req-0cac89ee-18f2-419a-9fba-19edd49658f3 tempest-GroupSnapshotsTest-1373289962 None] Group snapshot 319564fb-f5be-4950-a0ec-ad2bd286d246: creating. {{(pid=82738) create_group_snapshot /opt/stack/cinder/cinder/volume/manager.py:4175}}
Feb 27 02:03:54 devstack cinder-volume[82738]: DEBUG oslo_concurrency.lockutils [None req-0cac89ee-18f2-419a-9fba-19edd49658f3 tempest-GroupSnapshotsTest-1373289962 None] Acquiring lock "quobyte" by "cinder.volume.drivers.quobyte.QuobyteDriver.create_snapshot" {{(pid=82738) inner /opt/stack/data/venv/lib/python3.10/site-packages/oslo_concurrency/lockutils.py:506}}
Feb 27 02:03:54 devstack cinder-volume[82738]: DEBUG oslo_concurrency.lockutils [None req-0cac89ee-18f2-419a-9fba-19edd49658f3 tempest-GroupSnapshotsTest-1373289962 None] Lock "quobyte" acquired by "cinder.volume.drivers.quobyte.QuobyteDriver.create_snapshot" :: waited 0.001s {{(pid=82738) inner /opt/stack/data/venv/lib/python3.10/site-packages/oslo_concurrency/lockutils.py:519}}
Feb 27 02:03:54 devstack cinder-volume[82738]: DEBUG cinder.volume.drivers.remotefs [None req-0cac89ee-18f2-419a-9fba-19edd49658f3 tempest-GroupSnapshotsTest-1373289962 None] Creating offline snapshot 0f350a89-d265-4143-92ea-f8bf4b583b54 of volume 2a089c66-1b5f-45c3-bc15-6cc82164c3e7 {{(pid=82738) _create_snapshot /opt/stack/cinder/cinder/volume/drivers/remotefs.py:1815}}
Feb 27 02:03:54 devstack cinder-volume[82738]: DEBUG oslo.privsep.daemon [-] privsep: reply[541dbcb3-2693-4c74-81e1-9d6272bd9ed2]: (4, 'qcow2') {{(pid=83466) _call_back /opt/stack/data/venv/lib/python3.10/site-packages/oslo_privsep/daemon.py:573}}
Feb 27 02:03:54 devstack cinder-volume[82738]: DEBUG oslo_concurrency.processutils [None req-0cac89ee-18f2-419a-9fba-19edd49658f3 tempest-GroupSnapshotsTest-1373289962 None] Running cmd (subprocess): /opt/stack/data/venv/bin/python3.10 -m oslo_concurrency.prlimit --as=1073741824 --cpu=60 -- sudo cinder-rootwrap /etc/cinder/rootwrap.conf env LC_ALL=C qemu-img info -f qcow2 --output=json --force-share /opt/stack/data/cinder/mnt/6c6b89971015b7964f981db9888a0bec/volume-2a089c66-1b5f-45c3-bc15-6cc82164c3e7 {{(pid=82738) execute /opt/stack/data/venv/lib/python3.10/site-packages/oslo_concurrency/processutils.py:440}}
Feb 27 02:03:54 devstack sudo[83917]: quobyte : PWD=/ ; USER=root ; COMMAND=/opt/stack/data/venv/bin/cinder-rootwrap /etc/cinder/rootwrap.conf env LC_ALL=C qemu-img info -f qcow2 --output=json --force-share /opt/stack/data/cinder/mnt/6c6b89971015b7964f981db9888a0bec/volume-2a089c66-1b5f-45c3-bc15-6cc82164c3e7
Feb 27 02:03:54 devstack sudo[83917]: pam_unix(sudo:session): session opened for user root(uid=0) by (uid=1000)
Feb 27 02:03:55 devstack sudo[83917]: pam_unix(sudo:session): session closed for user root
Feb 27 02:03:55 devstack cinder-volume[82738]: DEBUG oslo_concurrency.processutils [None req-0cac89ee-18f2-419a-9fba-19edd49658f3 tempest-GroupSnapshotsTest-1373289962 None] CMD "/opt/stack/data/venv/bin/python3.10 -m oslo_concurrency.prlimit --as=1073741824 --cpu=60 -- sudo cinder-rootwrap /etc/cinder/rootwrap.conf env LC_ALL=C qemu-img info -f qcow2 --output=json --force-share /opt/stack/data/cinder/mnt/6c6b89971015b7964f981db9888a0bec/volume-2a089c66-1b5f-45c3-bc15-6cc82164c3e7" returned: 0 in 0.767s {{(pid=82738) execute /opt/stack/data/venv/lib/python3.10/site-packages/oslo_concurrency/processutils.py:468}}
Feb 27 02:03:55 devstack cinder-volume[82738]: DEBUG oslo_concurrency.processutils [None req-0cac89ee-18f2-419a-9fba-19edd49658f3 tempest-GroupSnapshotsTest-1373289962 None] Running cmd (subprocess): sudo cinder-rootwrap /etc/cinder/rootwrap.conf qemu-img create -f qcow2 -o backing_file=/opt/stack/data/cinder/mnt/6c6b89971015b7964f981db9888a0bec/volume-2a089c66-1b5f-45c3-bc15-6cc82164c3e7,backing_fmt=qcow2 /opt/stack/data/cinder/mnt/6c6b89971015b7964f981db9888a0bec/volume-2a089c66-1b5f-45c3-bc15-6cc82164c3e7.0f350a89-d265-4143-92ea-f8bf4b583b54 1G {{(pid=82738) execute /opt/stack/data/venv/lib/python3.10/site-packages/oslo_concurrency/processutils.py:440}}
Feb 27 02:03:55 devstack sudo[83923]: quobyte : PWD=/ ; USER=root ; COMMAND=/opt/stack/data/venv/bin/cinder-rootwrap /etc/cinder/rootwrap.conf qemu-img create -f qcow2 -o backing_file=/opt/stack/data/cinder/mnt/6c6b89971015b7964f981db9888a0bec/volume-2a089c66-1b5f-45c3-bc15-6cc82164c3e7,backing_fmt=qcow2 /opt/stack/data/cinder/mnt/6c6b89971015b7964f981db9888a0bec/volume-2a089c66-1b5f-45c3-bc15-6cc82164c3e7.0f350a89-d265-4143-92ea-f8bf4b583b54 1G
Feb 27 02:03:55 devstack sudo[83923]: pam_unix(sudo:session): session opened for user root(uid=0) by (uid=1000)
Feb 27 02:03:56 devstack sudo[83923]: pam_unix(sudo:session): session closed for user root
Feb 27 02:03:56 devstack cinder-volume[82738]: DEBUG oslo_concurrency.processutils [None req-0cac89ee-18f2-419a-9fba-19edd49658f3 tempest-GroupSnapshotsTest-1373289962 None] CMD "sudo cinder-rootwrap /etc/cinder/rootwrap.conf qemu-img create -f qcow2 -o backing_file=/opt/stack/data/cinder/mnt/6c6b89971015b7964f981db9888a0bec/volume-2a089c66-1b5f-45c3-bc15-6cc82164c3e7,backing_fmt=qcow2 /opt/stack/data/cinder/mnt/6c6b89971015b7964f981db9888a0bec/volume-2a089c66-1b5f-45c3-bc15-6cc82164c3e7.0f350a89-d265-4143-92ea-f8bf4b583b54 1G" returned: 0 in 0.758s {{(pid=82738) execute /opt/stack/data/venv/lib/python3.10/site-packages/oslo_concurrency/processutils.py:468}}
Feb 27 02:03:56 devstack cinder-volume[82738]: DEBUG oslo_concurrency.processutils [None req-0cac89ee-18f2-419a-9fba-19edd49658f3 tempest-GroupSnapshotsTest-1373289962 None] Running cmd (subprocess): sudo cinder-rootwrap /etc/cinder/rootwrap.conf qemu-img rebase -u -b volume-2a089c66-1b5f-45c3-bc15-6cc82164c3e7 -F qcow2 /opt/stack/data/cinder/mnt/6c6b89971015b7964f981db9888a0bec/volume-2a089c66-1b5f-45c3-bc15-6cc82164c3e7.0f350a89-d265-4143-92ea-f8bf4b583b54 {{(pid=82738) execute /opt/stack/data/venv/lib/python3.10/site-packages/oslo_concurrency/processutils.py:440}}
Feb 27 02:03:56 devstack sudo[83928]: quobyte : PWD=/ ; USER=root ; COMMAND=/opt/stack/data/venv/bin/cinder-rootwrap /etc/cinder/rootwrap.conf qemu-img rebase -u -b volume-2a089c66-1b5f-45c3-bc15-6cc82164c3e7 -F qcow2 /opt/stack/data/cinder/mnt/6c6b89971015b7964f981db9888a0bec/volume-2a089c66-1b5f-45c3-bc15-6cc82164c3e7.0f350a89-d265-4143-92ea-f8bf4b583b54
Feb 27 02:03:56 devstack sudo[83928]: pam_unix(sudo:session): session opened for user root(uid=0) by (uid=1000)
Feb 27 02:03:57 devstack sudo[83928]: pam_unix(sudo:session): session closed for user root
Feb 27 02:03:57 devstack cinder-volume[82738]: DEBUG oslo_concurrency.processutils [None req-0cac89ee-18f2-419a-9fba-19edd49658f3 tempest-GroupSnapshotsTest-1373289962 None] CMD "sudo cinder-rootwrap /etc/cinder/rootwrap.conf qemu-img rebase -u -b volume-2a089c66-1b5f-45c3-bc15-6cc82164c3e7 -F qcow2 /opt/stack/data/cinder/mnt/6c6b89971015b7964f981db9888a0bec/volume-2a089c66-1b5f-45c3-bc15-6cc82164c3e7.0f350a89-d265-4143-92ea-f8bf4b583b54" returned: 0 in 0.783s {{(pid=82738) execute /opt/stack/data/venv/lib/python3.10/site-packages/oslo_concurrency/processutils.py:468}}
Feb 27 02:03:57 devstack cinder-volume[82738]: WARNING cinder.volume.drivers.remotefs [None req-0cac89ee-18f2-419a-9fba-19edd49658f3 tempest-GroupSnapshotsTest-1373289962 None] /opt/stack/data/cinder/mnt/6c6b89971015b7964f981db9888a0bec/volume-2a089c66-1b5f-45c3-bc15-6cc82164c3e7.0f350a89-d265-4143-92ea-f8bf4b583b54 is being set with open permissions: ugo+rw: NotImplementedError
Feb 27 02:03:57 devstack cinder-volume[82738]: DEBUG oslo_concurrency.processutils [None req-0cac89ee-18f2-419a-9fba-19edd49658f3 tempest-GroupSnapshotsTest-1373289962 None] Running cmd (subprocess): sudo cinder-rootwrap /etc/cinder/rootwrap.conf chmod ugo+rw /opt/stack/data/cinder/mnt/6c6b89971015b7964f981db9888a0bec/volume-2a089c66-1b5f-45c3-bc15-6cc82164c3e7.0f350a89-d265-4143-92ea-f8bf4b583b54 {{(pid=82738) execute /opt/stack/data/venv/lib/python3.10/site-packages/oslo_concurrency/processutils.py:440}}
Feb 27 02:03:57 devstack sudo[83936]: quobyte : PWD=/ ; USER=root ; COMMAND=/opt/stack/data/venv/bin/cinder-rootwrap /etc/cinder/rootwrap.conf chmod ugo+rw /opt/stack/data/cinder/mnt/6c6b89971015b7964f981db9888a0bec/volume-2a089c66-1b5f-45c3-bc15-6cc82164c3e7.0f350a89-d265-4143-92ea-f8bf4b583b54
Feb 27 02:03:57 devstack sudo[83936]: pam_unix(sudo:session): session opened for user root(uid=0) by (uid=1000)
Feb 27 02:03:57 devstack sudo[83936]: pam_unix(sudo:session): session closed for user root
Feb 27 02:03:57 devstack cinder-volume[82738]: DEBUG oslo_concurrency.processutils [None req-0cac89ee-18f2-419a-9fba-19edd49658f3 tempest-GroupSnapshotsTest-1373289962 None] CMD "sudo cinder-rootwrap /etc/cinder/rootwrap.conf chmod ugo+rw /opt/stack/data/cinder/mnt/6c6b89971015b7964f981db9888a0bec/volume-2a089c66-1b5f-45c3-bc15-6cc82164c3e7.0f350a89-d265-4143-92ea-f8bf4b583b54" returned: 0 in 0.628s {{(pid=82738) execute /opt/stack/data/venv/lib/python3.10/site-packages/oslo_concurrency/processutils.py:468}}
Feb 27 02:03:57 devstack cinder-volume[82738]: DEBUG oslo_concurrency.processutils [None req-0cac89ee-18f2-419a-9fba-19edd49658f3 tempest-GroupSnapshotsTest-1373289962 None] Running cmd (subprocess): sudo cinder-rootwrap /etc/cinder/rootwrap.conf truncate -s0 /opt/stack/data/cinder/mnt/6c6b89971015b7964f981db9888a0bec/volume-2a089c66-1b5f-45c3-bc15-6cc82164c3e7.info {{(pid=82738) execute /opt/stack/data/venv/lib/python3.10/site-packages/oslo_concurrency/processutils.py:440}}
Feb 27 02:03:57 devstack sudo[83939]: quobyte : PWD=/ ; USER=root ; COMMAND=/opt/stack/data/venv/bin/cinder-rootwrap /etc/cinder/rootwrap.conf truncate -s0 /opt/stack/data/cinder/mnt/6c6b89971015b7964f981db9888a0bec/volume-2a089c66-1b5f-45c3-bc15-6cc82164c3e7.info
Feb 27 02:03:57 devstack sudo[83939]: pam_unix(sudo:session): session opened for user root(uid=0) by (uid=1000)
Feb 27 02:03:58 devstack sudo[83939]: pam_unix(sudo:session): session closed for user root
Feb 27 02:03:58 devstack cinder-volume[82738]: DEBUG oslo_concurrency.processutils [None req-0cac89ee-18f2-419a-9fba-19edd49658f3 tempest-GroupSnapshotsTest-1373289962 None] CMD "sudo cinder-rootwrap /etc/cinder/rootwrap.conf truncate -s0 /opt/stack/data/cinder/mnt/6c6b89971015b7964f981db9888a0bec/volume-2a089c66-1b5f-45c3-bc15-6cc82164c3e7.info" returned: 0 in 0.577s {{(pid=82738) execute /opt/stack/data/venv/lib/python3.10/site-packages/oslo_concurrency/processutils.py:468}}
Feb 27 02:03:58 devstack cinder-volume[82738]: WARNING cinder.volume.drivers.remotefs [None req-0cac89ee-18f2-419a-9fba-19edd49658f3 tempest-GroupSnapshotsTest-1373289962 None] /opt/stack/data/cinder/mnt/6c6b89971015b7964f981db9888a0bec/volume-2a089c66-1b5f-45c3-bc15-6cc82164c3e7.info is being set with open permissions: ugo+rw: NotImplementedError
Feb 27 02:03:58 devstack cinder-volume[82738]: DEBUG oslo_concurrency.processutils [None req-0cac89ee-18f2-419a-9fba-19edd49658f3 tempest-GroupSnapshotsTest-1373289962 None] Running cmd (subprocess): sudo cinder-rootwrap /etc/cinder/rootwrap.conf chmod ugo+rw /opt/stack/data/cinder/mnt/6c6b89971015b7964f981db9888a0bec/volume-2a089c66-1b5f-45c3-bc15-6cc82164c3e7.info {{(pid=82738) execute /opt/stack/data/venv/lib/python3.10/site-packages/oslo_concurrency/processutils.py:440}}
Feb 27 02:03:58 devstack sudo[83942]: quobyte : PWD=/ ; USER=root ; COMMAND=/opt/stack/data/venv/bin/cinder-rootwrap /etc/cinder/rootwrap.conf chmod ugo+rw /opt/stack/data/cinder/mnt/6c6b89971015b7964f981db9888a0bec/volume-2a089c66-1b5f-45c3-bc15-6cc82164c3e7.info
Feb 27 02:03:58 devstack sudo[83942]: pam_unix(sudo:session): session opened for user root(uid=0) by (uid=1000)
Feb 27 02:03:58 devstack sudo[83942]: pam_unix(sudo:session): session closed for user root
Feb 27 02:03:58 devstack cinder-volume[82738]: DEBUG oslo_concurrency.processutils [None req-0cac89ee-18f2-419a-9fba-19edd49658f3 tempest-GroupSnapshotsTest-1373289962 None] CMD "sudo cinder-rootwrap /etc/cinder/rootwrap.conf chmod ugo+rw /opt/stack/data/cinder/mnt/6c6b89971015b7964f981db9888a0bec/volume-2a089c66-1b5f-45c3-bc15-6cc82164c3e7.info" returned: 0 in 0.566s {{(pid=82738) execute /opt/stack/data/venv/lib/python3.10/site-packages/oslo_concurrency/processutils.py:468}}
Feb 27 02:03:59 devstack cinder-volume[82738]: DEBUG oslo_concurrency.lockutils [None req-0cac89ee-18f2-419a-9fba-19edd49658f3 tempest-GroupSnapshotsTest-1373289962 None] Lock "quobyte" "released" by "cinder.volume.drivers.quobyte.QuobyteDriver.create_snapshot" :: held 4.158s {{(pid=82738) inner /opt/stack/data/venv/lib/python3.10/site-packages/oslo_concurrency/lockutils.py:538}}
Feb 27 02:03:59 devstack cinder-volume[82738]: DEBUG oslo_concurrency.lockutils [None req-0cac89ee-18f2-419a-9fba-19edd49658f3 tempest-GroupSnapshotsTest-1373289962 None] Acquiring lock "quobyte" by "cinder.volume.drivers.quobyte.QuobyteDriver.create_snapshot" {{(pid=82738) inner /opt/stack/data/venv/lib/python3.10/site-packages/oslo_concurrency/lockutils.py:506}}
Feb 27 02:03:59 devstack cinder-volume[82738]: DEBUG oslo_concurrency.lockutils [None req-0cac89ee-18f2-419a-9fba-19edd49658f3 tempest-GroupSnapshotsTest-1373289962 None] Lock "quobyte" acquired by "cinder.volume.drivers.quobyte.QuobyteDriver.create_snapshot" :: waited 0.001s {{(pid=82738) inner /opt/stack/data/venv/lib/python3.10/site-packages/oslo_concurrency/lockutils.py:519}}
Feb 27 02:03:59 devstack cinder-volume[82738]: DEBUG cinder.volume.drivers.remotefs [None req-0cac89ee-18f2-419a-9fba-19edd49658f3 tempest-GroupSnapshotsTest-1373289962 None] Creating offline snapshot a28d2f74-42f1-498f-b16b-88b2d8653899 of volume c6318ab1-2db2-4e7e-b489-761b16563a41 {{(pid=82738) _create_snapshot /opt/stack/cinder/cinder/volume/drivers/remotefs.py:1815}}
Feb 27 02:03:59 devstack cinder-volume[82738]: DEBUG oslo.privsep.daemon [-] privsep: reply[2c592600-f0b4-4cf2-8c3f-c7de7d4af8c0]: (4, 'qcow2') {{(pid=83466) _call_back /opt/stack/data/venv/lib/python3.10/site-packages/oslo_privsep/daemon.py:573}}
Feb 27 02:03:59 devstack cinder-volume[82738]: DEBUG oslo_concurrency.processutils [None req-0cac89ee-18f2-419a-9fba-19edd49658f3 tempest-GroupSnapshotsTest-1373289962 None] Running cmd (subprocess): /opt/stack/data/venv/bin/python3.10 -m oslo_concurrency.prlimit --as=1073741824 --cpu=60 -- sudo cinder-rootwrap /etc/cinder/rootwrap.conf env LC_ALL=C qemu-img info -f qcow2 --output=json --force-share /opt/stack/data/cinder/mnt/6c6b89971015b7964f981db9888a0bec/volume-c6318ab1-2db2-4e7e-b489-761b16563a41 {{(pid=82738) execute /opt/stack/data/venv/lib/python3.10/site-packages/oslo_concurrency/processutils.py:440}}
Feb 27 02:03:59 devstack sudo[83945]: quobyte : PWD=/ ; USER=root ; COMMAND=/opt/stack/data/venv/bin/cinder-rootwrap /etc/cinder/rootwrap.conf env LC_ALL=C qemu-img info -f qcow2 --output=json --force-share /opt/stack/data/cinder/mnt/6c6b89971015b7964f981db9888a0bec/volume-c6318ab1-2db2-4e7e-b489-761b16563a41
Feb 27 02:03:59 devstack sudo[83945]: pam_unix(sudo:session): session opened for user root(uid=0) by (uid=1000)
Feb 27 02:03:59 devstack cinder-volume[82738]: DEBUG cinder.volume.flows.manager.create_volume [None req-ce6bd4a7-8816-442a-9e1c-462aa0a8a7d5 tempest-SnapshotsActionsTest-982775048 None] Volume reschedule parameters: True retry: {'num_attempts': 1, 'backends': ['devstack@QuobyteHD#QuobyteHD'], 'hosts': ['devstack@QuobyteHD#QuobyteHD']} {{(pid=82738) get_flow /opt/stack/cinder/cinder/volume/flows/manager/create_volume.py:1388}}
Feb 27 02:03:59 devstack cinder-volume[82738]: DEBUG cinder.volume.manager [None req-ce6bd4a7-8816-442a-9e1c-462aa0a8a7d5 tempest-SnapshotsActionsTest-982775048 None] Flow 'volume_create_manager' (ef717b26-db3f-47c3-b539-61bb2968f92c) transitioned into state 'RUNNING' from state 'PENDING' {{(pid=82738) _flow_receiver /opt/stack/data/venv/lib/python3.10/site-packages/taskflow/listeners/logging.py:145}}
Feb 27 02:03:59 devstack cinder-volume[82738]: DEBUG cinder.volume.manager [None req-ce6bd4a7-8816-442a-9e1c-462aa0a8a7d5 tempest-SnapshotsActionsTest-982775048 None] Task 'cinder.volume.flows.manager.create_volume.ExtractVolumeRefTask;volume:create' (0c79c69c-5d94-4329-a34c-21aa2e3765d5) transitioned into state 'RUNNING' from state 'PENDING' {{(pid=82738) _task_receiver /opt/stack/data/venv/lib/python3.10/site-packages/taskflow/listeners/logging.py:194}}
Feb 27 02:03:59 devstack cinder-volume[82738]: DEBUG cinder.volume.manager [None req-ce6bd4a7-8816-442a-9e1c-462aa0a8a7d5 tempest-SnapshotsActionsTest-982775048 None] Task 'cinder.volume.flows.manager.create_volume.ExtractVolumeRefTask;volume:create' (0c79c69c-5d94-4329-a34c-21aa2e3765d5) transitioned into state 'SUCCESS' from state 'RUNNING' with result 'Volume(_name_id=None,admin_metadata=,attach_status='detached',availability_zone='nova',bootable=False,cluster=,cluster_name=None,consistencygroup=,consistencygroup_id=None,created_at=2026-02-27T01:03:59Z,deleted=False,deleted_at=None,display_description=None,display_name='tempest-SnapshotsActionsTest-Volume-487420855',ec2_id=None,encryption_key_id=None,glance_metadata=,group=,group_id=None,host='devstack@QuobyteHD#QuobyteHD',id=cf5a2220-1bb3-4ee4-8f8c-a939e83efb0c,launched_at=None,metadata={},migration_status=None,multiattach=False,previous_status=None,project_id='e684042c3e90433ebe2bd1b3027266ea',provider_auth=None,provider_geometry=None,provider_id=None,provider_location=None,replication_driver_data=None,replication_extended_status=None,replication_status=None,scheduled_at=2026-02-27T01:03:59Z,service_uuid=None,shared_targets=True,size=1,snapshot_id=None,snapshots=,source_volid=None,status='creating',terminated_at=None,updated_at=2026-02-27T01:03:59Z,use_quota=True,user_id='6e618e169fa24e74ad2ce912b81ce87f',volume_attachment=VolumeAttachmentList,volume_type=VolumeType(9dccf02b-f099-4833-98e5-33124aa68fe1),volume_type_id=9dccf02b-f099-4833-98e5-33124aa68fe1)' {{(pid=82738) _task_receiver /opt/stack/data/venv/lib/python3.10/site-packages/taskflow/listeners/logging.py:182}}
Feb 27 02:03:59 devstack cinder-volume[82738]: DEBUG cinder.volume.manager [None req-ce6bd4a7-8816-442a-9e1c-462aa0a8a7d5 tempest-SnapshotsActionsTest-982775048 None] Task 'cinder.volume.flows.manager.create_volume.OnFailureRescheduleTask;volume:create' (cc161473-a5ba-425d-a7cb-c3c91ab2331a) transitioned into state 'RUNNING' from state 'PENDING' {{(pid=82738) _task_receiver /opt/stack/data/venv/lib/python3.10/site-packages/taskflow/listeners/logging.py:194}}
Feb 27 02:03:59 devstack cinder-volume[82738]: DEBUG cinder.volume.manager [None req-ce6bd4a7-8816-442a-9e1c-462aa0a8a7d5 tempest-SnapshotsActionsTest-982775048 None] Task 'cinder.volume.flows.manager.create_volume.OnFailureRescheduleTask;volume:create' (cc161473-a5ba-425d-a7cb-c3c91ab2331a) transitioned into state 'SUCCESS' from state 'RUNNING' with result 'None' {{(pid=82738) _task_receiver /opt/stack/data/venv/lib/python3.10/site-packages/taskflow/listeners/logging.py:182}}
Feb 27 02:03:59 devstack cinder-volume[82738]: DEBUG cinder.volume.manager [None req-ce6bd4a7-8816-442a-9e1c-462aa0a8a7d5 tempest-SnapshotsActionsTest-982775048 None] Task 'cinder.volume.flows.manager.create_volume.ExtractVolumeSpecTask;volume:create' (e67c207a-eb20-440f-97ae-7366254ec166) transitioned into state 'RUNNING' from state 'PENDING' {{(pid=82738) _task_receiver /opt/stack/data/venv/lib/python3.10/site-packages/taskflow/listeners/logging.py:194}}
Feb 27 02:03:59 devstack cinder-volume[82738]: DEBUG cinder.volume.manager [None req-ce6bd4a7-8816-442a-9e1c-462aa0a8a7d5 tempest-SnapshotsActionsTest-982775048 None] Task 'cinder.volume.flows.manager.create_volume.ExtractVolumeSpecTask;volume:create' (e67c207a-eb20-440f-97ae-7366254ec166) transitioned into state 'SUCCESS' from state 'RUNNING' with result '{'status': 'creating', 'type': 'raw', 'volume_id': 'cf5a2220-1bb3-4ee4-8f8c-a939e83efb0c', 'volume_name': 'volume-cf5a2220-1bb3-4ee4-8f8c-a939e83efb0c', 'volume_size': 1}' {{(pid=82738) _task_receiver /opt/stack/data/venv/lib/python3.10/site-packages/taskflow/listeners/logging.py:182}}
Feb 27 02:03:59 devstack cinder-volume[82738]: DEBUG cinder.volume.manager [None req-ce6bd4a7-8816-442a-9e1c-462aa0a8a7d5 tempest-SnapshotsActionsTest-982775048 None] Task 'cinder.volume.flows.manager.create_volume.NotifyVolumeActionTask;volume:create, create.start' (fe66edc7-937d-47fe-b6e2-20b625655eea) transitioned into state 'RUNNING' from state 'PENDING' {{(pid=82738) _task_receiver /opt/stack/data/venv/lib/python3.10/site-packages/taskflow/listeners/logging.py:194}}
Feb 27 02:03:59 devstack cinder-volume[82738]: DEBUG cinder.volume.manager [None req-ce6bd4a7-8816-442a-9e1c-462aa0a8a7d5 tempest-SnapshotsActionsTest-982775048 None] Task 'cinder.volume.flows.manager.create_volume.NotifyVolumeActionTask;volume:create, create.start' (fe66edc7-937d-47fe-b6e2-20b625655eea) transitioned into state 'SUCCESS' from state 'RUNNING' with result 'None' {{(pid=82738) _task_receiver /opt/stack/data/venv/lib/python3.10/site-packages/taskflow/listeners/logging.py:182}}
Feb 27 02:03:59 devstack cinder-volume[82738]: DEBUG cinder.volume.manager [None req-ce6bd4a7-8816-442a-9e1c-462aa0a8a7d5 tempest-SnapshotsActionsTest-982775048 None] Task 'cinder.volume.flows.manager.create_volume.CreateVolumeFromSpecTask;volume:create' (2b3f7a6d-3236-4cf8-9fe8-0f2994054072) transitioned into state 'RUNNING' from state 'PENDING' {{(pid=82738) _task_receiver /opt/stack/data/venv/lib/python3.10/site-packages/taskflow/listeners/logging.py:194}}
Feb 27 02:03:59 devstack cinder-volume[82738]: INFO cinder.volume.flows.manager.create_volume [None req-ce6bd4a7-8816-442a-9e1c-462aa0a8a7d5 tempest-SnapshotsActionsTest-982775048 None] Volume cf5a2220-1bb3-4ee4-8f8c-a939e83efb0c: being created as raw with specification: {'status': 'creating', 'volume_name': 'volume-cf5a2220-1bb3-4ee4-8f8c-a939e83efb0c', 'volume_size': 1}
Feb 27 02:03:59 devstack cinder-volume[82738]: DEBUG oslo_concurrency.lockutils [None req-ce6bd4a7-8816-442a-9e1c-462aa0a8a7d5 tempest-SnapshotsActionsTest-982775048 None] Acquiring lock "quobyte" by "cinder.volume.drivers.quobyte.QuobyteDriver.create_volume" {{(pid=82738) inner /opt/stack/data/venv/lib/python3.10/site-packages/oslo_concurrency/lockutils.py:506}}
Feb 27 02:03:59 devstack sudo[83945]: pam_unix(sudo:session): session closed for user root
Feb 27 02:03:59 devstack cinder-volume[82738]: DEBUG oslo_concurrency.processutils [None req-0cac89ee-18f2-419a-9fba-19edd49658f3 tempest-GroupSnapshotsTest-1373289962 None] CMD "/opt/stack/data/venv/bin/python3.10 -m oslo_concurrency.prlimit --as=1073741824 --cpu=60 -- sudo cinder-rootwrap /etc/cinder/rootwrap.conf env LC_ALL=C qemu-img info -f qcow2 --output=json --force-share /opt/stack/data/cinder/mnt/6c6b89971015b7964f981db9888a0bec/volume-c6318ab1-2db2-4e7e-b489-761b16563a41" returned: 0 in 0.673s {{(pid=82738) execute /opt/stack/data/venv/lib/python3.10/site-packages/oslo_concurrency/processutils.py:468}}
Feb 27 02:03:59 devstack cinder-volume[82738]: DEBUG oslo_concurrency.processutils [None req-0cac89ee-18f2-419a-9fba-19edd49658f3 tempest-GroupSnapshotsTest-1373289962 None] Running cmd (subprocess): sudo cinder-rootwrap /etc/cinder/rootwrap.conf qemu-img create -f qcow2 -o backing_file=/opt/stack/data/cinder/mnt/6c6b89971015b7964f981db9888a0bec/volume-c6318ab1-2db2-4e7e-b489-761b16563a41,backing_fmt=qcow2 /opt/stack/data/cinder/mnt/6c6b89971015b7964f981db9888a0bec/volume-c6318ab1-2db2-4e7e-b489-761b16563a41.a28d2f74-42f1-498f-b16b-88b2d8653899 1G {{(pid=82738) execute /opt/stack/data/venv/lib/python3.10/site-packages/oslo_concurrency/processutils.py:440}}
Feb 27 02:03:59 devstack sudo[83950]: quobyte : PWD=/ ; USER=root ; COMMAND=/opt/stack/data/venv/bin/cinder-rootwrap /etc/cinder/rootwrap.conf qemu-img create -f qcow2 -o backing_file=/opt/stack/data/cinder/mnt/6c6b89971015b7964f981db9888a0bec/volume-c6318ab1-2db2-4e7e-b489-761b16563a41,backing_fmt=qcow2 /opt/stack/data/cinder/mnt/6c6b89971015b7964f981db9888a0bec/volume-c6318ab1-2db2-4e7e-b489-761b16563a41.a28d2f74-42f1-498f-b16b-88b2d8653899 1G
Feb 27 02:03:59 devstack sudo[83950]: pam_unix(sudo:session): session opened for user root(uid=0) by (uid=1000)
Feb 27 02:04:00 devstack sudo[83950]: pam_unix(sudo:session): session closed for user root
Feb 27 02:04:00 devstack cinder-volume[82738]: DEBUG oslo_concurrency.processutils [None req-0cac89ee-18f2-419a-9fba-19edd49658f3 tempest-GroupSnapshotsTest-1373289962 None] CMD "sudo cinder-rootwrap /etc/cinder/rootwrap.conf qemu-img create -f qcow2 -o backing_file=/opt/stack/data/cinder/mnt/6c6b89971015b7964f981db9888a0bec/volume-c6318ab1-2db2-4e7e-b489-761b16563a41,backing_fmt=qcow2 /opt/stack/data/cinder/mnt/6c6b89971015b7964f981db9888a0bec/volume-c6318ab1-2db2-4e7e-b489-761b16563a41.a28d2f74-42f1-498f-b16b-88b2d8653899 1G" returned: 0 in 0.707s {{(pid=82738) execute /opt/stack/data/venv/lib/python3.10/site-packages/oslo_concurrency/processutils.py:468}}
Feb 27 02:04:00 devstack cinder-volume[82738]: DEBUG oslo_concurrency.processutils [None req-0cac89ee-18f2-419a-9fba-19edd49658f3 tempest-GroupSnapshotsTest-1373289962 None] Running cmd (subprocess): sudo cinder-rootwrap /etc/cinder/rootwrap.conf qemu-img rebase -u -b volume-c6318ab1-2db2-4e7e-b489-761b16563a41 -F qcow2 /opt/stack/data/cinder/mnt/6c6b89971015b7964f981db9888a0bec/volume-c6318ab1-2db2-4e7e-b489-761b16563a41.a28d2f74-42f1-498f-b16b-88b2d8653899 {{(pid=82738) execute /opt/stack/data/venv/lib/python3.10/site-packages/oslo_concurrency/processutils.py:440}}
Feb 27 02:04:00 devstack sudo[83957]: quobyte : PWD=/ ; USER=root ; COMMAND=/opt/stack/data/venv/bin/cinder-rootwrap /etc/cinder/rootwrap.conf qemu-img rebase -u -b volume-c6318ab1-2db2-4e7e-b489-761b16563a41 -F qcow2 /opt/stack/data/cinder/mnt/6c6b89971015b7964f981db9888a0bec/volume-c6318ab1-2db2-4e7e-b489-761b16563a41.a28d2f74-42f1-498f-b16b-88b2d8653899
Feb 27 02:04:00 devstack sudo[83957]: pam_unix(sudo:session): session opened for user root(uid=0) by (uid=1000)
Feb 27 02:04:00 devstack sudo[83957]: pam_unix(sudo:session): session closed for user root
Feb 27 02:04:01 devstack cinder-volume[82738]: DEBUG oslo_concurrency.processutils [None req-0cac89ee-18f2-419a-9fba-19edd49658f3 tempest-GroupSnapshotsTest-1373289962 None] CMD "sudo cinder-rootwrap /etc/cinder/rootwrap.conf qemu-img rebase -u -b volume-c6318ab1-2db2-4e7e-b489-761b16563a41 -F qcow2 /opt/stack/data/cinder/mnt/6c6b89971015b7964f981db9888a0bec/volume-c6318ab1-2db2-4e7e-b489-761b16563a41.a28d2f74-42f1-498f-b16b-88b2d8653899" returned: 0 in 0.566s {{(pid=82738) execute /opt/stack/data/venv/lib/python3.10/site-packages/oslo_concurrency/processutils.py:468}}
Feb 27 02:04:01 devstack cinder-volume[82738]: WARNING cinder.volume.drivers.remotefs [None req-0cac89ee-18f2-419a-9fba-19edd49658f3 tempest-GroupSnapshotsTest-1373289962 None] /opt/stack/data/cinder/mnt/6c6b89971015b7964f981db9888a0bec/volume-c6318ab1-2db2-4e7e-b489-761b16563a41.a28d2f74-42f1-498f-b16b-88b2d8653899 is being set with open permissions: ugo+rw: NotImplementedError
Feb 27 02:04:01 devstack cinder-volume[82738]: DEBUG oslo_concurrency.processutils [None req-0cac89ee-18f2-419a-9fba-19edd49658f3 tempest-GroupSnapshotsTest-1373289962 None] Running cmd (subprocess): sudo cinder-rootwrap /etc/cinder/rootwrap.conf chmod ugo+rw /opt/stack/data/cinder/mnt/6c6b89971015b7964f981db9888a0bec/volume-c6318ab1-2db2-4e7e-b489-761b16563a41.a28d2f74-42f1-498f-b16b-88b2d8653899 {{(pid=82738) execute /opt/stack/data/venv/lib/python3.10/site-packages/oslo_concurrency/processutils.py:440}}
Feb 27 02:04:01 devstack sudo[83962]: quobyte : PWD=/ ; USER=root ; COMMAND=/opt/stack/data/venv/bin/cinder-rootwrap /etc/cinder/rootwrap.conf chmod ugo+rw /opt/stack/data/cinder/mnt/6c6b89971015b7964f981db9888a0bec/volume-c6318ab1-2db2-4e7e-b489-761b16563a41.a28d2f74-42f1-498f-b16b-88b2d8653899
Feb 27 02:04:01 devstack sudo[83962]: pam_unix(sudo:session): session opened for user root(uid=0) by (uid=1000)
Feb 27 02:04:01 devstack sudo[83962]: pam_unix(sudo:session): session closed for user root
Feb 27 02:04:01 devstack cinder-volume[82738]: DEBUG oslo_concurrency.processutils [None req-0cac89ee-18f2-419a-9fba-19edd49658f3 tempest-GroupSnapshotsTest-1373289962 None] CMD "sudo cinder-rootwrap /etc/cinder/rootwrap.conf chmod ugo+rw /opt/stack/data/cinder/mnt/6c6b89971015b7964f981db9888a0bec/volume-c6318ab1-2db2-4e7e-b489-761b16563a41.a28d2f74-42f1-498f-b16b-88b2d8653899" returned: 0 in 0.612s {{(pid=82738) execute /opt/stack/data/venv/lib/python3.10/site-packages/oslo_concurrency/processutils.py:468}}
Feb 27 02:04:01 devstack cinder-volume[82738]: DEBUG dbcounter [-] [82738] Writing DB stats cinder:SELECT=117,cinder:UPDATE=122,cinder:INSERT=22,cinder:DELETE=6 {{(pid=82738) stat_writer /opt/stack/data/venv/lib/python3.10/site-packages/dbcounter.py:115}}
Feb 27 02:04:01 devstack cinder-volume[82738]: DEBUG oslo_concurrency.processutils [None req-0cac89ee-18f2-419a-9fba-19edd49658f3 tempest-GroupSnapshotsTest-1373289962 None] Running cmd (subprocess): sudo cinder-rootwrap /etc/cinder/rootwrap.conf truncate -s0 /opt/stack/data/cinder/mnt/6c6b89971015b7964f981db9888a0bec/volume-c6318ab1-2db2-4e7e-b489-761b16563a41.info {{(pid=82738) execute /opt/stack/data/venv/lib/python3.10/site-packages/oslo_concurrency/processutils.py:440}}
Feb 27 02:04:01 devstack sudo[83965]: quobyte : PWD=/ ; USER=root ; COMMAND=/opt/stack/data/venv/bin/cinder-rootwrap /etc/cinder/rootwrap.conf truncate -s0 /opt/stack/data/cinder/mnt/6c6b89971015b7964f981db9888a0bec/volume-c6318ab1-2db2-4e7e-b489-761b16563a41.info
Feb 27 02:04:01 devstack sudo[83965]: pam_unix(sudo:session): session opened for user root(uid=0) by (uid=1000)
Feb 27 02:04:02 devstack sudo[83965]: pam_unix(sudo:session): session closed for user root
Feb 27 02:04:02 devstack cinder-volume[82738]: DEBUG oslo_concurrency.processutils [None req-0cac89ee-18f2-419a-9fba-19edd49658f3 tempest-GroupSnapshotsTest-1373289962 None] CMD "sudo cinder-rootwrap /etc/cinder/rootwrap.conf truncate -s0 /opt/stack/data/cinder/mnt/6c6b89971015b7964f981db9888a0bec/volume-c6318ab1-2db2-4e7e-b489-761b16563a41.info" returned: 0 in 0.771s {{(pid=82738) execute /opt/stack/data/venv/lib/python3.10/site-packages/oslo_concurrency/processutils.py:468}}
Feb 27 02:04:02 devstack cinder-volume[82738]: WARNING cinder.volume.drivers.remotefs [None req-0cac89ee-18f2-419a-9fba-19edd49658f3 tempest-GroupSnapshotsTest-1373289962 None] /opt/stack/data/cinder/mnt/6c6b89971015b7964f981db9888a0bec/volume-c6318ab1-2db2-4e7e-b489-761b16563a41.info is being set with open permissions: ugo+rw: NotImplementedError
