Feb 27 01:55:53 devstack devstack@n-api.service[60537]: DEBUG nova.api.openstack.wsgi_app [None req-8d274391-3dee-4d21-acff-dbae2f791a24 None None] keystone_authtoken.http_request_max_retries = 3 {{(pid=60537) log_opt_values /opt/stack/data/venv/lib/python3.10/site-packages/oslo_config/cfg.py:3006}}
Feb 27 01:55:53 devstack devstack@n-api.service[60538]: DEBUG nova.api.openstack.wsgi_app [None req-2ee35597-6459-49ab-87e0-a612f3cde91b None None] keystone_authtoken.http_connect_timeout = None {{(pid=60538) log_opt_values /opt/stack/data/venv/lib/python3.10/site-packages/oslo_config/cfg.py:3006}}
Feb 27 01:55:53 devstack devstack@n-api.service[60537]: DEBUG nova.api.openstack.wsgi_app [None req-8d274391-3dee-4d21-acff-dbae2f791a24 None None] keystone_authtoken.identity_uri = None {{(pid=60537) log_opt_values /opt/stack/data/venv/lib/python3.10/site-packages/oslo_config/cfg.py:3006}}
Feb 27 01:55:53 devstack devstack@n-api.service[60538]: DEBUG nova.api.openstack.wsgi_app [None req-2ee35597-6459-49ab-87e0-a612f3cde91b None None] keystone_authtoken.http_request_max_retries = 3 {{(pid=60538) log_opt_values /opt/stack/data/venv/lib/python3.10/site-packages/oslo_config/cfg.py:3006}}
Feb 27 01:55:53 devstack devstack@n-api.service[60537]: DEBUG nova.api.openstack.wsgi_app [None req-8d274391-3dee-4d21-acff-dbae2f791a24 None None] keystone_authtoken.include_service_catalog = True {{(pid=60537) log_opt_values /opt/stack/data/venv/lib/python3.10/site-packages/oslo_config/cfg.py:3006}}
Feb 27 01:55:53 devstack devstack@n-api.service[60538]: DEBUG nova.api.openstack.wsgi_app [None req-2ee35597-6459-49ab-87e0-a612f3cde91b None None] keystone_authtoken.identity_uri = None {{(pid=60538) log_opt_values /opt/stack/data/venv/lib/python3.10/site-packages/oslo_config/cfg.py:3006}}
Feb 27 01:55:53 devstack devstack@n-api.service[60537]: DEBUG nova.api.openstack.wsgi_app [None req-8d274391-3dee-4d21-acff-dbae2f791a24 None None] keystone_authtoken.insecure = False {{(pid=60537) log_opt_values /opt/stack/data/venv/lib/python3.10/site-packages/oslo_config/cfg.py:3006}}
Feb 27 01:55:53 devstack devstack@n-api.service[60538]: DEBUG nova.api.openstack.wsgi_app [None req-2ee35597-6459-49ab-87e0-a612f3cde91b None None] keystone_authtoken.include_service_catalog = True {{(pid=60538) log_opt_values /opt/stack/data/venv/lib/python3.10/site-packages/oslo_config/cfg.py:3006}}
Feb 27 01:55:53 devstack devstack@n-api.service[60537]: DEBUG nova.api.openstack.wsgi_app [None req-8d274391-3dee-4d21-acff-dbae2f791a24 None None] keystone_authtoken.interface = public {{(pid=60537) log_opt_values /opt/stack/data/venv/lib/python3.10/site-packages/oslo_config/cfg.py:3006}}
Feb 27 01:55:53 devstack devstack@n-api.service[60538]: DEBUG nova.api.openstack.wsgi_app [None req-2ee35597-6459-49ab-87e0-a612f3cde91b None None] keystone_authtoken.insecure = False {{(pid=60538) log_opt_values /opt/stack/data/venv/lib/python3.10/site-packages/oslo_config/cfg.py:3006}}
Feb 27 01:55:53 devstack devstack@n-api.service[60537]: DEBUG nova.api.openstack.wsgi_app [None req-8d274391-3dee-4d21-acff-dbae2f791a24 None None] keystone_authtoken.keyfile = None {{(pid=60537) log_opt_values /opt/stack/data/venv/lib/python3.10/site-packages/oslo_config/cfg.py:3006}}
Feb 27 01:55:53 devstack devstack@n-api.service[60538]: DEBUG nova.api.openstack.wsgi_app [None req-2ee35597-6459-49ab-87e0-a612f3cde91b None None] keystone_authtoken.interface = public {{(pid=60538) log_opt_values /opt/stack/data/venv/lib/python3.10/site-packages/oslo_config/cfg.py:3006}}
Feb 27 01:55:53 devstack devstack@n-api.service[60537]: DEBUG nova.api.openstack.wsgi_app [None req-8d274391-3dee-4d21-acff-dbae2f791a24 None None] keystone_authtoken.memcache_password = {{(pid=60537) log_opt_values /opt/stack/data/venv/lib/python3.10/site-packages/oslo_config/cfg.py:3006}}
Feb 27 01:55:53 devstack devstack@n-api.service[60538]: DEBUG nova.api.openstack.wsgi_app [None req-2ee35597-6459-49ab-87e0-a612f3cde91b None None] keystone_authtoken.keyfile = None {{(pid=60538) log_opt_values /opt/stack/data/venv/lib/python3.10/site-packages/oslo_config/cfg.py:3006}}
Feb 27 01:55:53 devstack devstack@n-api.service[60537]: DEBUG nova.api.openstack.wsgi_app [None req-8d274391-3dee-4d21-acff-dbae2f791a24 None None] keystone_authtoken.memcache_pool_conn_get_timeout = 10 {{(pid=60537) log_opt_values /opt/stack/data/venv/lib/python3.10/site-packages/oslo_config/cfg.py:3006}}
Feb 27 01:55:53 devstack devstack@n-api.service[60538]: DEBUG nova.api.openstack.wsgi_app [None req-2ee35597-6459-49ab-87e0-a612f3cde91b None None] keystone_authtoken.memcache_password = {{(pid=60538) log_opt_values /opt/stack/data/venv/lib/python3.10/site-packages/oslo_config/cfg.py:3006}}
Feb 27 01:55:53 devstack devstack@n-api.service[60537]: DEBUG nova.api.openstack.wsgi_app [None req-8d274391-3dee-4d21-acff-dbae2f791a24 None None] keystone_authtoken.memcache_pool_dead_retry = 300 {{(pid=60537) log_opt_values /opt/stack/data/venv/lib/python3.10/site-packages/oslo_config/cfg.py:3006}}
Feb 27 01:55:53 devstack devstack@n-api.service[60538]: DEBUG nova.api.openstack.wsgi_app [None req-2ee35597-6459-49ab-87e0-a612f3cde91b None None] keystone_authtoken.memcache_pool_conn_get_timeout = 10 {{(pid=60538) log_opt_values /opt/stack/data/venv/lib/python3.10/site-packages/oslo_config/cfg.py:3006}}
Feb 27 01:55:53 devstack devstack@n-api.service[60537]: DEBUG nova.api.openstack.wsgi_app [None req-8d274391-3dee-4d21-acff-dbae2f791a24 None None] keystone_authtoken.memcache_pool_maxsize = 10 {{(pid=60537) log_opt_values /opt/stack/data/venv/lib/python3.10/site-packages/oslo_config/cfg.py:3006}}
Feb 27 01:55:53 devstack devstack@n-api.service[60538]: DEBUG nova.api.openstack.wsgi_app [None req-2ee35597-6459-49ab-87e0-a612f3cde91b None None] keystone_authtoken.memcache_pool_dead_retry = 300 {{(pid=60538) log_opt_values /opt/stack/data/venv/lib/python3.10/site-packages/oslo_config/cfg.py:3006}}
Feb 27 01:55:53 devstack devstack@n-api.service[60537]: DEBUG nova.api.openstack.wsgi_app [None req-8d274391-3dee-4d21-acff-dbae2f791a24 None None] keystone_authtoken.memcache_pool_socket_timeout = 3 {{(pid=60537) log_opt_values /opt/stack/data/venv/lib/python3.10/site-packages/oslo_config/cfg.py:3006}}
Feb 27 01:55:53 devstack devstack@n-api.service[60537]: DEBUG nova.api.openstack.wsgi_app [None req-8d274391-3dee-4d21-acff-dbae2f791a24 None None] keystone_authtoken.memcache_pool_unused_timeout = 60 {{(pid=60537) log_opt_values /opt/stack/data/venv/lib/python3.10/site-packages/oslo_config/cfg.py:3006}}
Feb 27 01:55:53 devstack devstack@n-api.service[60538]: DEBUG nova.api.openstack.wsgi_app [None req-2ee35597-6459-49ab-87e0-a612f3cde91b None None] keystone_authtoken.memcache_pool_maxsize = 10 {{(pid=60538) log_opt_values /opt/stack/data/venv/lib/python3.10/site-packages/oslo_config/cfg.py:3006}}
Feb 27 01:55:53 devstack devstack@n-api.service[60537]: DEBUG nova.api.openstack.wsgi_app [None req-8d274391-3dee-4d21-acff-dbae2f791a24 None None] keystone_authtoken.memcache_sasl_enabled = False {{(pid=60537) log_opt_values /opt/stack/data/venv/lib/python3.10/site-packages/oslo_config/cfg.py:3006}}
Feb 27 01:55:53 devstack devstack@n-api.service[60538]: DEBUG nova.api.openstack.wsgi_app [None req-2ee35597-6459-49ab-87e0-a612f3cde91b None None] keystone_authtoken.memcache_pool_socket_timeout = 3 {{(pid=60538) log_opt_values /opt/stack/data/venv/lib/python3.10/site-packages/oslo_config/cfg.py:3006}}
Feb 27 01:55:53 devstack devstack@n-api.service[60537]: DEBUG nova.api.openstack.wsgi_app [None req-8d274391-3dee-4d21-acff-dbae2f791a24 None None] keystone_authtoken.memcache_secret_key = **** {{(pid=60537) log_opt_values /opt/stack/data/venv/lib/python3.10/site-packages/oslo_config/cfg.py:3006}}
Feb 27 01:55:53 devstack devstack@n-api.service[60538]: DEBUG nova.api.openstack.wsgi_app [None req-2ee35597-6459-49ab-87e0-a612f3cde91b None None] keystone_authtoken.memcache_pool_unused_timeout = 60 {{(pid=60538) log_opt_values /opt/stack/data/venv/lib/python3.10/site-packages/oslo_config/cfg.py:3006}}
Feb 27 01:55:53 devstack devstack@n-api.service[60537]: DEBUG nova.api.openstack.wsgi_app [None req-8d274391-3dee-4d21-acff-dbae2f791a24 None None] keystone_authtoken.memcache_security_strategy = None {{(pid=60537) log_opt_values /opt/stack/data/venv/lib/python3.10/site-packages/oslo_config/cfg.py:3006}}
Feb 27 01:55:53 devstack devstack@n-api.service[60538]: DEBUG nova.api.openstack.wsgi_app [None req-2ee35597-6459-49ab-87e0-a612f3cde91b None None] keystone_authtoken.memcache_sasl_enabled = False {{(pid=60538) log_opt_values /opt/stack/data/venv/lib/python3.10/site-packages/oslo_config/cfg.py:3006}}
Feb 27 01:55:53 devstack devstack@n-api.service[60537]: DEBUG nova.api.openstack.wsgi_app [None req-8d274391-3dee-4d21-acff-dbae2f791a24 None None] keystone_authtoken.memcache_tls_allowed_ciphers = None {{(pid=60537) log_opt_values /opt/stack/data/venv/lib/python3.10/site-packages/oslo_config/cfg.py:3006}}
Feb 27 01:55:53 devstack devstack@n-api.service[60538]: DEBUG nova.api.openstack.wsgi_app [None req-2ee35597-6459-49ab-87e0-a612f3cde91b None None] keystone_authtoken.memcache_secret_key = **** {{(pid=60538) log_opt_values /opt/stack/data/venv/lib/python3.10/site-packages/oslo_config/cfg.py:3006}}
Feb 27 01:55:53 devstack devstack@n-api.service[60537]: DEBUG nova.api.openstack.wsgi_app [None req-8d274391-3dee-4d21-acff-dbae2f791a24 None None] keystone_authtoken.memcache_tls_cafile = None {{(pid=60537) log_opt_values /opt/stack/data/venv/lib/python3.10/site-packages/oslo_config/cfg.py:3006}}
Feb 27 01:55:53 devstack devstack@n-api.service[60538]: DEBUG nova.api.openstack.wsgi_app [None req-2ee35597-6459-49ab-87e0-a612f3cde91b None None] keystone_authtoken.memcache_security_strategy = None {{(pid=60538) log_opt_values /opt/stack/data/venv/lib/python3.10/site-packages/oslo_config/cfg.py:3006}}
Feb 27 01:55:53 devstack devstack@n-api.service[60537]: DEBUG nova.api.openstack.wsgi_app [None req-8d274391-3dee-4d21-acff-dbae2f791a24 None None] keystone_authtoken.memcache_tls_certfile = None {{(pid=60537) log_opt_values /opt/stack/data/venv/lib/python3.10/site-packages/oslo_config/cfg.py:3006}}
Feb 27 01:55:53 devstack devstack@n-api.service[60538]: DEBUG nova.api.openstack.wsgi_app [None req-2ee35597-6459-49ab-87e0-a612f3cde91b None None] keystone_authtoken.memcache_tls_allowed_ciphers = None {{(pid=60538) log_opt_values /opt/stack/data/venv/lib/python3.10/site-packages/oslo_config/cfg.py:3006}}
Feb 27 01:55:53 devstack devstack@n-api.service[60537]: DEBUG nova.api.openstack.wsgi_app [None req-8d274391-3dee-4d21-acff-dbae2f791a24 None None] keystone_authtoken.memcache_tls_enabled = False {{(pid=60537) log_opt_values /opt/stack/data/venv/lib/python3.10/site-packages/oslo_config/cfg.py:3006}}
Feb 27 01:55:53 devstack devstack@n-api.service[60538]: DEBUG nova.api.openstack.wsgi_app [None req-2ee35597-6459-49ab-87e0-a612f3cde91b None None] keystone_authtoken.memcache_tls_cafile = None {{(pid=60538) log_opt_values /opt/stack/data/venv/lib/python3.10/site-packages/oslo_config/cfg.py:3006}}
Feb 27 01:55:53 devstack devstack@n-api.service[60537]: DEBUG nova.api.openstack.wsgi_app [None req-8d274391-3dee-4d21-acff-dbae2f791a24 None None] keystone_authtoken.memcache_tls_keyfile = None {{(pid=60537) log_opt_values /opt/stack/data/venv/lib/python3.10/site-packages/oslo_config/cfg.py:3006}}
Feb 27 01:55:53 devstack devstack@n-api.service[60538]: DEBUG nova.api.openstack.wsgi_app [None req-2ee35597-6459-49ab-87e0-a612f3cde91b None None] keystone_authtoken.memcache_tls_certfile = None {{(pid=60538) log_opt_values /opt/stack/data/venv/lib/python3.10/site-packages/oslo_config/cfg.py:3006}}
Feb 27 01:55:53 devstack devstack@n-api.service[60537]: DEBUG nova.api.openstack.wsgi_app [None req-8d274391-3dee-4d21-acff-dbae2f791a24 None None] keystone_authtoken.memcache_use_advanced_pool = True {{(pid=60537) log_opt_values /opt/stack/data/venv/lib/python3.10/site-packages/oslo_config/cfg.py:3006}}
Feb 27 01:55:53 devstack devstack@n-api.service[60538]: DEBUG nova.api.openstack.wsgi_app [None req-2ee35597-6459-49ab-87e0-a612f3cde91b None None] keystone_authtoken.memcache_tls_enabled = False {{(pid=60538) log_opt_values /opt/stack/data/venv/lib/python3.10/site-packages/oslo_config/cfg.py:3006}}
Feb 27 01:55:53 devstack devstack@n-api.service[60537]: DEBUG nova.api.openstack.wsgi_app [None req-8d274391-3dee-4d21-acff-dbae2f791a24 None None] keystone_authtoken.memcache_username = {{(pid=60537) log_opt_values /opt/stack/data/venv/lib/python3.10/site-packages/oslo_config/cfg.py:3006}}
Feb 27 01:55:53 devstack devstack@n-api.service[60538]: DEBUG nova.api.openstack.wsgi_app [None req-2ee35597-6459-49ab-87e0-a612f3cde91b None None] keystone_authtoken.memcache_tls_keyfile = None {{(pid=60538) log_opt_values /opt/stack/data/venv/lib/python3.10/site-packages/oslo_config/cfg.py:3006}}
Feb 27 01:55:53 devstack devstack@n-api.service[60537]: DEBUG nova.api.openstack.wsgi_app [None req-8d274391-3dee-4d21-acff-dbae2f791a24 None None] keystone_authtoken.memcached_servers = ['localhost:11211'] {{(pid=60537) log_opt_values /opt/stack/data/venv/lib/python3.10/site-packages/oslo_config/cfg.py:3006}}
Feb 27 01:55:53 devstack devstack@n-api.service[60538]: DEBUG nova.api.openstack.wsgi_app [None req-2ee35597-6459-49ab-87e0-a612f3cde91b None None] keystone_authtoken.memcache_use_advanced_pool = True {{(pid=60538) log_opt_values /opt/stack/data/venv/lib/python3.10/site-packages/oslo_config/cfg.py:3006}}
Feb 27 01:55:53 devstack devstack@n-api.service[60537]: DEBUG nova.api.openstack.wsgi_app [None req-8d274391-3dee-4d21-acff-dbae2f791a24 None None] keystone_authtoken.password = **** {{(pid=60537) log_opt_values /opt/stack/data/venv/lib/python3.10/site-packages/oslo_config/cfg.py:3006}}
Feb 27 01:55:53 devstack devstack@n-api.service[60538]: DEBUG nova.api.openstack.wsgi_app [None req-2ee35597-6459-49ab-87e0-a612f3cde91b None None] keystone_authtoken.memcache_username = {{(pid=60538) log_opt_values /opt/stack/data/venv/lib/python3.10/site-packages/oslo_config/cfg.py:3006}}
Feb 27 01:55:53 devstack devstack@n-api.service[60537]: DEBUG nova.api.openstack.wsgi_app [None req-8d274391-3dee-4d21-acff-dbae2f791a24 None None] keystone_authtoken.project_domain_id = None {{(pid=60537) log_opt_values /opt/stack/data/venv/lib/python3.10/site-packages/oslo_config/cfg.py:3006}}
Feb 27 01:55:53 devstack devstack@n-api.service[60538]: DEBUG nova.api.openstack.wsgi_app [None req-2ee35597-6459-49ab-87e0-a612f3cde91b None None] keystone_authtoken.memcached_servers = ['localhost:11211'] {{(pid=60538) log_opt_values /opt/stack/data/venv/lib/python3.10/site-packages/oslo_config/cfg.py:3006}}
Feb 27 01:55:53 devstack devstack@n-api.service[60537]: DEBUG nova.api.openstack.wsgi_app [None req-8d274391-3dee-4d21-acff-dbae2f791a24 None None] keystone_authtoken.project_domain_name = Default {{(pid=60537) log_opt_values /opt/stack/data/venv/lib/python3.10/site-packages/oslo_config/cfg.py:3006}}
Feb 27 01:55:53 devstack devstack@n-api.service[60538]: DEBUG nova.api.openstack.wsgi_app [None req-2ee35597-6459-49ab-87e0-a612f3cde91b None None] keystone_authtoken.password = **** {{(pid=60538) log_opt_values /opt/stack/data/venv/lib/python3.10/site-packages/oslo_config/cfg.py:3006}}
Feb 27 01:55:53 devstack devstack@n-api.service[60537]: DEBUG nova.api.openstack.wsgi_app [None req-8d274391-3dee-4d21-acff-dbae2f791a24 None None] keystone_authtoken.project_id = None {{(pid=60537) log_opt_values /opt/stack/data/venv/lib/python3.10/site-packages/oslo_config/cfg.py:3006}}
Feb 27 01:55:53 devstack devstack@n-api.service[60538]: DEBUG nova.api.openstack.wsgi_app [None req-2ee35597-6459-49ab-87e0-a612f3cde91b None None] keystone_authtoken.project_domain_id = None {{(pid=60538) log_opt_values /opt/stack/data/venv/lib/python3.10/site-packages/oslo_config/cfg.py:3006}}
Feb 27 01:55:53 devstack devstack@n-api.service[60537]: DEBUG nova.api.openstack.wsgi_app [None req-8d274391-3dee-4d21-acff-dbae2f791a24 None None] keystone_authtoken.project_name = service {{(pid=60537) log_opt_values /opt/stack/data/venv/lib/python3.10/site-packages/oslo_config/cfg.py:3006}}
Feb 27 01:55:53 devstack devstack@n-api.service[60538]: DEBUG nova.api.openstack.wsgi_app [None req-2ee35597-6459-49ab-87e0-a612f3cde91b None None] keystone_authtoken.project_domain_name = Default {{(pid=60538) log_opt_values /opt/stack/data/venv/lib/python3.10/site-packages/oslo_config/cfg.py:3006}}
Feb 27 01:55:53 devstack devstack@n-api.service[60537]: DEBUG nova.api.openstack.wsgi_app [None req-8d274391-3dee-4d21-acff-dbae2f791a24 None None] keystone_authtoken.region_name = None {{(pid=60537) log_opt_values /opt/stack/data/venv/lib/python3.10/site-packages/oslo_config/cfg.py:3006}}
Feb 27 01:55:53 devstack devstack@n-api.service[60538]: DEBUG nova.api.openstack.wsgi_app [None req-2ee35597-6459-49ab-87e0-a612f3cde91b None None] keystone_authtoken.project_id = None {{(pid=60538) log_opt_values /opt/stack/data/venv/lib/python3.10/site-packages/oslo_config/cfg.py:3006}}
Feb 27 01:55:53 devstack devstack@n-api.service[60537]: DEBUG nova.api.openstack.wsgi_app [None req-8d274391-3dee-4d21-acff-dbae2f791a24 None None] keystone_authtoken.service_token_roles = ['service'] {{(pid=60537) log_opt_values /opt/stack/data/venv/lib/python3.10/site-packages/oslo_config/cfg.py:3006}}
Feb 27 01:55:53 devstack devstack@n-api.service[60538]: DEBUG nova.api.openstack.wsgi_app [None req-2ee35597-6459-49ab-87e0-a612f3cde91b None None] keystone_authtoken.project_name = service {{(pid=60538) log_opt_values /opt/stack/data/venv/lib/python3.10/site-packages/oslo_config/cfg.py:3006}}
Feb 27 01:55:53 devstack devstack@n-api.service[60537]: DEBUG nova.api.openstack.wsgi_app [None req-8d274391-3dee-4d21-acff-dbae2f791a24 None None] keystone_authtoken.service_token_roles_required = False {{(pid=60537) log_opt_values /opt/stack/data/venv/lib/python3.10/site-packages/oslo_config/cfg.py:3006}}
Feb 27 01:55:53 devstack devstack@n-api.service[60538]: DEBUG nova.api.openstack.wsgi_app [None req-2ee35597-6459-49ab-87e0-a612f3cde91b None None] keystone_authtoken.region_name = None {{(pid=60538) log_opt_values /opt/stack/data/venv/lib/python3.10/site-packages/oslo_config/cfg.py:3006}}
Feb 27 01:55:53 devstack devstack@n-api.service[60537]: DEBUG nova.api.openstack.wsgi_app [None req-8d274391-3dee-4d21-acff-dbae2f791a24 None None] keystone_authtoken.service_type = None {{(pid=60537) log_opt_values /opt/stack/data/venv/lib/python3.10/site-packages/oslo_config/cfg.py:3006}}
Feb 27 01:55:53 devstack devstack@n-api.service[60538]: DEBUG nova.api.openstack.wsgi_app [None req-2ee35597-6459-49ab-87e0-a612f3cde91b None None] keystone_authtoken.service_token_roles = ['service'] {{(pid=60538) log_opt_values /opt/stack/data/venv/lib/python3.10/site-packages/oslo_config/cfg.py:3006}}
Feb 27 01:55:53 devstack devstack@n-api.service[60537]: DEBUG nova.api.openstack.wsgi_app [None req-8d274391-3dee-4d21-acff-dbae2f791a24 None None] keystone_authtoken.system_scope = None {{(pid=60537) log_opt_values /opt/stack/data/venv/lib/python3.10/site-packages/oslo_config/cfg.py:3006}}
Feb 27 01:55:53 devstack devstack@n-api.service[60538]: DEBUG nova.api.openstack.wsgi_app [None req-2ee35597-6459-49ab-87e0-a612f3cde91b None None] keystone_authtoken.service_token_roles_required = False {{(pid=60538) log_opt_values /opt/stack/data/venv/lib/python3.10/site-packages/oslo_config/cfg.py:3006}}
Feb 27 01:55:53 devstack devstack@n-api.service[60537]: DEBUG nova.api.openstack.wsgi_app [None req-8d274391-3dee-4d21-acff-dbae2f791a24 None None] keystone_authtoken.token_cache_time = 300 {{(pid=60537) log_opt_values /opt/stack/data/venv/lib/python3.10/site-packages/oslo_config/cfg.py:3006}}
Feb 27 01:55:53 devstack devstack@n-api.service[60538]: DEBUG nova.api.openstack.wsgi_app [None req-2ee35597-6459-49ab-87e0-a612f3cde91b None None] keystone_authtoken.service_type = None {{(pid=60538) log_opt_values /opt/stack/data/venv/lib/python3.10/site-packages/oslo_config/cfg.py:3006}}
Feb 27 01:55:53 devstack devstack@n-api.service[60537]: DEBUG nova.api.openstack.wsgi_app [None req-8d274391-3dee-4d21-acff-dbae2f791a24 None None] keystone_authtoken.trust_id = None {{(pid=60537) log_opt_values /opt/stack/data/venv/lib/python3.10/site-packages/oslo_config/cfg.py:3006}}
Feb 27 01:55:53 devstack devstack@n-api.service[60538]: DEBUG nova.api.openstack.wsgi_app [None req-2ee35597-6459-49ab-87e0-a612f3cde91b None None] keystone_authtoken.system_scope = None {{(pid=60538) log_opt_values /opt/stack/data/venv/lib/python3.10/site-packages/oslo_config/cfg.py:3006}}
Feb 27 01:55:53 devstack devstack@n-api.service[60537]: DEBUG nova.api.openstack.wsgi_app [None req-8d274391-3dee-4d21-acff-dbae2f791a24 None None] keystone_authtoken.user_domain_id = None {{(pid=60537) log_opt_values /opt/stack/data/venv/lib/python3.10/site-packages/oslo_config/cfg.py:3006}}
Feb 27 01:55:53 devstack devstack@n-api.service[60538]: DEBUG nova.api.openstack.wsgi_app [None req-2ee35597-6459-49ab-87e0-a612f3cde91b None None] keystone_authtoken.token_cache_time = 300 {{(pid=60538) log_opt_values /opt/stack/data/venv/lib/python3.10/site-packages/oslo_config/cfg.py:3006}}
Feb 27 01:55:53 devstack devstack@n-api.service[60537]: DEBUG nova.api.openstack.wsgi_app [None req-8d274391-3dee-4d21-acff-dbae2f791a24 None None] keystone_authtoken.user_domain_name = Default {{(pid=60537) log_opt_values /opt/stack/data/venv/lib/python3.10/site-packages/oslo_config/cfg.py:3006}}
Feb 27 01:55:53 devstack devstack@n-api.service[60538]: DEBUG nova.api.openstack.wsgi_app [None req-2ee35597-6459-49ab-87e0-a612f3cde91b None None] keystone_authtoken.trust_id = None {{(pid=60538) log_opt_values /opt/stack/data/venv/lib/python3.10/site-packages/oslo_config/cfg.py:3006}}
Feb 27 01:55:53 devstack devstack@n-api.service[60537]: DEBUG nova.api.openstack.wsgi_app [None req-8d274391-3dee-4d21-acff-dbae2f791a24 None None] keystone_authtoken.user_id = None {{(pid=60537) log_opt_values /opt/stack/data/venv/lib/python3.10/site-packages/oslo_config/cfg.py:3006}}
Feb 27 01:55:53 devstack devstack@n-api.service[60538]: DEBUG nova.api.openstack.wsgi_app [None req-2ee35597-6459-49ab-87e0-a612f3cde91b None None] keystone_authtoken.user_domain_id = None {{(pid=60538) log_opt_values /opt/stack/data/venv/lib/python3.10/site-packages/oslo_config/cfg.py:3006}}
Feb 27 01:55:53 devstack devstack@n-api.service[60537]: DEBUG nova.api.openstack.wsgi_app [None req-8d274391-3dee-4d21-acff-dbae2f791a24 None None] keystone_authtoken.username = nova {{(pid=60537) log_opt_values /opt/stack/data/venv/lib/python3.10/site-packages/oslo_config/cfg.py:3006}}
Feb 27 01:55:53 devstack devstack@n-api.service[60538]: DEBUG nova.api.openstack.wsgi_app [None req-2ee35597-6459-49ab-87e0-a612f3cde91b None None] keystone_authtoken.user_domain_name = Default {{(pid=60538) log_opt_values /opt/stack/data/venv/lib/python3.10/site-packages/oslo_config/cfg.py:3006}}
Feb 27 01:55:53 devstack devstack@n-api.service[60537]: DEBUG nova.api.openstack.wsgi_app [None req-8d274391-3dee-4d21-acff-dbae2f791a24 None None] keystone_authtoken.www_authenticate_uri = http://192.168.122.23/identity {{(pid=60537) log_opt_values /opt/stack/data/venv/lib/python3.10/site-packages/oslo_config/cfg.py:3006}}
Feb 27 01:55:53 devstack devstack@n-api.service[60538]: DEBUG nova.api.openstack.wsgi_app [None req-2ee35597-6459-49ab-87e0-a612f3cde91b None None] keystone_authtoken.user_id = None {{(pid=60538) log_opt_values /opt/stack/data/venv/lib/python3.10/site-packages/oslo_config/cfg.py:3006}}
Feb 27 01:55:53 devstack devstack@n-api.service[60537]: DEBUG nova.api.openstack.wsgi_app [None req-8d274391-3dee-4d21-acff-dbae2f791a24 None None] ******************************************************************************** {{(pid=60537) log_opt_values /opt/stack/data/venv/lib/python3.10/site-packages/oslo_config/cfg.py:3013}}
Feb 27 01:55:53 devstack devstack@n-api.service[60537]: WSGI app 0 (mountpoint='') ready in 6 seconds on interpreter 0x5583223731e0 pid: 60537 (default app)
Feb 27 01:55:53 devstack devstack@n-api.service[60538]: DEBUG nova.api.openstack.wsgi_app [None req-2ee35597-6459-49ab-87e0-a612f3cde91b None None] keystone_authtoken.username = nova {{(pid=60538) log_opt_values /opt/stack/data/venv/lib/python3.10/site-packages/oslo_config/cfg.py:3006}}
Feb 27 01:55:53 devstack devstack@n-api.service[60538]: DEBUG nova.api.openstack.wsgi_app [None req-2ee35597-6459-49ab-87e0-a612f3cde91b None None] keystone_authtoken.www_authenticate_uri = http://192.168.122.23/identity {{(pid=60538) log_opt_values /opt/stack/data/venv/lib/python3.10/site-packages/oslo_config/cfg.py:3006}}
Feb 27 01:55:53 devstack devstack@n-api.service[60538]: DEBUG nova.api.openstack.wsgi_app [None req-2ee35597-6459-49ab-87e0-a612f3cde91b None None] ******************************************************************************** {{(pid=60538) log_opt_values /opt/stack/data/venv/lib/python3.10/site-packages/oslo_config/cfg.py:3013}}
Feb 27 01:55:53 devstack devstack@n-api.service[60538]: WSGI app 0 (mountpoint='') ready in 6 seconds on interpreter 0x5583223731e0 pid: 60538 (default app)
Feb 27 01:55:53 devstack devstack@n-api.service[60537]: DEBUG nova.api.openstack.wsgi [None req-8d274391-3dee-4d21-acff-dbae2f791a24 None None] Calling method '>' {{(pid=60537) _process_stack /opt/stack/nova/nova/api/openstack/wsgi.py:551}}
Feb 27 01:55:53 devstack devstack@n-api.service[60537]: INFO nova.api.openstack.requestlog [None req-8d274391-3dee-4d21-acff-dbae2f791a24 None None] 192.168.122.23 "GET /compute/v2.1/" status: 200 len: 392 microversion: 2.1 time: 0.004633
Feb 27 01:55:53 devstack devstack@n-api.service[60537]: [pid: 60537|app: 0|req: 1/1] 192.168.122.23 () {54 vars in 884 bytes} [Fri Feb 27 01:55:53 2026] GET /compute/v2.1/ => generated 392 bytes in 6 msecs (HTTP/1.1 200) 9 headers in 357 bytes (1 switches on core 0)
Feb 27 01:56:01 devstack devstack@n-api.service[60538]: DEBUG dbcounter [-] [60538] Writing DB stats nova_api:SELECT=1 {{(pid=60538) stat_writer /opt/stack/data/venv/lib/python3.10/site-packages/dbcounter.py:115}}
Feb 27 01:56:01 devstack devstack@n-api.service[60537]: DEBUG dbcounter [-] [60537] Writing DB stats nova_api:SELECT=1 {{(pid=60537) stat_writer /opt/stack/data/venv/lib/python3.10/site-packages/dbcounter.py:115}}
Feb 27 01:56:01 devstack devstack@n-api.service[60538]: DEBUG dbcounter [-] [60538] Writing DB stats nova_cell0:SELECT=1 {{(pid=60538) stat_writer /opt/stack/data/venv/lib/python3.10/site-packages/dbcounter.py:115}}
Feb 27 01:56:01 devstack devstack@n-api.service[60538]: DEBUG dbcounter [-] [60538] Writing DB stats nova_cell1:SELECT=1 {{(pid=60538) stat_writer /opt/stack/data/venv/lib/python3.10/site-packages/dbcounter.py:115}}
Feb 27 01:56:01 devstack devstack@n-api.service[60538]: DEBUG dbcounter [-] [60538] Writing DB stats nova_cell0:SELECT=2,nova_cell0:INSERT=1 {{(pid=60538) stat_writer /opt/stack/data/venv/lib/python3.10/site-packages/dbcounter.py:115}}
Feb 27 01:56:01 devstack devstack@n-api.service[60537]: DEBUG dbcounter [-] [60537] Writing DB stats nova_cell0:SELECT=1 {{(pid=60537) stat_writer /opt/stack/data/venv/lib/python3.10/site-packages/dbcounter.py:115}}
Feb 27 01:56:01 devstack devstack@n-api.service[60537]: DEBUG dbcounter [-] [60537] Writing DB stats nova_cell1:SELECT=1 {{(pid=60537) stat_writer /opt/stack/data/venv/lib/python3.10/site-packages/dbcounter.py:115}}
Feb 27 01:56:01 devstack devstack@n-api.service[60537]: DEBUG dbcounter [-] [60537] Writing DB stats nova_cell0:SELECT=1 {{(pid=60537) stat_writer /opt/stack/data/venv/lib/python3.10/site-packages/dbcounter.py:115}}
Feb 27 01:57:35 devstack devstack@n-api.service[60538]: DEBUG nova.api.openstack.wsgi [None req-2ee35597-6459-49ab-87e0-a612f3cde91b None None] Calling method '>' {{(pid=60538) _process_stack /opt/stack/nova/nova/api/openstack/wsgi.py:551}}
Feb 27 01:57:35 devstack devstack@n-api.service[60538]: INFO nova.api.openstack.requestlog [None req-2ee35597-6459-49ab-87e0-a612f3cde91b None None] 192.168.122.23 "GET /compute/v2.1" status: 200 len: 392 microversion: 2.1 time: 0.005161
Feb 27 01:57:35 devstack devstack@n-api.service[60538]: [pid: 60538|app: 0|req: 1/2] 192.168.122.23 () {58 vars in 1028 bytes} [Fri Feb 27 01:57:35 2026] GET /compute/v2.1 => generated 392 bytes in 8 msecs (HTTP/1.1 200) 9 headers in 357 bytes (1 switches on core 0)
Feb 27 01:57:35 devstack devstack@n-api.service[60537]: DEBUG nova.api.openstack.wsgi [None req-87b73060-701b-4fe2-a2d1-91bd48e30fc7 admin admin] Calling method '>' {{(pid=60537) _process_stack /opt/stack/nova/nova/api/openstack/wsgi.py:551}}
Feb 27 01:57:36 devstack devstack@n-api.service[60537]: INFO nova.api.openstack.requestlog [None req-87b73060-701b-4fe2-a2d1-91bd48e30fc7 admin admin] 192.168.122.23 "GET /compute/v2.1/flavors/detail?is_public=True" status: 200 len: 15 microversion: 2.61 time: 0.328303
Feb 27 01:57:36 devstack devstack@n-api.service[60537]: [pid: 60537|app: 0|req: 2/3] 192.168.122.23 () {64 vars in 1389 bytes} [Fri Feb 27 01:57:35 2026] GET /compute/v2.1/flavors/detail?is_public=True => generated 15 bytes in 330 msecs (HTTP/1.1 200) 9 headers in 358 bytes (1 switches on core 0)
Feb 27 01:57:38 devstack devstack@n-api.service[60538]: DEBUG nova.api.openstack.wsgi [None req-2ee35597-6459-49ab-87e0-a612f3cde91b None None] Calling method '>' {{(pid=60538) _process_stack /opt/stack/nova/nova/api/openstack/wsgi.py:551}}
Feb 27 01:57:38 devstack devstack@n-api.service[60538]: INFO nova.api.openstack.requestlog [None req-2ee35597-6459-49ab-87e0-a612f3cde91b None None] 192.168.122.23 "GET /compute/v2.1" status: 200 len: 392 microversion: 2.1 time: 0.005351
Feb 27 01:57:38 devstack devstack@n-api.service[60538]: [pid: 60538|app: 0|req: 2/4] 192.168.122.23 () {58 vars in 1028 bytes} [Fri Feb 27 01:57:38 2026] GET /compute/v2.1 => generated 392 bytes in 7 msecs (HTTP/1.1 200) 9 headers in 357 bytes (1 switches on core 0)
Feb 27 01:57:38 devstack devstack@n-api.service[60537]: DEBUG nova.api.openstack.wsgi [None req-b477da75-3d4a-40fc-b4e6-9a0269d8998f admin admin] Action: 'create', calling method: >, body: {"flavor": {"disk": 1, "vcpus": 1, "name": "cirros256", "ram": 256, "os-flavor-access:is_public": true, "rxtx_factor": 1.0, "swap": 0, "OS-FLV-EXT-DATA:ephemeral": 0, "id": "c1"}} {{(pid=60537) _process_stack /opt/stack/nova/nova/api/openstack/wsgi.py:549}}
Feb 27 01:57:38 devstack devstack@n-api.service[60537]: INFO nova.api.openstack.requestlog [None req-b477da75-3d4a-40fc-b4e6-9a0269d8998f admin admin] 192.168.122.23 "POST /compute/v2.1/flavors" status: 200 len: 413 microversion: 2.61 time: 0.105844
Feb 27 01:57:38 devstack devstack@n-api.service[60537]: [pid: 60537|app: 0|req: 3/5] 192.168.122.23 () {68 vars in 1380 bytes} [Fri Feb 27 01:57:38 2026] POST /compute/v2.1/flavors => generated 413 bytes in 107 msecs (HTTP/1.1 200) 9 headers in 359 bytes (1 switches on core 0)
Feb 27 01:57:38 devstack devstack@n-api.service[60538]: DEBUG nova.api.openstack.wsgi [None req-cd125dfc-594d-493a-82e6-fdf11c612999 admin admin] Action: 'create', calling method: >, body: {"extra_specs": {"hw_rng:allowed": "True"}} {{(pid=60538) _process_stack /opt/stack/nova/nova/api/openstack/wsgi.py:549}}
Feb 27 01:57:38 devstack devstack@n-api.service[60538]: INFO nova.api.openstack.requestlog [None req-cd125dfc-594d-493a-82e6-fdf11c612999 admin admin] 192.168.122.23 "POST /compute/v2.1/flavors/c1/os-extra_specs" status: 200 len: 43 microversion: 2.61 time: 0.245241
Feb 27 01:57:38 devstack devstack@n-api.service[60538]: [pid: 60538|app: 0|req: 3/6] 192.168.122.23 () {68 vars in 1433 bytes} [Fri Feb 27 01:57:38 2026] POST /compute/v2.1/flavors/c1/os-extra_specs => generated 43 bytes in 247 msecs (HTTP/1.1 200) 9 headers in 358 bytes (1 switches on core 0)
Feb 27 01:57:40 devstack devstack@n-api.service[60537]: DEBUG nova.api.openstack.wsgi [None req-b477da75-3d4a-40fc-b4e6-9a0269d8998f admin admin] Calling method '>' {{(pid=60537) _process_stack /opt/stack/nova/nova/api/openstack/wsgi.py:551}}
Feb 27 01:57:40 devstack devstack@n-api.service[60537]: INFO nova.api.openstack.requestlog [None req-b477da75-3d4a-40fc-b4e6-9a0269d8998f admin admin] 192.168.122.23 "GET /compute/v2.1" status: 200 len: 392 microversion: 2.1 time: 0.004965
Feb 27 01:57:40 devstack devstack@n-api.service[60537]: [pid: 60537|app: 0|req: 4/7] 192.168.122.23 () {58 vars in 1028 bytes} [Fri Feb 27 01:57:40 2026] GET /compute/v2.1 => generated 392 bytes in 11 msecs (HTTP/1.1 200) 9 headers in 357 bytes (1 switches on core 0)
Feb 27 01:57:40 devstack devstack@n-api.service[60538]: DEBUG nova.api.openstack.wsgi [None req-37d33056-13eb-4885-bf86-eaf9cdba0da6 admin admin] Action: 'create', calling method: >, body: {"flavor": {"vcpus": 1, "id": "d1", "name": "ds512M", "OS-FLV-EXT-DATA:ephemeral": 0, "os-flavor-access:is_public": true, "disk": 5, "swap": 0, "rxtx_factor": 1.0, "ram": 512}} {{(pid=60538) _process_stack /opt/stack/nova/nova/api/openstack/wsgi.py:549}}
Feb 27 01:57:40 devstack devstack@n-api.service[60538]: INFO nova.api.openstack.requestlog [None req-37d33056-13eb-4885-bf86-eaf9cdba0da6 admin admin] 192.168.122.23 "POST /compute/v2.1/flavors" status: 200 len: 410 microversion: 2.61 time: 0.273962
Feb 27 01:57:40 devstack devstack@n-api.service[60538]: [pid: 60538|app: 0|req: 4/8] 192.168.122.23 () {68 vars in 1380 bytes} [Fri Feb 27 01:57:40 2026] POST /compute/v2.1/flavors => generated 410 bytes in 283 msecs (HTTP/1.1 200) 9 headers in 359 bytes (1 switches on core 0)
Feb 27 01:57:40 devstack devstack@n-api.service[60537]: DEBUG nova.api.openstack.wsgi [None req-44b3d479-4618-4c56-8685-c3fc49d7e48b admin admin] Action: 'create', calling method: >, body: {"extra_specs": {"hw_rng:allowed": "True"}} {{(pid=60537) _process_stack /opt/stack/nova/nova/api/openstack/wsgi.py:549}}
Feb 27 01:57:40 devstack devstack@n-api.service[60537]: INFO nova.api.openstack.requestlog [None req-44b3d479-4618-4c56-8685-c3fc49d7e48b admin admin] 192.168.122.23 "POST /compute/v2.1/flavors/d1/os-extra_specs" status: 200 len: 43 microversion: 2.61 time: 0.077224
Feb 27 01:57:40 devstack devstack@n-api.service[60537]: [pid: 60537|app: 0|req: 5/9] 192.168.122.23 () {68 vars in 1433 bytes} [Fri Feb 27 01:57:40 2026] POST /compute/v2.1/flavors/d1/os-extra_specs => generated 43 bytes in 80 msecs (HTTP/1.1 200) 9 headers in 358 bytes (1 switches on core 0)
Feb 27 01:57:42 devstack devstack@n-api.service[60538]: DEBUG nova.api.openstack.wsgi [None req-37d33056-13eb-4885-bf86-eaf9cdba0da6 admin admin] Calling method '>' {{(pid=60538) _process_stack /opt/stack/nova/nova/api/openstack/wsgi.py:551}}
Feb 27 01:57:42 devstack devstack@n-api.service[60538]: INFO nova.api.openstack.requestlog [None req-37d33056-13eb-4885-bf86-eaf9cdba0da6 admin admin] 192.168.122.23 "GET /compute/v2.1" status: 200 len: 392 microversion: 2.1 time: 0.005361
Feb 27 01:57:42 devstack devstack@n-api.service[60538]: [pid: 60538|app: 0|req: 5/10] 192.168.122.23 () {58 vars in 1028 bytes} [Fri Feb 27 01:57:42 2026] GET /compute/v2.1 => generated 392 bytes in 18 msecs (HTTP/1.1 200) 9 headers in 357 bytes (1 switches on core 0)
Feb 27 01:57:42 devstack devstack@n-api.service[60537]: DEBUG nova.api.openstack.wsgi [None req-89b28cfb-9dd5-445c-8c7d-2050f11d22bb admin admin] Action: 'create', calling method: >, body: {"flavor": {"name": "ds1G", "os-flavor-access:is_public": true, "rxtx_factor": 1.0, "OS-FLV-EXT-DATA:ephemeral": 0, "vcpus": 1, "ram": 1024, "swap": 0, "id": "d2", "disk": 10}} {{(pid=60537) _process_stack /opt/stack/nova/nova/api/openstack/wsgi.py:549}}
Feb 27 01:57:42 devstack devstack@n-api.service[60537]: INFO nova.api.openstack.requestlog [None req-89b28cfb-9dd5-445c-8c7d-2050f11d22bb admin admin] 192.168.122.23 "POST /compute/v2.1/flavors" status: 200 len: 410 microversion: 2.61 time: 0.060497
Feb 27 01:57:42 devstack devstack@n-api.service[60537]: [pid: 60537|app: 0|req: 6/11] 192.168.122.23 () {68 vars in 1380 bytes} [Fri Feb 27 01:57:42 2026] POST /compute/v2.1/flavors => generated 410 bytes in 61 msecs (HTTP/1.1 200) 9 headers in 359 bytes (1 switches on core 0)
Feb 27 01:57:42 devstack devstack@n-api.service[60538]: DEBUG nova.api.openstack.wsgi [None req-77189699-a52a-4cc4-8c5f-552d5c554628 admin admin] Action: 'create', calling method: >, body: {"extra_specs": {"hw_rng:allowed": "True"}} {{(pid=60538) _process_stack /opt/stack/nova/nova/api/openstack/wsgi.py:549}}
Feb 27 01:57:42 devstack devstack@n-api.service[60538]: INFO nova.api.openstack.requestlog [None req-77189699-a52a-4cc4-8c5f-552d5c554628 admin admin] 192.168.122.23 "POST /compute/v2.1/flavors/d2/os-extra_specs" status: 200 len: 43 microversion: 2.61 time: 0.030162
Feb 27 01:57:42 devstack devstack@n-api.service[60538]: [pid: 60538|app: 0|req: 6/12] 192.168.122.23 () {68 vars in 1433 bytes} [Fri Feb 27 01:57:42 2026] POST /compute/v2.1/flavors/d2/os-extra_specs => generated 43 bytes in 32 msecs (HTTP/1.1 200) 9 headers in 358 bytes (1 switches on core 0)
Feb 27 01:57:44 devstack devstack@n-api.service[60537]: DEBUG nova.api.openstack.wsgi [None req-89b28cfb-9dd5-445c-8c7d-2050f11d22bb admin admin] Calling method '>' {{(pid=60537) _process_stack /opt/stack/nova/nova/api/openstack/wsgi.py:551}}
Feb 27 01:57:44 devstack devstack@n-api.service[60537]: INFO nova.api.openstack.requestlog [None req-89b28cfb-9dd5-445c-8c7d-2050f11d22bb admin admin] 192.168.122.23 "GET /compute/v2.1" status: 200 len: 392 microversion: 2.1 time: 0.005152
Feb 27 01:57:44 devstack devstack@n-api.service[60537]: [pid: 60537|app: 0|req: 7/13] 192.168.122.23 () {58 vars in 1028 bytes} [Fri Feb 27 01:57:44 2026] GET /compute/v2.1 => generated 392 bytes in 6 msecs (HTTP/1.1 200) 9 headers in 357 bytes (1 switches on core 0)
Feb 27 01:57:44 devstack devstack@n-api.service[60538]: DEBUG nova.api.openstack.wsgi [None req-ddc2bee5-56a1-4152-909a-5632acd595cb admin admin] Action: 'create', calling method: >, body: {"flavor": {"name": "ds2G", "ram": 2048, "OS-FLV-EXT-DATA:ephemeral": 0, "vcpus": 2, "swap": 0, "disk": 10, "os-flavor-access:is_public": true, "id": "d3", "rxtx_factor": 1.0}} {{(pid=60538) _process_stack /opt/stack/nova/nova/api/openstack/wsgi.py:549}}
Feb 27 01:57:44 devstack devstack@n-api.service[60538]: INFO nova.api.openstack.requestlog [None req-ddc2bee5-56a1-4152-909a-5632acd595cb admin admin] 192.168.122.23 "POST /compute/v2.1/flavors" status: 200 len: 410 microversion: 2.61 time: 0.057775
Feb 27 01:57:44 devstack devstack@n-api.service[60538]: [pid: 60538|app: 0|req: 7/14] 192.168.122.23 () {68 vars in 1380 bytes} [Fri Feb 27 01:57:44 2026] POST /compute/v2.1/flavors => generated 410 bytes in 59 msecs (HTTP/1.1 200) 9 headers in 359 bytes (1 switches on core 0)
Feb 27 01:57:44 devstack devstack@n-api.service[60537]: DEBUG nova.api.openstack.wsgi [None req-a12b31d9-dfc9-4a8f-8fa7-51e18dceb255 admin admin] Action: 'create', calling method: >, body: {"extra_specs": {"hw_rng:allowed": "True"}} {{(pid=60537) _process_stack /opt/stack/nova/nova/api/openstack/wsgi.py:549}}
Feb 27 01:57:44 devstack devstack@n-api.service[60537]: INFO nova.api.openstack.requestlog [None req-a12b31d9-dfc9-4a8f-8fa7-51e18dceb255 admin admin] 192.168.122.23 "POST /compute/v2.1/flavors/d3/os-extra_specs" status: 200 len: 43 microversion: 2.61 time: 0.028699
Feb 27 01:57:44 devstack devstack@n-api.service[60537]: [pid: 60537|app: 0|req: 8/15] 192.168.122.23 () {68 vars in 1433 bytes} [Fri Feb 27 01:57:44 2026] POST /compute/v2.1/flavors/d3/os-extra_specs => generated 43 bytes in 30 msecs (HTTP/1.1 200) 9 headers in 358 bytes (1 switches on core 0)
Feb 27 01:57:46 devstack devstack@n-api.service[60538]: DEBUG nova.api.openstack.wsgi [None req-ddc2bee5-56a1-4152-909a-5632acd595cb admin admin] Calling method '>' {{(pid=60538) _process_stack /opt/stack/nova/nova/api/openstack/wsgi.py:551}}
Feb 27 01:57:46 devstack devstack@n-api.service[60538]: INFO nova.api.openstack.requestlog [None req-ddc2bee5-56a1-4152-909a-5632acd595cb admin admin] 192.168.122.23 "GET /compute/v2.1" status: 200 len: 392 microversion: 2.1 time: 0.004886
Feb 27 01:57:46 devstack devstack@n-api.service[60538]: [pid: 60538|app: 0|req: 8/16] 192.168.122.23 () {58 vars in 1028 bytes} [Fri Feb 27 01:57:46 2026] GET /compute/v2.1 => generated 392 bytes in 8 msecs (HTTP/1.1 200) 9 headers in 357 bytes (1 switches on core 0)
Feb 27 01:57:46 devstack devstack@n-api.service[60537]: DEBUG nova.api.openstack.wsgi [None req-57d3f489-55b3-45c1-b56b-869b9283b2ab admin admin] Action: 'create', calling method: >, body: {"flavor": {"vcpus": 4, "swap": 0, "ram": 4096, "disk": 20, "name": "ds4G", "OS-FLV-EXT-DATA:ephemeral": 0, "os-flavor-access:is_public": true, "rxtx_factor": 1.0, "id": "d4"}} {{(pid=60537) _process_stack /opt/stack/nova/nova/api/openstack/wsgi.py:549}}
Feb 27 01:57:46 devstack devstack@n-api.service[60537]: INFO nova.api.openstack.requestlog [None req-57d3f489-55b3-45c1-b56b-869b9283b2ab admin admin] 192.168.122.23 "POST /compute/v2.1/flavors" status: 200 len: 410 microversion: 2.61 time: 0.058758
Feb 27 01:57:46 devstack devstack@n-api.service[60537]: [pid: 60537|app: 0|req: 9/17] 192.168.122.23 () {68 vars in 1380 bytes} [Fri Feb 27 01:57:46 2026] POST /compute/v2.1/flavors => generated 410 bytes in 60 msecs (HTTP/1.1 200) 9 headers in 359 bytes (1 switches on core 0)
Feb 27 01:57:46 devstack devstack@n-api.service[60538]: DEBUG nova.api.openstack.wsgi [None req-f46de492-45c8-4ecf-b5f7-504dc1b69bfb admin admin] Action: 'create', calling method: >, body: {"extra_specs": {"hw_rng:allowed": "True"}} {{(pid=60538) _process_stack /opt/stack/nova/nova/api/openstack/wsgi.py:549}}
Feb 27 01:57:46 devstack devstack@n-api.service[60538]: INFO nova.api.openstack.requestlog [None req-f46de492-45c8-4ecf-b5f7-504dc1b69bfb admin admin] 192.168.122.23 "POST /compute/v2.1/flavors/d4/os-extra_specs" status: 200 len: 43 microversion: 2.61 time: 0.036355
Feb 27 01:57:46 devstack devstack@n-api.service[60538]: [pid: 60538|app: 0|req: 9/18] 192.168.122.23 () {68 vars in 1433 bytes} [Fri Feb 27 01:57:46 2026] POST /compute/v2.1/flavors/d4/os-extra_specs => generated 43 bytes in 38 msecs (HTTP/1.1 200) 9 headers in 358 bytes (1 switches on core 0)
Feb 27 01:57:48 devstack devstack@n-api.service[60537]: DEBUG nova.api.openstack.wsgi [None req-57d3f489-55b3-45c1-b56b-869b9283b2ab admin admin] Calling method '>' {{(pid=60537) _process_stack /opt/stack/nova/nova/api/openstack/wsgi.py:551}}
Feb 27 01:57:48 devstack devstack@n-api.service[60537]: INFO nova.api.openstack.requestlog [None req-57d3f489-55b3-45c1-b56b-869b9283b2ab admin admin] 192.168.122.23 "GET /compute/v2.1" status: 200 len: 392 microversion: 2.1 time: 0.004707
Feb 27 01:57:48 devstack devstack@n-api.service[60537]: [pid: 60537|app: 0|req: 10/19] 192.168.122.23 () {58 vars in 1028 bytes} [Fri Feb 27 01:57:48 2026] GET /compute/v2.1 => generated 392 bytes in 6 msecs (HTTP/1.1 200) 9 headers in 357 bytes (1 switches on core 0)
Feb 27 01:57:48 devstack devstack@n-api.service[60538]: DEBUG nova.api.openstack.wsgi [None req-fadd8c89-3586-422b-933d-4f6aed0eb1d7 admin admin] Calling method '>' {{(pid=60538) _process_stack /opt/stack/nova/nova/api/openstack/wsgi.py:551}}
Feb 27 01:57:48 devstack devstack@n-api.service[60538]: INFO nova.api.openstack.requestlog [None req-fadd8c89-3586-422b-933d-4f6aed0eb1d7 admin admin] 192.168.122.23 "GET /compute/v2.1/flavors/detail?is_public=True" status: 200 len: 2136 microversion: 2.61 time: 0.152478
Feb 27 01:57:48 devstack devstack@n-api.service[60538]: [pid: 60538|app: 0|req: 10/20] 192.168.122.23 () {64 vars in 1389 bytes} [Fri Feb 27 01:57:48 2026] GET /compute/v2.1/flavors/detail?is_public=True => generated 2136 bytes in 154 msecs (HTTP/1.1 200) 9 headers in 360 bytes (1 switches on core 0)
Feb 27 01:57:50 devstack devstack@n-api.service[60537]: DEBUG nova.api.openstack.wsgi [None req-57d3f489-55b3-45c1-b56b-869b9283b2ab admin admin] Calling method '>' {{(pid=60537) _process_stack /opt/stack/nova/nova/api/openstack/wsgi.py:551}}
Feb 27 01:57:50 devstack devstack@n-api.service[60537]: INFO nova.api.openstack.requestlog [None req-57d3f489-55b3-45c1-b56b-869b9283b2ab admin admin] 192.168.122.23 "GET /compute/v2.1" status: 200 len: 392 microversion: 2.1 time: 0.007197
Feb 27 01:57:50 devstack devstack@n-api.service[60537]: [pid: 60537|app: 0|req: 11/21] 192.168.122.23 () {58 vars in 1028 bytes} [Fri Feb 27 01:57:50 2026] GET /compute/v2.1 => generated 392 bytes in 9 msecs (HTTP/1.1 200) 9 headers in 357 bytes (1 switches on core 0)
Feb 27 01:57:50 devstack devstack@n-api.service[60538]: DEBUG nova.api.openstack.wsgi [None req-7600ae75-053a-4b8c-8996-7f486b6a6ae7 admin admin] Action: 'create', calling method: >, body: {"flavor": {"ram": 512, "disk": 1, "os-flavor-access:is_public": true, "vcpus": 1, "swap": 0, "rxtx_factor": 1.0, "OS-FLV-EXT-DATA:ephemeral": 0, "name": "m1.tiny", "id": "1"}} {{(pid=60538) _process_stack /opt/stack/nova/nova/api/openstack/wsgi.py:549}}
Feb 27 01:57:50 devstack devstack@n-api.service[60538]: INFO nova.api.openstack.requestlog [None req-7600ae75-053a-4b8c-8996-7f486b6a6ae7 admin admin] 192.168.122.23 "POST /compute/v2.1/flavors" status: 200 len: 408 microversion: 2.61 time: 0.064476
Feb 27 01:57:50 devstack devstack@n-api.service[60538]: [pid: 60538|app: 0|req: 11/22] 192.168.122.23 () {68 vars in 1380 bytes} [Fri Feb 27 01:57:50 2026] POST /compute/v2.1/flavors => generated 408 bytes in 66 msecs (HTTP/1.1 200) 9 headers in 359 bytes (1 switches on core 0)
Feb 27 01:57:50 devstack devstack@n-api.service[60537]: DEBUG nova.api.openstack.wsgi [None req-91b66974-57ec-41af-b632-d1ad27261e8e admin admin] Action: 'create', calling method: >, body: {"extra_specs": {"hw_rng:allowed": "True"}} {{(pid=60537) _process_stack /opt/stack/nova/nova/api/openstack/wsgi.py:549}}
Feb 27 01:57:50 devstack devstack@n-api.service[60537]: INFO nova.api.openstack.requestlog [None req-91b66974-57ec-41af-b632-d1ad27261e8e admin admin] 192.168.122.23 "POST /compute/v2.1/flavors/1/os-extra_specs" status: 200 len: 43 microversion: 2.61 time: 0.029040
Feb 27 01:57:50 devstack devstack@n-api.service[60537]: [pid: 60537|app: 0|req: 12/23] 192.168.122.23 () {68 vars in 1430 bytes} [Fri Feb 27 01:57:50 2026] POST /compute/v2.1/flavors/1/os-extra_specs => generated 43 bytes in 31 msecs (HTTP/1.1 200) 9 headers in 358 bytes (1 switches on core 0)
Feb 27 01:57:52 devstack devstack@n-api.service[60538]: DEBUG nova.api.openstack.wsgi [None req-7600ae75-053a-4b8c-8996-7f486b6a6ae7 admin admin] Calling method '>' {{(pid=60538) _process_stack /opt/stack/nova/nova/api/openstack/wsgi.py:551}}
Feb 27 01:57:52 devstack devstack@n-api.service[60538]: INFO nova.api.openstack.requestlog [None req-7600ae75-053a-4b8c-8996-7f486b6a6ae7 admin admin] 192.168.122.23 "GET /compute/v2.1" status: 200 len: 392 microversion: 2.1 time: 0.006394
Feb 27 01:57:52 devstack devstack@n-api.service[60538]: [pid: 60538|app: 0|req: 12/24] 192.168.122.23 () {58 vars in 1028 bytes} [Fri Feb 27 01:57:52 2026] GET /compute/v2.1 => generated 392 bytes in 7 msecs (HTTP/1.1 200) 9 headers in 357 bytes (1 switches on core 0)
Feb 27 01:57:52 devstack devstack@n-api.service[60537]: DEBUG nova.api.openstack.wsgi [None req-bd4950a8-fc2b-410b-aaec-2c361e4ab517 admin admin] Action: 'create', calling method: >, body: {"flavor": {"name": "m1.small", "os-flavor-access:is_public": true, "OS-FLV-EXT-DATA:ephemeral": 0, "id": "2", "swap": 0, "ram": 2048, "rxtx_factor": 1.0, "vcpus": 1, "disk": 20}} {{(pid=60537) _process_stack /opt/stack/nova/nova/api/openstack/wsgi.py:549}}
Feb 27 01:57:52 devstack devstack@n-api.service[60537]: INFO nova.api.openstack.requestlog [None req-bd4950a8-fc2b-410b-aaec-2c361e4ab517 admin admin] 192.168.122.23 "POST /compute/v2.1/flavors" status: 200 len: 411 microversion: 2.61 time: 0.060986
Feb 27 01:57:52 devstack devstack@n-api.service[60537]: [pid: 60537|app: 0|req: 13/25] 192.168.122.23 () {68 vars in 1380 bytes} [Fri Feb 27 01:57:52 2026] POST /compute/v2.1/flavors => generated 411 bytes in 62 msecs (HTTP/1.1 200) 9 headers in 359 bytes (1 switches on core 0)
Feb 27 01:57:52 devstack devstack@n-api.service[60538]: DEBUG nova.api.openstack.wsgi [None req-9f5c8712-49d5-4274-a8e4-1078be5185ec admin admin] Action: 'create', calling method: >, body: {"extra_specs": {"hw_rng:allowed": "True"}} {{(pid=60538) _process_stack /opt/stack/nova/nova/api/openstack/wsgi.py:549}}
Feb 27 01:57:52 devstack devstack@n-api.service[60538]: INFO nova.api.openstack.requestlog [None req-9f5c8712-49d5-4274-a8e4-1078be5185ec admin admin] 192.168.122.23 "POST /compute/v2.1/flavors/2/os-extra_specs" status: 200 len: 43 microversion: 2.61 time: 0.034044
Feb 27 01:57:52 devstack devstack@n-api.service[60538]: [pid: 60538|app: 0|req: 13/26] 192.168.122.23 () {68 vars in 1430 bytes} [Fri Feb 27 01:57:52 2026] POST /compute/v2.1/flavors/2/os-extra_specs => generated 43 bytes in 35 msecs (HTTP/1.1 200) 9 headers in 358 bytes (1 switches on core 0)
Feb 27 01:57:54 devstack devstack@n-api.service[60537]: DEBUG nova.api.openstack.wsgi [None req-bd4950a8-fc2b-410b-aaec-2c361e4ab517 admin admin] Calling method '>' {{(pid=60537) _process_stack /opt/stack/nova/nova/api/openstack/wsgi.py:551}}
Feb 27 01:57:54 devstack devstack@n-api.service[60537]: INFO nova.api.openstack.requestlog [None req-bd4950a8-fc2b-410b-aaec-2c361e4ab517 admin admin] 192.168.122.23 "GET /compute/v2.1" status: 200 len: 392 microversion: 2.1 time: 0.005568
Feb 27 01:57:54 devstack devstack@n-api.service[60537]: [pid: 60537|app: 0|req: 14/27] 192.168.122.23 () {58 vars in 1028 bytes} [Fri Feb 27 01:57:54 2026] GET /compute/v2.1 => generated 392 bytes in 6 msecs (HTTP/1.1 200) 9 headers in 357 bytes (1 switches on core 0)
