Aug 21 18:11:38 devstack devstack@c-api.service[94029]: DEBUG cinder.api.middleware.request_id [None req-e629fcc7-25a4-43d9-8d5f-241d91b5ca94 None None] RequestId filter calling following filter/app {{(pid=94029) _context_setter /opt/stack/cinder/cinder/api/middleware/request_id.py:62}}
Aug 21 18:11:39 devstack devstack@c-api.service[94030]: DEBUG cinder.api.middleware.request_id [req-f75b3a64-dc7a-4525-affd-562295ab6884 req-98f2e7b5-0b85-484a-bd88-c456c3a9861c None None] RequestId filter calling following filter/app {{(pid=94030) _context_setter /opt/stack/cinder/cinder/api/middleware/request_id.py:62}}
Aug 21 18:11:39 devstack devstack@c-api.service[94029]: INFO cinder.api.openstack.wsgi [None req-e629fcc7-25a4-43d9-8d5f-241d91b5ca94 tempest-VolumeServicesNegativeTest-1872616086 tempest-VolumeServicesNegativeTest-1872616086-project-admin] GET http://192.168.122.183/volume/v3/os-services
Aug 21 18:11:39 devstack devstack@c-api.service[94029]: DEBUG cinder.api.openstack.wsgi [None req-e629fcc7-25a4-43d9-8d5f-241d91b5ca94 tempest-VolumeServicesNegativeTest-1872616086 tempest-VolumeServicesNegativeTest-1872616086-project-admin] Empty body provided in request {{(pid=94029) get_body /opt/stack/cinder/cinder/api/openstack/wsgi.py:725}}
Aug 21 18:11:39 devstack devstack@c-api.service[94029]: DEBUG cinder.api.openstack.wsgi [None req-e629fcc7-25a4-43d9-8d5f-241d91b5ca94 tempest-VolumeServicesNegativeTest-1872616086 tempest-VolumeServicesNegativeTest-1872616086-project-admin] Calling method 'index' {{(pid=94029) _process_stack /opt/stack/cinder/cinder/api/openstack/wsgi.py:878}}
Aug 21 18:11:39 devstack devstack@c-api.service[94030]: INFO cinder.api.openstack.wsgi [req-f75b3a64-dc7a-4525-affd-562295ab6884 req-98f2e7b5-0b85-484a-bd88-c456c3a9861c tempest-AttachVolumeTestJSON-1534898979 tempest-AttachVolumeTestJSON-1534898979-project-member] GET http://192.168.122.183/volume/v3/volumes/c59206f6-8dd5-4400-9e91-247453989416
Aug 21 18:11:39 devstack devstack@c-api.service[94030]: DEBUG cinder.api.openstack.wsgi [req-f75b3a64-dc7a-4525-affd-562295ab6884 req-98f2e7b5-0b85-484a-bd88-c456c3a9861c tempest-AttachVolumeTestJSON-1534898979 tempest-AttachVolumeTestJSON-1534898979-project-member] Empty body provided in request {{(pid=94030) get_body /opt/stack/cinder/cinder/api/openstack/wsgi.py:725}}
Aug 21 18:11:39 devstack devstack@c-api.service[94030]: DEBUG cinder.api.openstack.wsgi [req-f75b3a64-dc7a-4525-affd-562295ab6884 req-98f2e7b5-0b85-484a-bd88-c456c3a9861c tempest-AttachVolumeTestJSON-1534898979 tempest-AttachVolumeTestJSON-1534898979-project-member] Calling method 'show' {{(pid=94030) _process_stack /opt/stack/cinder/cinder/api/openstack/wsgi.py:878}}
Aug 21 18:11:39 devstack devstack@c-api.service[94029]: INFO cinder.api.openstack.wsgi [None req-e629fcc7-25a4-43d9-8d5f-241d91b5ca94 tempest-VolumeServicesNegativeTest-1872616086 tempest-VolumeServicesNegativeTest-1872616086-project-admin] http://192.168.122.183/volume/v3/os-services returned with HTTP 200
Aug 21 18:11:39 devstack devstack@c-api.service[94029]: [pid: 94029|app: 0|req: 183/368] 192.168.122.183 () {58 vars in 1133 bytes} [Fri Aug 21 18:11:38 2026] GET /volume/v3/os-services => generated 705 bytes in 353 msecs (HTTP/1.1 200) 7 headers in 285 bytes (1 switches on core 0)
Aug 21 18:11:39 devstack devstack@c-api.service[94030]: /opt/stack/data/venv/lib/python3.12/site-packages/oslo_context/context.py:102: DeprecationWarning: Policy enforcement is depending on the value of is_admin. This key is deprecated. Please update your policy file to use the standard policy values.
Aug 21 18:11:39 devstack devstack@c-api.service[94030]: warnings.warn(
Aug 21 18:11:39 devstack devstack@c-api.service[94029]: DEBUG cinder.api.middleware.request_id [None req-24c841fe-b4f8-4b80-9dab-fb053f274485 None None] RequestId filter calling following filter/app {{(pid=94029) _context_setter /opt/stack/cinder/cinder/api/middleware/request_id.py:62}}
Aug 21 18:11:39 devstack devstack@c-api.service[94029]: INFO cinder.api.openstack.wsgi [None req-24c841fe-b4f8-4b80-9dab-fb053f274485 tempest-VolumeServicesNegativeTest-1872616086 tempest-VolumeServicesNegativeTest-1872616086-project-admin] PUT http://192.168.122.183/volume/v3/os-services/disable-log-reason
Aug 21 18:11:39 devstack devstack@c-api.service[94029]: DEBUG cinder.api.openstack.wsgi [None req-24c841fe-b4f8-4b80-9dab-fb053f274485 tempest-VolumeServicesNegativeTest-1872616086 tempest-VolumeServicesNegativeTest-1872616086-project-admin] Action: 'disable_log_reason', calling method: disable_log_reason, body: {"host": "devstack", "binary": "cinder-scheduler", "disabled_reason": null} {{(pid=94029) _process_stack /opt/stack/cinder/cinder/api/openstack/wsgi.py:876}}
Aug 21 18:11:39 devstack devstack@c-api.service[94029]: INFO cinder.api.openstack.wsgi [None req-24c841fe-b4f8-4b80-9dab-fb053f274485 tempest-VolumeServicesNegativeTest-1872616086 tempest-VolumeServicesNegativeTest-1872616086-project-admin] http://192.168.122.183/volume/v3/os-services/disable-log-reason returned with HTTP 400
Aug 21 18:11:39 devstack devstack@c-api.service[94029]: [pid: 94029|app: 0|req: 184/369] 192.168.122.183 () {60 vars in 1210 bytes} [Fri Aug 21 18:11:39 2026] PUT /volume/v3/os-services/disable-log-reason => generated 136 bytes in 14 msecs (HTTP/1.1 400) 7 headers in 294 bytes (1 switches on core 0)
Aug 21 18:11:39 devstack devstack@c-api.service[94029]: DEBUG cinder.api.middleware.request_id [None req-339df63a-2518-4066-80b7-9463e109a57c None None] RequestId filter calling following filter/app {{(pid=94029) _context_setter /opt/stack/cinder/cinder/api/middleware/request_id.py:62}}
Aug 21 18:11:39 devstack devstack@c-api.service[94030]: INFO cinder.volume.api [req-f75b3a64-dc7a-4525-affd-562295ab6884 req-98f2e7b5-0b85-484a-bd88-c456c3a9861c tempest-AttachVolumeTestJSON-1534898979 tempest-AttachVolumeTestJSON-1534898979-project-member] Volume info retrieved successfully.
Aug 21 18:11:39 devstack devstack@c-api.service[94029]: INFO cinder.api.openstack.wsgi [None req-339df63a-2518-4066-80b7-9463e109a57c tempest-VolumeServicesNegativeTest-1872616086 tempest-VolumeServicesNegativeTest-1872616086-project-admin] PUT http://192.168.122.183/volume/v3/os-services/disable
Aug 21 18:11:39 devstack devstack@c-api.service[94029]: DEBUG cinder.api.openstack.wsgi [None req-339df63a-2518-4066-80b7-9463e109a57c tempest-VolumeServicesNegativeTest-1872616086 tempest-VolumeServicesNegativeTest-1872616086-project-admin] Action: 'disable', calling method: disable, body: {"host": "devstack", "binary": "invalid_binary"} {{(pid=94029) _process_stack /opt/stack/cinder/cinder/api/openstack/wsgi.py:876}}
Aug 21 18:11:39 devstack devstack@c-api.service[94030]: INFO cinder.api.openstack.wsgi [req-f75b3a64-dc7a-4525-affd-562295ab6884 req-98f2e7b5-0b85-484a-bd88-c456c3a9861c tempest-AttachVolumeTestJSON-1534898979 tempest-AttachVolumeTestJSON-1534898979-project-member] http://192.168.122.183/volume/v3/volumes/c59206f6-8dd5-4400-9e91-247453989416 returned with HTTP 200
Aug 21 18:11:39 devstack devstack@c-api.service[94030]: [pid: 94030|app: 0|req: 186/370] 192.168.122.183 () {60 vars in 1487 bytes} [Fri Aug 21 18:11:39 2026] GET /volume/v3/volumes/c59206f6-8dd5-4400-9e91-247453989416 => generated 1145 bytes in 146 msecs (HTTP/1.1 200) 7 headers in 286 bytes (1 switches on core 0)
Aug 21 18:11:39 devstack devstack@c-api.service[94029]: INFO cinder.api.openstack.wsgi [None req-339df63a-2518-4066-80b7-9463e109a57c tempest-VolumeServicesNegativeTest-1872616086 tempest-VolumeServicesNegativeTest-1872616086-project-admin] http://192.168.122.183/volume/v3/os-services/disable returned with HTTP 404
Aug 21 18:11:39 devstack devstack@c-api.service[94029]: [pid: 94029|app: 0|req: 185/371] 192.168.122.183 () {60 vars in 1177 bytes} [Fri Aug 21 18:11:39 2026] PUT /volume/v3/os-services/disable => generated 105 bytes in 43 msecs (HTTP/1.1 404) 7 headers in 292 bytes (1 switches on core 0)
Aug 21 18:11:39 devstack devstack@c-api.service[94030]: DEBUG cinder.api.middleware.request_id [None req-8922eee7-bdeb-4967-9793-1e763e3d24db None None] RequestId filter calling following filter/app {{(pid=94030) _context_setter /opt/stack/cinder/cinder/api/middleware/request_id.py:62}}
Aug 21 18:11:39 devstack devstack@c-api.service[94030]: INFO cinder.api.openstack.wsgi [None req-8922eee7-bdeb-4967-9793-1e763e3d24db tempest-VolumeServicesNegativeTest-1872616086 tempest-VolumeServicesNegativeTest-1872616086-project-admin] PUT http://192.168.122.183/volume/v3/os-services/enable
Aug 21 18:11:39 devstack devstack@c-api.service[94030]: DEBUG cinder.api.openstack.wsgi [None req-8922eee7-bdeb-4967-9793-1e763e3d24db tempest-VolumeServicesNegativeTest-1872616086 tempest-VolumeServicesNegativeTest-1872616086-project-admin] Action: 'enable', calling method: enable, body: {"host": "invalid_host", "binary": "cinder-scheduler"} {{(pid=94030) _process_stack /opt/stack/cinder/cinder/api/openstack/wsgi.py:876}}
Aug 21 18:11:39 devstack devstack@c-api.service[94030]: INFO cinder.api.openstack.wsgi [None req-8922eee7-bdeb-4967-9793-1e763e3d24db tempest-VolumeServicesNegativeTest-1872616086 tempest-VolumeServicesNegativeTest-1872616086-project-admin] http://192.168.122.183/volume/v3/os-services/enable returned with HTTP 404
Aug 21 18:11:39 devstack devstack@c-api.service[94030]: [pid: 94030|app: 0|req: 187/372] 192.168.122.183 () {60 vars in 1174 bytes} [Fri Aug 21 18:11:39 2026] PUT /volume/v3/os-services/enable => generated 111 bytes in 80 msecs (HTTP/1.1 404) 7 headers in 292 bytes (1 switches on core 0)
Aug 21 18:11:39 devstack devstack@c-api.service[94029]: DEBUG cinder.api.middleware.request_id [None req-f49ae656-1b9a-4953-be8a-e5f86a4e2509 None None] RequestId filter calling following filter/app {{(pid=94029) _context_setter /opt/stack/cinder/cinder/api/middleware/request_id.py:62}}
Aug 21 18:11:39 devstack devstack@c-api.service[94030]: DEBUG cinder.api.middleware.request_id [req-f75b3a64-dc7a-4525-affd-562295ab6884 req-2bda9b24-5695-4dab-a9b7-3ada781a6695 None None] RequestId filter calling following filter/app {{(pid=94030) _context_setter /opt/stack/cinder/cinder/api/middleware/request_id.py:62}}
Aug 21 18:11:39 devstack devstack@c-api.service[94029]: INFO cinder.api.openstack.wsgi [None req-f49ae656-1b9a-4953-be8a-e5f86a4e2509 tempest-VolumeServicesNegativeTest-1872616086 tempest-VolumeServicesNegativeTest-1872616086-project-admin] PUT http://192.168.122.183/volume/v3/os-services/freeze
Aug 21 18:11:39 devstack devstack@c-api.service[94029]: DEBUG cinder.api.openstack.wsgi [None req-f49ae656-1b9a-4953-be8a-e5f86a4e2509 tempest-VolumeServicesNegativeTest-1872616086 tempest-VolumeServicesNegativeTest-1872616086-project-admin] Action: 'freeze', calling method: freeze, body: {"host": "invalid_host"} {{(pid=94029) _process_stack /opt/stack/cinder/cinder/api/openstack/wsgi.py:876}}
Aug 21 18:11:39 devstack devstack@c-api.service[94030]: INFO cinder.api.openstack.wsgi [req-f75b3a64-dc7a-4525-affd-562295ab6884 req-2bda9b24-5695-4dab-a9b7-3ada781a6695 tempest-AttachVolumeTestJSON-1534898979 tempest-AttachVolumeTestJSON-1534898979-project-member] POST http://192.168.122.183/volume/v3/volumes/c59206f6-8dd5-4400-9e91-247453989416/action
Aug 21 18:11:39 devstack devstack@c-api.service[94030]: DEBUG cinder.api.openstack.wsgi [req-f75b3a64-dc7a-4525-affd-562295ab6884 req-2bda9b24-5695-4dab-a9b7-3ada781a6695 tempest-AttachVolumeTestJSON-1534898979 tempest-AttachVolumeTestJSON-1534898979-project-member] Action body: b'{"os-begin_detaching": null}' {{(pid=94030) get_method /opt/stack/cinder/cinder/api/openstack/wsgi.py:993}}
Aug 21 18:11:39 devstack devstack@c-api.service[94030]: DEBUG cinder.api.openstack.wsgi [req-f75b3a64-dc7a-4525-affd-562295ab6884 req-2bda9b24-5695-4dab-a9b7-3ada781a6695 tempest-AttachVolumeTestJSON-1534898979 tempest-AttachVolumeTestJSON-1534898979-project-member] Action: 'action', calling method: _begin_detaching, body: {"os-begin_detaching": null} {{(pid=94030) _process_stack /opt/stack/cinder/cinder/api/openstack/wsgi.py:876}}
Aug 21 18:11:39 devstack devstack@c-api.service[94029]: INFO cinder.api.openstack.wsgi [None req-f49ae656-1b9a-4953-be8a-e5f86a4e2509 tempest-VolumeServicesNegativeTest-1872616086 tempest-VolumeServicesNegativeTest-1872616086-project-admin] http://192.168.122.183/volume/v3/os-services/freeze returned with HTTP 400
Aug 21 18:11:39 devstack devstack@c-api.service[94029]: [pid: 94029|app: 0|req: 186/373] 192.168.122.183 () {60 vars in 1174 bytes} [Fri Aug 21 18:11:39 2026] PUT /volume/v3/os-services/freeze => generated 83 bytes in 59 msecs (HTTP/1.1 400) 7 headers in 293 bytes (1 switches on core 0)
Aug 21 18:11:39 devstack devstack@c-api.service[94029]: DEBUG cinder.api.middleware.request_id [None req-e31bcf65-0026-406a-9d4d-3cbb42668bb3 None None] RequestId filter calling following filter/app {{(pid=94029) _context_setter /opt/stack/cinder/cinder/api/middleware/request_id.py:62}}
Aug 21 18:11:39 devstack devstack@c-api.service[94029]: INFO cinder.api.openstack.wsgi [None req-e31bcf65-0026-406a-9d4d-3cbb42668bb3 tempest-VolumeServicesNegativeTest-1872616086 tempest-VolumeServicesNegativeTest-1872616086-project-admin] PUT http://192.168.122.183/volume/v3/os-services/thaw
Aug 21 18:11:39 devstack devstack@c-api.service[94029]: DEBUG cinder.api.openstack.wsgi [None req-e31bcf65-0026-406a-9d4d-3cbb42668bb3 tempest-VolumeServicesNegativeTest-1872616086 tempest-VolumeServicesNegativeTest-1872616086-project-admin] Action: 'thaw', calling method: thaw, body: {"host": "invalid_host"} {{(pid=94029) _process_stack /opt/stack/cinder/cinder/api/openstack/wsgi.py:876}}
Aug 21 18:11:39 devstack devstack@c-api.service[94030]: /opt/stack/data/venv/lib/python3.12/site-packages/oslo_context/context.py:102: DeprecationWarning: Policy enforcement is depending on the value of is_admin. This key is deprecated. Please update your policy file to use the standard policy values.
Aug 21 18:11:39 devstack devstack@c-api.service[94030]: warnings.warn(
Aug 21 18:11:39 devstack devstack@c-api.service[94030]: INFO cinder.volume.api [req-f75b3a64-dc7a-4525-affd-562295ab6884 req-2bda9b24-5695-4dab-a9b7-3ada781a6695 tempest-AttachVolumeTestJSON-1534898979 tempest-AttachVolumeTestJSON-1534898979-project-member] Volume info retrieved successfully.
Aug 21 18:11:39 devstack devstack@c-api.service[94029]: INFO cinder.api.openstack.wsgi [None req-e31bcf65-0026-406a-9d4d-3cbb42668bb3 tempest-VolumeServicesNegativeTest-1872616086 tempest-VolumeServicesNegativeTest-1872616086-project-admin] http://192.168.122.183/volume/v3/os-services/thaw returned with HTTP 400
Aug 21 18:11:39 devstack devstack@c-api.service[94029]: [pid: 94029|app: 0|req: 187/374] 192.168.122.183 () {60 vars in 1168 bytes} [Fri Aug 21 18:11:39 2026] PUT /volume/v3/os-services/thaw => generated 83 bytes in 59 msecs (HTTP/1.1 400) 7 headers in 293 bytes (1 switches on core 0)
Aug 21 18:11:39 devstack devstack@c-api.service[94030]: INFO cinder.volume.api [req-f75b3a64-dc7a-4525-affd-562295ab6884 req-2bda9b24-5695-4dab-a9b7-3ada781a6695 tempest-AttachVolumeTestJSON-1534898979 tempest-AttachVolumeTestJSON-1534898979-project-member] Begin detaching volume completed successfully.
Aug 21 18:11:39 devstack devstack@c-api.service[94030]: INFO cinder.api.openstack.wsgi [req-f75b3a64-dc7a-4525-affd-562295ab6884 req-2bda9b24-5695-4dab-a9b7-3ada781a6695 tempest-AttachVolumeTestJSON-1534898979 tempest-AttachVolumeTestJSON-1534898979-project-member] http://192.168.122.183/volume/v3/volumes/c59206f6-8dd5-4400-9e91-247453989416/action returned with HTTP 202
Aug 21 18:11:39 devstack devstack@c-api.service[94030]: [pid: 94030|app: 0|req: 188/375] 192.168.122.183 () {64 vars in 1561 bytes} [Fri Aug 21 18:11:39 2026] POST /volume/v3/volumes/c59206f6-8dd5-4400-9e91-247453989416/action => generated 0 bytes in 162 msecs (HTTP/1.1 202) 7 headers in 289 bytes (1 switches on core 0)
Aug 21 18:11:39 devstack devstack@c-api.service[94029]: DEBUG cinder.api.middleware.request_id [None req-8178dc33-d972-47d9-bb2a-c1785a15f1f3 None None] RequestId filter calling following filter/app {{(pid=94029) _context_setter /opt/stack/cinder/cinder/api/middleware/request_id.py:62}}
Aug 21 18:11:39 devstack devstack@c-api.service[94029]: INFO cinder.api.openstack.wsgi [None req-8178dc33-d972-47d9-bb2a-c1785a15f1f3 tempest-AttachVolumeTestJSON-1534898979 tempest-AttachVolumeTestJSON-1534898979-project-member] GET http://192.168.122.183/volume/v3/volumes/c59206f6-8dd5-4400-9e91-247453989416
Aug 21 18:11:39 devstack devstack@c-api.service[94029]: DEBUG cinder.api.openstack.wsgi [None req-8178dc33-d972-47d9-bb2a-c1785a15f1f3 tempest-AttachVolumeTestJSON-1534898979 tempest-AttachVolumeTestJSON-1534898979-project-member] Empty body provided in request {{(pid=94029) get_body /opt/stack/cinder/cinder/api/openstack/wsgi.py:725}}
Aug 21 18:11:39 devstack devstack@c-api.service[94029]: DEBUG cinder.api.openstack.wsgi [None req-8178dc33-d972-47d9-bb2a-c1785a15f1f3 tempest-AttachVolumeTestJSON-1534898979 tempest-AttachVolumeTestJSON-1534898979-project-member] Calling method 'show' {{(pid=94029) _process_stack /opt/stack/cinder/cinder/api/openstack/wsgi.py:878}}
Aug 21 18:11:39 devstack devstack@c-api.service[94029]: /opt/stack/data/venv/lib/python3.12/site-packages/oslo_context/context.py:102: DeprecationWarning: Policy enforcement is depending on the value of is_admin. This key is deprecated. Please update your policy file to use the standard policy values.
Aug 21 18:11:39 devstack devstack@c-api.service[94029]: warnings.warn(
Aug 21 18:11:39 devstack devstack@c-api.service[94029]: INFO cinder.volume.api [None req-8178dc33-d972-47d9-bb2a-c1785a15f1f3 tempest-AttachVolumeTestJSON-1534898979 tempest-AttachVolumeTestJSON-1534898979-project-member] Volume info retrieved successfully.
Aug 21 18:11:39 devstack devstack@c-api.service[94030]: DEBUG cinder.api.middleware.request_id [None req-d4a98130-17d3-4ae1-af93-30004bb6b63a None None] RequestId filter calling following filter/app {{(pid=94030) _context_setter /opt/stack/cinder/cinder/api/middleware/request_id.py:62}}
Aug 21 18:11:39 devstack devstack@c-api.service[94030]: INFO cinder.api.openstack.wsgi [None req-d4a98130-17d3-4ae1-af93-30004bb6b63a None None] GET http://192.168.122.183/volume//
Aug 21 18:11:39 devstack devstack@c-api.service[94030]: DEBUG cinder.api.openstack.wsgi [None req-d4a98130-17d3-4ae1-af93-30004bb6b63a None None] Empty body provided in request {{(pid=94030) get_body /opt/stack/cinder/cinder/api/openstack/wsgi.py:725}}
Aug 21 18:11:39 devstack devstack@c-api.service[94030]: DEBUG cinder.api.openstack.wsgi [None req-d4a98130-17d3-4ae1-af93-30004bb6b63a None None] Calling method 'all' {{(pid=94030) _process_stack /opt/stack/cinder/cinder/api/openstack/wsgi.py:878}}
Aug 21 18:11:39 devstack devstack@c-api.service[94030]: INFO cinder.api.openstack.wsgi [None req-d4a98130-17d3-4ae1-af93-30004bb6b63a None None] http://192.168.122.183/volume// returned with HTTP 300
Aug 21 18:11:39 devstack devstack@c-api.service[94030]: [pid: 94030|app: 0|req: 189/376] 192.168.122.183 () {58 vars in 1315 bytes} [Fri Aug 21 18:11:39 2026] GET /volume/ => generated 390 bytes in 10 msecs (HTTP/1.1 300) 7 headers in 299 bytes (1 switches on core 0)
Aug 21 18:11:39 devstack devstack@c-api.service[94029]: INFO cinder.api.openstack.wsgi [None req-8178dc33-d972-47d9-bb2a-c1785a15f1f3 tempest-AttachVolumeTestJSON-1534898979 tempest-AttachVolumeTestJSON-1534898979-project-member] http://192.168.122.183/volume/v3/volumes/c59206f6-8dd5-4400-9e91-247453989416 returned with HTTP 200
Aug 21 18:11:39 devstack devstack@c-api.service[94029]: [pid: 94029|app: 0|req: 188/377] 192.168.122.183 () {58 vars in 1232 bytes} [Fri Aug 21 18:11:39 2026] GET /volume/v3/volumes/c59206f6-8dd5-4400-9e91-247453989416 => generated 1148 bytes in 202 msecs (HTTP/1.1 200) 7 headers in 286 bytes (1 switches on core 0)
Aug 21 18:11:39 devstack devstack@c-api.service[94030]: DEBUG cinder.api.middleware.request_id [req-f75b3a64-dc7a-4525-affd-562295ab6884 req-26a72ca4-93e3-4c4d-b037-8119568cd171 None None] RequestId filter calling following filter/app {{(pid=94030) _context_setter /opt/stack/cinder/cinder/api/middleware/request_id.py:62}}
Aug 21 18:11:39 devstack devstack@c-api.service[94030]: INFO cinder.api.openstack.wsgi [req-f75b3a64-dc7a-4525-affd-562295ab6884 req-26a72ca4-93e3-4c4d-b037-8119568cd171 tempest-AttachVolumeTestJSON-1534898979 tempest-AttachVolumeTestJSON-1534898979-project-member] GET http://192.168.122.183/volume/v3/volumes/c59206f6-8dd5-4400-9e91-247453989416
Aug 21 18:11:39 devstack devstack@c-api.service[94030]: DEBUG cinder.api.openstack.wsgi [req-f75b3a64-dc7a-4525-affd-562295ab6884 req-26a72ca4-93e3-4c4d-b037-8119568cd171 tempest-AttachVolumeTestJSON-1534898979 tempest-AttachVolumeTestJSON-1534898979-project-member] Empty body provided in request {{(pid=94030) get_body /opt/stack/cinder/cinder/api/openstack/wsgi.py:725}}
Aug 21 18:11:39 devstack devstack@c-api.service[94030]: DEBUG cinder.api.openstack.wsgi [req-f75b3a64-dc7a-4525-affd-562295ab6884 req-26a72ca4-93e3-4c4d-b037-8119568cd171 tempest-AttachVolumeTestJSON-1534898979 tempest-AttachVolumeTestJSON-1534898979-project-member] Calling method 'show' {{(pid=94030) _process_stack /opt/stack/cinder/cinder/api/openstack/wsgi.py:878}}
Aug 21 18:11:40 devstack devstack@c-api.service[94030]: /opt/stack/data/venv/lib/python3.12/site-packages/oslo_context/context.py:102: DeprecationWarning: Policy enforcement is depending on the value of is_admin. This key is deprecated. Please update your policy file to use the standard policy values.
Aug 21 18:11:40 devstack devstack@c-api.service[94030]: warnings.warn(
Aug 21 18:11:40 devstack devstack@c-api.service[94030]: INFO cinder.volume.api [req-f75b3a64-dc7a-4525-affd-562295ab6884 req-26a72ca4-93e3-4c4d-b037-8119568cd171 tempest-AttachVolumeTestJSON-1534898979 tempest-AttachVolumeTestJSON-1534898979-project-member] Volume info retrieved successfully.
Aug 21 18:11:40 devstack devstack@c-api.service[94030]: INFO cinder.api.openstack.wsgi [req-f75b3a64-dc7a-4525-affd-562295ab6884 req-26a72ca4-93e3-4c4d-b037-8119568cd171 tempest-AttachVolumeTestJSON-1534898979 tempest-AttachVolumeTestJSON-1534898979-project-member] http://192.168.122.183/volume/v3/volumes/c59206f6-8dd5-4400-9e91-247453989416 returned with HTTP 200
Aug 21 18:11:40 devstack devstack@c-api.service[94030]: [pid: 94030|app: 0|req: 190/378] 192.168.122.183 () {62 vars in 1528 bytes} [Fri Aug 21 18:11:39 2026] GET /volume/v3/volumes/c59206f6-8dd5-4400-9e91-247453989416 => generated 1329 bytes in 149 msecs (HTTP/1.1 200) 7 headers in 287 bytes (1 switches on core 0)
Aug 21 18:11:40 devstack devstack@c-api.service[94029]: DEBUG cinder.api.middleware.request_id [None req-e1863d79-d80a-497e-bf26-0ad9ed6c409d None None] RequestId filter calling following filter/app {{(pid=94029) _context_setter /opt/stack/cinder/cinder/api/middleware/request_id.py:62}}
Aug 21 18:11:40 devstack devstack@c-api.service[94029]: INFO cinder.api.openstack.wsgi [None req-e1863d79-d80a-497e-bf26-0ad9ed6c409d tempest-AttachVolumeTestJSON-1534898979 tempest-AttachVolumeTestJSON-1534898979-project-member] GET http://192.168.122.183/volume/v3/volumes/c59206f6-8dd5-4400-9e91-247453989416
Aug 21 18:11:40 devstack devstack@c-api.service[94029]: DEBUG cinder.api.openstack.wsgi [None req-e1863d79-d80a-497e-bf26-0ad9ed6c409d tempest-AttachVolumeTestJSON-1534898979 tempest-AttachVolumeTestJSON-1534898979-project-member] Empty body provided in request {{(pid=94029) get_body /opt/stack/cinder/cinder/api/openstack/wsgi.py:725}}
Aug 21 18:11:40 devstack devstack@c-api.service[94029]: DEBUG cinder.api.openstack.wsgi [None req-e1863d79-d80a-497e-bf26-0ad9ed6c409d tempest-AttachVolumeTestJSON-1534898979 tempest-AttachVolumeTestJSON-1534898979-project-member] Calling method 'show' {{(pid=94029) _process_stack /opt/stack/cinder/cinder/api/openstack/wsgi.py:878}}
Aug 21 18:11:40 devstack devstack@c-api.service[94030]: DEBUG cinder.api.middleware.request_id [req-f75b3a64-dc7a-4525-affd-562295ab6884 req-04f60249-a600-48df-a44d-d73b8e992a59 None None] RequestId filter calling following filter/app {{(pid=94030) _context_setter /opt/stack/cinder/cinder/api/middleware/request_id.py:62}}
Aug 21 18:11:41 devstack devstack@c-api.service[94030]: INFO cinder.api.openstack.wsgi [req-f75b3a64-dc7a-4525-affd-562295ab6884 req-04f60249-a600-48df-a44d-d73b8e992a59 tempest-AttachVolumeTestJSON-1534898979 tempest-AttachVolumeTestJSON-1534898979-project-member] DELETE http://192.168.122.183/volume/v3/attachments/2bbbf721-ac10-47ba-a212-557cbe320bf8
Aug 21 18:11:41 devstack devstack@c-api.service[94030]: DEBUG cinder.api.openstack.wsgi [req-f75b3a64-dc7a-4525-affd-562295ab6884 req-04f60249-a600-48df-a44d-d73b8e992a59 tempest-AttachVolumeTestJSON-1534898979 tempest-AttachVolumeTestJSON-1534898979-project-member] Empty body provided in request {{(pid=94030) get_body /opt/stack/cinder/cinder/api/openstack/wsgi.py:725}}
Aug 21 18:11:41 devstack devstack@c-api.service[94030]: DEBUG cinder.api.openstack.wsgi [req-f75b3a64-dc7a-4525-affd-562295ab6884 req-04f60249-a600-48df-a44d-d73b8e992a59 tempest-AttachVolumeTestJSON-1534898979 tempest-AttachVolumeTestJSON-1534898979-project-member] Calling method 'version_select' {{(pid=94030) _process_stack /opt/stack/cinder/cinder/api/openstack/wsgi.py:878}}
Aug 21 18:11:41 devstack devstack@c-api.service[94029]: /opt/stack/data/venv/lib/python3.12/site-packages/oslo_context/context.py:102: DeprecationWarning: Policy enforcement is depending on the value of is_admin. This key is deprecated. Please update your policy file to use the standard policy values.
Aug 21 18:11:41 devstack devstack@c-api.service[94029]: warnings.warn(
Aug 21 18:11:41 devstack devstack@c-api.service[94029]: INFO cinder.volume.api [None req-e1863d79-d80a-497e-bf26-0ad9ed6c409d tempest-AttachVolumeTestJSON-1534898979 tempest-AttachVolumeTestJSON-1534898979-project-member] Volume info retrieved successfully.
Aug 21 18:11:41 devstack devstack@c-api.service[94030]: /opt/stack/data/venv/lib/python3.12/site-packages/oslo_context/context.py:102: DeprecationWarning: Policy enforcement is depending on the value of is_admin. This key is deprecated. Please update your policy file to use the standard policy values.
Aug 21 18:11:41 devstack devstack@c-api.service[94030]: warnings.warn(
Aug 21 18:11:41 devstack devstack@c-api.service[94029]: INFO cinder.api.openstack.wsgi [None req-e1863d79-d80a-497e-bf26-0ad9ed6c409d tempest-AttachVolumeTestJSON-1534898979 tempest-AttachVolumeTestJSON-1534898979-project-member] http://192.168.122.183/volume/v3/volumes/c59206f6-8dd5-4400-9e91-247453989416 returned with HTTP 200
Aug 21 18:11:41 devstack devstack@c-api.service[94029]: [pid: 94029|app: 0|req: 189/379] 192.168.122.183 () {58 vars in 1232 bytes} [Fri Aug 21 18:11:40 2026] GET /volume/v3/volumes/c59206f6-8dd5-4400-9e91-247453989416 => generated 1148 bytes in 169 msecs (HTTP/1.1 200) 7 headers in 286 bytes (1 switches on core 0)
Aug 21 18:11:41 devstack devstack@c-api.service[94030]: INFO cinder.api.openstack.wsgi [req-f75b3a64-dc7a-4525-affd-562295ab6884 req-04f60249-a600-48df-a44d-d73b8e992a59 tempest-AttachVolumeTestJSON-1534898979 tempest-AttachVolumeTestJSON-1534898979-project-member] http://192.168.122.183/volume/v3/attachments/2bbbf721-ac10-47ba-a212-557cbe320bf8 returned with HTTP 200
Aug 21 18:11:41 devstack devstack@c-api.service[94030]: [pid: 94030|app: 0|req: 191/380] 192.168.122.183 () {64 vars in 1562 bytes} [Fri Aug 21 18:11:40 2026] DELETE /volume/v3/attachments/2bbbf721-ac10-47ba-a212-557cbe320bf8 => generated 19 bytes in 218 msecs (HTTP/1.1 200) 7 headers in 285 bytes (2 switches on core 0)
Aug 21 18:11:42 devstack devstack@c-api.service[94029]: DEBUG cinder.api.middleware.request_id [None req-b2052b5f-a7a6-4c7b-8c8d-e9a209ce6c02 None None] RequestId filter calling following filter/app {{(pid=94029) _context_setter /opt/stack/cinder/cinder/api/middleware/request_id.py:62}}
Aug 21 18:11:42 devstack devstack@c-api.service[94029]: INFO cinder.api.openstack.wsgi [None req-b2052b5f-a7a6-4c7b-8c8d-e9a209ce6c02 tempest-AttachVolumeTestJSON-1534898979 tempest-AttachVolumeTestJSON-1534898979-project-member] GET http://192.168.122.183/volume/v3/volumes/c59206f6-8dd5-4400-9e91-247453989416
Aug 21 18:11:42 devstack devstack@c-api.service[94029]: DEBUG cinder.api.openstack.wsgi [None req-b2052b5f-a7a6-4c7b-8c8d-e9a209ce6c02 tempest-AttachVolumeTestJSON-1534898979 tempest-AttachVolumeTestJSON-1534898979-project-member] Empty body provided in request {{(pid=94029) get_body /opt/stack/cinder/cinder/api/openstack/wsgi.py:725}}
Aug 21 18:11:42 devstack devstack@c-api.service[94029]: DEBUG cinder.api.openstack.wsgi [None req-b2052b5f-a7a6-4c7b-8c8d-e9a209ce6c02 tempest-AttachVolumeTestJSON-1534898979 tempest-AttachVolumeTestJSON-1534898979-project-member] Calling method 'show' {{(pid=94029) _process_stack /opt/stack/cinder/cinder/api/openstack/wsgi.py:878}}
Aug 21 18:11:42 devstack devstack@c-api.service[94029]: /opt/stack/data/venv/lib/python3.12/site-packages/oslo_context/context.py:102: DeprecationWarning: Policy enforcement is depending on the value of is_admin. This key is deprecated. Please update your policy file to use the standard policy values.
Aug 21 18:11:42 devstack devstack@c-api.service[94029]: warnings.warn(
Aug 21 18:11:42 devstack devstack@c-api.service[94029]: INFO cinder.volume.api [None req-b2052b5f-a7a6-4c7b-8c8d-e9a209ce6c02 tempest-AttachVolumeTestJSON-1534898979 tempest-AttachVolumeTestJSON-1534898979-project-member] Volume info retrieved successfully.
Aug 21 18:11:42 devstack devstack@c-api.service[94029]: INFO cinder.api.openstack.wsgi [None req-b2052b5f-a7a6-4c7b-8c8d-e9a209ce6c02 tempest-AttachVolumeTestJSON-1534898979 tempest-AttachVolumeTestJSON-1534898979-project-member] http://192.168.122.183/volume/v3/volumes/c59206f6-8dd5-4400-9e91-247453989416 returned with HTTP 200
Aug 21 18:11:42 devstack devstack@c-api.service[94029]: [pid: 94029|app: 0|req: 190/381] 192.168.122.183 () {58 vars in 1232 bytes} [Fri Aug 21 18:11:42 2026] GET /volume/v3/volumes/c59206f6-8dd5-4400-9e91-247453989416 => generated 853 bytes in 94 msecs (HTTP/1.1 200) 7 headers in 285 bytes (1 switches on core 0)
Aug 21 18:11:49 devstack devstack@c-api.service[94030]: DEBUG cinder.api.middleware.request_id [None req-b88b303d-6915-4987-87a6-3d78da5c1b17 None None] RequestId filter calling following filter/app {{(pid=94030) _context_setter /opt/stack/cinder/cinder/api/middleware/request_id.py:62}}
Aug 21 18:11:49 devstack devstack@c-api.service[94030]: INFO cinder.api.openstack.wsgi [None req-b88b303d-6915-4987-87a6-3d78da5c1b17 tempest-VolumeTypesAccessTest-618577162 tempest-VolumeTypesAccessTest-618577162-project-admin] POST http://192.168.122.183/volume/v3/types
Aug 21 18:11:49 devstack devstack@c-api.service[94030]: DEBUG cinder.api.openstack.wsgi [None req-b88b303d-6915-4987-87a6-3d78da5c1b17 tempest-VolumeTypesAccessTest-618577162 tempest-VolumeTypesAccessTest-618577162-project-admin] Action: 'create', calling method: _create, body: {"volume_type": {"name": "tempest-VolumeTypesAccessTest-volume-type-654187879", "os-volume-type-access:is_public": false}} {{(pid=94030) _process_stack /opt/stack/cinder/cinder/api/openstack/wsgi.py:876}}
Aug 21 18:11:49 devstack devstack@c-api.service[94030]: /opt/stack/data/venv/lib/python3.12/site-packages/oslo_context/context.py:102: DeprecationWarning: Policy enforcement is depending on the value of is_admin. This key is deprecated. Please update your policy file to use the standard policy values.
Aug 21 18:11:49 devstack devstack@c-api.service[94030]: warnings.warn(
Aug 21 18:11:49 devstack devstack@c-api.service[94030]: INFO cinder.api.openstack.wsgi [None req-b88b303d-6915-4987-87a6-3d78da5c1b17 tempest-VolumeTypesAccessTest-618577162 tempest-VolumeTypesAccessTest-618577162-project-admin] http://192.168.122.183/volume/v3/types returned with HTTP 200
Aug 21 18:11:49 devstack devstack@c-api.service[94030]: [pid: 94030|app: 0|req: 192/382] 192.168.122.183 () {60 vars in 1137 bytes} [Fri Aug 21 18:11:49 2026] POST /volume/v3/types => generated 228 bytes in 190 msecs (HTTP/1.1 200) 7 headers in 285 bytes (2 switches on core 0)
Aug 21 18:11:49 devstack devstack@c-api.service[94029]: DEBUG cinder.api.middleware.request_id [None req-4fe2ab2a-3a93-4672-8249-7cbbcba99ba4 None None] RequestId filter calling following filter/app {{(pid=94029) _context_setter /opt/stack/cinder/cinder/api/middleware/request_id.py:62}}
Aug 21 18:11:49 devstack devstack@c-api.service[94029]: INFO cinder.api.openstack.wsgi [None req-4fe2ab2a-3a93-4672-8249-7cbbcba99ba4 tempest-VolumeTypesAccessTest-1929006524 tempest-VolumeTypesAccessTest-1929006524-project-member] POST http://192.168.122.183/volume/v3/volumes
Aug 21 18:11:49 devstack devstack@c-api.service[94029]: DEBUG cinder.api.openstack.wsgi [None req-4fe2ab2a-3a93-4672-8249-7cbbcba99ba4 tempest-VolumeTypesAccessTest-1929006524 tempest-VolumeTypesAccessTest-1929006524-project-member] Action: 'create', calling method: create, body: {"volume": {"volume_type": "25e84761-f63e-432c-ae2c-fbf003e6c0fa", "size": 1}} {{(pid=94029) _process_stack /opt/stack/cinder/cinder/api/openstack/wsgi.py:876}}
Aug 21 18:11:49 devstack devstack@c-api.service[94029]: DEBUG cinder.api.v3.volumes [None req-4fe2ab2a-3a93-4672-8249-7cbbcba99ba4 tempest-VolumeTypesAccessTest-1929006524 tempest-VolumeTypesAccessTest-1929006524-project-member] Create volume request body: {'volume': {'volume_type': '25e84761-f63e-432c-ae2c-fbf003e6c0fa', 'size': 1}} {{(pid=94029) create /opt/stack/cinder/cinder/api/v3/volumes.py:368}}
Aug 21 18:11:49 devstack devstack@c-api.service[94029]: INFO cinder.api.openstack.wsgi [None req-4fe2ab2a-3a93-4672-8249-7cbbcba99ba4 tempest-VolumeTypesAccessTest-1929006524 tempest-VolumeTypesAccessTest-1929006524-project-member] http://192.168.122.183/volume/v3/volumes returned with HTTP 404
Aug 21 18:11:49 devstack devstack@c-api.service[94029]: [pid: 94029|app: 0|req: 191/383] 192.168.122.183 () {60 vars in 1142 bytes} [Fri Aug 21 18:11:49 2026] POST /volume/v3/volumes => generated 114 bytes in 181 msecs (HTTP/1.1 404) 7 headers in 292 bytes (2 switches on core 0)
Aug 21 18:11:49 devstack devstack@c-api.service[94030]: DEBUG cinder.api.middleware.request_id [None req-1b10b0e4-af18-4d90-914a-433ba4ac7736 None None] RequestId filter calling following filter/app {{(pid=94030) _context_setter /opt/stack/cinder/cinder/api/middleware/request_id.py:62}}
Aug 21 18:11:49 devstack devstack@c-api.service[94030]: INFO cinder.api.openstack.wsgi [None req-1b10b0e4-af18-4d90-914a-433ba4ac7736 tempest-VolumeTypesAccessTest-618577162 tempest-VolumeTypesAccessTest-618577162-project-admin] POST http://192.168.122.183/volume/v3/types/25e84761-f63e-432c-ae2c-fbf003e6c0fa/action
Aug 21 18:11:49 devstack devstack@c-api.service[94030]: DEBUG cinder.api.openstack.wsgi [None req-1b10b0e4-af18-4d90-914a-433ba4ac7736 tempest-VolumeTypesAccessTest-618577162 tempest-VolumeTypesAccessTest-618577162-project-admin] Action body: b'{"addProjectAccess": {"project": "fe72e64e56e6444a8d95df643559702d"}}' {{(pid=94030) get_method /opt/stack/cinder/cinder/api/openstack/wsgi.py:993}}
Aug 21 18:11:49 devstack devstack@c-api.service[94030]: DEBUG cinder.api.openstack.wsgi [None req-1b10b0e4-af18-4d90-914a-433ba4ac7736 tempest-VolumeTypesAccessTest-618577162 tempest-VolumeTypesAccessTest-618577162-project-admin] Action: 'action', calling method: _addProjectAccess, body: {"addProjectAccess": {"project": "fe72e64e56e6444a8d95df643559702d"}} {{(pid=94030) _process_stack /opt/stack/cinder/cinder/api/openstack/wsgi.py:876}}
Aug 21 18:11:49 devstack devstack@c-api.service[94030]: INFO cinder.api.openstack.wsgi [None req-1b10b0e4-af18-4d90-914a-433ba4ac7736 tempest-VolumeTypesAccessTest-618577162 tempest-VolumeTypesAccessTest-618577162-project-admin] http://192.168.122.183/volume/v3/types/25e84761-f63e-432c-ae2c-fbf003e6c0fa/action returned with HTTP 202
Aug 21 18:11:49 devstack devstack@c-api.service[94030]: [pid: 94030|app: 0|req: 193/384] 192.168.122.183 () {60 vars in 1268 bytes} [Fri Aug 21 18:11:49 2026] POST /volume/v3/types/25e84761-f63e-432c-ae2c-fbf003e6c0fa/action => generated 0 bytes in 36 msecs (HTTP/1.1 202) 6 headers in 233 bytes (1 switches on core 0)
Aug 21 18:11:49 devstack devstack@c-api.service[94029]: DEBUG cinder.api.middleware.request_id [None req-a0864b2f-eb37-4f5e-bff8-61d96d0c421c None None] RequestId filter calling following filter/app {{(pid=94029) _context_setter /opt/stack/cinder/cinder/api/middleware/request_id.py:62}}
Aug 21 18:11:49 devstack devstack@c-api.service[94029]: INFO cinder.api.openstack.wsgi [None req-a0864b2f-eb37-4f5e-bff8-61d96d0c421c tempest-VolumeTypesAccessTest-1929006524 tempest-VolumeTypesAccessTest-1929006524-project-member] POST http://192.168.122.183/volume/v3/volumes
Aug 21 18:11:49 devstack devstack@c-api.service[94029]: DEBUG cinder.api.openstack.wsgi [None req-a0864b2f-eb37-4f5e-bff8-61d96d0c421c tempest-VolumeTypesAccessTest-1929006524 tempest-VolumeTypesAccessTest-1929006524-project-member] Action: 'create', calling method: create, body: {"volume": {"volume_type": "25e84761-f63e-432c-ae2c-fbf003e6c0fa", "size": 1, "name": "tempest-VolumeTypesAccessTest-Volume-1740842743"}} {{(pid=94029) _process_stack /opt/stack/cinder/cinder/api/openstack/wsgi.py:876}}
Aug 21 18:11:49 devstack devstack@c-api.service[94029]: DEBUG cinder.api.v3.volumes [None req-a0864b2f-eb37-4f5e-bff8-61d96d0c421c tempest-VolumeTypesAccessTest-1929006524 tempest-VolumeTypesAccessTest-1929006524-project-member] Create volume request body: {'volume': {'volume_type': '25e84761-f63e-432c-ae2c-fbf003e6c0fa', 'size': 1, 'name': 'tempest-VolumeTypesAccessTest-Volume-1740842743'}} {{(pid=94029) create /opt/stack/cinder/cinder/api/v3/volumes.py:368}}
Aug 21 18:11:49 devstack devstack@c-api.service[94029]: INFO cinder.api.v3.volumes [None req-a0864b2f-eb37-4f5e-bff8-61d96d0c421c tempest-VolumeTypesAccessTest-1929006524 tempest-VolumeTypesAccessTest-1929006524-project-member] Create volume of 1 GB
Aug 21 18:11:49 devstack devstack@c-api.service[94029]: /opt/stack/data/venv/lib/python3.12/site-packages/oslo_context/context.py:102: DeprecationWarning: Policy enforcement is depending on the value of is_admin. This key is deprecated. Please update your policy file to use the standard policy values.
Aug 21 18:11:49 devstack devstack@c-api.service[94029]: warnings.warn(
Aug 21 18:11:49 devstack devstack@c-api.service[94029]: INFO cinder.volume.api [None req-a0864b2f-eb37-4f5e-bff8-61d96d0c421c tempest-VolumeTypesAccessTest-1929006524 tempest-VolumeTypesAccessTest-1929006524-project-member] Availability Zones retrieved successfully.
Aug 21 18:11:49 devstack devstack@c-api.service[94029]: DEBUG cinder.volume.api [None req-a0864b2f-eb37-4f5e-bff8-61d96d0c421c tempest-VolumeTypesAccessTest-1929006524 tempest-VolumeTypesAccessTest-1929006524-project-member] Flow 'volume_create_api' (feb98bba-f2f9-481e-887b-8b39058b1d10) transitioned into state 'RUNNING' from state 'PENDING' {{(pid=94029) _flow_receiver /opt/stack/data/venv/lib/python3.12/site-packages/taskflow/listeners/logging.py:160}}
Aug 21 18:11:49 devstack devstack@c-api.service[94029]: DEBUG cinder.volume.api [None req-a0864b2f-eb37-4f5e-bff8-61d96d0c421c tempest-VolumeTypesAccessTest-1929006524 tempest-VolumeTypesAccessTest-1929006524-project-member] Task 'cinder.volume.flows.api.create_volume.ExtractVolumeRequestTask;volume:create' (c1d84857-0f70-487e-9ad4-22f3d5fe89e1) transitioned into state 'RUNNING' from state 'PENDING' {{(pid=94029) _task_receiver /opt/stack/data/venv/lib/python3.12/site-packages/taskflow/listeners/logging.py:242}}
Aug 21 18:11:49 devstack devstack@c-api.service[94029]: DEBUG cinder.volume.flows.api.create_volume [None req-a0864b2f-eb37-4f5e-bff8-61d96d0c421c tempest-VolumeTypesAccessTest-1929006524 tempest-VolumeTypesAccessTest-1929006524-project-member] Validating volume size '1' using validate_int {{(pid=94029) _extract_size /opt/stack/cinder/cinder/volume/flows/api/create_volume.py:226}}
Aug 21 18:11:49 devstack devstack@c-api.service[94029]: DEBUG cinder.volume.api [None req-a0864b2f-eb37-4f5e-bff8-61d96d0c421c tempest-VolumeTypesAccessTest-1929006524 tempest-VolumeTypesAccessTest-1929006524-project-member] Task 'cinder.volume.flows.api.create_volume.ExtractVolumeRequestTask;volume:create' (c1d84857-0f70-487e-9ad4-22f3d5fe89e1) transitioned into state 'SUCCESS' from state 'RUNNING' with result '{'size': 1, 'snapshot_id': None, 'source_volid': None, 'volume_type': VolumeType(created_at=2026-08-21T16:11:49Z,deleted=False,deleted_at=None,description=None,extra_specs={},id=25e84761-f63e-432c-ae2c-fbf003e6c0fa,is_public=False,name='tempest-VolumeTypesAccessTest-volume-type-654187879',projects=[],qos_specs=,qos_specs_id=None,updated_at=None), 'volume_type_id': '25e84761-f63e-432c-ae2c-fbf003e6c0fa', 'encryption_key_id': None, 'qos_specs': None, 'consistencygroup_id': None, 'cgsnapshot_id': None, 'group_id': None, 'replication_status': 'disabled', 'refresh_az': False, 'backup_id': None, 'multiattach': False, 'availability_zones': ['nova']}' {{(pid=94029) _task_receiver /opt/stack/data/venv/lib/python3.12/site-packages/taskflow/listeners/logging.py:218}}
Aug 21 18:11:49 devstack devstack@c-api.service[94029]: DEBUG cinder.volume.api [None req-a0864b2f-eb37-4f5e-bff8-61d96d0c421c tempest-VolumeTypesAccessTest-1929006524 tempest-VolumeTypesAccessTest-1929006524-project-member] Task 'cinder.volume.flows.api.create_volume.QuotaReserveTask;volume:create' (370d0a66-7452-49b5-9792-f3ff805b5070) transitioned into state 'RUNNING' from state 'PENDING' {{(pid=94029) _task_receiver /opt/stack/data/venv/lib/python3.12/site-packages/taskflow/listeners/logging.py:242}}
Aug 21 18:11:49 devstack devstack@c-api.service[94029]: WARNING cinder.quota [None req-a0864b2f-eb37-4f5e-bff8-61d96d0c421c tempest-VolumeTypesAccessTest-1929006524 tempest-VolumeTypesAccessTest-1929006524-project-member] Deprecated: Default quota for resource: volumes_tempest-VolumeTypesAccessTest-volume-type-654187879 is set by the default quota flag: quota_volumes_tempest-VolumeTypesAccessTest-volume-type-654187879, it is now deprecated. Please use the default quota class for default quota.
Aug 21 18:11:49 devstack devstack@c-api.service[94029]: WARNING cinder.quota [None req-a0864b2f-eb37-4f5e-bff8-61d96d0c421c tempest-VolumeTypesAccessTest-1929006524 tempest-VolumeTypesAccessTest-1929006524-project-member] Deprecated: Default quota for resource: gigabytes_tempest-VolumeTypesAccessTest-volume-type-654187879 is set by the default quota flag: quota_gigabytes_tempest-VolumeTypesAccessTest-volume-type-654187879, it is now deprecated. Please use the default quota class for default quota.
Aug 21 18:11:49 devstack devstack@c-api.service[94029]: DEBUG cinder.quota [None req-a0864b2f-eb37-4f5e-bff8-61d96d0c421c tempest-VolumeTypesAccessTest-1929006524 tempest-VolumeTypesAccessTest-1929006524-project-member] Created reservations ['77c38c3f-e381-4622-a155-a41d17e36026', 'b9557c2c-7885-413a-a665-5373cfee9af8', 'af2197ac-4fac-4a54-ac3b-6cd7febab9dc', 'd1f838ea-8710-4e7d-909d-03ba67c38493'] {{(pid=94029) reserve /opt/stack/cinder/cinder/quota.py:752}}
Aug 21 18:11:49 devstack devstack@c-api.service[94029]: DEBUG cinder.volume.api [None req-a0864b2f-eb37-4f5e-bff8-61d96d0c421c tempest-VolumeTypesAccessTest-1929006524 tempest-VolumeTypesAccessTest-1929006524-project-member] Task 'cinder.volume.flows.api.create_volume.QuotaReserveTask;volume:create' (370d0a66-7452-49b5-9792-f3ff805b5070) transitioned into state 'SUCCESS' from state 'RUNNING' with result '{'reservations': ['77c38c3f-e381-4622-a155-a41d17e36026', 'b9557c2c-7885-413a-a665-5373cfee9af8', 'af2197ac-4fac-4a54-ac3b-6cd7febab9dc', 'd1f838ea-8710-4e7d-909d-03ba67c38493']}' {{(pid=94029) _task_receiver /opt/stack/data/venv/lib/python3.12/site-packages/taskflow/listeners/logging.py:218}}
Aug 21 18:11:49 devstack devstack@c-api.service[94029]: DEBUG cinder.volume.api [None req-a0864b2f-eb37-4f5e-bff8-61d96d0c421c tempest-VolumeTypesAccessTest-1929006524 tempest-VolumeTypesAccessTest-1929006524-project-member] Task 'cinder.volume.flows.api.create_volume.EntryCreateTask;volume:create' (ff005d2f-e9c5-4d28-8726-218746417e9a) transitioned into state 'RUNNING' from state 'PENDING' {{(pid=94029) _task_receiver /opt/stack/data/venv/lib/python3.12/site-packages/taskflow/listeners/logging.py:242}}
Aug 21 18:11:49 devstack devstack@c-api.service[94029]: DEBUG cinder.volume.api [None req-a0864b2f-eb37-4f5e-bff8-61d96d0c421c tempest-VolumeTypesAccessTest-1929006524 tempest-VolumeTypesAccessTest-1929006524-project-member] Task 'cinder.volume.flows.api.create_volume.EntryCreateTask;volume:create' (ff005d2f-e9c5-4d28-8726-218746417e9a) transitioned into state 'SUCCESS' from state 'RUNNING' with result '{'volume_id': '7380f797-fb58-4ad0-8ff0-12bb076f7f03', 'volume_properties': VolumeProperties(attach_status='detached',availability_zone='nova',cgsnapshot_id=None,consistencygroup_id=None,display_description=None,display_name='tempest-VolumeTypesAccessTest-Volume-1740842743',encryption_key_id=None,group_id=None,group_type_id=,metadata={},multiattach=False,project_id='fe72e64e56e6444a8d95df643559702d',qos_specs=None,replication_status=,reservations=['77c38c3f-e381-4622-a155-a41d17e36026','b9557c2c-7885-413a-a665-5373cfee9af8','af2197ac-4fac-4a54-ac3b-6cd7febab9dc','d1f838ea-8710-4e7d-909d-03ba67c38493'],size=1,snapshot_id=None,source_replicaid=,source_volid=None,status='creating',user_id='3bc7b9fb2b2548419799e16c90647afa',volume_type_id=25e84761-f63e-432c-ae2c-fbf003e6c0fa), 'volume': Volume(_name_id=None,admin_metadata=,attach_status='detached',availability_zone='nova',bootable=False,cluster=,cluster_name=None,consistencygroup=,consistencygroup_id=None,created_at=2026-08-21T16:11:49Z,deleted=False,deleted_at=None,display_description=None,display_name='tempest-VolumeTypesAccessTest-Volume-1740842743',ec2_id=None,encryption_key_id=None,glance_metadata=,group=,group_id=None,host=None,id=7380f797-fb58-4ad0-8ff0-12bb076f7f03,launched_at=None,metadata={},migration_status=None,multiattach=False,previous_status=None,project_id='fe72e64e56e6444a8d95df643559702d',provider_auth=None,provider_geometry=None,provider_id=None,provider_location=None,replication_driver_data=None,replication_extended_status=None,replication_status=None,scheduled_at=None,service_uuid=None,shared_targets=True,size=1,snapshot_id=None,snapshots=,source_volid=None,status='creating',terminated_at=None,updated_at=None,use_quota=True,user_id='3bc7b9fb2b2548419799e16c90647afa',volume_attachment=VolumeAttachmentList,volume_type=VolumeType(25e84761-f63e-432c-ae2c-fbf003e6c0fa),volume_type_id=25e84761-f63e-432c-ae2c-fbf003e6c0fa)}' {{(pid=94029) _task_receiver /opt/stack/data/venv/lib/python3.12/site-packages/taskflow/listeners/logging.py:218}}
Aug 21 18:11:49 devstack devstack@c-api.service[94029]: DEBUG cinder.volume.api [None req-a0864b2f-eb37-4f5e-bff8-61d96d0c421c tempest-VolumeTypesAccessTest-1929006524 tempest-VolumeTypesAccessTest-1929006524-project-member] Task 'cinder.volume.flows.api.create_volume.QuotaCommitTask;volume:create' (692f5c39-aeaf-4f8e-a859-0d72fe035f0a) transitioned into state 'RUNNING' from state 'PENDING' {{(pid=94029) _task_receiver /opt/stack/data/venv/lib/python3.12/site-packages/taskflow/listeners/logging.py:242}}
Aug 21 18:11:49 devstack devstack@c-api.service[94029]: DEBUG cinder.volume.api [None req-a0864b2f-eb37-4f5e-bff8-61d96d0c421c tempest-VolumeTypesAccessTest-1929006524 tempest-VolumeTypesAccessTest-1929006524-project-member] Task 'cinder.volume.flows.api.create_volume.QuotaCommitTask;volume:create' (692f5c39-aeaf-4f8e-a859-0d72fe035f0a) transitioned into state 'SUCCESS' from state 'RUNNING' with result '{'volume_properties': VolumeProperties(attach_status='detached',availability_zone='nova',cgsnapshot_id=None,consistencygroup_id=None,display_description=None,display_name='tempest-VolumeTypesAccessTest-Volume-1740842743',encryption_key_id=None,group_id=None,group_type_id=,metadata={},multiattach=False,project_id='fe72e64e56e6444a8d95df643559702d',qos_specs=None,replication_status=,reservations=['77c38c3f-e381-4622-a155-a41d17e36026','b9557c2c-7885-413a-a665-5373cfee9af8','af2197ac-4fac-4a54-ac3b-6cd7febab9dc','d1f838ea-8710-4e7d-909d-03ba67c38493'],size=1,snapshot_id=None,source_replicaid=,source_volid=None,status='creating',user_id='3bc7b9fb2b2548419799e16c90647afa',volume_type_id=25e84761-f63e-432c-ae2c-fbf003e6c0fa)}' {{(pid=94029) _task_receiver /opt/stack/data/venv/lib/python3.12/site-packages/taskflow/listeners/logging.py:218}}
Aug 21 18:11:49 devstack devstack@c-api.service[94029]: DEBUG cinder.volume.api [None req-a0864b2f-eb37-4f5e-bff8-61d96d0c421c tempest-VolumeTypesAccessTest-1929006524 tempest-VolumeTypesAccessTest-1929006524-project-member] Task 'cinder.volume.flows.api.create_volume.VolumeCastTask;volume:create' (7e5b8d67-d632-44f4-aed7-4a8a648805ea) transitioned into state 'RUNNING' from state 'PENDING' {{(pid=94029) _task_receiver /opt/stack/data/venv/lib/python3.12/site-packages/taskflow/listeners/logging.py:242}}
Aug 21 18:11:49 devstack devstack@c-api.service[94029]: DEBUG cinder.volume.api [None req-a0864b2f-eb37-4f5e-bff8-61d96d0c421c tempest-VolumeTypesAccessTest-1929006524 tempest-VolumeTypesAccessTest-1929006524-project-member] Task 'cinder.volume.flows.api.create_volume.VolumeCastTask;volume:create' (7e5b8d67-d632-44f4-aed7-4a8a648805ea) transitioned into state 'SUCCESS' from state 'RUNNING' with result 'None' {{(pid=94029) _task_receiver /opt/stack/data/venv/lib/python3.12/site-packages/taskflow/listeners/logging.py:218}}
