Aug 21 18:14:13 devstack cinder-volume[94345]: INFO cinder.volume.flows.manager.create_volume [None req-09cc4e7a-00b1-43b5-a9ea-0d5d2bedfd18 tempest-AttachVolumeNegativeTest-2066534816 None] Volume 239b03be-67f8-434c-b417-3878ac623399: being created as raw with specification: {'status': 'creating', 'volume_name': 'volume-239b03be-67f8-434c-b417-3878ac623399', 'volume_size': 1}
Aug 21 18:14:13 devstack cinder-volume[94345]: DEBUG oslo_concurrency.lockutils [None req-09cc4e7a-00b1-43b5-a9ea-0d5d2bedfd18 tempest-AttachVolumeNegativeTest-2066534816 None] Acquiring lock "quobyte" by "cinder.volume.drivers.quobyte.QuobyteDriver.create_volume" {{(pid=94345) inner /opt/stack/data/venv/lib/python3.12/site-packages/oslo_concurrency/lockutils.py:512}}
Aug 21 18:14:13 devstack cinder-volume[94345]: DEBUG cinder.volume.drivers.remotefs [None req-162184fa-ed75-460e-b03c-8e2aada6adad tempest-VolumesCloneTest-507116415 None] Creating offline snapshot dcad12da-540b-4324-bd3a-47c0d5201fbd of volume f06918ea-06b3-4619-9cf5-e9c878e8c9e8 {{(pid=94345) _create_snapshot /opt/stack/cinder/cinder/volume/drivers/remotefs.py:1816}}
Aug 21 18:14:13 devstack cinder-volume[94345]: INFO cinder.volume.manager [None req-c78e2684-9399-4f36-88f2-01183481e051 tempest-GroupSnapshotsTest-466061170 None] group_snapshot bb3b2da1-2782-4040-9350-1bb1cb4aa3a4: created successfully
Aug 21 18:14:13 devstack cinder-volume[94345]: DEBUG oslo.privsep.daemon [-] privsep: reply[571ef590-df3e-493c-8663-352fd3fe9b9c]: (4, 'qcow2') {{(pid=95526) _call_back /opt/stack/data/venv/lib/python3.12/site-packages/oslo_privsep/daemon.py:580}}
Aug 21 18:14:13 devstack cinder-volume[94345]: DEBUG oslo_concurrency.processutils [None req-162184fa-ed75-460e-b03c-8e2aada6adad tempest-VolumesCloneTest-507116415 None] Running cmd (subprocess): /opt/stack/data/venv/bin/python3.12 -m oslo_concurrency.prlimit --as=1073741824 --cpu=60 -- sudo cinder-rootwrap /etc/cinder/rootwrap.conf env LC_ALL=C qemu-img info -f qcow2 --output=json --force-share /opt/stack/data/cinder/mnt/8335d929dad1f60d98a6d5cf834c621e/volume-f06918ea-06b3-4619-9cf5-e9c878e8c9e8 {{(pid=94345) execute /opt/stack/data/venv/lib/python3.12/site-packages/oslo_concurrency/processutils.py:440}}
Aug 21 18:14:14 devstack sudo[102833]: quobyte : PWD=/ ; USER=root ; COMMAND=/opt/stack/data/venv/bin/cinder-rootwrap /etc/cinder/rootwrap.conf env LC_ALL=C qemu-img info -f qcow2 --output=json --force-share /opt/stack/data/cinder/mnt/8335d929dad1f60d98a6d5cf834c621e/volume-f06918ea-06b3-4619-9cf5-e9c878e8c9e8
Aug 21 18:14:14 devstack sudo[102833]: pam_unix(sudo:session): session opened for user root(uid=0) by (uid=1000)
Aug 21 18:14:14 devstack sudo[102833]: pam_unix(sudo:session): session closed for user root
Aug 21 18:14:14 devstack cinder-volume[94345]: DEBUG oslo_concurrency.processutils [None req-162184fa-ed75-460e-b03c-8e2aada6adad tempest-VolumesCloneTest-507116415 None] CMD "/opt/stack/data/venv/bin/python3.12 -m oslo_concurrency.prlimit --as=1073741824 --cpu=60 -- sudo cinder-rootwrap /etc/cinder/rootwrap.conf env LC_ALL=C qemu-img info -f qcow2 --output=json --force-share /opt/stack/data/cinder/mnt/8335d929dad1f60d98a6d5cf834c621e/volume-f06918ea-06b3-4619-9cf5-e9c878e8c9e8" returned: 0 in 0.395s {{(pid=94345) execute /opt/stack/data/venv/lib/python3.12/site-packages/oslo_concurrency/processutils.py:468}}
Aug 21 18:14:14 devstack cinder-volume[94345]: DEBUG oslo_concurrency.processutils [None req-162184fa-ed75-460e-b03c-8e2aada6adad tempest-VolumesCloneTest-507116415 None] Running cmd (subprocess): sudo cinder-rootwrap /etc/cinder/rootwrap.conf qemu-img create -f qcow2 -o backing_file=/opt/stack/data/cinder/mnt/8335d929dad1f60d98a6d5cf834c621e/volume-f06918ea-06b3-4619-9cf5-e9c878e8c9e8,backing_fmt=qcow2 /opt/stack/data/cinder/mnt/8335d929dad1f60d98a6d5cf834c621e/volume-f06918ea-06b3-4619-9cf5-e9c878e8c9e8.dcad12da-540b-4324-bd3a-47c0d5201fbd 1G {{(pid=94345) execute /opt/stack/data/venv/lib/python3.12/site-packages/oslo_concurrency/processutils.py:440}}
Aug 21 18:14:14 devstack sudo[102841]: quobyte : PWD=/ ; USER=root ; COMMAND=/opt/stack/data/venv/bin/cinder-rootwrap /etc/cinder/rootwrap.conf qemu-img create -f qcow2 -o backing_file=/opt/stack/data/cinder/mnt/8335d929dad1f60d98a6d5cf834c621e/volume-f06918ea-06b3-4619-9cf5-e9c878e8c9e8,backing_fmt=qcow2 /opt/stack/data/cinder/mnt/8335d929dad1f60d98a6d5cf834c621e/volume-f06918ea-06b3-4619-9cf5-e9c878e8c9e8.dcad12da-540b-4324-bd3a-47c0d5201fbd 1G
Aug 21 18:14:14 devstack sudo[102841]: pam_unix(sudo:session): session opened for user root(uid=0) by (uid=1000)
Aug 21 18:14:14 devstack sudo[102841]: pam_unix(sudo:session): session closed for user root
Aug 21 18:14:14 devstack cinder-volume[94345]: DEBUG oslo_concurrency.processutils [None req-162184fa-ed75-460e-b03c-8e2aada6adad tempest-VolumesCloneTest-507116415 None] CMD "sudo cinder-rootwrap /etc/cinder/rootwrap.conf qemu-img create -f qcow2 -o backing_file=/opt/stack/data/cinder/mnt/8335d929dad1f60d98a6d5cf834c621e/volume-f06918ea-06b3-4619-9cf5-e9c878e8c9e8,backing_fmt=qcow2 /opt/stack/data/cinder/mnt/8335d929dad1f60d98a6d5cf834c621e/volume-f06918ea-06b3-4619-9cf5-e9c878e8c9e8.dcad12da-540b-4324-bd3a-47c0d5201fbd 1G" returned: 0 in 0.465s {{(pid=94345) execute /opt/stack/data/venv/lib/python3.12/site-packages/oslo_concurrency/processutils.py:468}}
Aug 21 18:14:14 devstack cinder-volume[94345]: DEBUG oslo_concurrency.processutils [None req-162184fa-ed75-460e-b03c-8e2aada6adad tempest-VolumesCloneTest-507116415 None] Running cmd (subprocess): sudo cinder-rootwrap /etc/cinder/rootwrap.conf qemu-img rebase -u -b volume-f06918ea-06b3-4619-9cf5-e9c878e8c9e8 -F qcow2 /opt/stack/data/cinder/mnt/8335d929dad1f60d98a6d5cf834c621e/volume-f06918ea-06b3-4619-9cf5-e9c878e8c9e8.dcad12da-540b-4324-bd3a-47c0d5201fbd {{(pid=94345) execute /opt/stack/data/venv/lib/python3.12/site-packages/oslo_concurrency/processutils.py:440}}
Aug 21 18:14:14 devstack sudo[102847]: quobyte : PWD=/ ; USER=root ; COMMAND=/opt/stack/data/venv/bin/cinder-rootwrap /etc/cinder/rootwrap.conf qemu-img rebase -u -b volume-f06918ea-06b3-4619-9cf5-e9c878e8c9e8 -F qcow2 /opt/stack/data/cinder/mnt/8335d929dad1f60d98a6d5cf834c621e/volume-f06918ea-06b3-4619-9cf5-e9c878e8c9e8.dcad12da-540b-4324-bd3a-47c0d5201fbd
Aug 21 18:14:14 devstack sudo[102847]: pam_unix(sudo:session): session opened for user root(uid=0) by (uid=1000)
Aug 21 18:14:15 devstack sudo[102847]: pam_unix(sudo:session): session closed for user root
Aug 21 18:14:15 devstack cinder-volume[94345]: DEBUG oslo_concurrency.processutils [None req-162184fa-ed75-460e-b03c-8e2aada6adad tempest-VolumesCloneTest-507116415 None] CMD "sudo cinder-rootwrap /etc/cinder/rootwrap.conf qemu-img rebase -u -b volume-f06918ea-06b3-4619-9cf5-e9c878e8c9e8 -F qcow2 /opt/stack/data/cinder/mnt/8335d929dad1f60d98a6d5cf834c621e/volume-f06918ea-06b3-4619-9cf5-e9c878e8c9e8.dcad12da-540b-4324-bd3a-47c0d5201fbd" returned: 0 in 0.362s {{(pid=94345) execute /opt/stack/data/venv/lib/python3.12/site-packages/oslo_concurrency/processutils.py:468}}
Aug 21 18:14:15 devstack cinder-volume[94345]: WARNING cinder.volume.drivers.remotefs [None req-162184fa-ed75-460e-b03c-8e2aada6adad tempest-VolumesCloneTest-507116415 None] /opt/stack/data/cinder/mnt/8335d929dad1f60d98a6d5cf834c621e/volume-f06918ea-06b3-4619-9cf5-e9c878e8c9e8.dcad12da-540b-4324-bd3a-47c0d5201fbd is being set with open permissions: ugo+rw
Aug 21 18:14:15 devstack cinder-volume[94345]: DEBUG oslo_concurrency.processutils [None req-162184fa-ed75-460e-b03c-8e2aada6adad tempest-VolumesCloneTest-507116415 None] Running cmd (subprocess): sudo cinder-rootwrap /etc/cinder/rootwrap.conf chmod ugo+rw /opt/stack/data/cinder/mnt/8335d929dad1f60d98a6d5cf834c621e/volume-f06918ea-06b3-4619-9cf5-e9c878e8c9e8.dcad12da-540b-4324-bd3a-47c0d5201fbd {{(pid=94345) execute /opt/stack/data/venv/lib/python3.12/site-packages/oslo_concurrency/processutils.py:440}}
Aug 21 18:14:15 devstack sudo[102852]: quobyte : PWD=/ ; USER=root ; COMMAND=/opt/stack/data/venv/bin/cinder-rootwrap /etc/cinder/rootwrap.conf chmod ugo+rw /opt/stack/data/cinder/mnt/8335d929dad1f60d98a6d5cf834c621e/volume-f06918ea-06b3-4619-9cf5-e9c878e8c9e8.dcad12da-540b-4324-bd3a-47c0d5201fbd
Aug 21 18:14:15 devstack sudo[102852]: pam_unix(sudo:session): session opened for user root(uid=0) by (uid=1000)
Aug 21 18:14:15 devstack cinder-volume[94345]: DEBUG oslo_concurrency.lockutils [None req-7ca47987-1713-4b02-a261-5f28a46ab61e tempest-GroupSnapshotsTest-466061170 None] Acquiring lock "quobyte" by "cinder.volume.drivers.quobyte.QuobyteDriver.create_volume_from_snapshot" {{(pid=94345) inner /opt/stack/data/venv/lib/python3.12/site-packages/oslo_concurrency/lockutils.py:512}}
Aug 21 18:14:15 devstack sudo[102852]: pam_unix(sudo:session): session closed for user root
Aug 21 18:14:15 devstack cinder-volume[94345]: DEBUG oslo_concurrency.processutils [None req-162184fa-ed75-460e-b03c-8e2aada6adad tempest-VolumesCloneTest-507116415 None] CMD "sudo cinder-rootwrap /etc/cinder/rootwrap.conf chmod ugo+rw /opt/stack/data/cinder/mnt/8335d929dad1f60d98a6d5cf834c621e/volume-f06918ea-06b3-4619-9cf5-e9c878e8c9e8.dcad12da-540b-4324-bd3a-47c0d5201fbd" returned: 0 in 0.319s {{(pid=94345) execute /opt/stack/data/venv/lib/python3.12/site-packages/oslo_concurrency/processutils.py:468}}
Aug 21 18:14:15 devstack cinder-volume[94345]: DEBUG oslo_concurrency.processutils [None req-162184fa-ed75-460e-b03c-8e2aada6adad tempest-VolumesCloneTest-507116415 None] Running cmd (subprocess): sudo cinder-rootwrap /etc/cinder/rootwrap.conf truncate -s0 /opt/stack/data/cinder/mnt/8335d929dad1f60d98a6d5cf834c621e/volume-f06918ea-06b3-4619-9cf5-e9c878e8c9e8.info {{(pid=94345) execute /opt/stack/data/venv/lib/python3.12/site-packages/oslo_concurrency/processutils.py:440}}
Aug 21 18:14:15 devstack sudo[102855]: quobyte : PWD=/ ; USER=root ; COMMAND=/opt/stack/data/venv/bin/cinder-rootwrap /etc/cinder/rootwrap.conf truncate -s0 /opt/stack/data/cinder/mnt/8335d929dad1f60d98a6d5cf834c621e/volume-f06918ea-06b3-4619-9cf5-e9c878e8c9e8.info
Aug 21 18:14:15 devstack sudo[102855]: pam_unix(sudo:session): session opened for user root(uid=0) by (uid=1000)
Aug 21 18:14:15 devstack sudo[102855]: pam_unix(sudo:session): session closed for user root
Aug 21 18:14:15 devstack cinder-volume[94345]: DEBUG oslo_concurrency.processutils [None req-162184fa-ed75-460e-b03c-8e2aada6adad tempest-VolumesCloneTest-507116415 None] CMD "sudo cinder-rootwrap /etc/cinder/rootwrap.conf truncate -s0 /opt/stack/data/cinder/mnt/8335d929dad1f60d98a6d5cf834c621e/volume-f06918ea-06b3-4619-9cf5-e9c878e8c9e8.info" returned: 0 in 0.318s {{(pid=94345) execute /opt/stack/data/venv/lib/python3.12/site-packages/oslo_concurrency/processutils.py:468}}
Aug 21 18:14:15 devstack cinder-volume[94345]: WARNING cinder.volume.drivers.remotefs [None req-162184fa-ed75-460e-b03c-8e2aada6adad tempest-VolumesCloneTest-507116415 None] /opt/stack/data/cinder/mnt/8335d929dad1f60d98a6d5cf834c621e/volume-f06918ea-06b3-4619-9cf5-e9c878e8c9e8.info is being set with open permissions: ugo+rw
Aug 21 18:14:15 devstack cinder-volume[94345]: DEBUG oslo_concurrency.processutils [None req-162184fa-ed75-460e-b03c-8e2aada6adad tempest-VolumesCloneTest-507116415 None] Running cmd (subprocess): sudo cinder-rootwrap /etc/cinder/rootwrap.conf chmod ugo+rw /opt/stack/data/cinder/mnt/8335d929dad1f60d98a6d5cf834c621e/volume-f06918ea-06b3-4619-9cf5-e9c878e8c9e8.info {{(pid=94345) execute /opt/stack/data/venv/lib/python3.12/site-packages/oslo_concurrency/processutils.py:440}}
Aug 21 18:14:15 devstack sudo[102861]: quobyte : PWD=/ ; USER=root ; COMMAND=/opt/stack/data/venv/bin/cinder-rootwrap /etc/cinder/rootwrap.conf chmod ugo+rw /opt/stack/data/cinder/mnt/8335d929dad1f60d98a6d5cf834c621e/volume-f06918ea-06b3-4619-9cf5-e9c878e8c9e8.info
Aug 21 18:14:15 devstack sudo[102861]: pam_unix(sudo:session): session opened for user root(uid=0) by (uid=1000)
Aug 21 18:14:16 devstack sudo[102861]: pam_unix(sudo:session): session closed for user root
Aug 21 18:14:16 devstack cinder-volume[94345]: DEBUG oslo_concurrency.processutils [None req-162184fa-ed75-460e-b03c-8e2aada6adad tempest-VolumesCloneTest-507116415 None] CMD "sudo cinder-rootwrap /etc/cinder/rootwrap.conf chmod ugo+rw /opt/stack/data/cinder/mnt/8335d929dad1f60d98a6d5cf834c621e/volume-f06918ea-06b3-4619-9cf5-e9c878e8c9e8.info" returned: 0 in 0.259s {{(pid=94345) execute /opt/stack/data/venv/lib/python3.12/site-packages/oslo_concurrency/processutils.py:468}}
Aug 21 18:14:16 devstack cinder-volume[94345]: DEBUG cinder.coordination [None req-162184fa-ed75-460e-b03c-8e2aada6adad tempest-VolumesCloneTest-507116415 None] Acquiring lock "cinder-quobyte-6f2f17dc-c80f-452d-a58a-1178dcc5fb3b" by "_copy_volume_from_snapshot" {{(pid=94345) __acquire /opt/stack/cinder/cinder/coordination.py:138}}
Aug 21 18:14:16 devstack cinder-volume[94345]: DEBUG cinder.coordination [None req-162184fa-ed75-460e-b03c-8e2aada6adad tempest-VolumesCloneTest-507116415 None] Lock "cinder-quobyte-6f2f17dc-c80f-452d-a58a-1178dcc5fb3b" acquired by "_copy_volume_from_snapshot" :: waited 0.023s {{(pid=94345) __acquire /opt/stack/cinder/cinder/coordination.py:141}}
Aug 21 18:14:16 devstack cinder-volume[94345]: DEBUG cinder.volume.drivers.quobyte [None req-162184fa-ed75-460e-b03c-8e2aada6adad tempest-VolumesCloneTest-507116415 None] snapshot: dcad12da-540b-4324-bd3a-47c0d5201fbd, volume: 6f2f17dc-c80f-452d-a58a-1178dcc5fb3b, {{(pid=94345) _copy_volume_from_snapshot /opt/stack/cinder/cinder/volume/drivers/quobyte.py:405}}
Aug 21 18:14:16 devstack cinder-volume[94345]: DEBUG oslo_concurrency.lockutils [None req-162184fa-ed75-460e-b03c-8e2aada6adad tempest-VolumesCloneTest-507116415 None] Acquiring lock "quobyte_ensure" by "cinder.volume.drivers.quobyte.QuobyteDriver._ensure_shares_mounted" {{(pid=94345) inner /opt/stack/data/venv/lib/python3.12/site-packages/oslo_concurrency/lockutils.py:512}}
Aug 21 18:14:16 devstack cinder-volume[94345]: DEBUG oslo_concurrency.lockutils [None req-162184fa-ed75-460e-b03c-8e2aada6adad tempest-VolumesCloneTest-507116415 None] Lock "quobyte_ensure" acquired by "cinder.volume.drivers.quobyte.QuobyteDriver._ensure_shares_mounted" :: waited 0.001s {{(pid=94345) inner /opt/stack/data/venv/lib/python3.12/site-packages/oslo_concurrency/lockutils.py:525}}
Aug 21 18:14:16 devstack cinder-volume[94345]: DEBUG cinder.volume.drivers.quobyte [None req-162184fa-ed75-460e-b03c-8e2aada6adad tempest-VolumesCloneTest-507116415 None] Quobyte Volume URL set to: {'osci02.corp.quobyte.com/cinder-vol-413f2e1b-0daf-4b61-bc19-a8125c66a769': None} {{(pid=94345) _load_shares_config /opt/stack/cinder/cinder/volume/drivers/quobyte.py:665}}
Aug 21 18:14:16 devstack cinder-volume[94345]: DEBUG cinder.volume.drivers.quobyte [None req-162184fa-ed75-460e-b03c-8e2aada6adad tempest-VolumesCloneTest-507116415 None] Available shares ['osci02.corp.quobyte.com/cinder-vol-413f2e1b-0daf-4b61-bc19-a8125c66a769'] {{(pid=94345) _ensure_shares_mounted /opt/stack/cinder/cinder/volume/drivers/quobyte.py:695}}
Aug 21 18:14:16 devstack cinder-volume[94345]: DEBUG oslo_concurrency.lockutils [None req-162184fa-ed75-460e-b03c-8e2aada6adad tempest-VolumesCloneTest-507116415 None] Lock "quobyte_ensure" "released" by "cinder.volume.drivers.quobyte.QuobyteDriver._ensure_shares_mounted" :: held 0.007s {{(pid=94345) inner /opt/stack/data/venv/lib/python3.12/site-packages/oslo_concurrency/lockutils.py:544}}
Aug 21 18:14:16 devstack cinder-volume[94345]: DEBUG oslo.privsep.daemon [-] privsep: reply[8c7ccaa4-98e5-415d-97ec-b704eb3ecc15]: (4, 'qcow2') {{(pid=95526) _call_back /opt/stack/data/venv/lib/python3.12/site-packages/oslo_privsep/daemon.py:580}}
Aug 21 18:14:16 devstack cinder-volume[94345]: DEBUG oslo_concurrency.processutils [None req-162184fa-ed75-460e-b03c-8e2aada6adad tempest-VolumesCloneTest-507116415 None] Running cmd (subprocess): /opt/stack/data/venv/bin/python3.12 -m oslo_concurrency.prlimit --as=1073741824 --cpu=60 -- sudo cinder-rootwrap /etc/cinder/rootwrap.conf env LC_ALL=C qemu-img info -f qcow2 --output=json --force-share /opt/stack/data/cinder/mnt/8335d929dad1f60d98a6d5cf834c621e/volume-f06918ea-06b3-4619-9cf5-e9c878e8c9e8.dcad12da-540b-4324-bd3a-47c0d5201fbd {{(pid=94345) execute /opt/stack/data/venv/lib/python3.12/site-packages/oslo_concurrency/processutils.py:440}}
Aug 21 18:14:16 devstack sudo[102871]: quobyte : PWD=/ ; USER=root ; COMMAND=/opt/stack/data/venv/bin/cinder-rootwrap /etc/cinder/rootwrap.conf env LC_ALL=C qemu-img info -f qcow2 --output=json --force-share /opt/stack/data/cinder/mnt/8335d929dad1f60d98a6d5cf834c621e/volume-f06918ea-06b3-4619-9cf5-e9c878e8c9e8.dcad12da-540b-4324-bd3a-47c0d5201fbd
Aug 21 18:14:16 devstack sudo[102871]: pam_unix(sudo:session): session opened for user root(uid=0) by (uid=1000)
Aug 21 18:14:16 devstack sudo[102871]: pam_unix(sudo:session): session closed for user root
Aug 21 18:14:16 devstack cinder-volume[94345]: DEBUG oslo_concurrency.processutils [None req-162184fa-ed75-460e-b03c-8e2aada6adad tempest-VolumesCloneTest-507116415 None] CMD "/opt/stack/data/venv/bin/python3.12 -m oslo_concurrency.prlimit --as=1073741824 --cpu=60 -- sudo cinder-rootwrap /etc/cinder/rootwrap.conf env LC_ALL=C qemu-img info -f qcow2 --output=json --force-share /opt/stack/data/cinder/mnt/8335d929dad1f60d98a6d5cf834c621e/volume-f06918ea-06b3-4619-9cf5-e9c878e8c9e8.dcad12da-540b-4324-bd3a-47c0d5201fbd" returned: 0 in 0.513s {{(pid=94345) execute /opt/stack/data/venv/lib/python3.12/site-packages/oslo_concurrency/processutils.py:468}}
Aug 21 18:14:16 devstack cinder-volume[94345]: DEBUG cinder.volume.drivers.remotefs [None req-162184fa-ed75-460e-b03c-8e2aada6adad tempest-VolumesCloneTest-507116415 None] Fetching qemu-img info with special backing_file_template: (/opt/stack/data/cinder/mnt/[0-9a-f]+/)?(volume-f06918ea-06b3-4619-9cf5-e9c878e8c9e8(.(tmp-snap-)?[0-9a-f-]+)?|volume_from_snapshot_cache/(tmp-snap-)?[0-9a-f-]+(.(child-|parent-)[0-9a-f-]+)?)$ {{(pid=94345) _qemu_img_info_base /opt/stack/cinder/cinder/volume/drivers/remotefs.py:896}}
Aug 21 18:14:16 devstack cinder-volume[94345]: DEBUG oslo.privsep.daemon [-] privsep: reply[68928c0c-9b7b-42d5-9a38-27b279683bde]: (4, 'qcow2') {{(pid=95526) _call_back /opt/stack/data/venv/lib/python3.12/site-packages/oslo_privsep/daemon.py:580}}
Aug 21 18:14:16 devstack cinder-volume[94345]: DEBUG oslo_concurrency.processutils [None req-162184fa-ed75-460e-b03c-8e2aada6adad tempest-VolumesCloneTest-507116415 None] Running cmd (subprocess): /opt/stack/data/venv/bin/python3.12 -m oslo_concurrency.prlimit --as=1073741824 --cpu=60 -- sudo cinder-rootwrap /etc/cinder/rootwrap.conf env LC_ALL=C qemu-img info -f qcow2 --output=json --force-share /opt/stack/data/cinder/mnt/8335d929dad1f60d98a6d5cf834c621e/volume-f06918ea-06b3-4619-9cf5-e9c878e8c9e8 {{(pid=94345) execute /opt/stack/data/venv/lib/python3.12/site-packages/oslo_concurrency/processutils.py:440}}
Aug 21 18:14:16 devstack sudo[102881]: quobyte : PWD=/ ; USER=root ; COMMAND=/opt/stack/data/venv/bin/cinder-rootwrap /etc/cinder/rootwrap.conf env LC_ALL=C qemu-img info -f qcow2 --output=json --force-share /opt/stack/data/cinder/mnt/8335d929dad1f60d98a6d5cf834c621e/volume-f06918ea-06b3-4619-9cf5-e9c878e8c9e8
Aug 21 18:14:16 devstack sudo[102881]: pam_unix(sudo:session): session opened for user root(uid=0) by (uid=1000)
Aug 21 18:14:17 devstack sudo[102881]: pam_unix(sudo:session): session closed for user root
Aug 21 18:14:17 devstack cinder-volume[94345]: DEBUG oslo_concurrency.processutils [None req-162184fa-ed75-460e-b03c-8e2aada6adad tempest-VolumesCloneTest-507116415 None] CMD "/opt/stack/data/venv/bin/python3.12 -m oslo_concurrency.prlimit --as=1073741824 --cpu=60 -- sudo cinder-rootwrap /etc/cinder/rootwrap.conf env LC_ALL=C qemu-img info -f qcow2 --output=json --force-share /opt/stack/data/cinder/mnt/8335d929dad1f60d98a6d5cf834c621e/volume-f06918ea-06b3-4619-9cf5-e9c878e8c9e8" returned: 0 in 0.372s {{(pid=94345) execute /opt/stack/data/venv/lib/python3.12/site-packages/oslo_concurrency/processutils.py:468}}
Aug 21 18:14:17 devstack cinder-volume[94345]: DEBUG cinder.volume.drivers.quobyte [None req-162184fa-ed75-460e-b03c-8e2aada6adad tempest-VolumesCloneTest-507116415 None] will copy from snapshot at /opt/stack/data/cinder/mnt/8335d929dad1f60d98a6d5cf834c621e/volume-f06918ea-06b3-4619-9cf5-e9c878e8c9e8 {{(pid=94345) _copy_volume_from_snapshot /opt/stack/cinder/cinder/volume/drivers/quobyte.py:426}}
Aug 21 18:14:17 devstack cinder-volume[94345]: DEBUG cinder.volume.drivers.quobyte [None req-162184fa-ed75-460e-b03c-8e2aada6adad tempest-VolumesCloneTest-507116415 None] Creating direct copy from snapshot {{(pid=94345) _copy_volume_from_snapshot /opt/stack/cinder/cinder/volume/drivers/quobyte.py:434}}
Aug 21 18:14:17 devstack cinder-volume[94345]: DEBUG cinder.utils [None req-162184fa-ed75-460e-b03c-8e2aada6adad tempest-VolumesCloneTest-507116415 None] Path /opt/stack/data/cinder/mnt/8335d929dad1f60d98a6d5cf834c621e/volume-6f2f17dc-c80f-452d-a58a-1178dcc5fb3b not found in is_blk_device check {{(pid=94345) is_blk_device /opt/stack/cinder/cinder/utils.py:622}}
Aug 21 18:14:17 devstack cinder-volume[94345]: DEBUG oslo_concurrency.processutils [None req-162184fa-ed75-460e-b03c-8e2aada6adad tempest-VolumesCloneTest-507116415 None] Running cmd (subprocess): sudo cinder-rootwrap /etc/cinder/rootwrap.conf qemu-img convert -O qcow2 /opt/stack/data/cinder/mnt/8335d929dad1f60d98a6d5cf834c621e/volume-f06918ea-06b3-4619-9cf5-e9c878e8c9e8 /opt/stack/data/cinder/mnt/8335d929dad1f60d98a6d5cf834c621e/volume-6f2f17dc-c80f-452d-a58a-1178dcc5fb3b {{(pid=94345) execute /opt/stack/data/venv/lib/python3.12/site-packages/oslo_concurrency/processutils.py:440}}
Aug 21 18:14:17 devstack sudo[102886]: quobyte : PWD=/ ; USER=root ; COMMAND=/opt/stack/data/venv/bin/cinder-rootwrap /etc/cinder/rootwrap.conf qemu-img convert -O qcow2 /opt/stack/data/cinder/mnt/8335d929dad1f60d98a6d5cf834c621e/volume-f06918ea-06b3-4619-9cf5-e9c878e8c9e8 /opt/stack/data/cinder/mnt/8335d929dad1f60d98a6d5cf834c621e/volume-6f2f17dc-c80f-452d-a58a-1178dcc5fb3b
Aug 21 18:14:17 devstack sudo[102886]: pam_unix(sudo:session): session opened for user root(uid=0) by (uid=1000)
Aug 21 18:14:22 devstack sudo[102886]: pam_unix(sudo:session): session closed for user root
Aug 21 18:14:22 devstack cinder-volume[94345]: DEBUG oslo_concurrency.processutils [None req-162184fa-ed75-460e-b03c-8e2aada6adad tempest-VolumesCloneTest-507116415 None] CMD "sudo cinder-rootwrap /etc/cinder/rootwrap.conf qemu-img convert -O qcow2 /opt/stack/data/cinder/mnt/8335d929dad1f60d98a6d5cf834c621e/volume-f06918ea-06b3-4619-9cf5-e9c878e8c9e8 /opt/stack/data/cinder/mnt/8335d929dad1f60d98a6d5cf834c621e/volume-6f2f17dc-c80f-452d-a58a-1178dcc5fb3b" returned: 0 in 5.606s {{(pid=94345) execute /opt/stack/data/venv/lib/python3.12/site-packages/oslo_concurrency/processutils.py:468}}
Aug 21 18:14:22 devstack cinder-volume[94345]: DEBUG cinder.image.image_utils [None req-162184fa-ed75-460e-b03c-8e2aada6adad tempest-VolumesCloneTest-507116415 None] Image conversion details: src /opt/stack/data/cinder/mnt/8335d929dad1f60d98a6d5cf834c621e/volume-f06918ea-06b3-4619-9cf5-e9c878e8c9e8, size 1024.00 MB, duration 5.61 sec, destination /opt/stack/data/cinder/mnt/8335d929dad1f60d98a6d5cf834c621e/volume-6f2f17dc-c80f-452d-a58a-1178dcc5fb3b {{(pid=94345) _convert_image /opt/stack/cinder/cinder/image/image_utils.py:536}}
Aug 21 18:14:22 devstack cinder-volume[94345]: INFO cinder.image.image_utils [None req-162184fa-ed75-460e-b03c-8e2aada6adad tempest-VolumesCloneTest-507116415 None] Converted 1024.00 MB image at 182.63 MB/s
Aug 21 18:14:22 devstack cinder-volume[94345]: WARNING cinder.volume.drivers.remotefs [None req-162184fa-ed75-460e-b03c-8e2aada6adad tempest-VolumesCloneTest-507116415 None] /opt/stack/data/cinder/mnt/8335d929dad1f60d98a6d5cf834c621e/volume-6f2f17dc-c80f-452d-a58a-1178dcc5fb3b is being set with open permissions: ugo+rw
Aug 21 18:14:22 devstack cinder-volume[94345]: DEBUG oslo_concurrency.processutils [None req-162184fa-ed75-460e-b03c-8e2aada6adad tempest-VolumesCloneTest-507116415 None] Running cmd (subprocess): sudo cinder-rootwrap /etc/cinder/rootwrap.conf chmod ugo+rw /opt/stack/data/cinder/mnt/8335d929dad1f60d98a6d5cf834c621e/volume-6f2f17dc-c80f-452d-a58a-1178dcc5fb3b {{(pid=94345) execute /opt/stack/data/venv/lib/python3.12/site-packages/oslo_concurrency/processutils.py:440}}
Aug 21 18:14:22 devstack sudo[102983]: quobyte : PWD=/ ; USER=root ; COMMAND=/opt/stack/data/venv/bin/cinder-rootwrap /etc/cinder/rootwrap.conf chmod ugo+rw /opt/stack/data/cinder/mnt/8335d929dad1f60d98a6d5cf834c621e/volume-6f2f17dc-c80f-452d-a58a-1178dcc5fb3b
Aug 21 18:14:22 devstack sudo[102983]: pam_unix(sudo:session): session opened for user root(uid=0) by (uid=1000)
Aug 21 18:14:22 devstack sudo[102983]: pam_unix(sudo:session): session closed for user root
Aug 21 18:14:22 devstack cinder-volume[94345]: DEBUG oslo_concurrency.processutils [None req-162184fa-ed75-460e-b03c-8e2aada6adad tempest-VolumesCloneTest-507116415 None] CMD "sudo cinder-rootwrap /etc/cinder/rootwrap.conf chmod ugo+rw /opt/stack/data/cinder/mnt/8335d929dad1f60d98a6d5cf834c621e/volume-6f2f17dc-c80f-452d-a58a-1178dcc5fb3b" returned: 0 in 0.263s {{(pid=94345) execute /opt/stack/data/venv/lib/python3.12/site-packages/oslo_concurrency/processutils.py:468}}
Aug 21 18:14:22 devstack cinder-volume[94345]: DEBUG cinder.coordination [None req-162184fa-ed75-460e-b03c-8e2aada6adad tempest-VolumesCloneTest-507116415 None] Lock "cinder-quobyte-6f2f17dc-c80f-452d-a58a-1178dcc5fb3b" released by "_copy_volume_from_snapshot" :: held 6.849s {{(pid=94345) __release /opt/stack/cinder/cinder/coordination.py:152}}
Aug 21 18:14:22 devstack cinder-volume[94345]: DEBUG cinder.coordination [None req-162184fa-ed75-460e-b03c-8e2aada6adad tempest-VolumesCloneTest-507116415 None] Acquiring lock "cinder-quobyte-dcad12da-540b-4324-bd3a-47c0d5201fbd" by "_delete_snapshot" {{(pid=94345) __acquire /opt/stack/cinder/cinder/coordination.py:138}}
Aug 21 18:14:22 devstack cinder-volume[94345]: DEBUG cinder.coordination [None req-162184fa-ed75-460e-b03c-8e2aada6adad tempest-VolumesCloneTest-507116415 None] Lock "cinder-quobyte-dcad12da-540b-4324-bd3a-47c0d5201fbd" acquired by "_delete_snapshot" :: waited 0.016s {{(pid=94345) __acquire /opt/stack/cinder/cinder/coordination.py:141}}
Aug 21 18:14:22 devstack cinder-volume[94345]: DEBUG cinder.volume.drivers.remotefs [None req-162184fa-ed75-460e-b03c-8e2aada6adad tempest-VolumesCloneTest-507116415 None] Deleting offline snapshot dcad12da-540b-4324-bd3a-47c0d5201fbd of volume f06918ea-06b3-4619-9cf5-e9c878e8c9e8 {{(pid=94345) _delete_snapshot /opt/stack/cinder/cinder/volume/drivers/remotefs.py:1288}}
Aug 21 18:14:23 devstack cinder-volume[94345]: DEBUG cinder.volume.drivers.remotefs [None req-162184fa-ed75-460e-b03c-8e2aada6adad tempest-VolumesCloneTest-507116415 None] snapshot_file for this snap is: volume-f06918ea-06b3-4619-9cf5-e9c878e8c9e8.dcad12da-540b-4324-bd3a-47c0d5201fbd {{(pid=94345) _delete_snapshot /opt/stack/cinder/cinder/volume/drivers/remotefs.py:1317}}
Aug 21 18:14:23 devstack cinder-volume[94345]: DEBUG oslo.privsep.daemon [-] privsep: reply[e3f46c9f-63ee-4fc5-a4a7-d7ecf5be2977]: (4, 'qcow2') {{(pid=95526) _call_back /opt/stack/data/venv/lib/python3.12/site-packages/oslo_privsep/daemon.py:580}}
Aug 21 18:14:23 devstack cinder-volume[94345]: DEBUG oslo_concurrency.processutils [None req-162184fa-ed75-460e-b03c-8e2aada6adad tempest-VolumesCloneTest-507116415 None] Running cmd (subprocess): /opt/stack/data/venv/bin/python3.12 -m oslo_concurrency.prlimit --as=1073741824 --cpu=60 -- sudo cinder-rootwrap /etc/cinder/rootwrap.conf env LC_ALL=C qemu-img info -f qcow2 --output=json --force-share /opt/stack/data/cinder/mnt/8335d929dad1f60d98a6d5cf834c621e/volume-f06918ea-06b3-4619-9cf5-e9c878e8c9e8.dcad12da-540b-4324-bd3a-47c0d5201fbd {{(pid=94345) execute /opt/stack/data/venv/lib/python3.12/site-packages/oslo_concurrency/processutils.py:440}}
Aug 21 18:14:23 devstack sudo[102987]: quobyte : PWD=/ ; USER=root ; COMMAND=/opt/stack/data/venv/bin/cinder-rootwrap /etc/cinder/rootwrap.conf env LC_ALL=C qemu-img info -f qcow2 --output=json --force-share /opt/stack/data/cinder/mnt/8335d929dad1f60d98a6d5cf834c621e/volume-f06918ea-06b3-4619-9cf5-e9c878e8c9e8.dcad12da-540b-4324-bd3a-47c0d5201fbd
Aug 21 18:14:23 devstack sudo[102987]: pam_unix(sudo:session): session opened for user root(uid=0) by (uid=1000)
Aug 21 18:14:23 devstack sudo[102987]: pam_unix(sudo:session): session closed for user root
Aug 21 18:14:23 devstack cinder-volume[94345]: DEBUG oslo_concurrency.processutils [None req-162184fa-ed75-460e-b03c-8e2aada6adad tempest-VolumesCloneTest-507116415 None] CMD "/opt/stack/data/venv/bin/python3.12 -m oslo_concurrency.prlimit --as=1073741824 --cpu=60 -- sudo cinder-rootwrap /etc/cinder/rootwrap.conf env LC_ALL=C qemu-img info -f qcow2 --output=json --force-share /opt/stack/data/cinder/mnt/8335d929dad1f60d98a6d5cf834c621e/volume-f06918ea-06b3-4619-9cf5-e9c878e8c9e8.dcad12da-540b-4324-bd3a-47c0d5201fbd" returned: 0 in 0.459s {{(pid=94345) execute /opt/stack/data/venv/lib/python3.12/site-packages/oslo_concurrency/processutils.py:468}}
Aug 21 18:14:23 devstack cinder-volume[94345]: DEBUG cinder.volume.drivers.remotefs [None req-162184fa-ed75-460e-b03c-8e2aada6adad tempest-VolumesCloneTest-507116415 None] Fetching qemu-img info with special backing_file_template: (/opt/stack/data/cinder/mnt/[0-9a-f]+/)?(volume-f06918ea-06b3-4619-9cf5-e9c878e8c9e8(.(tmp-snap-)?[0-9a-f-]+)?|volume_from_snapshot_cache/(tmp-snap-)?[0-9a-f-]+(.(child-|parent-)[0-9a-f-]+)?)$ {{(pid=94345) _qemu_img_info_base /opt/stack/cinder/cinder/volume/drivers/remotefs.py:896}}
Aug 21 18:14:23 devstack cinder-volume[94345]: DEBUG oslo.privsep.daemon [-] privsep: reply[bcd9e427-75d2-41be-a162-34dd422d9a1f]: (4, 'qcow2') {{(pid=95526) _call_back /opt/stack/data/venv/lib/python3.12/site-packages/oslo_privsep/daemon.py:580}}
Aug 21 18:14:23 devstack cinder-volume[94345]: DEBUG oslo_concurrency.processutils [None req-162184fa-ed75-460e-b03c-8e2aada6adad tempest-VolumesCloneTest-507116415 None] Running cmd (subprocess): /opt/stack/data/venv/bin/python3.12 -m oslo_concurrency.prlimit --as=1073741824 --cpu=60 -- sudo cinder-rootwrap /etc/cinder/rootwrap.conf env LC_ALL=C qemu-img info -f qcow2 --output=json --force-share /opt/stack/data/cinder/mnt/8335d929dad1f60d98a6d5cf834c621e/volume-f06918ea-06b3-4619-9cf5-e9c878e8c9e8 {{(pid=94345) execute /opt/stack/data/venv/lib/python3.12/site-packages/oslo_concurrency/processutils.py:440}}
Aug 21 18:14:23 devstack sudo[102994]: quobyte : PWD=/ ; USER=root ; COMMAND=/opt/stack/data/venv/bin/cinder-rootwrap /etc/cinder/rootwrap.conf env LC_ALL=C qemu-img info -f qcow2 --output=json --force-share /opt/stack/data/cinder/mnt/8335d929dad1f60d98a6d5cf834c621e/volume-f06918ea-06b3-4619-9cf5-e9c878e8c9e8
Aug 21 18:14:23 devstack sudo[102994]: pam_unix(sudo:session): session opened for user root(uid=0) by (uid=1000)
Aug 21 18:14:24 devstack sudo[102994]: pam_unix(sudo:session): session closed for user root
Aug 21 18:14:24 devstack cinder-volume[94345]: DEBUG oslo_concurrency.processutils [None req-162184fa-ed75-460e-b03c-8e2aada6adad tempest-VolumesCloneTest-507116415 None] CMD "/opt/stack/data/venv/bin/python3.12 -m oslo_concurrency.prlimit --as=1073741824 --cpu=60 -- sudo cinder-rootwrap /etc/cinder/rootwrap.conf env LC_ALL=C qemu-img info -f qcow2 --output=json --force-share /opt/stack/data/cinder/mnt/8335d929dad1f60d98a6d5cf834c621e/volume-f06918ea-06b3-4619-9cf5-e9c878e8c9e8" returned: 0 in 0.610s {{(pid=94345) execute /opt/stack/data/venv/lib/python3.12/site-packages/oslo_concurrency/processutils.py:468}}
Aug 21 18:14:24 devstack cinder-volume[94345]: DEBUG oslo_concurrency.processutils [None req-162184fa-ed75-460e-b03c-8e2aada6adad tempest-VolumesCloneTest-507116415 None] Running cmd (subprocess): sudo cinder-rootwrap /etc/cinder/rootwrap.conf qemu-img commit -d /opt/stack/data/cinder/mnt/8335d929dad1f60d98a6d5cf834c621e/volume-f06918ea-06b3-4619-9cf5-e9c878e8c9e8.dcad12da-540b-4324-bd3a-47c0d5201fbd {{(pid=94345) execute /opt/stack/data/venv/lib/python3.12/site-packages/oslo_concurrency/processutils.py:440}}
Aug 21 18:14:24 devstack sudo[103000]: quobyte : PWD=/ ; USER=root ; COMMAND=/opt/stack/data/venv/bin/cinder-rootwrap /etc/cinder/rootwrap.conf qemu-img commit -d /opt/stack/data/cinder/mnt/8335d929dad1f60d98a6d5cf834c621e/volume-f06918ea-06b3-4619-9cf5-e9c878e8c9e8.dcad12da-540b-4324-bd3a-47c0d5201fbd
Aug 21 18:14:24 devstack sudo[103000]: pam_unix(sudo:session): session opened for user root(uid=0) by (uid=1000)
Aug 21 18:14:24 devstack sudo[103000]: pam_unix(sudo:session): session closed for user root
Aug 21 18:14:24 devstack cinder-volume[94345]: DEBUG oslo_concurrency.processutils [None req-162184fa-ed75-460e-b03c-8e2aada6adad tempest-VolumesCloneTest-507116415 None] CMD "sudo cinder-rootwrap /etc/cinder/rootwrap.conf qemu-img commit -d /opt/stack/data/cinder/mnt/8335d929dad1f60d98a6d5cf834c621e/volume-f06918ea-06b3-4619-9cf5-e9c878e8c9e8.dcad12da-540b-4324-bd3a-47c0d5201fbd" returned: 0 in 0.392s {{(pid=94345) execute /opt/stack/data/venv/lib/python3.12/site-packages/oslo_concurrency/processutils.py:468}}
Aug 21 18:14:24 devstack cinder-volume[94345]: DEBUG oslo_concurrency.processutils [None req-162184fa-ed75-460e-b03c-8e2aada6adad tempest-VolumesCloneTest-507116415 None] Running cmd (subprocess): sudo cinder-rootwrap /etc/cinder/rootwrap.conf rm -f /opt/stack/data/cinder/mnt/8335d929dad1f60d98a6d5cf834c621e/volume-f06918ea-06b3-4619-9cf5-e9c878e8c9e8.dcad12da-540b-4324-bd3a-47c0d5201fbd {{(pid=94345) execute /opt/stack/data/venv/lib/python3.12/site-packages/oslo_concurrency/processutils.py:440}}
Aug 21 18:14:24 devstack sudo[103005]: quobyte : PWD=/ ; USER=root ; COMMAND=/opt/stack/data/venv/bin/cinder-rootwrap /etc/cinder/rootwrap.conf rm -f /opt/stack/data/cinder/mnt/8335d929dad1f60d98a6d5cf834c621e/volume-f06918ea-06b3-4619-9cf5-e9c878e8c9e8.dcad12da-540b-4324-bd3a-47c0d5201fbd
Aug 21 18:14:24 devstack sudo[103005]: pam_unix(sudo:session): session opened for user root(uid=0) by (uid=1000)
Aug 21 18:14:24 devstack sudo[103005]: pam_unix(sudo:session): session closed for user root
Aug 21 18:14:24 devstack cinder-volume[94345]: DEBUG oslo_concurrency.processutils [None req-162184fa-ed75-460e-b03c-8e2aada6adad tempest-VolumesCloneTest-507116415 None] CMD "sudo cinder-rootwrap /etc/cinder/rootwrap.conf rm -f /opt/stack/data/cinder/mnt/8335d929dad1f60d98a6d5cf834c621e/volume-f06918ea-06b3-4619-9cf5-e9c878e8c9e8.dcad12da-540b-4324-bd3a-47c0d5201fbd" returned: 0 in 0.289s {{(pid=94345) execute /opt/stack/data/venv/lib/python3.12/site-packages/oslo_concurrency/processutils.py:468}}
Aug 21 18:14:24 devstack cinder-volume[94345]: DEBUG cinder.coordination [None req-162184fa-ed75-460e-b03c-8e2aada6adad tempest-VolumesCloneTest-507116415 None] Lock "cinder-quobyte-dcad12da-540b-4324-bd3a-47c0d5201fbd" released by "_delete_snapshot" :: held 1.898s {{(pid=94345) __release /opt/stack/cinder/cinder/coordination.py:152}}
Aug 21 18:14:24 devstack cinder-volume[94345]: DEBUG oslo_concurrency.lockutils [None req-162184fa-ed75-460e-b03c-8e2aada6adad tempest-VolumesCloneTest-507116415 None] Lock "quobyte" "released" by "cinder.volume.drivers.quobyte.QuobyteDriver.create_cloned_volume" :: held 11.249s {{(pid=94345) inner /opt/stack/data/venv/lib/python3.12/site-packages/oslo_concurrency/lockutils.py:544}}
Aug 21 18:14:24 devstack cinder-volume[94345]: DEBUG oslo_concurrency.lockutils [None req-09cc4e7a-00b1-43b5-a9ea-0d5d2bedfd18 tempest-AttachVolumeNegativeTest-2066534816 None] Lock "quobyte" acquired by "cinder.volume.drivers.quobyte.QuobyteDriver.create_volume" :: waited 11.108s {{(pid=94345) inner /opt/stack/data/venv/lib/python3.12/site-packages/oslo_concurrency/lockutils.py:525}}
Aug 21 18:14:24 devstack cinder-volume[94345]: DEBUG cinder.volume.drivers.quobyte [None req-09cc4e7a-00b1-43b5-a9ea-0d5d2bedfd18 tempest-AttachVolumeNegativeTest-2066534816 None] ==> create_volume: call "{'self': , 'volume': Volume(_name_id=None,admin_metadata=,attach_status='detached',availability_zone='nova',bootable=False,cluster=,cluster_name=None,consistencygroup=,consistencygroup_id=None,created_at=2026-08-21T16:14:13Z,deleted=False,deleted_at=None,display_description=None,display_name='tempest-AttachVolumeNegativeTest-volume-1006915954',ec2_id=None,encryption_key_id=None,glance_metadata=,group=,group_id=None,host='devstack@QuobyteHD#QuobyteHD',id=239b03be-67f8-434c-b417-3878ac623399,launched_at=None,metadata={},migration_status=None,multiattach=False,previous_status=None,project_id='5aa867dc34304b529824557a1f580f0c',provider_auth=None,provider_geometry=None,provider_id=None,provider_location=None,replication_driver_data=None,replication_extended_status=None,replication_status=None,scheduled_at=2026-08-21T16:14:14Z,service_uuid=None,shared_targets=True,size=1,snapshot_id=None,snapshots=,source_volid=None,status='creating',terminated_at=None,updated_at=2026-08-21T16:14:14Z,use_quota=True,user_id='b57b93b975e2475b8684a572085ddbdd',volume_attachment=VolumeAttachmentList,volume_type=VolumeType(cb32ebbd-2c30-4543-8331-04bb516c9d6d),volume_type_id=cb32ebbd-2c30-4543-8331-04bb516c9d6d)}" {{(pid=94345) trace_logging_wrapper /opt/stack/cinder/cinder/volume/volume_utils.py:1497}}
Aug 21 18:14:24 devstack cinder-volume[94345]: DEBUG cinder.volume.drivers.remotefs [None req-09cc4e7a-00b1-43b5-a9ea-0d5d2bedfd18 tempest-AttachVolumeNegativeTest-2066534816 None] Creating volume 239b03be-67f8-434c-b417-3878ac623399 {{(pid=94345) create_volume /opt/stack/cinder/cinder/volume/drivers/remotefs.py:292}}
Aug 21 18:14:24 devstack cinder-volume[94345]: DEBUG oslo_concurrency.lockutils [None req-09cc4e7a-00b1-43b5-a9ea-0d5d2bedfd18 tempest-AttachVolumeNegativeTest-2066534816 None] Acquiring lock "quobyte_ensure" by "cinder.volume.drivers.quobyte.QuobyteDriver._ensure_shares_mounted" {{(pid=94345) inner /opt/stack/data/venv/lib/python3.12/site-packages/oslo_concurrency/lockutils.py:512}}
Aug 21 18:14:24 devstack cinder-volume[94345]: DEBUG oslo_concurrency.lockutils [None req-09cc4e7a-00b1-43b5-a9ea-0d5d2bedfd18 tempest-AttachVolumeNegativeTest-2066534816 None] Lock "quobyte_ensure" acquired by "cinder.volume.drivers.quobyte.QuobyteDriver._ensure_shares_mounted" :: waited 0.000s {{(pid=94345) inner /opt/stack/data/venv/lib/python3.12/site-packages/oslo_concurrency/lockutils.py:525}}
Aug 21 18:14:24 devstack cinder-volume[94345]: DEBUG cinder.volume.drivers.quobyte [None req-09cc4e7a-00b1-43b5-a9ea-0d5d2bedfd18 tempest-AttachVolumeNegativeTest-2066534816 None] Quobyte Volume URL set to: {'osci02.corp.quobyte.com/cinder-vol-413f2e1b-0daf-4b61-bc19-a8125c66a769': None} {{(pid=94345) _load_shares_config /opt/stack/cinder/cinder/volume/drivers/quobyte.py:665}}
Aug 21 18:14:24 devstack cinder-volume[94345]: DEBUG cinder.volume.drivers.quobyte [None req-09cc4e7a-00b1-43b5-a9ea-0d5d2bedfd18 tempest-AttachVolumeNegativeTest-2066534816 None] Available shares ['osci02.corp.quobyte.com/cinder-vol-413f2e1b-0daf-4b61-bc19-a8125c66a769'] {{(pid=94345) _ensure_shares_mounted /opt/stack/cinder/cinder/volume/drivers/quobyte.py:695}}
Aug 21 18:14:24 devstack cinder-volume[94345]: DEBUG oslo_concurrency.lockutils [None req-09cc4e7a-00b1-43b5-a9ea-0d5d2bedfd18 tempest-AttachVolumeNegativeTest-2066534816 None] Lock "quobyte_ensure" "released" by "cinder.volume.drivers.quobyte.QuobyteDriver._ensure_shares_mounted" :: held 0.006s {{(pid=94345) inner /opt/stack/data/venv/lib/python3.12/site-packages/oslo_concurrency/lockutils.py:544}}
Aug 21 18:14:24 devstack cinder-volume[94345]: DEBUG cinder.volume.drivers.quobyte [None req-09cc4e7a-00b1-43b5-a9ea-0d5d2bedfd18 tempest-AttachVolumeNegativeTest-2066534816 None] Selected osci02.corp.quobyte.com/cinder-vol-413f2e1b-0daf-4b61-bc19-a8125c66a769 as target Quobyte volume. {{(pid=94345) _find_share /opt/stack/cinder/cinder/volume/drivers/quobyte.py:716}}
Aug 21 18:14:24 devstack cinder-volume[94345]: INFO cinder.volume.drivers.remotefs [None req-09cc4e7a-00b1-43b5-a9ea-0d5d2bedfd18 tempest-AttachVolumeNegativeTest-2066534816 None] casted to osci02.corp.quobyte.com/cinder-vol-413f2e1b-0daf-4b61-bc19-a8125c66a769
Aug 21 18:14:24 devstack cinder-volume[94345]: DEBUG oslo_concurrency.processutils [None req-09cc4e7a-00b1-43b5-a9ea-0d5d2bedfd18 tempest-AttachVolumeNegativeTest-2066534816 None] Running cmd (subprocess): sudo cinder-rootwrap /etc/cinder/rootwrap.conf qemu-img create -f qcow2 -o preallocation=metadata /opt/stack/data/cinder/mnt/8335d929dad1f60d98a6d5cf834c621e/volume-239b03be-67f8-434c-b417-3878ac623399 1073741824 {{(pid=94345) execute /opt/stack/data/venv/lib/python3.12/site-packages/oslo_concurrency/processutils.py:440}}
Aug 21 18:14:24 devstack cinder-volume[94345]: DEBUG cinder.volume.manager [None req-162184fa-ed75-460e-b03c-8e2aada6adad tempest-VolumesCloneTest-507116415 None] Task 'cinder.volume.flows.manager.create_volume.CreateVolumeFromSpecTask;volume:create' (8e98c6c1-f693-4d87-8075-d119dac0f90c) transitioned into state 'SUCCESS' from state 'RUNNING' with result '{'status': 'creating', 'volume_name': 'volume-6f2f17dc-c80f-452d-a58a-1178dcc5fb3b', 'volume_size': 2, 'source_volid': 'f06918ea-06b3-4619-9cf5-e9c878e8c9e8', 'source_volstatus': 'available'}' {{(pid=94345) _task_receiver /opt/stack/data/venv/lib/python3.12/site-packages/taskflow/listeners/logging.py:218}}
Aug 21 18:14:24 devstack cinder-volume[94345]: DEBUG cinder.volume.manager [None req-162184fa-ed75-460e-b03c-8e2aada6adad tempest-VolumesCloneTest-507116415 None] Task 'cinder.volume.flows.manager.create_volume.CreateVolumeOnFinishTask;volume:create, create.end' (5f9842eb-43e7-487e-9fa0-4022e83ad146) transitioned into state 'RUNNING' from state 'PENDING' {{(pid=94345) _task_receiver /opt/stack/data/venv/lib/python3.12/site-packages/taskflow/listeners/logging.py:242}}
Aug 21 18:14:24 devstack sudo[103008]: quobyte : PWD=/ ; USER=root ; COMMAND=/opt/stack/data/venv/bin/cinder-rootwrap /etc/cinder/rootwrap.conf qemu-img create -f qcow2 -o preallocation=metadata /opt/stack/data/cinder/mnt/8335d929dad1f60d98a6d5cf834c621e/volume-239b03be-67f8-434c-b417-3878ac623399 1073741824
Aug 21 18:14:24 devstack sudo[103008]: pam_unix(sudo:session): session opened for user root(uid=0) by (uid=1000)
Aug 21 18:14:25 devstack cinder-volume[94345]: INFO cinder.volume.flows.manager.create_volume [None req-162184fa-ed75-460e-b03c-8e2aada6adad tempest-VolumesCloneTest-507116415 None] Volume volume-6f2f17dc-c80f-452d-a58a-1178dcc5fb3b (6f2f17dc-c80f-452d-a58a-1178dcc5fb3b): created successfully
Aug 21 18:14:25 devstack cinder-volume[94345]: DEBUG cinder.volume.manager [None req-162184fa-ed75-460e-b03c-8e2aada6adad tempest-VolumesCloneTest-507116415 None] Task 'cinder.volume.flows.manager.create_volume.CreateVolumeOnFinishTask;volume:create, create.end' (5f9842eb-43e7-487e-9fa0-4022e83ad146) transitioned into state 'SUCCESS' from state 'RUNNING' with result 'None' {{(pid=94345) _task_receiver /opt/stack/data/venv/lib/python3.12/site-packages/taskflow/listeners/logging.py:218}}
Aug 21 18:14:25 devstack cinder-volume[94345]: DEBUG cinder.volume.manager [None req-162184fa-ed75-460e-b03c-8e2aada6adad tempest-VolumesCloneTest-507116415 None] Flow 'volume_create_manager' (b8cc80ab-c286-4261-bb5f-902932ee1bfd) transitioned into state 'SUCCESS' from state 'RUNNING' {{(pid=94345) _flow_receiver /opt/stack/data/venv/lib/python3.12/site-packages/taskflow/listeners/logging.py:160}}
Aug 21 18:14:25 devstack cinder-volume[94345]: INFO cinder.volume.manager [None req-162184fa-ed75-460e-b03c-8e2aada6adad tempest-VolumesCloneTest-507116415 None] Created volume successfully.
Aug 21 18:14:25 devstack sudo[103008]: pam_unix(sudo:session): session closed for user root
Aug 21 18:14:25 devstack cinder-volume[94345]: DEBUG oslo_concurrency.processutils [None req-09cc4e7a-00b1-43b5-a9ea-0d5d2bedfd18 tempest-AttachVolumeNegativeTest-2066534816 None] CMD "sudo cinder-rootwrap /etc/cinder/rootwrap.conf qemu-img create -f qcow2 -o preallocation=metadata /opt/stack/data/cinder/mnt/8335d929dad1f60d98a6d5cf834c621e/volume-239b03be-67f8-434c-b417-3878ac623399 1073741824" returned: 0 in 0.639s {{(pid=94345) execute /opt/stack/data/venv/lib/python3.12/site-packages/oslo_concurrency/processutils.py:468}}
Aug 21 18:14:25 devstack cinder-volume[94345]: DEBUG oslo_concurrency.processutils [None req-09cc4e7a-00b1-43b5-a9ea-0d5d2bedfd18 tempest-AttachVolumeNegativeTest-2066534816 None] Running cmd (subprocess): sudo cinder-rootwrap /etc/cinder/rootwrap.conf chmod ugo+rw /opt/stack/data/cinder/mnt/8335d929dad1f60d98a6d5cf834c621e/volume-239b03be-67f8-434c-b417-3878ac623399 {{(pid=94345) execute /opt/stack/data/venv/lib/python3.12/site-packages/oslo_concurrency/processutils.py:440}}
Aug 21 18:14:25 devstack sudo[103016]: quobyte : PWD=/ ; USER=root ; COMMAND=/opt/stack/data/venv/bin/cinder-rootwrap /etc/cinder/rootwrap.conf chmod ugo+rw /opt/stack/data/cinder/mnt/8335d929dad1f60d98a6d5cf834c621e/volume-239b03be-67f8-434c-b417-3878ac623399
Aug 21 18:14:25 devstack sudo[103016]: pam_unix(sudo:session): session opened for user root(uid=0) by (uid=1000)
Aug 21 18:14:25 devstack cinder-volume[94345]: DEBUG cinder.coordination [None req-6a9a0274-e7f1-4ff6-9e6a-c58a28d15a56 tempest-VolumesCloneTest-507116415 None] Acquiring lock "cinder-6f2f17dc-c80f-452d-a58a-1178dcc5fb3b-delete_volume" by "delete_volume" {{(pid=94345) __acquire /opt/stack/cinder/cinder/coordination.py:138}}
Aug 21 18:14:25 devstack cinder-volume[94345]: DEBUG cinder.coordination [None req-6a9a0274-e7f1-4ff6-9e6a-c58a28d15a56 tempest-VolumesCloneTest-507116415 None] Lock "cinder-6f2f17dc-c80f-452d-a58a-1178dcc5fb3b-delete_volume" acquired by "delete_volume" :: waited 0.037s {{(pid=94345) __acquire /opt/stack/cinder/cinder/coordination.py:141}}
Aug 21 18:14:25 devstack cinder-volume[94345]: DEBUG cinder.coordination [None req-6a9a0274-e7f1-4ff6-9e6a-c58a28d15a56 tempest-VolumesCloneTest-507116415 None] Acquiring lock "cinder-quobyte-6f2f17dc-c80f-452d-a58a-1178dcc5fb3b" by "delete_volume" {{(pid=94345) __acquire /opt/stack/cinder/cinder/coordination.py:138}}
Aug 21 18:14:25 devstack cinder-volume[94345]: DEBUG cinder.coordination [None req-6a9a0274-e7f1-4ff6-9e6a-c58a28d15a56 tempest-VolumesCloneTest-507116415 None] Lock "cinder-quobyte-6f2f17dc-c80f-452d-a58a-1178dcc5fb3b" acquired by "delete_volume" :: waited 0.028s {{(pid=94345) __acquire /opt/stack/cinder/cinder/coordination.py:141}}
Aug 21 18:14:26 devstack cinder-volume[94345]: DEBUG oslo.privsep.daemon [-] privsep: reply[14fb845b-8394-4e36-9d22-03a8c786dd26]: (4, 'qcow2') {{(pid=95526) _call_back /opt/stack/data/venv/lib/python3.12/site-packages/oslo_privsep/daemon.py:580}}
Aug 21 18:14:26 devstack cinder-volume[94345]: DEBUG oslo_concurrency.processutils [None req-6a9a0274-e7f1-4ff6-9e6a-c58a28d15a56 tempest-VolumesCloneTest-507116415 None] Running cmd (subprocess): /opt/stack/data/venv/bin/python3.12 -m oslo_concurrency.prlimit --as=1073741824 --cpu=60 -- sudo cinder-rootwrap /etc/cinder/rootwrap.conf env LC_ALL=C qemu-img info -f qcow2 --output=json --force-share /opt/stack/data/cinder/mnt/8335d929dad1f60d98a6d5cf834c621e/volume-6f2f17dc-c80f-452d-a58a-1178dcc5fb3b {{(pid=94345) execute /opt/stack/data/venv/lib/python3.12/site-packages/oslo_concurrency/processutils.py:440}}
Aug 21 18:14:26 devstack sudo[103016]: pam_unix(sudo:session): session closed for user root
Aug 21 18:14:26 devstack cinder-volume[94345]: DEBUG oslo_concurrency.processutils [None req-09cc4e7a-00b1-43b5-a9ea-0d5d2bedfd18 tempest-AttachVolumeNegativeTest-2066534816 None] CMD "sudo cinder-rootwrap /etc/cinder/rootwrap.conf chmod ugo+rw /opt/stack/data/cinder/mnt/8335d929dad1f60d98a6d5cf834c621e/volume-239b03be-67f8-434c-b417-3878ac623399" returned: 0 in 0.479s {{(pid=94345) execute /opt/stack/data/venv/lib/python3.12/site-packages/oslo_concurrency/processutils.py:468}}
Aug 21 18:14:26 devstack cinder-volume[94345]: DEBUG cinder.volume.drivers.quobyte [None req-09cc4e7a-00b1-43b5-a9ea-0d5d2bedfd18 tempest-AttachVolumeNegativeTest-2066534816 None] <== create_volume: return (1179ms) {'provider_location': 'osci02.corp.quobyte.com/cinder-vol-413f2e1b-0daf-4b61-bc19-a8125c66a769'} {{(pid=94345) trace_logging_wrapper /opt/stack/cinder/cinder/volume/volume_utils.py:1522}}
Aug 21 18:14:26 devstack cinder-volume[94345]: DEBUG oslo_concurrency.lockutils [None req-09cc4e7a-00b1-43b5-a9ea-0d5d2bedfd18 tempest-AttachVolumeNegativeTest-2066534816 None] Lock "quobyte" "released" by "cinder.volume.drivers.quobyte.QuobyteDriver.create_volume" :: held 1.183s {{(pid=94345) inner /opt/stack/data/venv/lib/python3.12/site-packages/oslo_concurrency/lockutils.py:544}}
Aug 21 18:14:26 devstack cinder-volume[94345]: DEBUG oslo_concurrency.lockutils [None req-7ca47987-1713-4b02-a261-5f28a46ab61e tempest-GroupSnapshotsTest-466061170 None] Lock "quobyte" acquired by "cinder.volume.drivers.quobyte.QuobyteDriver.create_volume_from_snapshot" :: waited 10.769s {{(pid=94345) inner /opt/stack/data/venv/lib/python3.12/site-packages/oslo_concurrency/lockutils.py:525}}
Aug 21 18:14:26 devstack cinder-volume[94345]: DEBUG cinder.coordination [None req-7ca47987-1713-4b02-a261-5f28a46ab61e tempest-GroupSnapshotsTest-466061170 None] Acquiring lock "cinder-quobyte-a45ce11a-186f-4427-ad42-3da7a8a5c412-2c7c6a1f-a5eb-4045-8b25-d87ef26600bc" by "_create_volume_from_snapshot" {{(pid=94345) __acquire /opt/stack/cinder/cinder/coordination.py:138}}
