Feb 23 22:08:04 devstack cinder-volume[83020]: DEBUG oslo_concurrency.processutils [None req-76875d28-1a79-4fe2-9e65-f891e22fd766 tempest-SnapshotsActionsTest-1878795241 None] CMD "/opt/stack/data/venv/bin/python3.10 -m oslo_concurrency.prlimit --as=1073741824 --cpu=60 -- sudo cinder-rootwrap /etc/cinder/rootwrap.conf env LC_ALL=C qemu-img info -f qcow2 --output=json --force-share /opt/stack/data/cinder/mnt/6710fb4b29af453a8c0eeae00a8388f8/volume-09b66e72-05ce-489f-9c0f-1bec7d8466dc" returned: 0 in 0.675s {{(pid=83020) execute /opt/stack/data/venv/lib/python3.10/site-packages/oslo_concurrency/processutils.py:468}}
Feb 23 22:08:04 devstack cinder-volume[83020]: DEBUG oslo_concurrency.processutils [None req-76875d28-1a79-4fe2-9e65-f891e22fd766 tempest-SnapshotsActionsTest-1878795241 None] Running cmd (subprocess): sudo cinder-rootwrap /etc/cinder/rootwrap.conf qemu-img create -f qcow2 -o backing_file=/opt/stack/data/cinder/mnt/6710fb4b29af453a8c0eeae00a8388f8/volume-09b66e72-05ce-489f-9c0f-1bec7d8466dc,backing_fmt=qcow2 /opt/stack/data/cinder/mnt/6710fb4b29af453a8c0eeae00a8388f8/volume-09b66e72-05ce-489f-9c0f-1bec7d8466dc.229f28e5-df8c-48cd-9ebc-cb8afc3a76b3 1G {{(pid=83020) execute /opt/stack/data/venv/lib/python3.10/site-packages/oslo_concurrency/processutils.py:440}}
Feb 23 22:08:04 devstack sudo[83877]: quobyte : PWD=/ ; USER=root ; COMMAND=/opt/stack/data/venv/bin/cinder-rootwrap /etc/cinder/rootwrap.conf qemu-img create -f qcow2 -o backing_file=/opt/stack/data/cinder/mnt/6710fb4b29af453a8c0eeae00a8388f8/volume-09b66e72-05ce-489f-9c0f-1bec7d8466dc,backing_fmt=qcow2 /opt/stack/data/cinder/mnt/6710fb4b29af453a8c0eeae00a8388f8/volume-09b66e72-05ce-489f-9c0f-1bec7d8466dc.229f28e5-df8c-48cd-9ebc-cb8afc3a76b3 1G
Feb 23 22:08:04 devstack sudo[83877]: pam_unix(sudo:session): session opened for user root(uid=0) by (uid=1000)
Feb 23 22:08:05 devstack sudo[83877]: pam_unix(sudo:session): session closed for user root
Feb 23 22:08:05 devstack cinder-volume[83020]: DEBUG oslo_concurrency.processutils [None req-76875d28-1a79-4fe2-9e65-f891e22fd766 tempest-SnapshotsActionsTest-1878795241 None] CMD "sudo cinder-rootwrap /etc/cinder/rootwrap.conf qemu-img create -f qcow2 -o backing_file=/opt/stack/data/cinder/mnt/6710fb4b29af453a8c0eeae00a8388f8/volume-09b66e72-05ce-489f-9c0f-1bec7d8466dc,backing_fmt=qcow2 /opt/stack/data/cinder/mnt/6710fb4b29af453a8c0eeae00a8388f8/volume-09b66e72-05ce-489f-9c0f-1bec7d8466dc.229f28e5-df8c-48cd-9ebc-cb8afc3a76b3 1G" returned: 0 in 0.530s {{(pid=83020) execute /opt/stack/data/venv/lib/python3.10/site-packages/oslo_concurrency/processutils.py:468}}
Feb 23 22:08:05 devstack cinder-volume[83020]: DEBUG oslo_concurrency.processutils [None req-76875d28-1a79-4fe2-9e65-f891e22fd766 tempest-SnapshotsActionsTest-1878795241 None] Running cmd (subprocess): sudo cinder-rootwrap /etc/cinder/rootwrap.conf qemu-img rebase -u -b volume-09b66e72-05ce-489f-9c0f-1bec7d8466dc -F qcow2 /opt/stack/data/cinder/mnt/6710fb4b29af453a8c0eeae00a8388f8/volume-09b66e72-05ce-489f-9c0f-1bec7d8466dc.229f28e5-df8c-48cd-9ebc-cb8afc3a76b3 {{(pid=83020) execute /opt/stack/data/venv/lib/python3.10/site-packages/oslo_concurrency/processutils.py:440}}
Feb 23 22:08:05 devstack sudo[83882]: quobyte : PWD=/ ; USER=root ; COMMAND=/opt/stack/data/venv/bin/cinder-rootwrap /etc/cinder/rootwrap.conf qemu-img rebase -u -b volume-09b66e72-05ce-489f-9c0f-1bec7d8466dc -F qcow2 /opt/stack/data/cinder/mnt/6710fb4b29af453a8c0eeae00a8388f8/volume-09b66e72-05ce-489f-9c0f-1bec7d8466dc.229f28e5-df8c-48cd-9ebc-cb8afc3a76b3
Feb 23 22:08:05 devstack sudo[83882]: pam_unix(sudo:session): session opened for user root(uid=0) by (uid=1000)
Feb 23 22:08:05 devstack sudo[83882]: pam_unix(sudo:session): session closed for user root
Feb 23 22:08:05 devstack cinder-volume[83020]: DEBUG oslo_concurrency.processutils [None req-76875d28-1a79-4fe2-9e65-f891e22fd766 tempest-SnapshotsActionsTest-1878795241 None] CMD "sudo cinder-rootwrap /etc/cinder/rootwrap.conf qemu-img rebase -u -b volume-09b66e72-05ce-489f-9c0f-1bec7d8466dc -F qcow2 /opt/stack/data/cinder/mnt/6710fb4b29af453a8c0eeae00a8388f8/volume-09b66e72-05ce-489f-9c0f-1bec7d8466dc.229f28e5-df8c-48cd-9ebc-cb8afc3a76b3" returned: 0 in 0.618s {{(pid=83020) execute /opt/stack/data/venv/lib/python3.10/site-packages/oslo_concurrency/processutils.py:468}}
Feb 23 22:08:05 devstack cinder-volume[83020]: WARNING cinder.volume.drivers.remotefs [None req-76875d28-1a79-4fe2-9e65-f891e22fd766 tempest-SnapshotsActionsTest-1878795241 None] /opt/stack/data/cinder/mnt/6710fb4b29af453a8c0eeae00a8388f8/volume-09b66e72-05ce-489f-9c0f-1bec7d8466dc.229f28e5-df8c-48cd-9ebc-cb8afc3a76b3 is being set with open permissions: ugo+rw
Feb 23 22:08:05 devstack cinder-volume[83020]: DEBUG oslo_concurrency.processutils [None req-76875d28-1a79-4fe2-9e65-f891e22fd766 tempest-SnapshotsActionsTest-1878795241 None] Running cmd (subprocess): sudo cinder-rootwrap /etc/cinder/rootwrap.conf chmod ugo+rw /opt/stack/data/cinder/mnt/6710fb4b29af453a8c0eeae00a8388f8/volume-09b66e72-05ce-489f-9c0f-1bec7d8466dc.229f28e5-df8c-48cd-9ebc-cb8afc3a76b3 {{(pid=83020) execute /opt/stack/data/venv/lib/python3.10/site-packages/oslo_concurrency/processutils.py:440}}
Feb 23 22:08:05 devstack sudo[83888]: quobyte : PWD=/ ; USER=root ; COMMAND=/opt/stack/data/venv/bin/cinder-rootwrap /etc/cinder/rootwrap.conf chmod ugo+rw /opt/stack/data/cinder/mnt/6710fb4b29af453a8c0eeae00a8388f8/volume-09b66e72-05ce-489f-9c0f-1bec7d8466dc.229f28e5-df8c-48cd-9ebc-cb8afc3a76b3
Feb 23 22:08:05 devstack sudo[83888]: pam_unix(sudo:session): session opened for user root(uid=0) by (uid=1000)
Feb 23 22:08:06 devstack cinder-volume[83020]: DEBUG oslo_concurrency.processutils [None req-76875d28-1a79-4fe2-9e65-f891e22fd766 tempest-SnapshotsActionsTest-1878795241 None] CMD "sudo cinder-rootwrap /etc/cinder/rootwrap.conf chmod ugo+rw /opt/stack/data/cinder/mnt/6710fb4b29af453a8c0eeae00a8388f8/volume-09b66e72-05ce-489f-9c0f-1bec7d8466dc.229f28e5-df8c-48cd-9ebc-cb8afc3a76b3" returned: 0 in 0.477s {{(pid=83020) execute /opt/stack/data/venv/lib/python3.10/site-packages/oslo_concurrency/processutils.py:468}}
Feb 23 22:08:06 devstack sudo[83888]: pam_unix(sudo:session): session closed for user root
Feb 23 22:08:06 devstack cinder-volume[83020]: DEBUG oslo_concurrency.processutils [None req-76875d28-1a79-4fe2-9e65-f891e22fd766 tempest-SnapshotsActionsTest-1878795241 None] Running cmd (subprocess): sudo cinder-rootwrap /etc/cinder/rootwrap.conf truncate -s0 /opt/stack/data/cinder/mnt/6710fb4b29af453a8c0eeae00a8388f8/volume-09b66e72-05ce-489f-9c0f-1bec7d8466dc.info {{(pid=83020) execute /opt/stack/data/venv/lib/python3.10/site-packages/oslo_concurrency/processutils.py:440}}
Feb 23 22:08:06 devstack sudo[83891]: quobyte : PWD=/ ; USER=root ; COMMAND=/opt/stack/data/venv/bin/cinder-rootwrap /etc/cinder/rootwrap.conf truncate -s0 /opt/stack/data/cinder/mnt/6710fb4b29af453a8c0eeae00a8388f8/volume-09b66e72-05ce-489f-9c0f-1bec7d8466dc.info
Feb 23 22:08:06 devstack sudo[83891]: pam_unix(sudo:session): session opened for user root(uid=0) by (uid=1000)
Feb 23 22:08:07 devstack sudo[83891]: pam_unix(sudo:session): session closed for user root
Feb 23 22:08:07 devstack cinder-volume[83020]: DEBUG oslo_concurrency.processutils [None req-76875d28-1a79-4fe2-9e65-f891e22fd766 tempest-SnapshotsActionsTest-1878795241 None] CMD "sudo cinder-rootwrap /etc/cinder/rootwrap.conf truncate -s0 /opt/stack/data/cinder/mnt/6710fb4b29af453a8c0eeae00a8388f8/volume-09b66e72-05ce-489f-9c0f-1bec7d8466dc.info" returned: 0 in 0.900s {{(pid=83020) execute /opt/stack/data/venv/lib/python3.10/site-packages/oslo_concurrency/processutils.py:468}}
Feb 23 22:08:07 devstack cinder-volume[83020]: WARNING cinder.volume.drivers.remotefs [None req-76875d28-1a79-4fe2-9e65-f891e22fd766 tempest-SnapshotsActionsTest-1878795241 None] /opt/stack/data/cinder/mnt/6710fb4b29af453a8c0eeae00a8388f8/volume-09b66e72-05ce-489f-9c0f-1bec7d8466dc.info is being set with open permissions: ugo+rw
Feb 23 22:08:07 devstack cinder-volume[83020]: DEBUG oslo_concurrency.processutils [None req-76875d28-1a79-4fe2-9e65-f891e22fd766 tempest-SnapshotsActionsTest-1878795241 None] Running cmd (subprocess): sudo cinder-rootwrap /etc/cinder/rootwrap.conf chmod ugo+rw /opt/stack/data/cinder/mnt/6710fb4b29af453a8c0eeae00a8388f8/volume-09b66e72-05ce-489f-9c0f-1bec7d8466dc.info {{(pid=83020) execute /opt/stack/data/venv/lib/python3.10/site-packages/oslo_concurrency/processutils.py:440}}
Feb 23 22:08:07 devstack sudo[83898]: quobyte : PWD=/ ; USER=root ; COMMAND=/opt/stack/data/venv/bin/cinder-rootwrap /etc/cinder/rootwrap.conf chmod ugo+rw /opt/stack/data/cinder/mnt/6710fb4b29af453a8c0eeae00a8388f8/volume-09b66e72-05ce-489f-9c0f-1bec7d8466dc.info
Feb 23 22:08:07 devstack sudo[83898]: pam_unix(sudo:session): session opened for user root(uid=0) by (uid=1000)
Feb 23 22:08:07 devstack sudo[83898]: pam_unix(sudo:session): session closed for user root
Feb 23 22:08:07 devstack cinder-volume[83020]: DEBUG oslo_concurrency.processutils [None req-76875d28-1a79-4fe2-9e65-f891e22fd766 tempest-SnapshotsActionsTest-1878795241 None] CMD "sudo cinder-rootwrap /etc/cinder/rootwrap.conf chmod ugo+rw /opt/stack/data/cinder/mnt/6710fb4b29af453a8c0eeae00a8388f8/volume-09b66e72-05ce-489f-9c0f-1bec7d8466dc.info" returned: 0 in 0.607s {{(pid=83020) execute /opt/stack/data/venv/lib/python3.10/site-packages/oslo_concurrency/processutils.py:468}}
Feb 23 22:08:07 devstack cinder-volume[83020]: DEBUG oslo_concurrency.lockutils [None req-76875d28-1a79-4fe2-9e65-f891e22fd766 tempest-SnapshotsActionsTest-1878795241 None] Lock "quobyte" "released" by "cinder.volume.drivers.quobyte.QuobyteDriver.create_snapshot" :: held 3.954s {{(pid=83020) inner /opt/stack/data/venv/lib/python3.10/site-packages/oslo_concurrency/lockutils.py:538}}
Feb 23 22:08:07 devstack cinder-volume[83020]: INFO cinder.volume.manager [None req-76875d28-1a79-4fe2-9e65-f891e22fd766 tempest-SnapshotsActionsTest-1878795241 None] Create snapshot completed successfully
Feb 23 22:08:09 devstack cinder-volume[83020]: DEBUG oslo_concurrency.lockutils [None req-d0fe5059-52e5-43dd-9b53-d178953c07fe tempest-SnapshotsActionsTest-1878795241 None] Acquiring lock "quobyte" by "cinder.volume.drivers.quobyte.QuobyteDriver.create_snapshot" {{(pid=83020) inner /opt/stack/data/venv/lib/python3.10/site-packages/oslo_concurrency/lockutils.py:506}}
Feb 23 22:08:09 devstack cinder-volume[83020]: DEBUG oslo_concurrency.lockutils [None req-d0fe5059-52e5-43dd-9b53-d178953c07fe tempest-SnapshotsActionsTest-1878795241 None] Lock "quobyte" acquired by "cinder.volume.drivers.quobyte.QuobyteDriver.create_snapshot" :: waited 0.017s {{(pid=83020) inner /opt/stack/data/venv/lib/python3.10/site-packages/oslo_concurrency/lockutils.py:519}}
Feb 23 22:08:09 devstack cinder-volume[83020]: DEBUG cinder.volume.drivers.remotefs [None req-d0fe5059-52e5-43dd-9b53-d178953c07fe tempest-SnapshotsActionsTest-1878795241 None] Creating offline snapshot 95407868-65b8-4b6d-a672-0d7610b43a6b of volume 09b66e72-05ce-489f-9c0f-1bec7d8466dc {{(pid=83020) _create_snapshot /opt/stack/cinder/cinder/volume/drivers/remotefs.py:1815}}
Feb 23 22:08:09 devstack cinder-volume[83020]: DEBUG oslo.privsep.daemon [-] privsep: reply[f9278156-51ce-45d4-afb2-c76b98405031]: (4, 'qcow2') {{(pid=83723) _call_back /opt/stack/data/venv/lib/python3.10/site-packages/oslo_privsep/daemon.py:573}}
Feb 23 22:08:09 devstack cinder-volume[83020]: DEBUG oslo_concurrency.processutils [None req-d0fe5059-52e5-43dd-9b53-d178953c07fe tempest-SnapshotsActionsTest-1878795241 None] Running cmd (subprocess): /opt/stack/data/venv/bin/python3.10 -m oslo_concurrency.prlimit --as=1073741824 --cpu=60 -- sudo cinder-rootwrap /etc/cinder/rootwrap.conf env LC_ALL=C qemu-img info -f qcow2 --output=json --force-share /opt/stack/data/cinder/mnt/6710fb4b29af453a8c0eeae00a8388f8/volume-09b66e72-05ce-489f-9c0f-1bec7d8466dc.229f28e5-df8c-48cd-9ebc-cb8afc3a76b3 {{(pid=83020) execute /opt/stack/data/venv/lib/python3.10/site-packages/oslo_concurrency/processutils.py:440}}
Feb 23 22:08:09 devstack sudo[83929]: quobyte : PWD=/ ; USER=root ; COMMAND=/opt/stack/data/venv/bin/cinder-rootwrap /etc/cinder/rootwrap.conf env LC_ALL=C qemu-img info -f qcow2 --output=json --force-share /opt/stack/data/cinder/mnt/6710fb4b29af453a8c0eeae00a8388f8/volume-09b66e72-05ce-489f-9c0f-1bec7d8466dc.229f28e5-df8c-48cd-9ebc-cb8afc3a76b3
Feb 23 22:08:09 devstack sudo[83929]: pam_unix(sudo:session): session opened for user root(uid=0) by (uid=1000)
Feb 23 22:08:10 devstack sudo[83929]: pam_unix(sudo:session): session closed for user root
Feb 23 22:08:10 devstack cinder-volume[83020]: DEBUG oslo_concurrency.processutils [None req-d0fe5059-52e5-43dd-9b53-d178953c07fe tempest-SnapshotsActionsTest-1878795241 None] CMD "/opt/stack/data/venv/bin/python3.10 -m oslo_concurrency.prlimit --as=1073741824 --cpu=60 -- sudo cinder-rootwrap /etc/cinder/rootwrap.conf env LC_ALL=C qemu-img info -f qcow2 --output=json --force-share /opt/stack/data/cinder/mnt/6710fb4b29af453a8c0eeae00a8388f8/volume-09b66e72-05ce-489f-9c0f-1bec7d8466dc.229f28e5-df8c-48cd-9ebc-cb8afc3a76b3" returned: 0 in 1.153s {{(pid=83020) execute /opt/stack/data/venv/lib/python3.10/site-packages/oslo_concurrency/processutils.py:468}}
Feb 23 22:08:10 devstack cinder-volume[83020]: DEBUG cinder.volume.drivers.remotefs [None req-d0fe5059-52e5-43dd-9b53-d178953c07fe tempest-SnapshotsActionsTest-1878795241 None] Fetching qemu-img info with special backing_file_template: (/opt/stack/data/cinder/mnt/[0-9a-f]+/)?(volume-09b66e72-05ce-489f-9c0f-1bec7d8466dc(.(tmp-snap-)?[0-9a-f-]+)?|volume_from_snapshot_cache/(tmp-snap-)?[0-9a-f-]+(.(child-|parent-)[0-9a-f-]+)?)$ {{(pid=83020) _qemu_img_info_base /opt/stack/cinder/cinder/volume/drivers/remotefs.py:896}}
Feb 23 22:08:10 devstack cinder-volume[83020]: DEBUG oslo_concurrency.processutils [None req-d0fe5059-52e5-43dd-9b53-d178953c07fe tempest-SnapshotsActionsTest-1878795241 None] Running cmd (subprocess): sudo cinder-rootwrap /etc/cinder/rootwrap.conf qemu-img create -f qcow2 -o backing_file=/opt/stack/data/cinder/mnt/6710fb4b29af453a8c0eeae00a8388f8/volume-09b66e72-05ce-489f-9c0f-1bec7d8466dc.229f28e5-df8c-48cd-9ebc-cb8afc3a76b3,backing_fmt=qcow2 /opt/stack/data/cinder/mnt/6710fb4b29af453a8c0eeae00a8388f8/volume-09b66e72-05ce-489f-9c0f-1bec7d8466dc.95407868-65b8-4b6d-a672-0d7610b43a6b 1G {{(pid=83020) execute /opt/stack/data/venv/lib/python3.10/site-packages/oslo_concurrency/processutils.py:440}}
Feb 23 22:08:10 devstack sudo[83946]: quobyte : PWD=/ ; USER=root ; COMMAND=/opt/stack/data/venv/bin/cinder-rootwrap /etc/cinder/rootwrap.conf qemu-img create -f qcow2 -o backing_file=/opt/stack/data/cinder/mnt/6710fb4b29af453a8c0eeae00a8388f8/volume-09b66e72-05ce-489f-9c0f-1bec7d8466dc.229f28e5-df8c-48cd-9ebc-cb8afc3a76b3,backing_fmt=qcow2 /opt/stack/data/cinder/mnt/6710fb4b29af453a8c0eeae00a8388f8/volume-09b66e72-05ce-489f-9c0f-1bec7d8466dc.95407868-65b8-4b6d-a672-0d7610b43a6b 1G
Feb 23 22:08:10 devstack sudo[83946]: pam_unix(sudo:session): session opened for user root(uid=0) by (uid=1000)
Feb 23 22:08:11 devstack sudo[83946]: pam_unix(sudo:session): session closed for user root
Feb 23 22:08:11 devstack cinder-volume[83020]: DEBUG oslo_concurrency.processutils [None req-d0fe5059-52e5-43dd-9b53-d178953c07fe tempest-SnapshotsActionsTest-1878795241 None] CMD "sudo cinder-rootwrap /etc/cinder/rootwrap.conf qemu-img create -f qcow2 -o backing_file=/opt/stack/data/cinder/mnt/6710fb4b29af453a8c0eeae00a8388f8/volume-09b66e72-05ce-489f-9c0f-1bec7d8466dc.229f28e5-df8c-48cd-9ebc-cb8afc3a76b3,backing_fmt=qcow2 /opt/stack/data/cinder/mnt/6710fb4b29af453a8c0eeae00a8388f8/volume-09b66e72-05ce-489f-9c0f-1bec7d8466dc.95407868-65b8-4b6d-a672-0d7610b43a6b 1G" returned: 0 in 1.320s {{(pid=83020) execute /opt/stack/data/venv/lib/python3.10/site-packages/oslo_concurrency/processutils.py:468}}
Feb 23 22:08:11 devstack cinder-volume[83020]: DEBUG oslo_concurrency.processutils [None req-d0fe5059-52e5-43dd-9b53-d178953c07fe tempest-SnapshotsActionsTest-1878795241 None] Running cmd (subprocess): sudo cinder-rootwrap /etc/cinder/rootwrap.conf qemu-img rebase -u -b volume-09b66e72-05ce-489f-9c0f-1bec7d8466dc.229f28e5-df8c-48cd-9ebc-cb8afc3a76b3 -F qcow2 /opt/stack/data/cinder/mnt/6710fb4b29af453a8c0eeae00a8388f8/volume-09b66e72-05ce-489f-9c0f-1bec7d8466dc.95407868-65b8-4b6d-a672-0d7610b43a6b {{(pid=83020) execute /opt/stack/data/venv/lib/python3.10/site-packages/oslo_concurrency/processutils.py:440}}
Feb 23 22:08:11 devstack sudo[84007]: quobyte : PWD=/ ; USER=root ; COMMAND=/opt/stack/data/venv/bin/cinder-rootwrap /etc/cinder/rootwrap.conf qemu-img rebase -u -b volume-09b66e72-05ce-489f-9c0f-1bec7d8466dc.229f28e5-df8c-48cd-9ebc-cb8afc3a76b3 -F qcow2 /opt/stack/data/cinder/mnt/6710fb4b29af453a8c0eeae00a8388f8/volume-09b66e72-05ce-489f-9c0f-1bec7d8466dc.95407868-65b8-4b6d-a672-0d7610b43a6b
Feb 23 22:08:11 devstack sudo[84007]: pam_unix(sudo:session): session opened for user root(uid=0) by (uid=1000)
Feb 23 22:08:12 devstack cinder-volume[83020]: DEBUG cinder.volume.flows.manager.create_volume [None req-ed9e670d-5c81-417b-8b99-03cf9040f3b7 tempest-DeleteServersTestJSON-873482615 None] Volume reschedule parameters: True retry: {'num_attempts': 1, 'backends': ['devstack@QuobyteHD#QuobyteHD'], 'hosts': ['devstack@QuobyteHD#QuobyteHD']} {{(pid=83020) get_flow /opt/stack/cinder/cinder/volume/flows/manager/create_volume.py:1388}}
Feb 23 22:08:12 devstack cinder-volume[83020]: DEBUG cinder.volume.manager [None req-ed9e670d-5c81-417b-8b99-03cf9040f3b7 tempest-DeleteServersTestJSON-873482615 None] Flow 'volume_create_manager' (2f0cf60f-9fce-4415-8c78-0c31952e469c) transitioned into state 'RUNNING' from state 'PENDING' {{(pid=83020) _flow_receiver /opt/stack/data/venv/lib/python3.10/site-packages/taskflow/listeners/logging.py:145}}
Feb 23 22:08:12 devstack cinder-volume[83020]: DEBUG cinder.volume.manager [None req-ed9e670d-5c81-417b-8b99-03cf9040f3b7 tempest-DeleteServersTestJSON-873482615 None] Task 'cinder.volume.flows.manager.create_volume.ExtractVolumeRefTask;volume:create' (97f9b440-7019-46c1-9c1d-59947af6c64b) transitioned into state 'RUNNING' from state 'PENDING' {{(pid=83020) _task_receiver /opt/stack/data/venv/lib/python3.10/site-packages/taskflow/listeners/logging.py:194}}
Feb 23 22:08:12 devstack cinder-volume[83020]: DEBUG cinder.volume.manager [None req-ed9e670d-5c81-417b-8b99-03cf9040f3b7 tempest-DeleteServersTestJSON-873482615 None] Task 'cinder.volume.flows.manager.create_volume.ExtractVolumeRefTask;volume:create' (97f9b440-7019-46c1-9c1d-59947af6c64b) transitioned into state 'SUCCESS' from state 'RUNNING' with result 'Volume(_name_id=None,admin_metadata=,attach_status='detached',availability_zone='nova',bootable=False,cluster=,cluster_name=None,consistencygroup=,consistencygroup_id=None,created_at=2026-02-23T21:08:12Z,deleted=False,deleted_at=None,display_description=None,display_name='tempest-DeleteServersTestJSON-volume-1850367392',ec2_id=None,encryption_key_id=None,glance_metadata=,group=,group_id=None,host='devstack@QuobyteHD#QuobyteHD',id=0d01a2f8-1613-448a-91b7-dc4078cf2588,launched_at=None,metadata={},migration_status=None,multiattach=False,previous_status=None,project_id='ae33b5ab14ed4b6bb1c928d822d3b0e4',provider_auth=None,provider_geometry=None,provider_id=None,provider_location=None,replication_driver_data=None,replication_extended_status=None,replication_status=None,scheduled_at=2026-02-23T21:08:12Z,service_uuid=None,shared_targets=True,size=1,snapshot_id=None,snapshots=,source_volid=None,status='creating',terminated_at=None,updated_at=2026-02-23T21:08:12Z,use_quota=True,user_id='a448aba0f64e4cc28e550198c9105142',volume_attachment=VolumeAttachmentList,volume_type=VolumeType(b5911a03-4625-47a4-959e-f189fedb1be6),volume_type_id=b5911a03-4625-47a4-959e-f189fedb1be6)' {{(pid=83020) _task_receiver /opt/stack/data/venv/lib/python3.10/site-packages/taskflow/listeners/logging.py:182}}
Feb 23 22:08:12 devstack cinder-volume[83020]: DEBUG cinder.volume.manager [None req-ed9e670d-5c81-417b-8b99-03cf9040f3b7 tempest-DeleteServersTestJSON-873482615 None] Task 'cinder.volume.flows.manager.create_volume.OnFailureRescheduleTask;volume:create' (dedf0d15-fff1-4307-8959-66b550c9d032) transitioned into state 'RUNNING' from state 'PENDING' {{(pid=83020) _task_receiver /opt/stack/data/venv/lib/python3.10/site-packages/taskflow/listeners/logging.py:194}}
Feb 23 22:08:12 devstack cinder-volume[83020]: DEBUG cinder.volume.manager [None req-ed9e670d-5c81-417b-8b99-03cf9040f3b7 tempest-DeleteServersTestJSON-873482615 None] Task 'cinder.volume.flows.manager.create_volume.OnFailureRescheduleTask;volume:create' (dedf0d15-fff1-4307-8959-66b550c9d032) transitioned into state 'SUCCESS' from state 'RUNNING' with result 'None' {{(pid=83020) _task_receiver /opt/stack/data/venv/lib/python3.10/site-packages/taskflow/listeners/logging.py:182}}
Feb 23 22:08:12 devstack cinder-volume[83020]: DEBUG cinder.volume.manager [None req-ed9e670d-5c81-417b-8b99-03cf9040f3b7 tempest-DeleteServersTestJSON-873482615 None] Task 'cinder.volume.flows.manager.create_volume.ExtractVolumeSpecTask;volume:create' (fc6ed383-4f9b-4a3f-a1ea-9f393ade72c7) transitioned into state 'RUNNING' from state 'PENDING' {{(pid=83020) _task_receiver /opt/stack/data/venv/lib/python3.10/site-packages/taskflow/listeners/logging.py:194}}
Feb 23 22:08:12 devstack cinder-volume[83020]: DEBUG cinder.volume.manager [None req-ed9e670d-5c81-417b-8b99-03cf9040f3b7 tempest-DeleteServersTestJSON-873482615 None] Task 'cinder.volume.flows.manager.create_volume.ExtractVolumeSpecTask;volume:create' (fc6ed383-4f9b-4a3f-a1ea-9f393ade72c7) transitioned into state 'SUCCESS' from state 'RUNNING' with result '{'status': 'creating', 'type': 'raw', 'volume_id': '0d01a2f8-1613-448a-91b7-dc4078cf2588', 'volume_name': 'volume-0d01a2f8-1613-448a-91b7-dc4078cf2588', 'volume_size': 1}' {{(pid=83020) _task_receiver /opt/stack/data/venv/lib/python3.10/site-packages/taskflow/listeners/logging.py:182}}
Feb 23 22:08:12 devstack cinder-volume[83020]: DEBUG cinder.volume.manager [None req-ed9e670d-5c81-417b-8b99-03cf9040f3b7 tempest-DeleteServersTestJSON-873482615 None] Task 'cinder.volume.flows.manager.create_volume.NotifyVolumeActionTask;volume:create, create.start' (8f44fade-a36f-4b74-a8c6-743128c5816b) transitioned into state 'RUNNING' from state 'PENDING' {{(pid=83020) _task_receiver /opt/stack/data/venv/lib/python3.10/site-packages/taskflow/listeners/logging.py:194}}
Feb 23 22:08:12 devstack cinder-volume[83020]: DEBUG cinder.volume.manager [None req-ed9e670d-5c81-417b-8b99-03cf9040f3b7 tempest-DeleteServersTestJSON-873482615 None] Task 'cinder.volume.flows.manager.create_volume.NotifyVolumeActionTask;volume:create, create.start' (8f44fade-a36f-4b74-a8c6-743128c5816b) transitioned into state 'SUCCESS' from state 'RUNNING' with result 'None' {{(pid=83020) _task_receiver /opt/stack/data/venv/lib/python3.10/site-packages/taskflow/listeners/logging.py:182}}
Feb 23 22:08:12 devstack cinder-volume[83020]: DEBUG cinder.volume.manager [None req-ed9e670d-5c81-417b-8b99-03cf9040f3b7 tempest-DeleteServersTestJSON-873482615 None] Task 'cinder.volume.flows.manager.create_volume.CreateVolumeFromSpecTask;volume:create' (4f0d82a7-e053-4aae-862f-21002c811c8e) transitioned into state 'RUNNING' from state 'PENDING' {{(pid=83020) _task_receiver /opt/stack/data/venv/lib/python3.10/site-packages/taskflow/listeners/logging.py:194}}
Feb 23 22:08:12 devstack cinder-volume[83020]: INFO cinder.volume.flows.manager.create_volume [None req-ed9e670d-5c81-417b-8b99-03cf9040f3b7 tempest-DeleteServersTestJSON-873482615 None] Volume 0d01a2f8-1613-448a-91b7-dc4078cf2588: being created as raw with specification: {'status': 'creating', 'volume_name': 'volume-0d01a2f8-1613-448a-91b7-dc4078cf2588', 'volume_size': 1}
Feb 23 22:08:12 devstack cinder-volume[83020]: DEBUG oslo_concurrency.lockutils [None req-ed9e670d-5c81-417b-8b99-03cf9040f3b7 tempest-DeleteServersTestJSON-873482615 None] Acquiring lock "quobyte" by "cinder.volume.drivers.quobyte.QuobyteDriver.create_volume" {{(pid=83020) inner /opt/stack/data/venv/lib/python3.10/site-packages/oslo_concurrency/lockutils.py:506}}
Feb 23 22:08:12 devstack sudo[84007]: pam_unix(sudo:session): session closed for user root
Feb 23 22:08:12 devstack cinder-volume[83020]: DEBUG oslo_concurrency.processutils [None req-d0fe5059-52e5-43dd-9b53-d178953c07fe tempest-SnapshotsActionsTest-1878795241 None] CMD "sudo cinder-rootwrap /etc/cinder/rootwrap.conf qemu-img rebase -u -b volume-09b66e72-05ce-489f-9c0f-1bec7d8466dc.229f28e5-df8c-48cd-9ebc-cb8afc3a76b3 -F qcow2 /opt/stack/data/cinder/mnt/6710fb4b29af453a8c0eeae00a8388f8/volume-09b66e72-05ce-489f-9c0f-1bec7d8466dc.95407868-65b8-4b6d-a672-0d7610b43a6b" returned: 0 in 1.008s {{(pid=83020) execute /opt/stack/data/venv/lib/python3.10/site-packages/oslo_concurrency/processutils.py:468}}
Feb 23 22:08:12 devstack cinder-volume[83020]: WARNING cinder.volume.drivers.remotefs [None req-d0fe5059-52e5-43dd-9b53-d178953c07fe tempest-SnapshotsActionsTest-1878795241 None] /opt/stack/data/cinder/mnt/6710fb4b29af453a8c0eeae00a8388f8/volume-09b66e72-05ce-489f-9c0f-1bec7d8466dc.95407868-65b8-4b6d-a672-0d7610b43a6b is being set with open permissions: ugo+rw
Feb 23 22:08:12 devstack cinder-volume[83020]: DEBUG oslo_concurrency.processutils [None req-d0fe5059-52e5-43dd-9b53-d178953c07fe tempest-SnapshotsActionsTest-1878795241 None] Running cmd (subprocess): sudo cinder-rootwrap /etc/cinder/rootwrap.conf chmod ugo+rw /opt/stack/data/cinder/mnt/6710fb4b29af453a8c0eeae00a8388f8/volume-09b66e72-05ce-489f-9c0f-1bec7d8466dc.95407868-65b8-4b6d-a672-0d7610b43a6b {{(pid=83020) execute /opt/stack/data/venv/lib/python3.10/site-packages/oslo_concurrency/processutils.py:440}}
Feb 23 22:08:12 devstack sudo[84014]: quobyte : PWD=/ ; USER=root ; COMMAND=/opt/stack/data/venv/bin/cinder-rootwrap /etc/cinder/rootwrap.conf chmod ugo+rw /opt/stack/data/cinder/mnt/6710fb4b29af453a8c0eeae00a8388f8/volume-09b66e72-05ce-489f-9c0f-1bec7d8466dc.95407868-65b8-4b6d-a672-0d7610b43a6b
Feb 23 22:08:12 devstack sudo[84014]: pam_unix(sudo:session): session opened for user root(uid=0) by (uid=1000)
Feb 23 22:08:13 devstack sudo[84014]: pam_unix(sudo:session): session closed for user root
Feb 23 22:08:13 devstack cinder-volume[83020]: DEBUG oslo_concurrency.processutils [None req-d0fe5059-52e5-43dd-9b53-d178953c07fe tempest-SnapshotsActionsTest-1878795241 None] CMD "sudo cinder-rootwrap /etc/cinder/rootwrap.conf chmod ugo+rw /opt/stack/data/cinder/mnt/6710fb4b29af453a8c0eeae00a8388f8/volume-09b66e72-05ce-489f-9c0f-1bec7d8466dc.95407868-65b8-4b6d-a672-0d7610b43a6b" returned: 0 in 0.462s {{(pid=83020) execute /opt/stack/data/venv/lib/python3.10/site-packages/oslo_concurrency/processutils.py:468}}
Feb 23 22:08:13 devstack cinder-volume[83020]: DEBUG oslo_concurrency.lockutils [None req-d0fe5059-52e5-43dd-9b53-d178953c07fe tempest-SnapshotsActionsTest-1878795241 None] Lock "quobyte" "released" by "cinder.volume.drivers.quobyte.QuobyteDriver.create_snapshot" :: held 4.252s {{(pid=83020) inner /opt/stack/data/venv/lib/python3.10/site-packages/oslo_concurrency/lockutils.py:538}}
Feb 23 22:08:13 devstack cinder-volume[83020]: DEBUG oslo_concurrency.lockutils [None req-ed9e670d-5c81-417b-8b99-03cf9040f3b7 tempest-DeleteServersTestJSON-873482615 None] Lock "quobyte" acquired by "cinder.volume.drivers.quobyte.QuobyteDriver.create_volume" :: waited 1.087s {{(pid=83020) inner /opt/stack/data/venv/lib/python3.10/site-packages/oslo_concurrency/lockutils.py:519}}
Feb 23 22:08:13 devstack cinder-volume[83020]: DEBUG cinder.volume.drivers.quobyte [None req-ed9e670d-5c81-417b-8b99-03cf9040f3b7 tempest-DeleteServersTestJSON-873482615 None] ==> create_volume: call "{'self': , 'volume': Volume(_name_id=None,admin_metadata=,attach_status='detached',availability_zone='nova',bootable=False,cluster=,cluster_name=None,consistencygroup=,consistencygroup_id=None,created_at=2026-02-23T21:08:12Z,deleted=False,deleted_at=None,display_description=None,display_name='tempest-DeleteServersTestJSON-volume-1850367392',ec2_id=None,encryption_key_id=None,glance_metadata=,group=,group_id=None,host='devstack@QuobyteHD#QuobyteHD',id=0d01a2f8-1613-448a-91b7-dc4078cf2588,launched_at=None,metadata={},migration_status=None,multiattach=False,previous_status=None,project_id='ae33b5ab14ed4b6bb1c928d822d3b0e4',provider_auth=None,provider_geometry=None,provider_id=None,provider_location=None,replication_driver_data=None,replication_extended_status=None,replication_status=None,scheduled_at=2026-02-23T21:08:12Z,service_uuid=None,shared_targets=True,size=1,snapshot_id=None,snapshots=,source_volid=None,status='creating',terminated_at=None,updated_at=2026-02-23T21:08:12Z,use_quota=True,user_id='a448aba0f64e4cc28e550198c9105142',volume_attachment=VolumeAttachmentList,volume_type=VolumeType(b5911a03-4625-47a4-959e-f189fedb1be6),volume_type_id=b5911a03-4625-47a4-959e-f189fedb1be6)}" {{(pid=83020) trace_logging_wrapper /opt/stack/cinder/cinder/volume/volume_utils.py:1498}}
Feb 23 22:08:13 devstack cinder-volume[83020]: DEBUG cinder.volume.drivers.remotefs [None req-ed9e670d-5c81-417b-8b99-03cf9040f3b7 tempest-DeleteServersTestJSON-873482615 None] Creating volume 0d01a2f8-1613-448a-91b7-dc4078cf2588 {{(pid=83020) create_volume /opt/stack/cinder/cinder/volume/drivers/remotefs.py:292}}
Feb 23 22:08:13 devstack cinder-volume[83020]: DEBUG oslo_concurrency.lockutils [None req-ed9e670d-5c81-417b-8b99-03cf9040f3b7 tempest-DeleteServersTestJSON-873482615 None] Acquiring lock "quobyte_ensure" by "cinder.volume.drivers.quobyte.QuobyteDriver._ensure_shares_mounted" {{(pid=83020) inner /opt/stack/data/venv/lib/python3.10/site-packages/oslo_concurrency/lockutils.py:506}}
Feb 23 22:08:13 devstack cinder-volume[83020]: DEBUG oslo_concurrency.lockutils [None req-ed9e670d-5c81-417b-8b99-03cf9040f3b7 tempest-DeleteServersTestJSON-873482615 None] Lock "quobyte_ensure" acquired by "cinder.volume.drivers.quobyte.QuobyteDriver._ensure_shares_mounted" :: waited 0.001s {{(pid=83020) inner /opt/stack/data/venv/lib/python3.10/site-packages/oslo_concurrency/lockutils.py:519}}
Feb 23 22:08:13 devstack cinder-volume[83020]: DEBUG cinder.volume.drivers.quobyte [None req-ed9e670d-5c81-417b-8b99-03cf9040f3b7 tempest-DeleteServersTestJSON-873482615 None] Quobyte Volume URL set to: {'osci02.corp.quobyte.com/cinder-vol-bb074a33-ff3a-48b5-b25b-dd125b2683b4': None} {{(pid=83020) _load_shares_config /opt/stack/cinder/cinder/volume/drivers/quobyte.py:617}}
Feb 23 22:08:13 devstack cinder-volume[83020]: DEBUG cinder.volume.drivers.quobyte [None req-ed9e670d-5c81-417b-8b99-03cf9040f3b7 tempest-DeleteServersTestJSON-873482615 None] Available shares ['osci02.corp.quobyte.com/cinder-vol-bb074a33-ff3a-48b5-b25b-dd125b2683b4'] {{(pid=83020) _ensure_shares_mounted /opt/stack/cinder/cinder/volume/drivers/quobyte.py:647}}
Feb 23 22:08:13 devstack cinder-volume[83020]: DEBUG oslo_concurrency.lockutils [None req-ed9e670d-5c81-417b-8b99-03cf9040f3b7 tempest-DeleteServersTestJSON-873482615 None] Lock "quobyte_ensure" "released" by "cinder.volume.drivers.quobyte.QuobyteDriver._ensure_shares_mounted" :: held 0.004s {{(pid=83020) inner /opt/stack/data/venv/lib/python3.10/site-packages/oslo_concurrency/lockutils.py:538}}
Feb 23 22:08:13 devstack cinder-volume[83020]: DEBUG cinder.volume.drivers.quobyte [None req-ed9e670d-5c81-417b-8b99-03cf9040f3b7 tempest-DeleteServersTestJSON-873482615 None] Selected osci02.corp.quobyte.com/cinder-vol-bb074a33-ff3a-48b5-b25b-dd125b2683b4 as target Quobyte volume. {{(pid=83020) _find_share /opt/stack/cinder/cinder/volume/drivers/quobyte.py:668}}
Feb 23 22:08:13 devstack cinder-volume[83020]: INFO cinder.volume.drivers.remotefs [None req-ed9e670d-5c81-417b-8b99-03cf9040f3b7 tempest-DeleteServersTestJSON-873482615 None] casted to osci02.corp.quobyte.com/cinder-vol-bb074a33-ff3a-48b5-b25b-dd125b2683b4
Feb 23 22:08:13 devstack cinder-volume[83020]: DEBUG oslo_concurrency.processutils [None req-ed9e670d-5c81-417b-8b99-03cf9040f3b7 tempest-DeleteServersTestJSON-873482615 None] Running cmd (subprocess): sudo cinder-rootwrap /etc/cinder/rootwrap.conf qemu-img create -f qcow2 -o preallocation=metadata /opt/stack/data/cinder/mnt/6710fb4b29af453a8c0eeae00a8388f8/volume-0d01a2f8-1613-448a-91b7-dc4078cf2588 1073741824 {{(pid=83020) execute /opt/stack/data/venv/lib/python3.10/site-packages/oslo_concurrency/processutils.py:440}}
Feb 23 22:08:13 devstack sudo[84017]: quobyte : PWD=/ ; USER=root ; COMMAND=/opt/stack/data/venv/bin/cinder-rootwrap /etc/cinder/rootwrap.conf qemu-img create -f qcow2 -o preallocation=metadata /opt/stack/data/cinder/mnt/6710fb4b29af453a8c0eeae00a8388f8/volume-0d01a2f8-1613-448a-91b7-dc4078cf2588 1073741824
Feb 23 22:08:13 devstack cinder-volume[83020]: INFO cinder.volume.manager [None req-d0fe5059-52e5-43dd-9b53-d178953c07fe tempest-SnapshotsActionsTest-1878795241 None] Create snapshot completed successfully
Feb 23 22:08:13 devstack sudo[84017]: pam_unix(sudo:session): session opened for user root(uid=0) by (uid=1000)
Feb 23 22:08:14 devstack sudo[84017]: pam_unix(sudo:session): session closed for user root
Feb 23 22:08:14 devstack cinder-volume[83020]: DEBUG oslo_concurrency.processutils [None req-ed9e670d-5c81-417b-8b99-03cf9040f3b7 tempest-DeleteServersTestJSON-873482615 None] CMD "sudo cinder-rootwrap /etc/cinder/rootwrap.conf qemu-img create -f qcow2 -o preallocation=metadata /opt/stack/data/cinder/mnt/6710fb4b29af453a8c0eeae00a8388f8/volume-0d01a2f8-1613-448a-91b7-dc4078cf2588 1073741824" returned: 0 in 0.725s {{(pid=83020) execute /opt/stack/data/venv/lib/python3.10/site-packages/oslo_concurrency/processutils.py:468}}
Feb 23 22:08:14 devstack cinder-volume[83020]: DEBUG oslo_concurrency.processutils [None req-ed9e670d-5c81-417b-8b99-03cf9040f3b7 tempest-DeleteServersTestJSON-873482615 None] Running cmd (subprocess): sudo cinder-rootwrap /etc/cinder/rootwrap.conf chmod ugo+rw /opt/stack/data/cinder/mnt/6710fb4b29af453a8c0eeae00a8388f8/volume-0d01a2f8-1613-448a-91b7-dc4078cf2588 {{(pid=83020) execute /opt/stack/data/venv/lib/python3.10/site-packages/oslo_concurrency/processutils.py:440}}
Feb 23 22:08:14 devstack sudo[84023]: quobyte : PWD=/ ; USER=root ; COMMAND=/opt/stack/data/venv/bin/cinder-rootwrap /etc/cinder/rootwrap.conf chmod ugo+rw /opt/stack/data/cinder/mnt/6710fb4b29af453a8c0eeae00a8388f8/volume-0d01a2f8-1613-448a-91b7-dc4078cf2588
Feb 23 22:08:14 devstack sudo[84023]: pam_unix(sudo:session): session opened for user root(uid=0) by (uid=1000)
Feb 23 22:08:14 devstack cinder-volume[83020]: DEBUG cinder.coordination [None req-5e8180ba-c027-4f02-bc37-aec813033416 tempest-SnapshotsActionsTest-1691780499 None] Acquiring lock "cinder-95407868-65b8-4b6d-a672-0d7610b43a6b-delete_snapshot" by "delete_snapshot" {{(pid=83020) __acquire /opt/stack/cinder/cinder/coordination.py:138}}
Feb 23 22:08:14 devstack cinder-volume[83020]: DEBUG cinder.coordination [None req-5e8180ba-c027-4f02-bc37-aec813033416 tempest-SnapshotsActionsTest-1691780499 None] Lock "cinder-95407868-65b8-4b6d-a672-0d7610b43a6b-delete_snapshot" acquired by "delete_snapshot" :: waited 0.013s {{(pid=83020) __acquire /opt/stack/cinder/cinder/coordination.py:141}}
Feb 23 22:08:14 devstack cinder-volume[83020]: DEBUG cinder.coordination [None req-5e8180ba-c027-4f02-bc37-aec813033416 tempest-SnapshotsActionsTest-1691780499 None] Acquiring lock "cinder-quobyte-09b66e72-05ce-489f-9c0f-1bec7d8466dc" by "delete_snapshot" {{(pid=83020) __acquire /opt/stack/cinder/cinder/coordination.py:138}}
Feb 23 22:08:14 devstack cinder-volume[83020]: DEBUG cinder.coordination [None req-5e8180ba-c027-4f02-bc37-aec813033416 tempest-SnapshotsActionsTest-1691780499 None] Lock "cinder-quobyte-09b66e72-05ce-489f-9c0f-1bec7d8466dc" acquired by "delete_snapshot" :: waited 0.015s {{(pid=83020) __acquire /opt/stack/cinder/cinder/coordination.py:141}}
Feb 23 22:08:14 devstack cinder-volume[83020]: DEBUG cinder.coordination [None req-5e8180ba-c027-4f02-bc37-aec813033416 tempest-SnapshotsActionsTest-1691780499 None] Acquiring lock "cinder-quobyte-95407868-65b8-4b6d-a672-0d7610b43a6b" by "_delete_snapshot" {{(pid=83020) __acquire /opt/stack/cinder/cinder/coordination.py:138}}
Feb 23 22:08:14 devstack cinder-volume[83020]: DEBUG cinder.coordination [None req-5e8180ba-c027-4f02-bc37-aec813033416 tempest-SnapshotsActionsTest-1691780499 None] Lock "cinder-quobyte-95407868-65b8-4b6d-a672-0d7610b43a6b" acquired by "_delete_snapshot" :: waited 0.023s {{(pid=83020) __acquire /opt/stack/cinder/cinder/coordination.py:141}}
Feb 23 22:08:14 devstack cinder-volume[83020]: DEBUG cinder.volume.drivers.remotefs [None req-5e8180ba-c027-4f02-bc37-aec813033416 tempest-SnapshotsActionsTest-1691780499 None] Deleting offline snapshot 95407868-65b8-4b6d-a672-0d7610b43a6b of volume 09b66e72-05ce-489f-9c0f-1bec7d8466dc {{(pid=83020) _delete_snapshot /opt/stack/cinder/cinder/volume/drivers/remotefs.py:1288}}
Feb 23 22:08:14 devstack cinder-volume[83020]: DEBUG cinder.volume.drivers.remotefs [None req-5e8180ba-c027-4f02-bc37-aec813033416 tempest-SnapshotsActionsTest-1691780499 None] snapshot_file for this snap is: volume-09b66e72-05ce-489f-9c0f-1bec7d8466dc.95407868-65b8-4b6d-a672-0d7610b43a6b {{(pid=83020) _delete_snapshot /opt/stack/cinder/cinder/volume/drivers/remotefs.py:1317}}
Feb 23 22:08:14 devstack cinder-volume[83020]: DEBUG oslo.privsep.daemon [-] privsep: reply[3b327515-8d3a-4a82-ae8e-9f8335c7a68e]: (4, 'qcow2') {{(pid=83723) _call_back /opt/stack/data/venv/lib/python3.10/site-packages/oslo_privsep/daemon.py:573}}
Feb 23 22:08:14 devstack cinder-volume[83020]: DEBUG oslo_concurrency.processutils [None req-5e8180ba-c027-4f02-bc37-aec813033416 tempest-SnapshotsActionsTest-1691780499 None] Running cmd (subprocess): /opt/stack/data/venv/bin/python3.10 -m oslo_concurrency.prlimit --as=1073741824 --cpu=60 -- sudo cinder-rootwrap /etc/cinder/rootwrap.conf env LC_ALL=C qemu-img info -f qcow2 --output=json --force-share /opt/stack/data/cinder/mnt/6710fb4b29af453a8c0eeae00a8388f8/volume-09b66e72-05ce-489f-9c0f-1bec7d8466dc.95407868-65b8-4b6d-a672-0d7610b43a6b {{(pid=83020) execute /opt/stack/data/venv/lib/python3.10/site-packages/oslo_concurrency/processutils.py:440}}
Feb 23 22:08:14 devstack sudo[84025]: quobyte : PWD=/ ; USER=root ; COMMAND=/opt/stack/data/venv/bin/cinder-rootwrap /etc/cinder/rootwrap.conf env LC_ALL=C qemu-img info -f qcow2 --output=json --force-share /opt/stack/data/cinder/mnt/6710fb4b29af453a8c0eeae00a8388f8/volume-09b66e72-05ce-489f-9c0f-1bec7d8466dc.95407868-65b8-4b6d-a672-0d7610b43a6b
Feb 23 22:08:14 devstack sudo[84025]: pam_unix(sudo:session): session opened for user root(uid=0) by (uid=1000)
Feb 23 22:08:14 devstack sudo[84023]: pam_unix(sudo:session): session closed for user root
Feb 23 22:08:14 devstack cinder-volume[83020]: DEBUG oslo_concurrency.processutils [None req-ed9e670d-5c81-417b-8b99-03cf9040f3b7 tempest-DeleteServersTestJSON-873482615 None] CMD "sudo cinder-rootwrap /etc/cinder/rootwrap.conf chmod ugo+rw /opt/stack/data/cinder/mnt/6710fb4b29af453a8c0eeae00a8388f8/volume-0d01a2f8-1613-448a-91b7-dc4078cf2588" returned: 0 in 0.692s {{(pid=83020) execute /opt/stack/data/venv/lib/python3.10/site-packages/oslo_concurrency/processutils.py:468}}
Feb 23 22:08:14 devstack cinder-volume[83020]: DEBUG cinder.volume.drivers.quobyte [None req-ed9e670d-5c81-417b-8b99-03cf9040f3b7 tempest-DeleteServersTestJSON-873482615 None] <== create_volume: return (1443ms) {'provider_location': 'osci02.corp.quobyte.com/cinder-vol-bb074a33-ff3a-48b5-b25b-dd125b2683b4'} {{(pid=83020) trace_logging_wrapper /opt/stack/cinder/cinder/volume/volume_utils.py:1523}}
Feb 23 22:08:14 devstack cinder-volume[83020]: DEBUG oslo_concurrency.lockutils [None req-ed9e670d-5c81-417b-8b99-03cf9040f3b7 tempest-DeleteServersTestJSON-873482615 None] Lock "quobyte" "released" by "cinder.volume.drivers.quobyte.QuobyteDriver.create_volume" :: held 1.447s {{(pid=83020) inner /opt/stack/data/venv/lib/python3.10/site-packages/oslo_concurrency/lockutils.py:538}}
Feb 23 22:08:14 devstack cinder-volume[83020]: DEBUG cinder.volume.manager [None req-ed9e670d-5c81-417b-8b99-03cf9040f3b7 tempest-DeleteServersTestJSON-873482615 None] Task 'cinder.volume.flows.manager.create_volume.CreateVolumeFromSpecTask;volume:create' (4f0d82a7-e053-4aae-862f-21002c811c8e) transitioned into state 'SUCCESS' from state 'RUNNING' with result '{'status': 'creating', 'volume_name': 'volume-0d01a2f8-1613-448a-91b7-dc4078cf2588', 'volume_size': 1}' {{(pid=83020) _task_receiver /opt/stack/data/venv/lib/python3.10/site-packages/taskflow/listeners/logging.py:182}}
Feb 23 22:08:14 devstack cinder-volume[83020]: DEBUG cinder.volume.manager [None req-ed9e670d-5c81-417b-8b99-03cf9040f3b7 tempest-DeleteServersTestJSON-873482615 None] Task 'cinder.volume.flows.manager.create_volume.CreateVolumeOnFinishTask;volume:create, create.end' (d5e05c03-7eab-47da-bd72-e7fbf9323231) transitioned into state 'RUNNING' from state 'PENDING' {{(pid=83020) _task_receiver /opt/stack/data/venv/lib/python3.10/site-packages/taskflow/listeners/logging.py:194}}
Feb 23 22:08:14 devstack cinder-volume[83020]: INFO cinder.volume.flows.manager.create_volume [None req-ed9e670d-5c81-417b-8b99-03cf9040f3b7 tempest-DeleteServersTestJSON-873482615 None] Volume volume-0d01a2f8-1613-448a-91b7-dc4078cf2588 (0d01a2f8-1613-448a-91b7-dc4078cf2588): created successfully
Feb 23 22:08:14 devstack cinder-volume[83020]: DEBUG cinder.volume.manager [None req-ed9e670d-5c81-417b-8b99-03cf9040f3b7 tempest-DeleteServersTestJSON-873482615 None] Task 'cinder.volume.flows.manager.create_volume.CreateVolumeOnFinishTask;volume:create, create.end' (d5e05c03-7eab-47da-bd72-e7fbf9323231) transitioned into state 'SUCCESS' from state 'RUNNING' with result 'None' {{(pid=83020) _task_receiver /opt/stack/data/venv/lib/python3.10/site-packages/taskflow/listeners/logging.py:182}}
Feb 23 22:08:14 devstack cinder-volume[83020]: DEBUG cinder.volume.manager [None req-ed9e670d-5c81-417b-8b99-03cf9040f3b7 tempest-DeleteServersTestJSON-873482615 None] Flow 'volume_create_manager' (2f0cf60f-9fce-4415-8c78-0c31952e469c) transitioned into state 'SUCCESS' from state 'RUNNING' {{(pid=83020) _flow_receiver /opt/stack/data/venv/lib/python3.10/site-packages/taskflow/listeners/logging.py:145}}
Feb 23 22:08:14 devstack cinder-volume[83020]: INFO cinder.volume.manager [None req-ed9e670d-5c81-417b-8b99-03cf9040f3b7 tempest-DeleteServersTestJSON-873482615 None] Created volume successfully.
Feb 23 22:08:15 devstack sudo[84025]: pam_unix(sudo:session): session closed for user root
Feb 23 22:08:15 devstack cinder-volume[83020]: DEBUG oslo_concurrency.processutils [None req-5e8180ba-c027-4f02-bc37-aec813033416 tempest-SnapshotsActionsTest-1691780499 None] CMD "/opt/stack/data/venv/bin/python3.10 -m oslo_concurrency.prlimit --as=1073741824 --cpu=60 -- sudo cinder-rootwrap /etc/cinder/rootwrap.conf env LC_ALL=C qemu-img info -f qcow2 --output=json --force-share /opt/stack/data/cinder/mnt/6710fb4b29af453a8c0eeae00a8388f8/volume-09b66e72-05ce-489f-9c0f-1bec7d8466dc.95407868-65b8-4b6d-a672-0d7610b43a6b" returned: 0 in 0.897s {{(pid=83020) execute /opt/stack/data/venv/lib/python3.10/site-packages/oslo_concurrency/processutils.py:468}}
Feb 23 22:08:15 devstack cinder-volume[83020]: DEBUG cinder.volume.drivers.remotefs [None req-5e8180ba-c027-4f02-bc37-aec813033416 tempest-SnapshotsActionsTest-1691780499 None] Fetching qemu-img info with special backing_file_template: (/opt/stack/data/cinder/mnt/[0-9a-f]+/)?(volume-09b66e72-05ce-489f-9c0f-1bec7d8466dc(.(tmp-snap-)?[0-9a-f-]+)?|volume_from_snapshot_cache/(tmp-snap-)?[0-9a-f-]+(.(child-|parent-)[0-9a-f-]+)?)$ {{(pid=83020) _qemu_img_info_base /opt/stack/cinder/cinder/volume/drivers/remotefs.py:896}}
Feb 23 22:08:15 devstack cinder-volume[83020]: DEBUG oslo.privsep.daemon [-] privsep: reply[3cccc0b3-7b29-4b6b-a2eb-72d02a953cde]: (4, 'qcow2') {{(pid=83723) _call_back /opt/stack/data/venv/lib/python3.10/site-packages/oslo_privsep/daemon.py:573}}
Feb 23 22:08:15 devstack cinder-volume[83020]: DEBUG oslo_concurrency.processutils [None req-5e8180ba-c027-4f02-bc37-aec813033416 tempest-SnapshotsActionsTest-1691780499 None] Running cmd (subprocess): /opt/stack/data/venv/bin/python3.10 -m oslo_concurrency.prlimit --as=1073741824 --cpu=60 -- sudo cinder-rootwrap /etc/cinder/rootwrap.conf env LC_ALL=C qemu-img info -f qcow2 --output=json --force-share /opt/stack/data/cinder/mnt/6710fb4b29af453a8c0eeae00a8388f8/volume-09b66e72-05ce-489f-9c0f-1bec7d8466dc.229f28e5-df8c-48cd-9ebc-cb8afc3a76b3 {{(pid=83020) execute /opt/stack/data/venv/lib/python3.10/site-packages/oslo_concurrency/processutils.py:440}}
Feb 23 22:08:15 devstack sudo[84037]: quobyte : PWD=/ ; USER=root ; COMMAND=/opt/stack/data/venv/bin/cinder-rootwrap /etc/cinder/rootwrap.conf env LC_ALL=C qemu-img info -f qcow2 --output=json --force-share /opt/stack/data/cinder/mnt/6710fb4b29af453a8c0eeae00a8388f8/volume-09b66e72-05ce-489f-9c0f-1bec7d8466dc.229f28e5-df8c-48cd-9ebc-cb8afc3a76b3
Feb 23 22:08:15 devstack sudo[84037]: pam_unix(sudo:session): session opened for user root(uid=0) by (uid=1000)
Feb 23 22:08:16 devstack sudo[84037]: pam_unix(sudo:session): session closed for user root
Feb 23 22:08:16 devstack cinder-volume[83020]: DEBUG oslo_concurrency.processutils [None req-5e8180ba-c027-4f02-bc37-aec813033416 tempest-SnapshotsActionsTest-1691780499 None] CMD "/opt/stack/data/venv/bin/python3.10 -m oslo_concurrency.prlimit --as=1073741824 --cpu=60 -- sudo cinder-rootwrap /etc/cinder/rootwrap.conf env LC_ALL=C qemu-img info -f qcow2 --output=json --force-share /opt/stack/data/cinder/mnt/6710fb4b29af453a8c0eeae00a8388f8/volume-09b66e72-05ce-489f-9c0f-1bec7d8466dc.229f28e5-df8c-48cd-9ebc-cb8afc3a76b3" returned: 0 in 0.679s {{(pid=83020) execute /opt/stack/data/venv/lib/python3.10/site-packages/oslo_concurrency/processutils.py:468}}
Feb 23 22:08:16 devstack cinder-volume[83020]: DEBUG cinder.volume.drivers.remotefs [None req-5e8180ba-c027-4f02-bc37-aec813033416 tempest-SnapshotsActionsTest-1691780499 None] Fetching qemu-img info with special backing_file_template: (/opt/stack/data/cinder/mnt/[0-9a-f]+/)?(volume-09b66e72-05ce-489f-9c0f-1bec7d8466dc(.(tmp-snap-)?[0-9a-f-]+)?|volume_from_snapshot_cache/(tmp-snap-)?[0-9a-f-]+(.(child-|parent-)[0-9a-f-]+)?)$ {{(pid=83020) _qemu_img_info_base /opt/stack/cinder/cinder/volume/drivers/remotefs.py:896}}
Feb 23 22:08:16 devstack cinder-volume[83020]: DEBUG oslo_concurrency.processutils [None req-5e8180ba-c027-4f02-bc37-aec813033416 tempest-SnapshotsActionsTest-1691780499 None] Running cmd (subprocess): sudo cinder-rootwrap /etc/cinder/rootwrap.conf qemu-img commit -d /opt/stack/data/cinder/mnt/6710fb4b29af453a8c0eeae00a8388f8/volume-09b66e72-05ce-489f-9c0f-1bec7d8466dc.95407868-65b8-4b6d-a672-0d7610b43a6b {{(pid=83020) execute /opt/stack/data/venv/lib/python3.10/site-packages/oslo_concurrency/processutils.py:440}}
Feb 23 22:08:16 devstack sudo[84044]: quobyte : PWD=/ ; USER=root ; COMMAND=/opt/stack/data/venv/bin/cinder-rootwrap /etc/cinder/rootwrap.conf qemu-img commit -d /opt/stack/data/cinder/mnt/6710fb4b29af453a8c0eeae00a8388f8/volume-09b66e72-05ce-489f-9c0f-1bec7d8466dc.95407868-65b8-4b6d-a672-0d7610b43a6b
Feb 23 22:08:16 devstack sudo[84044]: pam_unix(sudo:session): session opened for user root(uid=0) by (uid=1000)
Feb 23 22:08:16 devstack cinder-volume[83020]: DEBUG cinder.volume.flows.manager.create_volume [None req-54479112-a69d-47dd-b96f-a2ce842512d6 tempest-ServersNegativeTestJSON-1858624953 None] Volume reschedule parameters: True retry: {'num_attempts': 1, 'backends': ['devstack@QuobyteHD#QuobyteHD'], 'hosts': ['devstack@QuobyteHD#QuobyteHD']} {{(pid=83020) get_flow /opt/stack/cinder/cinder/volume/flows/manager/create_volume.py:1388}}
Feb 23 22:08:17 devstack cinder-volume[83020]: DEBUG cinder.volume.manager [None req-54479112-a69d-47dd-b96f-a2ce842512d6 tempest-ServersNegativeTestJSON-1858624953 None] Flow 'volume_create_manager' (8950c651-e471-4d3d-a7ae-7095e605fe11) transitioned into state 'RUNNING' from state 'PENDING' {{(pid=83020) _flow_receiver /opt/stack/data/venv/lib/python3.10/site-packages/taskflow/listeners/logging.py:145}}
Feb 23 22:08:17 devstack cinder-volume[83020]: DEBUG cinder.volume.manager [None req-54479112-a69d-47dd-b96f-a2ce842512d6 tempest-ServersNegativeTestJSON-1858624953 None] Task 'cinder.volume.flows.manager.create_volume.ExtractVolumeRefTask;volume:create' (9159dbbd-3d8a-43f7-9cb8-1e935dc6f316) transitioned into state 'RUNNING' from state 'PENDING' {{(pid=83020) _task_receiver /opt/stack/data/venv/lib/python3.10/site-packages/taskflow/listeners/logging.py:194}}
